{"id":25683,"date":"2025-08-28T09:13:57","date_gmt":"2025-08-28T07:13:57","guid":{"rendered":"https:\/\/spartacus.no\/produkt\/syv-korte-leksjoner-i-fysikk-3\/"},"modified":"2026-03-03T19:35:11","modified_gmt":"2026-03-03T18:35:11","slug":"syv-korte-leksjoner-i-fysikk-3","status":"publish","type":"product","link":"https:\/\/staging.forenteforlag.no\/spartacus\/produkt\/syv-korte-leksjoner-i-fysikk-3\/","title":{"rendered":"Syv korte leksjoner i fysikk"},"content":{"rendered":"<p>I denne vesle boka guider den italienske fysikeren Carlo Rovelli med beundringsverdig klarhet leseren gjennom de mest epokegj\u00f8rende gjennombruddene i fysikken. Denne lekende, underholdende og svimlende introduksjonen til moderne fysikk forklarer essensen av det vi vet om relativitetsteorien, kvantemekanikken, element\u00e6rpartiklene, gravitasjonen, svarte hull, universets kompliserte struktur og menneskenes mikroskopiske rolle i det hele. Boka er en kj\u00e6rlighetserkl\u00e6ring til vitenskapen. Den tar oss med til grensene for v\u00e5r kunnskap: til de aller minste tr\u00e5dene i rommets vev, tilbake til verdensaltets opprinnelse og inn i v\u00e5re minste bestanddeler. Slik lyder hele baksideteksten: \u00abHer, p\u00e5 grensen av det vi vet, foran havet av alt det vi ikke vet, lyser verdens g\u00e5te, verdens skj\u00f8nnhet, og det tar pusten fra oss\u00bb. Rovellis bok er n\u00e5 oversatt til over 40 spr\u00e5k. G\u00e5 ikke glipp av denne vesle juvelen!<\/p>\n","protected":false},"excerpt":{"rendered":"<p>I denne vesle boka guider den italienske fysikeren Carlo Rovelli med beundringsverdig klarhet leseren gjennom de mest epokegj\u00f8rende gjennombruddene i fysikken. Denne lekende, underholdende og svimlende introduksjonen til moderne fysikk forklarer essensen av det vi vet om relativitetsteorien, kvantemekanikken, element\u00e6rpartiklene, gravitasjonen, svarte hull, universets kompliserte struktur og menneskenes mikroskopiske rolle i det hele. Boka er [&hellip;]<\/p>\n","protected":false},"featured_media":26737,"template":"","meta":{"_acf_changed":false,"inline_featured_image":false},"product_brand":[],"product_cat":[1786],"product_tag":[],"class_list":{"0":"post-25683","1":"product","2":"type-product","3":"status-publish","4":"has-post-thumbnail","6":"product_cat-rabattkodekampanje","8":"first","9":"instock","10":"shipping-taxable","11":"purchasable","12":"product-type-simple"},"acf":{"anmeldelse":[{"tekst_anmeldelser":"\u00abDen italienske fysikeren og forfatteren Carlo Rovelli sveiper i syv leksjoner, eller sm\u00e5 essays, innom de st\u00f8rste og minste delene av universet, fra kvarker til The Big Bang og helt inn i menneskets oppfatning av tid og bevissthet. Og dette gj\u00f8r han med eleganse og et s\u00e5 vakkert spr\u00e5k at det er som om du ser universet ekspandere rett for \u00f8ynene dine!\u00bb","av_anmeldelser":"Hilde \u00d8stby","terningkast":false,"kilde":"Aftenposten"},{"tekst_anmeldelser":"\u00abEn bok om fysikk som g\u00e5r til et glass r\u00f8dvin og f\u00e5r deg til \u00e5 fremst\u00e5 som mye klokere: Du vet du vil ha det.\u00bb","av_anmeldelser":"Bj\u00f8rn Gabrielsen","terningkast":false,"kilde":"Dagens N\u00e6ringsliv"},{"tekst_anmeldelser":"\u00abGlimrende, korthugget formidling av fysikkens betydning.\u00bb","av_anmeldelser":"Ragnhild Fjellro","terningkast":false,"kilde":"Forskerforum"}]},"yoast_head":"<!-- This site is optimized with the Yoast SEO plugin v26.6 - https:\/\/yoast.com\/wordpress\/plugins\/seo\/ -->\n<title>Syv korte leksjoner i fysikk - Spartacus<\/title>\n<meta name=\"robots\" content=\"noindex, follow, max-snippet:-1, max-image-preview:large, max-video-preview:-1\" \/>\n<meta property=\"og:locale\" content=\"nb_NO\" \/>\n<meta property=\"og:type\" content=\"article\" \/>\n<meta property=\"og:title\" content=\"Syv korte leksjoner i fysikk - Spartacus\" \/>\n<meta property=\"og:description\" content=\"I denne vesle boka guider den italienske fysikeren Carlo Rovelli med beundringsverdig klarhet leseren gjennom de mest epokegj\u00f8rende gjennombruddene i fysikken. Denne lekende, underholdende og svimlende introduksjonen til moderne fysikk forklarer essensen av det vi vet om relativitetsteorien, kvantemekanikken, element\u00e6rpartiklene, gravitasjonen, svarte hull, universets kompliserte struktur og menneskenes mikroskopiske rolle i det hele. Boka er [&hellip;]\" \/>\n<meta property=\"og:url\" content=\"https:\/\/staging.forenteforlag.no\/spartacus\/produkt\/syv-korte-leksjoner-i-fysikk-3\/\" \/>\n<meta property=\"og:site_name\" content=\"Spartacus\" \/>\n<meta property=\"article:publisher\" content=\"https:\/\/www.facebook.com\/SpartacusForlag\" \/>\n<meta property=\"article:modified_time\" content=\"2026-03-03T18:35:11+00:00\" \/>\n<meta property=\"og:image\" content=\"https:\/\/staging.forenteforlag.no\/spartacus\/wp-content\/uploads\/sites\/6\/2026\/03\/9788243017023.jpg\" \/>\n\t<meta property=\"og:image:width\" content=\"720\" \/>\n\t<meta property=\"og:image:height\" content=\"1174\" \/>\n\t<meta property=\"og:image:type\" content=\"image\/jpeg\" \/>\n<meta name=\"twitter:card\" content=\"summary_large_image\" \/>\n<meta name=\"twitter:label1\" content=\"Ansl. lesetid\" \/>\n\t<meta name=\"twitter:data1\" content=\"2 minutter\" \/>\n<script type=\"application\/ld+json\" class=\"yoast-schema-graph\">{\"@context\":\"https:\/\/schema.org\",\"@graph\":[{\"@type\":\"WebPage\",\"@id\":\"https:\/\/staging.forenteforlag.no\/spartacus\/produkt\/syv-korte-leksjoner-i-fysikk-3\/\",\"url\":\"https:\/\/staging.forenteforlag.no\/spartacus\/produkt\/syv-korte-leksjoner-i-fysikk-3\/\",\"name\":\"Syv korte leksjoner i fysikk - Spartacus\",\"isPartOf\":{\"@id\":\"https:\/\/staging.forenteforlag.no\/spartacus\/#website\"},\"primaryImageOfPage\":{\"@id\":\"https:\/\/staging.forenteforlag.no\/spartacus\/produkt\/syv-korte-leksjoner-i-fysikk-3\/#primaryimage\"},\"image\":{\"@id\":\"https:\/\/staging.forenteforlag.no\/spartacus\/produkt\/syv-korte-leksjoner-i-fysikk-3\/#primaryimage\"},\"thumbnailUrl\":\"https:\/\/staging.forenteforlag.no\/spartacus\/wp-content\/uploads\/sites\/6\/2026\/03\/9788243017023.jpg\",\"datePublished\":\"2025-08-28T07:13:57+00:00\",\"dateModified\":\"2026-03-03T18:35:11+00:00\",\"breadcrumb\":{\"@id\":\"https:\/\/staging.forenteforlag.no\/spartacus\/produkt\/syv-korte-leksjoner-i-fysikk-3\/#breadcrumb\"},\"inLanguage\":\"nb-NO\",\"potentialAction\":[{\"@type\":\"ReadAction\",\"target\":[\"https:\/\/staging.forenteforlag.no\/spartacus\/produkt\/syv-korte-leksjoner-i-fysikk-3\/\"]}]},{\"@type\":\"ImageObject\",\"inLanguage\":\"nb-NO\",\"@id\":\"https:\/\/staging.forenteforlag.no\/spartacus\/produkt\/syv-korte-leksjoner-i-fysikk-3\/#primaryimage\",\"url\":\"https:\/\/staging.forenteforlag.no\/spartacus\/wp-content\/uploads\/sites\/6\/2026\/03\/9788243017023.jpg\",\"contentUrl\":\"https:\/\/staging.forenteforlag.no\/spartacus\/wp-content\/uploads\/sites\/6\/2026\/03\/9788243017023.jpg\",\"width\":720,\"height\":1174},{\"@type\":\"BreadcrumbList\",\"@id\":\"https:\/\/staging.forenteforlag.no\/spartacus\/produkt\/syv-korte-leksjoner-i-fysikk-3\/#breadcrumb\",\"itemListElement\":[{\"@type\":\"ListItem\",\"position\":1,\"name\":\"Hjem\",\"item\":\"https:\/\/staging.forenteforlag.no\/spartacus\/\"},{\"@type\":\"ListItem\",\"position\":2,\"name\":\"Alle b\u00f8ker\",\"item\":\"https:\/\/staging.forenteforlag.no\/spartacus\/butikk\/\"},{\"@type\":\"ListItem\",\"position\":3,\"name\":\"Syv korte leksjoner i fysikk\"}]},{\"@type\":\"WebSite\",\"@id\":\"https:\/\/staging.forenteforlag.no\/spartacus\/#website\",\"url\":\"https:\/\/staging.forenteforlag.no\/spartacus\/\",\"name\":\"Spartacus forlag\",\"description\":\"\",\"publisher\":{\"@id\":\"https:\/\/staging.forenteforlag.no\/spartacus\/#organization\"},\"potentialAction\":[{\"@type\":\"SearchAction\",\"target\":{\"@type\":\"EntryPoint\",\"urlTemplate\":\"https:\/\/staging.forenteforlag.no\/spartacus\/?s={search_term_string}\"},\"query-input\":{\"@type\":\"PropertyValueSpecification\",\"valueRequired\":true,\"valueName\":\"search_term_string\"}}],\"inLanguage\":\"nb-NO\"},{\"@type\":\"Organization\",\"@id\":\"https:\/\/staging.forenteforlag.no\/spartacus\/#organization\",\"name\":\"Spartacus forlag\",\"url\":\"https:\/\/staging.forenteforlag.no\/spartacus\/\",\"logo\":{\"@type\":\"ImageObject\",\"inLanguage\":\"nb-NO\",\"@id\":\"https:\/\/staging.forenteforlag.no\/spartacus\/#\/schema\/logo\/image\/\",\"url\":\"https:\/\/staging.forenteforlag.no\/spartacus\/wp-content\/uploads\/sites\/6\/2024\/09\/Spartacus_logo.svg\",\"contentUrl\":\"https:\/\/staging.forenteforlag.no\/spartacus\/wp-content\/uploads\/sites\/6\/2024\/09\/Spartacus_logo.svg\",\"width\":100,\"height\":100,\"caption\":\"Spartacus forlag\"},\"image\":{\"@id\":\"https:\/\/staging.forenteforlag.no\/spartacus\/#\/schema\/logo\/image\/\"},\"sameAs\":[\"https:\/\/www.facebook.com\/SpartacusForlag\"]}]}<\/script>\n<!-- \/ Yoast SEO plugin. -->","yoast_head_json":{"title":"Syv korte leksjoner i fysikk - Spartacus","robots":{"index":"noindex","follow":"follow","max-snippet":"max-snippet:-1","max-image-preview":"max-image-preview:large","max-video-preview":"max-video-preview:-1"},"og_locale":"nb_NO","og_type":"article","og_title":"Syv korte leksjoner i fysikk - Spartacus","og_description":"I denne vesle boka guider den italienske fysikeren Carlo Rovelli med beundringsverdig klarhet leseren gjennom de mest epokegj\u00f8rende gjennombruddene i fysikken. Denne lekende, underholdende og svimlende introduksjonen til moderne fysikk forklarer essensen av det vi vet om relativitetsteorien, kvantemekanikken, element\u00e6rpartiklene, gravitasjonen, svarte hull, universets kompliserte struktur og menneskenes mikroskopiske rolle i det hele. Boka er [&hellip;]","og_url":"https:\/\/staging.forenteforlag.no\/spartacus\/produkt\/syv-korte-leksjoner-i-fysikk-3\/","og_site_name":"Spartacus","article_publisher":"https:\/\/www.facebook.com\/SpartacusForlag","article_modified_time":"2026-03-03T18:35:11+00:00","og_image":[{"width":720,"height":1174,"url":"https:\/\/staging.forenteforlag.no\/spartacus\/wp-content\/uploads\/sites\/6\/2026\/03\/9788243017023.jpg","type":"image\/jpeg"}],"twitter_card":"summary_large_image","twitter_misc":{"Ansl. lesetid":"2 minutter"},"schema":{"@context":"https:\/\/schema.org","@graph":[{"@type":"WebPage","@id":"https:\/\/staging.forenteforlag.no\/spartacus\/produkt\/syv-korte-leksjoner-i-fysikk-3\/","url":"https:\/\/staging.forenteforlag.no\/spartacus\/produkt\/syv-korte-leksjoner-i-fysikk-3\/","name":"Syv korte leksjoner i fysikk - Spartacus","isPartOf":{"@id":"https:\/\/staging.forenteforlag.no\/spartacus\/#website"},"primaryImageOfPage":{"@id":"https:\/\/staging.forenteforlag.no\/spartacus\/produkt\/syv-korte-leksjoner-i-fysikk-3\/#primaryimage"},"image":{"@id":"https:\/\/staging.forenteforlag.no\/spartacus\/produkt\/syv-korte-leksjoner-i-fysikk-3\/#primaryimage"},"thumbnailUrl":"https:\/\/staging.forenteforlag.no\/spartacus\/wp-content\/uploads\/sites\/6\/2026\/03\/9788243017023.jpg","datePublished":"2025-08-28T07:13:57+00:00","dateModified":"2026-03-03T18:35:11+00:00","breadcrumb":{"@id":"https:\/\/staging.forenteforlag.no\/spartacus\/produkt\/syv-korte-leksjoner-i-fysikk-3\/#breadcrumb"},"inLanguage":"nb-NO","potentialAction":[{"@type":"ReadAction","target":["https:\/\/staging.forenteforlag.no\/spartacus\/produkt\/syv-korte-leksjoner-i-fysikk-3\/"]}]},{"@type":"ImageObject","inLanguage":"nb-NO","@id":"https:\/\/staging.forenteforlag.no\/spartacus\/produkt\/syv-korte-leksjoner-i-fysikk-3\/#primaryimage","url":"https:\/\/staging.forenteforlag.no\/spartacus\/wp-content\/uploads\/sites\/6\/2026\/03\/9788243017023.jpg","contentUrl":"https:\/\/staging.forenteforlag.no\/spartacus\/wp-content\/uploads\/sites\/6\/2026\/03\/9788243017023.jpg","width":720,"height":1174},{"@type":"BreadcrumbList","@id":"https:\/\/staging.forenteforlag.no\/spartacus\/produkt\/syv-korte-leksjoner-i-fysikk-3\/#breadcrumb","itemListElement":[{"@type":"ListItem","position":1,"name":"Hjem","item":"https:\/\/staging.forenteforlag.no\/spartacus\/"},{"@type":"ListItem","position":2,"name":"Alle b\u00f8ker","item":"https:\/\/staging.forenteforlag.no\/spartacus\/butikk\/"},{"@type":"ListItem","position":3,"name":"Syv korte leksjoner i fysikk"}]},{"@type":"WebSite","@id":"https:\/\/staging.forenteforlag.no\/spartacus\/#website","url":"https:\/\/staging.forenteforlag.no\/spartacus\/","name":"Spartacus forlag","description":"","publisher":{"@id":"https:\/\/staging.forenteforlag.no\/spartacus\/#organization"},"potentialAction":[{"@type":"SearchAction","target":{"@type":"EntryPoint","urlTemplate":"https:\/\/staging.forenteforlag.no\/spartacus\/?s={search_term_string}"},"query-input":{"@type":"PropertyValueSpecification","valueRequired":true,"valueName":"search_term_string"}}],"inLanguage":"nb-NO"},{"@type":"Organization","@id":"https:\/\/staging.forenteforlag.no\/spartacus\/#organization","name":"Spartacus forlag","url":"https:\/\/staging.forenteforlag.no\/spartacus\/","logo":{"@type":"ImageObject","inLanguage":"nb-NO","@id":"https:\/\/staging.forenteforlag.no\/spartacus\/#\/schema\/logo\/image\/","url":"https:\/\/staging.forenteforlag.no\/spartacus\/wp-content\/uploads\/sites\/6\/2024\/09\/Spartacus_logo.svg","contentUrl":"https:\/\/staging.forenteforlag.no\/spartacus\/wp-content\/uploads\/sites\/6\/2024\/09\/Spartacus_logo.svg","width":100,"height":100,"caption":"Spartacus forlag"},"image":{"@id":"https:\/\/staging.forenteforlag.no\/spartacus\/#\/schema\/logo\/image\/"},"sameAs":["https:\/\/www.facebook.com\/SpartacusForlag"]}]}},"_links":{"self":[{"href":"https:\/\/staging.forenteforlag.no\/spartacus\/wp-json\/wp\/v2\/product\/25683","targetHints":{"allow":["GET"]}}],"collection":[{"href":"https:\/\/staging.forenteforlag.no\/spartacus\/wp-json\/wp\/v2\/product"}],"about":[{"href":"https:\/\/staging.forenteforlag.no\/spartacus\/wp-json\/wp\/v2\/types\/product"}],"wp:featuredmedia":[{"embeddable":true,"href":"https:\/\/staging.forenteforlag.no\/spartacus\/wp-json\/wp\/v2\/media\/26737"}],"wp:attachment":[{"href":"https:\/\/staging.forenteforlag.no\/spartacus\/wp-json\/wp\/v2\/media?parent=25683"}],"wp:term":[{"taxonomy":"product_brand","embeddable":true,"href":"https:\/\/staging.forenteforlag.no\/spartacus\/wp-json\/wp\/v2\/product_brand?post=25683"},{"taxonomy":"product_cat","embeddable":true,"href":"https:\/\/staging.forenteforlag.no\/spartacus\/wp-json\/wp\/v2\/product_cat?post=25683"},{"taxonomy":"product_tag","embeddable":true,"href":"https:\/\/staging.forenteforlag.no\/spartacus\/wp-json\/wp\/v2\/product_tag?post=25683"}],"curies":[{"name":"wp","href":"https:\/\/api.w.org\/{rel}","templated":true}]}}