{"id":22484,"date":"2017-07-13T02:00:00","date_gmt":"2017-07-13T00:00:00","guid":{"rendered":"https:\/\/spartacus.forenteforlag.no\/produkt\/landene-som-forsvant-2\/"},"modified":"2026-03-04T15:17:34","modified_gmt":"2026-03-04T14:17:34","slug":"landene-som-forsvant-2","status":"publish","type":"product","link":"https:\/\/staging.forenteforlag.no\/spartacus\/produkt\/landene-som-forsvant-2\/","title":{"rendered":"Landene som forsvant"},"content":{"rendered":"<p>Riker oppst\u00e5r og g\u00e5r til grunne. Nye land etableres for s\u00e5 \u00e5 oppl\u00f8ses etter noen \u00e5r. Historien til disse fortapte land og riker vekkes her til live, gjennom den fascinerende beretningen til Bj\u00f8rn Berge.<\/p>\n<p>Forfatteren tar leseren med p\u00e5 en eventyrlig oppdagelsesferd til alle verdens hj\u00f8rner, gjennom jungel og \u00f8rken, fra byens pulserende liv til de \u00f8de steppene. Han forteller den glemte historien om land fra 1840 til 1970? som eksisterte i kun \u00e9n m\u00e5ned, et \u00e5r eller noen ti\u00e5r &#8211; f\u00f8r de forsvant. De b\u00e6rer g\u00e5tefulle navn som Heligoland og Tripolitania &#8211; og hva er historien bak Mandsjukuo som eksisterte fra 1932-45 og Allenstein i 1920?<\/p>\n<p>Landene som forsvant gj\u00f8r geografien konkret og historien levende, ved bruk av kart og frimerker. I tillegg flettes det inn anekdoter og \u00f8yenvitneskildringer fra den gang Knut Hamsun vandret rundt i den senere kolonien Batum og Antoine de Saint.Exup\u00e9ry var stasjonert som postflyver i Kapp Juby.<\/p>\n","protected":false},"excerpt":{"rendered":"<p>Riker oppst\u00e5r og g\u00e5r til grunne. Nye land etableres for s\u00e5 \u00e5 oppl\u00f8ses etter noen \u00e5r. Historien til disse fortapte land og riker vekkes her til live, gjennom den fascinerende beretningen til Bj\u00f8rn Berge. Forfatteren tar leseren med p\u00e5 en eventyrlig oppdagelsesferd til alle verdens hj\u00f8rner, gjennom jungel og \u00f8rken, fra byens pulserende liv til [&hellip;]<\/p>\n","protected":false},"featured_media":26530,"template":"","meta":{"_acf_changed":false,"inline_featured_image":false},"product_brand":[],"product_cat":[1786],"product_tag":[394,441,607,362,674],"class_list":{"0":"post-22484","1":"product","2":"type-product","3":"status-publish","4":"has-post-thumbnail","6":"product_cat-rabattkodekampanje","7":"product_tag-1800-tallet","8":"product_tag-1900-tallet","9":"product_tag-bedriftshistorie","10":"product_tag-faglitteratur","11":"product_tag-geografi","13":"first","14":"instock","15":"shipping-taxable","16":"purchasable","17":"product-type-simple"},"acf":{"anmeldelse":[{"tekst_anmeldelser":"\u00abBerge fr\u00e5tser i anekdoter om stormannsgalskap og uortodoks forhandlingsteknikk, underlige og viktige historiske hendelser, statistikk og litter\u00e6re sitater, forslag til videre lesning og matoppskrifter, ja selv det.\u00bb","av_anmeldelser":"Tarald Aano","terningkast":false,"kilde":"Stavanger Aftenblad"},{"tekst_anmeldelser":"\u00abP\u00e5funnet er s\u00e5 godt at man kan bli gul av misunnelse: \u00c5 skrive en bok om land som ikke lenger finnes. \u2026 Hvert land er viet kun fire sider, og p\u00e5 disse rulles det opp rystende verdenshistorie, lyriske skildringer og underfundige detaljer \u2026 en usedvanlig vakker bok.\u00bb","av_anmeldelser":"Erika Fatland","terningkast":false,"kilde":"Aftenposten"},{"tekst_anmeldelser":"\u00abEg har blitt b\u00e5de underhalden, fascinert og opplyst av Berges bok\u2026 gjennom dei sm\u00e5 historiene klarar Berge \u00e5 gje eit st\u00f8rre bilete av kolonialismens rovdrift p\u00e5 menneske og natur, og av korleis krigar og skiftande regime ein stad i verda kan f\u00e5 avgjerande konsekvensar for menneske i land langt borte.\u00bb","av_anmeldelser":"Astrid Sverresdotter Dypvik","terningkast":false,"kilde":"Prosa"},{"tekst_anmeldelser":"\u00abSprudlende lystig og klokt, spekket med overraskende fakta. Framstillingen b\u00e6rer p\u00e5 en slags salomonisk livsvisdom om menneskets f\u00e5fengte strev for \u00e5 berike seg selv, koste hva det koste vil. \u2026 Det er en vakker, lystig og l\u00e6rerik bok.\u00bb","av_anmeldelser":"Jon Rognlien","terningkast":"<i class=\"fa-solid fa-dice-five\"><\/i>","kilde":"Dagbladet"},{"tekst_anmeldelser":"\u00abEn bok \u00e5 dr\u00f8mme seg bort i... For \u00e5 v\u00e6re pomp\u00f8s: Vi er alle hvert v\u00e5rt land, desperat fors\u00f8ker vi \u00e5 kommunisere med hverandre og pr\u00f8ver \u00e5 ikle oss symboler p\u00e5 autentisitet og egenart. Og snart er vi borte, vi ogs\u00e5. Akkurat som landene Inini, Batum og Mafeking.\u00bb","av_anmeldelser":"Bj\u00f8rn Gabrielsen","terningkast":false,"kilde":"Dagens N\u00e6ringsliv"}]},"yoast_head":"<!-- This site is optimized with the Yoast SEO plugin v26.6 - https:\/\/yoast.com\/wordpress\/plugins\/seo\/ -->\n<title>Landene som forsvant - Spartacus<\/title>\n<meta name=\"robots\" content=\"noindex, follow, max-snippet:-1, max-image-preview:large, max-video-preview:-1\" \/>\n<meta property=\"og:locale\" content=\"nb_NO\" \/>\n<meta property=\"og:type\" content=\"article\" \/>\n<meta property=\"og:title\" content=\"Landene som forsvant - Spartacus\" \/>\n<meta property=\"og:description\" content=\"Riker oppst\u00e5r og g\u00e5r til grunne. Nye land etableres for s\u00e5 \u00e5 oppl\u00f8ses etter noen \u00e5r. Historien til disse fortapte land og riker vekkes her til live, gjennom den fascinerende beretningen til Bj\u00f8rn Berge. Forfatteren tar leseren med p\u00e5 en eventyrlig oppdagelsesferd til alle verdens hj\u00f8rner, gjennom jungel og \u00f8rken, fra byens pulserende liv til [&hellip;]\" \/>\n<meta property=\"og:url\" content=\"https:\/\/staging.forenteforlag.no\/spartacus\/produkt\/landene-som-forsvant-2\/\" \/>\n<meta property=\"og:site_name\" content=\"Spartacus\" \/>\n<meta property=\"article:publisher\" content=\"https:\/\/www.facebook.com\/SpartacusForlag\" \/>\n<meta property=\"article:modified_time\" content=\"2026-03-04T14:17:34+00:00\" \/>\n<meta property=\"og:image\" content=\"https:\/\/staging.forenteforlag.no\/spartacus\/wp-content\/uploads\/sites\/6\/2026\/02\/9788243011335.jpg\" \/>\n\t<meta property=\"og:image:width\" content=\"720\" \/>\n\t<meta property=\"og:image:height\" content=\"957\" \/>\n\t<meta property=\"og:image:type\" content=\"image\/jpeg\" \/>\n<meta name=\"twitter:card\" content=\"summary_large_image\" \/>\n<meta name=\"twitter:label1\" content=\"Ansl. lesetid\" \/>\n\t<meta name=\"twitter:data1\" content=\"1 minutt\" \/>\n<script type=\"application\/ld+json\" class=\"yoast-schema-graph\">{\"@context\":\"https:\/\/schema.org\",\"@graph\":[{\"@type\":\"WebPage\",\"@id\":\"https:\/\/staging.forenteforlag.no\/spartacus\/produkt\/landene-som-forsvant-2\/\",\"url\":\"https:\/\/staging.forenteforlag.no\/spartacus\/produkt\/landene-som-forsvant-2\/\",\"name\":\"Landene som forsvant - Spartacus\",\"isPartOf\":{\"@id\":\"https:\/\/staging.forenteforlag.no\/spartacus\/#website\"},\"primaryImageOfPage\":{\"@id\":\"https:\/\/staging.forenteforlag.no\/spartacus\/produkt\/landene-som-forsvant-2\/#primaryimage\"},\"image\":{\"@id\":\"https:\/\/staging.forenteforlag.no\/spartacus\/produkt\/landene-som-forsvant-2\/#primaryimage\"},\"thumbnailUrl\":\"https:\/\/staging.forenteforlag.no\/spartacus\/wp-content\/uploads\/sites\/6\/2026\/02\/9788243011335.jpg\",\"datePublished\":\"2017-07-13T00:00:00+00:00\",\"dateModified\":\"2026-03-04T14:17:34+00:00\",\"breadcrumb\":{\"@id\":\"https:\/\/staging.forenteforlag.no\/spartacus\/produkt\/landene-som-forsvant-2\/#breadcrumb\"},\"inLanguage\":\"nb-NO\",\"potentialAction\":[{\"@type\":\"ReadAction\",\"target\":[\"https:\/\/staging.forenteforlag.no\/spartacus\/produkt\/landene-som-forsvant-2\/\"]}]},{\"@type\":\"ImageObject\",\"inLanguage\":\"nb-NO\",\"@id\":\"https:\/\/staging.forenteforlag.no\/spartacus\/produkt\/landene-som-forsvant-2\/#primaryimage\",\"url\":\"https:\/\/staging.forenteforlag.no\/spartacus\/wp-content\/uploads\/sites\/6\/2026\/02\/9788243011335.jpg\",\"contentUrl\":\"https:\/\/staging.forenteforlag.no\/spartacus\/wp-content\/uploads\/sites\/6\/2026\/02\/9788243011335.jpg\",\"width\":720,\"height\":957},{\"@type\":\"BreadcrumbList\",\"@id\":\"https:\/\/staging.forenteforlag.no\/spartacus\/produkt\/landene-som-forsvant-2\/#breadcrumb\",\"itemListElement\":[{\"@type\":\"ListItem\",\"position\":1,\"name\":\"Hjem\",\"item\":\"https:\/\/staging.forenteforlag.no\/spartacus\/\"},{\"@type\":\"ListItem\",\"position\":2,\"name\":\"Alle b\u00f8ker\",\"item\":\"https:\/\/staging.forenteforlag.no\/spartacus\/butikk\/\"},{\"@type\":\"ListItem\",\"position\":3,\"name\":\"Landene som forsvant\"}]},{\"@type\":\"WebSite\",\"@id\":\"https:\/\/staging.forenteforlag.no\/spartacus\/#website\",\"url\":\"https:\/\/staging.forenteforlag.no\/spartacus\/\",\"name\":\"Spartacus forlag\",\"description\":\"\",\"publisher\":{\"@id\":\"https:\/\/staging.forenteforlag.no\/spartacus\/#organization\"},\"potentialAction\":[{\"@type\":\"SearchAction\",\"target\":{\"@type\":\"EntryPoint\",\"urlTemplate\":\"https:\/\/staging.forenteforlag.no\/spartacus\/?s={search_term_string}\"},\"query-input\":{\"@type\":\"PropertyValueSpecification\",\"valueRequired\":true,\"valueName\":\"search_term_string\"}}],\"inLanguage\":\"nb-NO\"},{\"@type\":\"Organization\",\"@id\":\"https:\/\/staging.forenteforlag.no\/spartacus\/#organization\",\"name\":\"Spartacus forlag\",\"url\":\"https:\/\/staging.forenteforlag.no\/spartacus\/\",\"logo\":{\"@type\":\"ImageObject\",\"inLanguage\":\"nb-NO\",\"@id\":\"https:\/\/staging.forenteforlag.no\/spartacus\/#\/schema\/logo\/image\/\",\"url\":\"https:\/\/staging.forenteforlag.no\/spartacus\/wp-content\/uploads\/sites\/6\/2024\/09\/Spartacus_logo.svg\",\"contentUrl\":\"https:\/\/staging.forenteforlag.no\/spartacus\/wp-content\/uploads\/sites\/6\/2024\/09\/Spartacus_logo.svg\",\"width\":100,\"height\":100,\"caption\":\"Spartacus forlag\"},\"image\":{\"@id\":\"https:\/\/staging.forenteforlag.no\/spartacus\/#\/schema\/logo\/image\/\"},\"sameAs\":[\"https:\/\/www.facebook.com\/SpartacusForlag\"]}]}<\/script>\n<!-- \/ Yoast SEO plugin. -->","yoast_head_json":{"title":"Landene som forsvant - Spartacus","robots":{"index":"noindex","follow":"follow","max-snippet":"max-snippet:-1","max-image-preview":"max-image-preview:large","max-video-preview":"max-video-preview:-1"},"og_locale":"nb_NO","og_type":"article","og_title":"Landene som forsvant - Spartacus","og_description":"Riker oppst\u00e5r og g\u00e5r til grunne. Nye land etableres for s\u00e5 \u00e5 oppl\u00f8ses etter noen \u00e5r. Historien til disse fortapte land og riker vekkes her til live, gjennom den fascinerende beretningen til Bj\u00f8rn Berge. Forfatteren tar leseren med p\u00e5 en eventyrlig oppdagelsesferd til alle verdens hj\u00f8rner, gjennom jungel og \u00f8rken, fra byens pulserende liv til [&hellip;]","og_url":"https:\/\/staging.forenteforlag.no\/spartacus\/produkt\/landene-som-forsvant-2\/","og_site_name":"Spartacus","article_publisher":"https:\/\/www.facebook.com\/SpartacusForlag","article_modified_time":"2026-03-04T14:17:34+00:00","og_image":[{"width":720,"height":957,"url":"https:\/\/staging.forenteforlag.no\/spartacus\/wp-content\/uploads\/sites\/6\/2026\/02\/9788243011335.jpg","type":"image\/jpeg"}],"twitter_card":"summary_large_image","twitter_misc":{"Ansl. lesetid":"1 minutt"},"schema":{"@context":"https:\/\/schema.org","@graph":[{"@type":"WebPage","@id":"https:\/\/staging.forenteforlag.no\/spartacus\/produkt\/landene-som-forsvant-2\/","url":"https:\/\/staging.forenteforlag.no\/spartacus\/produkt\/landene-som-forsvant-2\/","name":"Landene som forsvant - Spartacus","isPartOf":{"@id":"https:\/\/staging.forenteforlag.no\/spartacus\/#website"},"primaryImageOfPage":{"@id":"https:\/\/staging.forenteforlag.no\/spartacus\/produkt\/landene-som-forsvant-2\/#primaryimage"},"image":{"@id":"https:\/\/staging.forenteforlag.no\/spartacus\/produkt\/landene-som-forsvant-2\/#primaryimage"},"thumbnailUrl":"https:\/\/staging.forenteforlag.no\/spartacus\/wp-content\/uploads\/sites\/6\/2026\/02\/9788243011335.jpg","datePublished":"2017-07-13T00:00:00+00:00","dateModified":"2026-03-04T14:17:34+00:00","breadcrumb":{"@id":"https:\/\/staging.forenteforlag.no\/spartacus\/produkt\/landene-som-forsvant-2\/#breadcrumb"},"inLanguage":"nb-NO","potentialAction":[{"@type":"ReadAction","target":["https:\/\/staging.forenteforlag.no\/spartacus\/produkt\/landene-som-forsvant-2\/"]}]},{"@type":"ImageObject","inLanguage":"nb-NO","@id":"https:\/\/staging.forenteforlag.no\/spartacus\/produkt\/landene-som-forsvant-2\/#primaryimage","url":"https:\/\/staging.forenteforlag.no\/spartacus\/wp-content\/uploads\/sites\/6\/2026\/02\/9788243011335.jpg","contentUrl":"https:\/\/staging.forenteforlag.no\/spartacus\/wp-content\/uploads\/sites\/6\/2026\/02\/9788243011335.jpg","width":720,"height":957},{"@type":"BreadcrumbList","@id":"https:\/\/staging.forenteforlag.no\/spartacus\/produkt\/landene-som-forsvant-2\/#breadcrumb","itemListElement":[{"@type":"ListItem","position":1,"name":"Hjem","item":"https:\/\/staging.forenteforlag.no\/spartacus\/"},{"@type":"ListItem","position":2,"name":"Alle b\u00f8ker","item":"https:\/\/staging.forenteforlag.no\/spartacus\/butikk\/"},{"@type":"ListItem","position":3,"name":"Landene som forsvant"}]},{"@type":"WebSite","@id":"https:\/\/staging.forenteforlag.no\/spartacus\/#website","url":"https:\/\/staging.forenteforlag.no\/spartacus\/","name":"Spartacus forlag","description":"","publisher":{"@id":"https:\/\/staging.forenteforlag.no\/spartacus\/#organization"},"potentialAction":[{"@type":"SearchAction","target":{"@type":"EntryPoint","urlTemplate":"https:\/\/staging.forenteforlag.no\/spartacus\/?s={search_term_string}"},"query-input":{"@type":"PropertyValueSpecification","valueRequired":true,"valueName":"search_term_string"}}],"inLanguage":"nb-NO"},{"@type":"Organization","@id":"https:\/\/staging.forenteforlag.no\/spartacus\/#organization","name":"Spartacus forlag","url":"https:\/\/staging.forenteforlag.no\/spartacus\/","logo":{"@type":"ImageObject","inLanguage":"nb-NO","@id":"https:\/\/staging.forenteforlag.no\/spartacus\/#\/schema\/logo\/image\/","url":"https:\/\/staging.forenteforlag.no\/spartacus\/wp-content\/uploads\/sites\/6\/2024\/09\/Spartacus_logo.svg","contentUrl":"https:\/\/staging.forenteforlag.no\/spartacus\/wp-content\/uploads\/sites\/6\/2024\/09\/Spartacus_logo.svg","width":100,"height":100,"caption":"Spartacus forlag"},"image":{"@id":"https:\/\/staging.forenteforlag.no\/spartacus\/#\/schema\/logo\/image\/"},"sameAs":["https:\/\/www.facebook.com\/SpartacusForlag"]}]}},"_links":{"self":[{"href":"https:\/\/staging.forenteforlag.no\/spartacus\/wp-json\/wp\/v2\/product\/22484","targetHints":{"allow":["GET"]}}],"collection":[{"href":"https:\/\/staging.forenteforlag.no\/spartacus\/wp-json\/wp\/v2\/product"}],"about":[{"href":"https:\/\/staging.forenteforlag.no\/spartacus\/wp-json\/wp\/v2\/types\/product"}],"wp:featuredmedia":[{"embeddable":true,"href":"https:\/\/staging.forenteforlag.no\/spartacus\/wp-json\/wp\/v2\/media\/26530"}],"wp:attachment":[{"href":"https:\/\/staging.forenteforlag.no\/spartacus\/wp-json\/wp\/v2\/media?parent=22484"}],"wp:term":[{"taxonomy":"product_brand","embeddable":true,"href":"https:\/\/staging.forenteforlag.no\/spartacus\/wp-json\/wp\/v2\/product_brand?post=22484"},{"taxonomy":"product_cat","embeddable":true,"href":"https:\/\/staging.forenteforlag.no\/spartacus\/wp-json\/wp\/v2\/product_cat?post=22484"},{"taxonomy":"product_tag","embeddable":true,"href":"https:\/\/staging.forenteforlag.no\/spartacus\/wp-json\/wp\/v2\/product_tag?post=22484"}],"curies":[{"name":"wp","href":"https:\/\/api.w.org\/{rel}","templated":true}]}}