{"id":22332,"date":"2023-03-16T01:00:00","date_gmt":"2023-03-16T00:00:00","guid":{"rendered":"https:\/\/spartacus.forenteforlag.no\/produkt\/ut-av-jungelen-2\/"},"modified":"2026-03-04T15:34:28","modified_gmt":"2026-03-04T14:34:28","slug":"ut-av-jungelen-2","status":"publish","type":"product","link":"https:\/\/staging.forenteforlag.no\/spartacus\/produkt\/ut-av-jungelen-2\/","title":{"rendered":"Ut av jungelen"},"content":{"rendered":"<p>I fem \u00e5r var norske diplomater tilretteleggere for fredsforhandlinger mellom den colombianske regjeringen og geriljagruppen Farc. En fredsavtale ble inng\u00e5tt i november 2016, og den gjorde slutt p\u00e5 en 52 \u00e5r lang borgerkrig som hadde tatt livet av over en halv million mennesker. <\/p>\n<p>Dag Nylander ledet det norske teamet under forhandlingene. Her forteller han den dramatiske historien om den viktigste fredsprosessen i verden i nyere tid. Dette er en thriller fra virkeligheten, med risikofylte helikopterturer til geriljaomr\u00e5der og mange kriser underveis som truet med \u00e5 velte forhandlingene. Historien er ogs\u00e5 et eksistensielt drama, hvor de involverte med livet som innsats valgte fred fremfor krig. Boken gir et unikt blikk i norsk fredsdiplomati, og den demonstrerer hvor mye som skal til for \u00e5 skape fred.<\/p>\n","protected":false},"excerpt":{"rendered":"<p>I fem \u00e5r var norske diplomater tilretteleggere for fredsforhandlinger mellom den colombianske regjeringen og geriljagruppen Farc. En fredsavtale ble inng\u00e5tt i november 2016, og den gjorde slutt p\u00e5 en 52 \u00e5r lang borgerkrig som hadde tatt livet av over en halv million mennesker. Dag Nylander ledet det norske teamet under forhandlingene. Her forteller han den [&hellip;]<\/p>\n","protected":false},"featured_media":26693,"template":"","meta":{"_acf_changed":false,"inline_featured_image":false},"product_brand":[],"product_cat":[1786],"product_tag":[419,364,607,1102,514,362,880],"class_list":{"0":"post-22332","1":"product","2":"type-product","3":"status-publish","4":"has-post-thumbnail","6":"product_cat-rabattkodekampanje","7":"product_tag-1990-1999","8":"product_tag-2000-2009","9":"product_tag-bedriftshistorie","10":"product_tag-colombia","11":"product_tag-diplomati","12":"product_tag-faglitteratur","13":"product_tag-fredsarbeid","15":"first","16":"instock","17":"shipping-taxable","18":"purchasable","19":"product-type-simple"},"acf":{"anmeldelse":[{"tekst_anmeldelser":"\u00abEt viktig innblikk i norsk fredsdiplomati [...] Boka er blitt en drivende fortelling som kombinerer dramatiske detaljer med historiske overblikk og personlige refleksjoner. Men den \u00e5pner ogs\u00e5 for noen viktige debatter ...\u00bb","av_anmeldelser":"Benedicte Bull","terningkast":false,"kilde":"Panorama nyheter"},{"tekst_anmeldelser":"\u00abUt av jungelen\u00bb er en ypperlig innf\u00f8ring i hvordan du kan stoppe en borgerkrig. I tillegg byr boken p\u00e5 dype innsikter i hvordan homo sapiens fungerer som politisk dyr, samt et fascinerende blikk p\u00e5 dette store, vakre og plagede landet Colombia.\u00bb","av_anmeldelser":"Ola Hegdal","terningkast":false,"kilde":"NRK"},{"tekst_anmeldelser":"\u00abEt unikt innblikk i Norges deltakelse i den colombianske fredsprosessen.\u00bb","av_anmeldelser":"Ingrid, Fadnes","terningkast":false,"kilde":"Klassekampen"},{"tekst_anmeldelser":"\u00abDag Nylander og Tove Gravdal l\u00f8fter diplomaten frem fra soldatenes og spionenens skygge i boken Ut av jungelen\u00bb","av_anmeldelser":"Iver B. Neumann","terningkast":false,"kilde":"Morgenbladet"}]},"yoast_head":"<!-- This site is optimized with the Yoast SEO plugin v26.6 - https:\/\/yoast.com\/wordpress\/plugins\/seo\/ -->\n<title>Ut av jungelen - Spartacus<\/title>\n<meta name=\"robots\" content=\"noindex, follow, max-snippet:-1, max-image-preview:large, max-video-preview:-1\" \/>\n<meta property=\"og:locale\" content=\"nb_NO\" \/>\n<meta property=\"og:type\" content=\"article\" \/>\n<meta property=\"og:title\" content=\"Ut av jungelen - Spartacus\" \/>\n<meta property=\"og:description\" content=\"I fem \u00e5r var norske diplomater tilretteleggere for fredsforhandlinger mellom den colombianske regjeringen og geriljagruppen Farc. En fredsavtale ble inng\u00e5tt i november 2016, og den gjorde slutt p\u00e5 en 52 \u00e5r lang borgerkrig som hadde tatt livet av over en halv million mennesker. Dag Nylander ledet det norske teamet under forhandlingene. Her forteller han den [&hellip;]\" \/>\n<meta property=\"og:url\" content=\"https:\/\/staging.forenteforlag.no\/spartacus\/produkt\/ut-av-jungelen-2\/\" \/>\n<meta property=\"og:site_name\" content=\"Spartacus\" \/>\n<meta property=\"article:publisher\" content=\"https:\/\/www.facebook.com\/SpartacusForlag\" \/>\n<meta property=\"article:modified_time\" content=\"2026-03-04T14:34:28+00:00\" \/>\n<meta property=\"og:image\" content=\"https:\/\/staging.forenteforlag.no\/spartacus\/wp-content\/uploads\/sites\/6\/2026\/03\/9788243014862.jpg\" \/>\n\t<meta property=\"og:image:width\" content=\"720\" \/>\n\t<meta property=\"og:image:height\" content=\"1023\" \/>\n\t<meta property=\"og:image:type\" content=\"image\/jpeg\" \/>\n<meta name=\"twitter:card\" content=\"summary_large_image\" \/>\n<meta name=\"twitter:label1\" content=\"Ansl. lesetid\" \/>\n\t<meta name=\"twitter:data1\" content=\"1 minutt\" \/>\n<script type=\"application\/ld+json\" class=\"yoast-schema-graph\">{\"@context\":\"https:\/\/schema.org\",\"@graph\":[{\"@type\":\"WebPage\",\"@id\":\"https:\/\/staging.forenteforlag.no\/spartacus\/produkt\/ut-av-jungelen-2\/\",\"url\":\"https:\/\/staging.forenteforlag.no\/spartacus\/produkt\/ut-av-jungelen-2\/\",\"name\":\"Ut av jungelen - Spartacus\",\"isPartOf\":{\"@id\":\"https:\/\/staging.forenteforlag.no\/spartacus\/#website\"},\"primaryImageOfPage\":{\"@id\":\"https:\/\/staging.forenteforlag.no\/spartacus\/produkt\/ut-av-jungelen-2\/#primaryimage\"},\"image\":{\"@id\":\"https:\/\/staging.forenteforlag.no\/spartacus\/produkt\/ut-av-jungelen-2\/#primaryimage\"},\"thumbnailUrl\":\"https:\/\/staging.forenteforlag.no\/spartacus\/wp-content\/uploads\/sites\/6\/2026\/03\/9788243014862.jpg\",\"datePublished\":\"2023-03-16T00:00:00+00:00\",\"dateModified\":\"2026-03-04T14:34:28+00:00\",\"breadcrumb\":{\"@id\":\"https:\/\/staging.forenteforlag.no\/spartacus\/produkt\/ut-av-jungelen-2\/#breadcrumb\"},\"inLanguage\":\"nb-NO\",\"potentialAction\":[{\"@type\":\"ReadAction\",\"target\":[\"https:\/\/staging.forenteforlag.no\/spartacus\/produkt\/ut-av-jungelen-2\/\"]}]},{\"@type\":\"ImageObject\",\"inLanguage\":\"nb-NO\",\"@id\":\"https:\/\/staging.forenteforlag.no\/spartacus\/produkt\/ut-av-jungelen-2\/#primaryimage\",\"url\":\"https:\/\/staging.forenteforlag.no\/spartacus\/wp-content\/uploads\/sites\/6\/2026\/03\/9788243014862.jpg\",\"contentUrl\":\"https:\/\/staging.forenteforlag.no\/spartacus\/wp-content\/uploads\/sites\/6\/2026\/03\/9788243014862.jpg\",\"width\":720,\"height\":1023},{\"@type\":\"BreadcrumbList\",\"@id\":\"https:\/\/staging.forenteforlag.no\/spartacus\/produkt\/ut-av-jungelen-2\/#breadcrumb\",\"itemListElement\":[{\"@type\":\"ListItem\",\"position\":1,\"name\":\"Hjem\",\"item\":\"https:\/\/staging.forenteforlag.no\/spartacus\/\"},{\"@type\":\"ListItem\",\"position\":2,\"name\":\"Alle b\u00f8ker\",\"item\":\"https:\/\/staging.forenteforlag.no\/spartacus\/butikk\/\"},{\"@type\":\"ListItem\",\"position\":3,\"name\":\"Ut av jungelen\"}]},{\"@type\":\"WebSite\",\"@id\":\"https:\/\/staging.forenteforlag.no\/spartacus\/#website\",\"url\":\"https:\/\/staging.forenteforlag.no\/spartacus\/\",\"name\":\"Spartacus forlag\",\"description\":\"\",\"publisher\":{\"@id\":\"https:\/\/staging.forenteforlag.no\/spartacus\/#organization\"},\"potentialAction\":[{\"@type\":\"SearchAction\",\"target\":{\"@type\":\"EntryPoint\",\"urlTemplate\":\"https:\/\/staging.forenteforlag.no\/spartacus\/?s={search_term_string}\"},\"query-input\":{\"@type\":\"PropertyValueSpecification\",\"valueRequired\":true,\"valueName\":\"search_term_string\"}}],\"inLanguage\":\"nb-NO\"},{\"@type\":\"Organization\",\"@id\":\"https:\/\/staging.forenteforlag.no\/spartacus\/#organization\",\"name\":\"Spartacus forlag\",\"url\":\"https:\/\/staging.forenteforlag.no\/spartacus\/\",\"logo\":{\"@type\":\"ImageObject\",\"inLanguage\":\"nb-NO\",\"@id\":\"https:\/\/staging.forenteforlag.no\/spartacus\/#\/schema\/logo\/image\/\",\"url\":\"https:\/\/staging.forenteforlag.no\/spartacus\/wp-content\/uploads\/sites\/6\/2024\/09\/Spartacus_logo.svg\",\"contentUrl\":\"https:\/\/staging.forenteforlag.no\/spartacus\/wp-content\/uploads\/sites\/6\/2024\/09\/Spartacus_logo.svg\",\"width\":100,\"height\":100,\"caption\":\"Spartacus forlag\"},\"image\":{\"@id\":\"https:\/\/staging.forenteforlag.no\/spartacus\/#\/schema\/logo\/image\/\"},\"sameAs\":[\"https:\/\/www.facebook.com\/SpartacusForlag\"]}]}<\/script>\n<!-- \/ Yoast SEO plugin. -->","yoast_head_json":{"title":"Ut av jungelen - Spartacus","robots":{"index":"noindex","follow":"follow","max-snippet":"max-snippet:-1","max-image-preview":"max-image-preview:large","max-video-preview":"max-video-preview:-1"},"og_locale":"nb_NO","og_type":"article","og_title":"Ut av jungelen - Spartacus","og_description":"I fem \u00e5r var norske diplomater tilretteleggere for fredsforhandlinger mellom den colombianske regjeringen og geriljagruppen Farc. En fredsavtale ble inng\u00e5tt i november 2016, og den gjorde slutt p\u00e5 en 52 \u00e5r lang borgerkrig som hadde tatt livet av over en halv million mennesker. Dag Nylander ledet det norske teamet under forhandlingene. Her forteller han den [&hellip;]","og_url":"https:\/\/staging.forenteforlag.no\/spartacus\/produkt\/ut-av-jungelen-2\/","og_site_name":"Spartacus","article_publisher":"https:\/\/www.facebook.com\/SpartacusForlag","article_modified_time":"2026-03-04T14:34:28+00:00","og_image":[{"width":720,"height":1023,"url":"https:\/\/staging.forenteforlag.no\/spartacus\/wp-content\/uploads\/sites\/6\/2026\/03\/9788243014862.jpg","type":"image\/jpeg"}],"twitter_card":"summary_large_image","twitter_misc":{"Ansl. lesetid":"1 minutt"},"schema":{"@context":"https:\/\/schema.org","@graph":[{"@type":"WebPage","@id":"https:\/\/staging.forenteforlag.no\/spartacus\/produkt\/ut-av-jungelen-2\/","url":"https:\/\/staging.forenteforlag.no\/spartacus\/produkt\/ut-av-jungelen-2\/","name":"Ut av jungelen - Spartacus","isPartOf":{"@id":"https:\/\/staging.forenteforlag.no\/spartacus\/#website"},"primaryImageOfPage":{"@id":"https:\/\/staging.forenteforlag.no\/spartacus\/produkt\/ut-av-jungelen-2\/#primaryimage"},"image":{"@id":"https:\/\/staging.forenteforlag.no\/spartacus\/produkt\/ut-av-jungelen-2\/#primaryimage"},"thumbnailUrl":"https:\/\/staging.forenteforlag.no\/spartacus\/wp-content\/uploads\/sites\/6\/2026\/03\/9788243014862.jpg","datePublished":"2023-03-16T00:00:00+00:00","dateModified":"2026-03-04T14:34:28+00:00","breadcrumb":{"@id":"https:\/\/staging.forenteforlag.no\/spartacus\/produkt\/ut-av-jungelen-2\/#breadcrumb"},"inLanguage":"nb-NO","potentialAction":[{"@type":"ReadAction","target":["https:\/\/staging.forenteforlag.no\/spartacus\/produkt\/ut-av-jungelen-2\/"]}]},{"@type":"ImageObject","inLanguage":"nb-NO","@id":"https:\/\/staging.forenteforlag.no\/spartacus\/produkt\/ut-av-jungelen-2\/#primaryimage","url":"https:\/\/staging.forenteforlag.no\/spartacus\/wp-content\/uploads\/sites\/6\/2026\/03\/9788243014862.jpg","contentUrl":"https:\/\/staging.forenteforlag.no\/spartacus\/wp-content\/uploads\/sites\/6\/2026\/03\/9788243014862.jpg","width":720,"height":1023},{"@type":"BreadcrumbList","@id":"https:\/\/staging.forenteforlag.no\/spartacus\/produkt\/ut-av-jungelen-2\/#breadcrumb","itemListElement":[{"@type":"ListItem","position":1,"name":"Hjem","item":"https:\/\/staging.forenteforlag.no\/spartacus\/"},{"@type":"ListItem","position":2,"name":"Alle b\u00f8ker","item":"https:\/\/staging.forenteforlag.no\/spartacus\/butikk\/"},{"@type":"ListItem","position":3,"name":"Ut av jungelen"}]},{"@type":"WebSite","@id":"https:\/\/staging.forenteforlag.no\/spartacus\/#website","url":"https:\/\/staging.forenteforlag.no\/spartacus\/","name":"Spartacus forlag","description":"","publisher":{"@id":"https:\/\/staging.forenteforlag.no\/spartacus\/#organization"},"potentialAction":[{"@type":"SearchAction","target":{"@type":"EntryPoint","urlTemplate":"https:\/\/staging.forenteforlag.no\/spartacus\/?s={search_term_string}"},"query-input":{"@type":"PropertyValueSpecification","valueRequired":true,"valueName":"search_term_string"}}],"inLanguage":"nb-NO"},{"@type":"Organization","@id":"https:\/\/staging.forenteforlag.no\/spartacus\/#organization","name":"Spartacus forlag","url":"https:\/\/staging.forenteforlag.no\/spartacus\/","logo":{"@type":"ImageObject","inLanguage":"nb-NO","@id":"https:\/\/staging.forenteforlag.no\/spartacus\/#\/schema\/logo\/image\/","url":"https:\/\/staging.forenteforlag.no\/spartacus\/wp-content\/uploads\/sites\/6\/2024\/09\/Spartacus_logo.svg","contentUrl":"https:\/\/staging.forenteforlag.no\/spartacus\/wp-content\/uploads\/sites\/6\/2024\/09\/Spartacus_logo.svg","width":100,"height":100,"caption":"Spartacus forlag"},"image":{"@id":"https:\/\/staging.forenteforlag.no\/spartacus\/#\/schema\/logo\/image\/"},"sameAs":["https:\/\/www.facebook.com\/SpartacusForlag"]}]}},"_links":{"self":[{"href":"https:\/\/staging.forenteforlag.no\/spartacus\/wp-json\/wp\/v2\/product\/22332","targetHints":{"allow":["GET"]}}],"collection":[{"href":"https:\/\/staging.forenteforlag.no\/spartacus\/wp-json\/wp\/v2\/product"}],"about":[{"href":"https:\/\/staging.forenteforlag.no\/spartacus\/wp-json\/wp\/v2\/types\/product"}],"wp:featuredmedia":[{"embeddable":true,"href":"https:\/\/staging.forenteforlag.no\/spartacus\/wp-json\/wp\/v2\/media\/26693"}],"wp:attachment":[{"href":"https:\/\/staging.forenteforlag.no\/spartacus\/wp-json\/wp\/v2\/media?parent=22332"}],"wp:term":[{"taxonomy":"product_brand","embeddable":true,"href":"https:\/\/staging.forenteforlag.no\/spartacus\/wp-json\/wp\/v2\/product_brand?post=22332"},{"taxonomy":"product_cat","embeddable":true,"href":"https:\/\/staging.forenteforlag.no\/spartacus\/wp-json\/wp\/v2\/product_cat?post=22332"},{"taxonomy":"product_tag","embeddable":true,"href":"https:\/\/staging.forenteforlag.no\/spartacus\/wp-json\/wp\/v2\/product_tag?post=22332"}],"curies":[{"name":"wp","href":"https:\/\/api.w.org\/{rel}","templated":true}]}}

<p>I fem år var norske diplomater tilretteleggere for fredsforhandlinger mellom den colombianske regjeringen og geriljagruppen Farc. En fredsavtale ble inngått i november 2016, og den gjorde slutt på en 52 år lang borgerkrig som hadde tatt livet av over en halv million mennesker. </p>
<p>Dag Nylander ledet det norske teamet under forhandlingene. Her forteller han den dramatiske historien om den viktigste fredsprosessen i verden i nyere tid. Dette er en thriller fra virkeligheten, med risikofylte helikopterturer til geriljaområder og mange kriser underveis som truet med å velte forhandlingene. Historien er også et eksistensielt drama, hvor de involverte med livet som innsats valgte fred fremfor krig. Boken gir et unikt blikk i norsk fredsdiplomati, og den demonstrerer hvor mye som skal til for å skape fred.</p>

<p>I fem år var norske diplomater tilretteleggere for fredsforhandlinger mellom den colombianske regjeringen og geriljagruppen Farc. En fredsavtale ble inngått i november 2016, og den gjorde slutt på en 52 år lang borgerkrig som hadde tatt livet av over en halv million mennesker. Dag Nylander ledet det norske teamet under forhandlingene. Her forteller han den [&hellip;]</p>

«Et viktig innblikk i norsk fredsdiplomati [...] Boka er blitt en drivende fortelling som kombinerer dramatiske detaljer med historiske overblikk og personlige refleksjoner. Men den åpner også for noen viktige debatter ...»

«Ut av jungelen» er en ypperlig innføring i hvordan du kan stoppe en borgerkrig. I tillegg byr boken på dype innsikter i hvordan homo sapiens fungerer som politisk dyr, samt et fascinerende blikk på dette store, vakre og plagede landet Colombia.»

«Dag Nylander og Tove Gravdal løfter diplomaten frem fra soldatenes og spionenens skygge i boken Ut av jungelen»

<!-- This site is optimized with the Yoast SEO plugin v26.6 - https://yoast.com/wordpress/plugins/seo/ -->
<title>Ut av jungelen - Spartacus</title>
<meta name="robots" content="noindex, follow, max-snippet:-1, max-image-preview:large, max-video-preview:-1" />
<meta property="og:locale" content="nb_NO" />
<meta property="og:type" content="article" />
<meta property="og:title" content="Ut av jungelen - Spartacus" />
<meta property="og:description" content="I fem år var norske diplomater tilretteleggere for fredsforhandlinger mellom den colombianske regjeringen og geriljagruppen Farc. En fredsavtale ble inngått i november 2016, og den gjorde slutt på en 52 år lang borgerkrig som hadde tatt livet av over en halv million mennesker. Dag Nylander ledet det norske teamet under forhandlingene. Her forteller han den [&hellip;]" />
<meta property="og:url" content="https://staging.forenteforlag.no/spartacus/produkt/ut-av-jungelen-2/" />
<meta property="og:site_name" content="Spartacus" />
<meta property="article:publisher" content="https://www.facebook.com/SpartacusForlag" />
<meta property="article:modified_time" content="2026-03-04T14:34:28+00:00" />
<meta property="og:image" content="https://staging.forenteforlag.no/spartacus/wp-content/uploads/sites/6/2026/03/9788243014862.jpg" />
	<meta property="og:image:width" content="720" />
	<meta property="og:image:height" content="1023" />
	<meta property="og:image:type" content="image/jpeg" />
<meta name="twitter:card" content="summary_large_image" />
<meta name="twitter:label1" content="Ansl. lesetid" />
	<meta name="twitter:data1" content="1 minutt" />
<script type="application/ld+json" class="yoast-schema-graph">{"@context":"https://schema.org","@graph":[{"@type":"WebPage","@id":"https://staging.forenteforlag.no/spartacus/produkt/ut-av-jungelen-2/","url":"https://staging.forenteforlag.no/spartacus/produkt/ut-av-jungelen-2/","name":"Ut av jungelen - Spartacus","isPartOf":{"@id":"https://staging.forenteforlag.no/spartacus/#website"},"primaryImageOfPage":{"@id":"https://staging.forenteforlag.no/spartacus/produkt/ut-av-jungelen-2/#primaryimage"},"image":{"@id":"https://staging.forenteforlag.no/spartacus/produkt/ut-av-jungelen-2/#primaryimage"},"thumbnailUrl":"https://staging.forenteforlag.no/spartacus/wp-content/uploads/sites/6/2026/03/9788243014862.jpg","datePublished":"2023-03-16T00:00:00+00:00","dateModified":"2026-03-04T14:34:28+00:00","breadcrumb":{"@id":"https://staging.forenteforlag.no/spartacus/produkt/ut-av-jungelen-2/#breadcrumb"},"inLanguage":"nb-NO","potentialAction":[{"@type":"ReadAction","target":["https://staging.forenteforlag.no/spartacus/produkt/ut-av-jungelen-2/"]}]},{"@type":"ImageObject","inLanguage":"nb-NO","@id":"https://staging.forenteforlag.no/spartacus/produkt/ut-av-jungelen-2/#primaryimage","url":"https://staging.forenteforlag.no/spartacus/wp-content/uploads/sites/6/2026/03/9788243014862.jpg","contentUrl":"https://staging.forenteforlag.no/spartacus/wp-content/uploads/sites/6/2026/03/9788243014862.jpg","width":720,"height":1023},{"@type":"BreadcrumbList","@id":"https://staging.forenteforlag.no/spartacus/produkt/ut-av-jungelen-2/#breadcrumb","itemListElement":[{"@type":"ListItem","position":1,"name":"Hjem","item":"https://staging.forenteforlag.no/spartacus/"},{"@type":"ListItem","position":2,"name":"Alle bøker","item":"https://staging.forenteforlag.no/spartacus/butikk/"},{"@type":"ListItem","position":3,"name":"Ut av jungelen"}]},{"@type":"WebSite","@id":"https://staging.forenteforlag.no/spartacus/#website","url":"https://staging.forenteforlag.no/spartacus/","name":"Spartacus forlag","description":"","publisher":{"@id":"https://staging.forenteforlag.no/spartacus/#organization"},"potentialAction":[{"@type":"SearchAction","target":{"@type":"EntryPoint","urlTemplate":"https://staging.forenteforlag.no/spartacus/?s={search_term_string}"},"query-input":{"@type":"PropertyValueSpecification","valueRequired":true,"valueName":"search_term_string"}}],"inLanguage":"nb-NO"},{"@type":"Organization","@id":"https://staging.forenteforlag.no/spartacus/#organization","name":"Spartacus forlag","url":"https://staging.forenteforlag.no/spartacus/","logo":{"@type":"ImageObject","inLanguage":"nb-NO","@id":"https://staging.forenteforlag.no/spartacus/#/schema/logo/image/","url":"https://staging.forenteforlag.no/spartacus/wp-content/uploads/sites/6/2024/09/Spartacus_logo.svg","contentUrl":"https://staging.forenteforlag.no/spartacus/wp-content/uploads/sites/6/2024/09/Spartacus_logo.svg","width":100,"height":100,"caption":"Spartacus forlag"},"image":{"@id":"https://staging.forenteforlag.no/spartacus/#/schema/logo/image/"},"sameAs":["https://www.facebook.com/SpartacusForlag"]}]}</script>
<!-- / Yoast SEO plugin. -->

I fem år var norske diplomater tilretteleggere for fredsforhandlinger mellom den colombianske regjeringen og geriljagruppen Farc. En fredsavtale ble inngått i november 2016, og den gjorde slutt på en 52 år lang borgerkrig som hadde tatt livet av over en halv million mennesker. Dag Nylander ledet det norske teamet under forhandlingene. Her forteller han den [&hellip;]

Alle bøker
