{"id":22280,"date":"2015-05-20T02:00:00","date_gmt":"2015-05-20T00:00:00","guid":{"rendered":"https:\/\/spartacus.forenteforlag.no\/produkt\/pakledd-i-dusjen\/"},"modified":"2026-03-04T15:06:36","modified_gmt":"2026-03-04T14:06:36","slug":"pakledd-i-dusjen","status":"publish","type":"product","link":"https:\/\/staging.forenteforlag.no\/spartacus\/produkt\/pakledd-i-dusjen\/","title":{"rendered":"P\u00e5kledd i dusjen"},"content":{"rendered":"<p>Ungdom i dag dusjer ikke etter gymmen. Eller s\u00e5 dusjer de med undert\u00f8yet p\u00e5. Det samme gjelder i sv\u00f8mmehallen og p\u00e5 h\u00e5ndballtreningen. De vil ikke vise seg nakne foran vennene sine og medelever. De finner det ikke naturlig. <\/p>\n<p>Hva har skjedd siden vi vokste opp, da nakne kropper i garderoben var nettopp det naturlige? <\/p>\n<p>Wenche Bj\u00f8rnebekk har snakket med ungdom for \u00e5 finne ut av dette. Hvordan ser de p\u00e5 egen og andres kropp? Hva betyr andres blikk? Hvilke idealer higer de etter, og hva er egentlig naturlig? Sammen med den r\u00e5dende forskningen p\u00e5 feltet fors\u00f8ker hun \u00e5 finne svar p\u00e5 hvorfor vi ser ut til \u00e5 bli mer bluferdige og hvordan det er mulig \u00e5 motvirke konsekvensene av kroppspresset. <\/p>\n<p>Om forfatteren: <br \/>Wenche Bj\u00f8rnebekk er vernepleier og har master i sosialt arbeid. Hun har tidligere arbeidet med ungdom og er n\u00e5 forlagsredakt\u00f8r i Universitetsforlaget. <\/p>\n<p>Fra boka: <\/p>\n<p>\u00abJeg liker ikke lenger \u00e5 v\u00e6re i sv\u00f8mmehallen. Det gjorde jeg f\u00f8r. N\u00e5 bryr jeg meg for mye om kroppen min til at jeg f\u00e5r det til. Jeg f\u00f8ler andres blikk, men det er jo ikke sikkert at de ser p\u00e5 meg. Det blir en f\u00f8lelse av at det kommer til \u00e5 skje.\u00bb <br \/>Lea 15 \u00e5r<\/p>\n","protected":false},"excerpt":{"rendered":"<p>Ungdom i dag dusjer ikke etter gymmen. Eller s\u00e5 dusjer de med undert\u00f8yet p\u00e5. Det samme gjelder i sv\u00f8mmehallen og p\u00e5 h\u00e5ndballtreningen. De vil ikke vise seg nakne foran vennene sine og medelever. De finner det ikke naturlig. Hva har skjedd siden vi vokste opp, da nakne kropper i garderoben var nettopp det naturlige? Wenche [&hellip;]<\/p>\n","protected":false},"featured_media":26391,"template":"","meta":{"_acf_changed":false,"inline_featured_image":false},"product_brand":[],"product_cat":[1786],"product_tag":[1445,362,375],"class_list":{"0":"post-22280","1":"product","2":"type-product","3":"status-publish","4":"has-post-thumbnail","6":"product_cat-rabattkodekampanje","7":"product_tag-barne-og-ungdomslitteratur","8":"product_tag-faglitteratur","9":"product_tag-identitet","11":"first","12":"instock","13":"shipping-taxable","14":"purchasable","15":"product-type-simple"},"acf":{"anmeldelse":null},"yoast_head":"<!-- This site is optimized with the Yoast SEO plugin v26.6 - https:\/\/yoast.com\/wordpress\/plugins\/seo\/ -->\n<title>P\u00e5kledd i dusjen - Spartacus<\/title>\n<meta name=\"robots\" content=\"noindex, follow, max-snippet:-1, max-image-preview:large, max-video-preview:-1\" \/>\n<meta property=\"og:locale\" content=\"nb_NO\" \/>\n<meta property=\"og:type\" content=\"article\" \/>\n<meta property=\"og:title\" content=\"P\u00e5kledd i dusjen - Spartacus\" \/>\n<meta property=\"og:description\" content=\"Ungdom i dag dusjer ikke etter gymmen. Eller s\u00e5 dusjer de med undert\u00f8yet p\u00e5. Det samme gjelder i sv\u00f8mmehallen og p\u00e5 h\u00e5ndballtreningen. De vil ikke vise seg nakne foran vennene sine og medelever. De finner det ikke naturlig. Hva har skjedd siden vi vokste opp, da nakne kropper i garderoben var nettopp det naturlige? Wenche [&hellip;]\" \/>\n<meta property=\"og:url\" content=\"https:\/\/staging.forenteforlag.no\/spartacus\/produkt\/pakledd-i-dusjen\/\" \/>\n<meta property=\"og:site_name\" content=\"Spartacus\" \/>\n<meta property=\"article:publisher\" content=\"https:\/\/www.facebook.com\/SpartacusForlag\" \/>\n<meta property=\"article:modified_time\" content=\"2026-03-04T14:06:36+00:00\" \/>\n<meta property=\"og:image\" content=\"https:\/\/staging.forenteforlag.no\/spartacus\/wp-content\/uploads\/sites\/6\/2026\/02\/9788243008328.jpg\" \/>\n\t<meta property=\"og:image:width\" content=\"720\" \/>\n\t<meta property=\"og:image:height\" content=\"1177\" \/>\n\t<meta property=\"og:image:type\" content=\"image\/jpeg\" \/>\n<meta name=\"twitter:card\" content=\"summary_large_image\" \/>\n<meta name=\"twitter:label1\" content=\"Ansl. lesetid\" \/>\n\t<meta name=\"twitter:data1\" content=\"1 minutt\" \/>\n<script type=\"application\/ld+json\" class=\"yoast-schema-graph\">{\"@context\":\"https:\/\/schema.org\",\"@graph\":[{\"@type\":\"WebPage\",\"@id\":\"https:\/\/staging.forenteforlag.no\/spartacus\/produkt\/pakledd-i-dusjen\/\",\"url\":\"https:\/\/staging.forenteforlag.no\/spartacus\/produkt\/pakledd-i-dusjen\/\",\"name\":\"P\u00e5kledd i dusjen - Spartacus\",\"isPartOf\":{\"@id\":\"https:\/\/staging.forenteforlag.no\/spartacus\/#website\"},\"primaryImageOfPage\":{\"@id\":\"https:\/\/staging.forenteforlag.no\/spartacus\/produkt\/pakledd-i-dusjen\/#primaryimage\"},\"image\":{\"@id\":\"https:\/\/staging.forenteforlag.no\/spartacus\/produkt\/pakledd-i-dusjen\/#primaryimage\"},\"thumbnailUrl\":\"https:\/\/staging.forenteforlag.no\/spartacus\/wp-content\/uploads\/sites\/6\/2026\/02\/9788243008328.jpg\",\"datePublished\":\"2015-05-20T00:00:00+00:00\",\"dateModified\":\"2026-03-04T14:06:36+00:00\",\"breadcrumb\":{\"@id\":\"https:\/\/staging.forenteforlag.no\/spartacus\/produkt\/pakledd-i-dusjen\/#breadcrumb\"},\"inLanguage\":\"nb-NO\",\"potentialAction\":[{\"@type\":\"ReadAction\",\"target\":[\"https:\/\/staging.forenteforlag.no\/spartacus\/produkt\/pakledd-i-dusjen\/\"]}]},{\"@type\":\"ImageObject\",\"inLanguage\":\"nb-NO\",\"@id\":\"https:\/\/staging.forenteforlag.no\/spartacus\/produkt\/pakledd-i-dusjen\/#primaryimage\",\"url\":\"https:\/\/staging.forenteforlag.no\/spartacus\/wp-content\/uploads\/sites\/6\/2026\/02\/9788243008328.jpg\",\"contentUrl\":\"https:\/\/staging.forenteforlag.no\/spartacus\/wp-content\/uploads\/sites\/6\/2026\/02\/9788243008328.jpg\",\"width\":720,\"height\":1177},{\"@type\":\"BreadcrumbList\",\"@id\":\"https:\/\/staging.forenteforlag.no\/spartacus\/produkt\/pakledd-i-dusjen\/#breadcrumb\",\"itemListElement\":[{\"@type\":\"ListItem\",\"position\":1,\"name\":\"Hjem\",\"item\":\"https:\/\/staging.forenteforlag.no\/spartacus\/\"},{\"@type\":\"ListItem\",\"position\":2,\"name\":\"Alle b\u00f8ker\",\"item\":\"https:\/\/staging.forenteforlag.no\/spartacus\/butikk\/\"},{\"@type\":\"ListItem\",\"position\":3,\"name\":\"P\u00e5kledd i dusjen\"}]},{\"@type\":\"WebSite\",\"@id\":\"https:\/\/staging.forenteforlag.no\/spartacus\/#website\",\"url\":\"https:\/\/staging.forenteforlag.no\/spartacus\/\",\"name\":\"Spartacus forlag\",\"description\":\"\",\"publisher\":{\"@id\":\"https:\/\/staging.forenteforlag.no\/spartacus\/#organization\"},\"potentialAction\":[{\"@type\":\"SearchAction\",\"target\":{\"@type\":\"EntryPoint\",\"urlTemplate\":\"https:\/\/staging.forenteforlag.no\/spartacus\/?s={search_term_string}\"},\"query-input\":{\"@type\":\"PropertyValueSpecification\",\"valueRequired\":true,\"valueName\":\"search_term_string\"}}],\"inLanguage\":\"nb-NO\"},{\"@type\":\"Organization\",\"@id\":\"https:\/\/staging.forenteforlag.no\/spartacus\/#organization\",\"name\":\"Spartacus forlag\",\"url\":\"https:\/\/staging.forenteforlag.no\/spartacus\/\",\"logo\":{\"@type\":\"ImageObject\",\"inLanguage\":\"nb-NO\",\"@id\":\"https:\/\/staging.forenteforlag.no\/spartacus\/#\/schema\/logo\/image\/\",\"url\":\"https:\/\/staging.forenteforlag.no\/spartacus\/wp-content\/uploads\/sites\/6\/2024\/09\/Spartacus_logo.svg\",\"contentUrl\":\"https:\/\/staging.forenteforlag.no\/spartacus\/wp-content\/uploads\/sites\/6\/2024\/09\/Spartacus_logo.svg\",\"width\":100,\"height\":100,\"caption\":\"Spartacus forlag\"},\"image\":{\"@id\":\"https:\/\/staging.forenteforlag.no\/spartacus\/#\/schema\/logo\/image\/\"},\"sameAs\":[\"https:\/\/www.facebook.com\/SpartacusForlag\"]}]}<\/script>\n<!-- \/ Yoast SEO plugin. -->","yoast_head_json":{"title":"P\u00e5kledd i dusjen - Spartacus","robots":{"index":"noindex","follow":"follow","max-snippet":"max-snippet:-1","max-image-preview":"max-image-preview:large","max-video-preview":"max-video-preview:-1"},"og_locale":"nb_NO","og_type":"article","og_title":"P\u00e5kledd i dusjen - Spartacus","og_description":"Ungdom i dag dusjer ikke etter gymmen. Eller s\u00e5 dusjer de med undert\u00f8yet p\u00e5. Det samme gjelder i sv\u00f8mmehallen og p\u00e5 h\u00e5ndballtreningen. De vil ikke vise seg nakne foran vennene sine og medelever. De finner det ikke naturlig. Hva har skjedd siden vi vokste opp, da nakne kropper i garderoben var nettopp det naturlige? Wenche [&hellip;]","og_url":"https:\/\/staging.forenteforlag.no\/spartacus\/produkt\/pakledd-i-dusjen\/","og_site_name":"Spartacus","article_publisher":"https:\/\/www.facebook.com\/SpartacusForlag","article_modified_time":"2026-03-04T14:06:36+00:00","og_image":[{"width":720,"height":1177,"url":"https:\/\/staging.forenteforlag.no\/spartacus\/wp-content\/uploads\/sites\/6\/2026\/02\/9788243008328.jpg","type":"image\/jpeg"}],"twitter_card":"summary_large_image","twitter_misc":{"Ansl. lesetid":"1 minutt"},"schema":{"@context":"https:\/\/schema.org","@graph":[{"@type":"WebPage","@id":"https:\/\/staging.forenteforlag.no\/spartacus\/produkt\/pakledd-i-dusjen\/","url":"https:\/\/staging.forenteforlag.no\/spartacus\/produkt\/pakledd-i-dusjen\/","name":"P\u00e5kledd i dusjen - Spartacus","isPartOf":{"@id":"https:\/\/staging.forenteforlag.no\/spartacus\/#website"},"primaryImageOfPage":{"@id":"https:\/\/staging.forenteforlag.no\/spartacus\/produkt\/pakledd-i-dusjen\/#primaryimage"},"image":{"@id":"https:\/\/staging.forenteforlag.no\/spartacus\/produkt\/pakledd-i-dusjen\/#primaryimage"},"thumbnailUrl":"https:\/\/staging.forenteforlag.no\/spartacus\/wp-content\/uploads\/sites\/6\/2026\/02\/9788243008328.jpg","datePublished":"2015-05-20T00:00:00+00:00","dateModified":"2026-03-04T14:06:36+00:00","breadcrumb":{"@id":"https:\/\/staging.forenteforlag.no\/spartacus\/produkt\/pakledd-i-dusjen\/#breadcrumb"},"inLanguage":"nb-NO","potentialAction":[{"@type":"ReadAction","target":["https:\/\/staging.forenteforlag.no\/spartacus\/produkt\/pakledd-i-dusjen\/"]}]},{"@type":"ImageObject","inLanguage":"nb-NO","@id":"https:\/\/staging.forenteforlag.no\/spartacus\/produkt\/pakledd-i-dusjen\/#primaryimage","url":"https:\/\/staging.forenteforlag.no\/spartacus\/wp-content\/uploads\/sites\/6\/2026\/02\/9788243008328.jpg","contentUrl":"https:\/\/staging.forenteforlag.no\/spartacus\/wp-content\/uploads\/sites\/6\/2026\/02\/9788243008328.jpg","width":720,"height":1177},{"@type":"BreadcrumbList","@id":"https:\/\/staging.forenteforlag.no\/spartacus\/produkt\/pakledd-i-dusjen\/#breadcrumb","itemListElement":[{"@type":"ListItem","position":1,"name":"Hjem","item":"https:\/\/staging.forenteforlag.no\/spartacus\/"},{"@type":"ListItem","position":2,"name":"Alle b\u00f8ker","item":"https:\/\/staging.forenteforlag.no\/spartacus\/butikk\/"},{"@type":"ListItem","position":3,"name":"P\u00e5kledd i dusjen"}]},{"@type":"WebSite","@id":"https:\/\/staging.forenteforlag.no\/spartacus\/#website","url":"https:\/\/staging.forenteforlag.no\/spartacus\/","name":"Spartacus forlag","description":"","publisher":{"@id":"https:\/\/staging.forenteforlag.no\/spartacus\/#organization"},"potentialAction":[{"@type":"SearchAction","target":{"@type":"EntryPoint","urlTemplate":"https:\/\/staging.forenteforlag.no\/spartacus\/?s={search_term_string}"},"query-input":{"@type":"PropertyValueSpecification","valueRequired":true,"valueName":"search_term_string"}}],"inLanguage":"nb-NO"},{"@type":"Organization","@id":"https:\/\/staging.forenteforlag.no\/spartacus\/#organization","name":"Spartacus forlag","url":"https:\/\/staging.forenteforlag.no\/spartacus\/","logo":{"@type":"ImageObject","inLanguage":"nb-NO","@id":"https:\/\/staging.forenteforlag.no\/spartacus\/#\/schema\/logo\/image\/","url":"https:\/\/staging.forenteforlag.no\/spartacus\/wp-content\/uploads\/sites\/6\/2024\/09\/Spartacus_logo.svg","contentUrl":"https:\/\/staging.forenteforlag.no\/spartacus\/wp-content\/uploads\/sites\/6\/2024\/09\/Spartacus_logo.svg","width":100,"height":100,"caption":"Spartacus forlag"},"image":{"@id":"https:\/\/staging.forenteforlag.no\/spartacus\/#\/schema\/logo\/image\/"},"sameAs":["https:\/\/www.facebook.com\/SpartacusForlag"]}]}},"_links":{"self":[{"href":"https:\/\/staging.forenteforlag.no\/spartacus\/wp-json\/wp\/v2\/product\/22280","targetHints":{"allow":["GET"]}}],"collection":[{"href":"https:\/\/staging.forenteforlag.no\/spartacus\/wp-json\/wp\/v2\/product"}],"about":[{"href":"https:\/\/staging.forenteforlag.no\/spartacus\/wp-json\/wp\/v2\/types\/product"}],"wp:featuredmedia":[{"embeddable":true,"href":"https:\/\/staging.forenteforlag.no\/spartacus\/wp-json\/wp\/v2\/media\/26391"}],"wp:attachment":[{"href":"https:\/\/staging.forenteforlag.no\/spartacus\/wp-json\/wp\/v2\/media?parent=22280"}],"wp:term":[{"taxonomy":"product_brand","embeddable":true,"href":"https:\/\/staging.forenteforlag.no\/spartacus\/wp-json\/wp\/v2\/product_brand?post=22280"},{"taxonomy":"product_cat","embeddable":true,"href":"https:\/\/staging.forenteforlag.no\/spartacus\/wp-json\/wp\/v2\/product_cat?post=22280"},{"taxonomy":"product_tag","embeddable":true,"href":"https:\/\/staging.forenteforlag.no\/spartacus\/wp-json\/wp\/v2\/product_tag?post=22280"}],"curies":[{"name":"wp","href":"https:\/\/api.w.org\/{rel}","templated":true}]}}

Påkledd i dusjen

<p>Ungdom i dag dusjer ikke etter gymmen. Eller så dusjer de med undertøyet på. Det samme gjelder i svømmehallen og på håndballtreningen. De vil ikke vise seg nakne foran vennene sine og medelever. De finner det ikke naturlig. </p>
<p>Hva har skjedd siden vi vokste opp, da nakne kropper i garderoben var nettopp det naturlige? </p>
<p>Wenche Bjørnebekk har snakket med ungdom for å finne ut av dette. Hvordan ser de på egen og andres kropp? Hva betyr andres blikk? Hvilke idealer higer de etter, og hva er egentlig naturlig? Sammen med den rådende forskningen på feltet forsøker hun å finne svar på hvorfor vi ser ut til å bli mer bluferdige og hvordan det er mulig å motvirke konsekvensene av kroppspresset. </p>
<p>Om forfatteren: <br />Wenche Bjørnebekk er vernepleier og har master i sosialt arbeid. Hun har tidligere arbeidet med ungdom og er nå forlagsredaktør i Universitetsforlaget. </p>
<p>Fra boka: </p>
<p>«Jeg liker ikke lenger å være i svømmehallen. Det gjorde jeg før. Nå bryr jeg meg for mye om kroppen min til at jeg får det til. Jeg føler andres blikk, men det er jo ikke sikkert at de ser på meg. Det blir en følelse av at det kommer til å skje.» <br />Lea 15 år</p>

<p>Ungdom i dag dusjer ikke etter gymmen. Eller så dusjer de med undertøyet på. Det samme gjelder i svømmehallen og på håndballtreningen. De vil ikke vise seg nakne foran vennene sine og medelever. De finner det ikke naturlig. Hva har skjedd siden vi vokste opp, da nakne kropper i garderoben var nettopp det naturlige? Wenche [&hellip;]</p>

<!-- This site is optimized with the Yoast SEO plugin v26.6 - https://yoast.com/wordpress/plugins/seo/ -->
<title>Påkledd i dusjen - Spartacus</title>
<meta name="robots" content="noindex, follow, max-snippet:-1, max-image-preview:large, max-video-preview:-1" />
<meta property="og:locale" content="nb_NO" />
<meta property="og:type" content="article" />
<meta property="og:title" content="Påkledd i dusjen - Spartacus" />
<meta property="og:description" content="Ungdom i dag dusjer ikke etter gymmen. Eller så dusjer de med undertøyet på. Det samme gjelder i svømmehallen og på håndballtreningen. De vil ikke vise seg nakne foran vennene sine og medelever. De finner det ikke naturlig. Hva har skjedd siden vi vokste opp, da nakne kropper i garderoben var nettopp det naturlige? Wenche [&hellip;]" />
<meta property="og:url" content="https://staging.forenteforlag.no/spartacus/produkt/pakledd-i-dusjen/" />
<meta property="og:site_name" content="Spartacus" />
<meta property="article:publisher" content="https://www.facebook.com/SpartacusForlag" />
<meta property="article:modified_time" content="2026-03-04T14:06:36+00:00" />
<meta property="og:image" content="https://staging.forenteforlag.no/spartacus/wp-content/uploads/sites/6/2026/02/9788243008328.jpg" />
	<meta property="og:image:width" content="720" />
	<meta property="og:image:height" content="1177" />
	<meta property="og:image:type" content="image/jpeg" />
<meta name="twitter:card" content="summary_large_image" />
<meta name="twitter:label1" content="Ansl. lesetid" />
	<meta name="twitter:data1" content="1 minutt" />
<script type="application/ld+json" class="yoast-schema-graph">{"@context":"https://schema.org","@graph":[{"@type":"WebPage","@id":"https://staging.forenteforlag.no/spartacus/produkt/pakledd-i-dusjen/","url":"https://staging.forenteforlag.no/spartacus/produkt/pakledd-i-dusjen/","name":"Påkledd i dusjen - Spartacus","isPartOf":{"@id":"https://staging.forenteforlag.no/spartacus/#website"},"primaryImageOfPage":{"@id":"https://staging.forenteforlag.no/spartacus/produkt/pakledd-i-dusjen/#primaryimage"},"image":{"@id":"https://staging.forenteforlag.no/spartacus/produkt/pakledd-i-dusjen/#primaryimage"},"thumbnailUrl":"https://staging.forenteforlag.no/spartacus/wp-content/uploads/sites/6/2026/02/9788243008328.jpg","datePublished":"2015-05-20T00:00:00+00:00","dateModified":"2026-03-04T14:06:36+00:00","breadcrumb":{"@id":"https://staging.forenteforlag.no/spartacus/produkt/pakledd-i-dusjen/#breadcrumb"},"inLanguage":"nb-NO","potentialAction":[{"@type":"ReadAction","target":["https://staging.forenteforlag.no/spartacus/produkt/pakledd-i-dusjen/"]}]},{"@type":"ImageObject","inLanguage":"nb-NO","@id":"https://staging.forenteforlag.no/spartacus/produkt/pakledd-i-dusjen/#primaryimage","url":"https://staging.forenteforlag.no/spartacus/wp-content/uploads/sites/6/2026/02/9788243008328.jpg","contentUrl":"https://staging.forenteforlag.no/spartacus/wp-content/uploads/sites/6/2026/02/9788243008328.jpg","width":720,"height":1177},{"@type":"BreadcrumbList","@id":"https://staging.forenteforlag.no/spartacus/produkt/pakledd-i-dusjen/#breadcrumb","itemListElement":[{"@type":"ListItem","position":1,"name":"Hjem","item":"https://staging.forenteforlag.no/spartacus/"},{"@type":"ListItem","position":2,"name":"Alle bøker","item":"https://staging.forenteforlag.no/spartacus/butikk/"},{"@type":"ListItem","position":3,"name":"Påkledd i dusjen"}]},{"@type":"WebSite","@id":"https://staging.forenteforlag.no/spartacus/#website","url":"https://staging.forenteforlag.no/spartacus/","name":"Spartacus forlag","description":"","publisher":{"@id":"https://staging.forenteforlag.no/spartacus/#organization"},"potentialAction":[{"@type":"SearchAction","target":{"@type":"EntryPoint","urlTemplate":"https://staging.forenteforlag.no/spartacus/?s={search_term_string}"},"query-input":{"@type":"PropertyValueSpecification","valueRequired":true,"valueName":"search_term_string"}}],"inLanguage":"nb-NO"},{"@type":"Organization","@id":"https://staging.forenteforlag.no/spartacus/#organization","name":"Spartacus forlag","url":"https://staging.forenteforlag.no/spartacus/","logo":{"@type":"ImageObject","inLanguage":"nb-NO","@id":"https://staging.forenteforlag.no/spartacus/#/schema/logo/image/","url":"https://staging.forenteforlag.no/spartacus/wp-content/uploads/sites/6/2024/09/Spartacus_logo.svg","contentUrl":"https://staging.forenteforlag.no/spartacus/wp-content/uploads/sites/6/2024/09/Spartacus_logo.svg","width":100,"height":100,"caption":"Spartacus forlag"},"image":{"@id":"https://staging.forenteforlag.no/spartacus/#/schema/logo/image/"},"sameAs":["https://www.facebook.com/SpartacusForlag"]}]}</script>
<!-- / Yoast SEO plugin. -->

Påkledd i dusjen - Spartacus

Ungdom i dag dusjer ikke etter gymmen. Eller så dusjer de med undertøyet på. Det samme gjelder i svømmehallen og på håndballtreningen. De vil ikke vise seg nakne foran vennene sine og medelever. De finner det ikke naturlig. Hva har skjedd siden vi vokste opp, da nakne kropper i garderoben var nettopp det naturlige? Wenche [&hellip;]

Alle bøker
