{"id":22045,"date":"2024-12-10T23:28:26","date_gmt":"2024-12-10T22:28:26","guid":{"rendered":"https:\/\/spartacus.forenteforlag.no\/produkt\/sprakets-estetiske-dimensjon\/"},"modified":"2026-03-04T14:25:00","modified_gmt":"2026-03-04T13:25:00","slug":"sprakets-estetiske-dimensjon","status":"publish","type":"product","link":"https:\/\/staging.forenteforlag.no\/spartacus\/produkt\/sprakets-estetiske-dimensjon\/","title":{"rendered":"Spr\u00e5kets estetiske dimensjon"},"content":{"rendered":"<p>Kunst og vitenskap anses med rette som forskjellige uttrykks- og erkjennelsesformer, men i likhet med kunst er vitenskap noe som skapes, og dette har implikasjoner som stikker dypere enn v\u00e5r tids konstruktivistiske vitenskapsteorier gir inntrykk av. B\u00e5de kunstverket og det vitenskapelige verk tar form gjennom m\u00e5ten man bokstavelig talt h\u00e5ndterer materialet man skaper sitt utrykk med . om dette materialet n\u00e5 er stein, metall, farger, toner eller bokstaver og ord.<br \/>\nEssayene i denne bok utgj\u00f8r en rekke h\u00f8yst forskjelligartede unders\u00f8kelser av hvordan spr\u00e5kets estetiske dimensjon . i spennet fra tekstens arkitektonikk via de retoriske grep og figurer til bokstavenes antatt betydningsl\u00f8se materialitet . p\u00e5 subtilt vis er med p\u00e5 \u00e5 skape mening i vitenskapelige tekster. P\u00e5lshaugen viser at n\u00e5r spr\u00e5kets estetiske dimensjon betraktes som tilfellet ofte er innen b\u00e5de samfunnsvitenskap og humaniora, s\u00e5 blir vitenskap ikke bare uskj\u00f8nn, men ogs\u00e5 usann.<\/p>\n","protected":false},"excerpt":{"rendered":"<p>Kunst og vitenskap anses med rette som forskjellige uttrykks- og erkjennelsesformer, men i likhet med kunst er vitenskap noe som skapes, og dette har implikasjoner som stikker dypere enn v\u00e5r tids konstruktivistiske vitenskapsteorier gir inntrykk av. B\u00e5de kunstverket og det vitenskapelige verk tar form gjennom m\u00e5ten man bokstavelig talt h\u00e5ndterer materialet man skaper sitt utrykk [&hellip;]<\/p>\n","protected":false},"featured_media":25974,"template":"","meta":{"_acf_changed":false,"inline_featured_image":false},"product_brand":[],"product_cat":[1786],"product_tag":[1158,378,362,479],"class_list":{"0":"post-22045","1":"product","2":"type-product","3":"status-publish","4":"has-post-thumbnail","6":"product_cat-rabattkodekampanje","7":"product_tag-engelsk-sprak","8":"product_tag-essay","9":"product_tag-faglitteratur","10":"product_tag-vitenskapshistorie","12":"first","13":"outofstock","14":"taxable","15":"shipping-taxable","16":"purchasable","17":"product-type-simple"},"acf":{"anmeldelse":null},"yoast_head":"<!-- This site is optimized with the Yoast SEO plugin v26.6 - https:\/\/yoast.com\/wordpress\/plugins\/seo\/ -->\n<title>Spr\u00e5kets estetiske dimensjon - Spartacus<\/title>\n<meta name=\"robots\" content=\"noindex, follow, max-snippet:-1, max-image-preview:large, max-video-preview:-1\" \/>\n<meta property=\"og:locale\" content=\"nb_NO\" \/>\n<meta property=\"og:type\" content=\"article\" \/>\n<meta property=\"og:title\" content=\"Spr\u00e5kets estetiske dimensjon - Spartacus\" \/>\n<meta property=\"og:description\" content=\"Kunst og vitenskap anses med rette som forskjellige uttrykks- og erkjennelsesformer, men i likhet med kunst er vitenskap noe som skapes, og dette har implikasjoner som stikker dypere enn v\u00e5r tids konstruktivistiske vitenskapsteorier gir inntrykk av. B\u00e5de kunstverket og det vitenskapelige verk tar form gjennom m\u00e5ten man bokstavelig talt h\u00e5ndterer materialet man skaper sitt utrykk [&hellip;]\" \/>\n<meta property=\"og:url\" content=\"https:\/\/staging.forenteforlag.no\/spartacus\/produkt\/sprakets-estetiske-dimensjon\/\" \/>\n<meta property=\"og:site_name\" content=\"Spartacus\" \/>\n<meta property=\"article:publisher\" content=\"https:\/\/www.facebook.com\/SpartacusForlag\" \/>\n<meta property=\"article:modified_time\" content=\"2026-03-04T13:25:00+00:00\" \/>\n<meta property=\"og:image\" content=\"https:\/\/staging.forenteforlag.no\/spartacus\/wp-content\/uploads\/sites\/6\/2026\/02\/9788243001831.jpg\" \/>\n\t<meta property=\"og:image:width\" content=\"720\" \/>\n\t<meta property=\"og:image:height\" content=\"1138\" \/>\n\t<meta property=\"og:image:type\" content=\"image\/jpeg\" \/>\n<meta name=\"twitter:card\" content=\"summary_large_image\" \/>\n<meta name=\"twitter:label1\" content=\"Ansl. lesetid\" \/>\n\t<meta name=\"twitter:data1\" content=\"1 minutt\" \/>\n<script type=\"application\/ld+json\" class=\"yoast-schema-graph\">{\"@context\":\"https:\/\/schema.org\",\"@graph\":[{\"@type\":\"WebPage\",\"@id\":\"https:\/\/staging.forenteforlag.no\/spartacus\/produkt\/sprakets-estetiske-dimensjon\/\",\"url\":\"https:\/\/staging.forenteforlag.no\/spartacus\/produkt\/sprakets-estetiske-dimensjon\/\",\"name\":\"Spr\u00e5kets estetiske dimensjon - Spartacus\",\"isPartOf\":{\"@id\":\"https:\/\/staging.forenteforlag.no\/spartacus\/#website\"},\"primaryImageOfPage\":{\"@id\":\"https:\/\/staging.forenteforlag.no\/spartacus\/produkt\/sprakets-estetiske-dimensjon\/#primaryimage\"},\"image\":{\"@id\":\"https:\/\/staging.forenteforlag.no\/spartacus\/produkt\/sprakets-estetiske-dimensjon\/#primaryimage\"},\"thumbnailUrl\":\"https:\/\/staging.forenteforlag.no\/spartacus\/wp-content\/uploads\/sites\/6\/2026\/02\/9788243001831.jpg\",\"datePublished\":\"2024-12-10T22:28:26+00:00\",\"dateModified\":\"2026-03-04T13:25:00+00:00\",\"breadcrumb\":{\"@id\":\"https:\/\/staging.forenteforlag.no\/spartacus\/produkt\/sprakets-estetiske-dimensjon\/#breadcrumb\"},\"inLanguage\":\"nb-NO\",\"potentialAction\":[{\"@type\":\"ReadAction\",\"target\":[\"https:\/\/staging.forenteforlag.no\/spartacus\/produkt\/sprakets-estetiske-dimensjon\/\"]}]},{\"@type\":\"ImageObject\",\"inLanguage\":\"nb-NO\",\"@id\":\"https:\/\/staging.forenteforlag.no\/spartacus\/produkt\/sprakets-estetiske-dimensjon\/#primaryimage\",\"url\":\"https:\/\/staging.forenteforlag.no\/spartacus\/wp-content\/uploads\/sites\/6\/2026\/02\/9788243001831.jpg\",\"contentUrl\":\"https:\/\/staging.forenteforlag.no\/spartacus\/wp-content\/uploads\/sites\/6\/2026\/02\/9788243001831.jpg\",\"width\":720,\"height\":1138},{\"@type\":\"BreadcrumbList\",\"@id\":\"https:\/\/staging.forenteforlag.no\/spartacus\/produkt\/sprakets-estetiske-dimensjon\/#breadcrumb\",\"itemListElement\":[{\"@type\":\"ListItem\",\"position\":1,\"name\":\"Hjem\",\"item\":\"https:\/\/staging.forenteforlag.no\/spartacus\/\"},{\"@type\":\"ListItem\",\"position\":2,\"name\":\"Alle b\u00f8ker\",\"item\":\"https:\/\/staging.forenteforlag.no\/spartacus\/butikk\/\"},{\"@type\":\"ListItem\",\"position\":3,\"name\":\"Spr\u00e5kets estetiske dimensjon\"}]},{\"@type\":\"WebSite\",\"@id\":\"https:\/\/staging.forenteforlag.no\/spartacus\/#website\",\"url\":\"https:\/\/staging.forenteforlag.no\/spartacus\/\",\"name\":\"Spartacus forlag\",\"description\":\"\",\"publisher\":{\"@id\":\"https:\/\/staging.forenteforlag.no\/spartacus\/#organization\"},\"potentialAction\":[{\"@type\":\"SearchAction\",\"target\":{\"@type\":\"EntryPoint\",\"urlTemplate\":\"https:\/\/staging.forenteforlag.no\/spartacus\/?s={search_term_string}\"},\"query-input\":{\"@type\":\"PropertyValueSpecification\",\"valueRequired\":true,\"valueName\":\"search_term_string\"}}],\"inLanguage\":\"nb-NO\"},{\"@type\":\"Organization\",\"@id\":\"https:\/\/staging.forenteforlag.no\/spartacus\/#organization\",\"name\":\"Spartacus forlag\",\"url\":\"https:\/\/staging.forenteforlag.no\/spartacus\/\",\"logo\":{\"@type\":\"ImageObject\",\"inLanguage\":\"nb-NO\",\"@id\":\"https:\/\/staging.forenteforlag.no\/spartacus\/#\/schema\/logo\/image\/\",\"url\":\"https:\/\/staging.forenteforlag.no\/spartacus\/wp-content\/uploads\/sites\/6\/2024\/09\/Spartacus_logo.svg\",\"contentUrl\":\"https:\/\/staging.forenteforlag.no\/spartacus\/wp-content\/uploads\/sites\/6\/2024\/09\/Spartacus_logo.svg\",\"width\":100,\"height\":100,\"caption\":\"Spartacus forlag\"},\"image\":{\"@id\":\"https:\/\/staging.forenteforlag.no\/spartacus\/#\/schema\/logo\/image\/\"},\"sameAs\":[\"https:\/\/www.facebook.com\/SpartacusForlag\"]}]}<\/script>\n<!-- \/ Yoast SEO plugin. -->","yoast_head_json":{"title":"Spr\u00e5kets estetiske dimensjon - Spartacus","robots":{"index":"noindex","follow":"follow","max-snippet":"max-snippet:-1","max-image-preview":"max-image-preview:large","max-video-preview":"max-video-preview:-1"},"og_locale":"nb_NO","og_type":"article","og_title":"Spr\u00e5kets estetiske dimensjon - Spartacus","og_description":"Kunst og vitenskap anses med rette som forskjellige uttrykks- og erkjennelsesformer, men i likhet med kunst er vitenskap noe som skapes, og dette har implikasjoner som stikker dypere enn v\u00e5r tids konstruktivistiske vitenskapsteorier gir inntrykk av. B\u00e5de kunstverket og det vitenskapelige verk tar form gjennom m\u00e5ten man bokstavelig talt h\u00e5ndterer materialet man skaper sitt utrykk [&hellip;]","og_url":"https:\/\/staging.forenteforlag.no\/spartacus\/produkt\/sprakets-estetiske-dimensjon\/","og_site_name":"Spartacus","article_publisher":"https:\/\/www.facebook.com\/SpartacusForlag","article_modified_time":"2026-03-04T13:25:00+00:00","og_image":[{"width":720,"height":1138,"url":"https:\/\/staging.forenteforlag.no\/spartacus\/wp-content\/uploads\/sites\/6\/2026\/02\/9788243001831.jpg","type":"image\/jpeg"}],"twitter_card":"summary_large_image","twitter_misc":{"Ansl. lesetid":"1 minutt"},"schema":{"@context":"https:\/\/schema.org","@graph":[{"@type":"WebPage","@id":"https:\/\/staging.forenteforlag.no\/spartacus\/produkt\/sprakets-estetiske-dimensjon\/","url":"https:\/\/staging.forenteforlag.no\/spartacus\/produkt\/sprakets-estetiske-dimensjon\/","name":"Spr\u00e5kets estetiske dimensjon - Spartacus","isPartOf":{"@id":"https:\/\/staging.forenteforlag.no\/spartacus\/#website"},"primaryImageOfPage":{"@id":"https:\/\/staging.forenteforlag.no\/spartacus\/produkt\/sprakets-estetiske-dimensjon\/#primaryimage"},"image":{"@id":"https:\/\/staging.forenteforlag.no\/spartacus\/produkt\/sprakets-estetiske-dimensjon\/#primaryimage"},"thumbnailUrl":"https:\/\/staging.forenteforlag.no\/spartacus\/wp-content\/uploads\/sites\/6\/2026\/02\/9788243001831.jpg","datePublished":"2024-12-10T22:28:26+00:00","dateModified":"2026-03-04T13:25:00+00:00","breadcrumb":{"@id":"https:\/\/staging.forenteforlag.no\/spartacus\/produkt\/sprakets-estetiske-dimensjon\/#breadcrumb"},"inLanguage":"nb-NO","potentialAction":[{"@type":"ReadAction","target":["https:\/\/staging.forenteforlag.no\/spartacus\/produkt\/sprakets-estetiske-dimensjon\/"]}]},{"@type":"ImageObject","inLanguage":"nb-NO","@id":"https:\/\/staging.forenteforlag.no\/spartacus\/produkt\/sprakets-estetiske-dimensjon\/#primaryimage","url":"https:\/\/staging.forenteforlag.no\/spartacus\/wp-content\/uploads\/sites\/6\/2026\/02\/9788243001831.jpg","contentUrl":"https:\/\/staging.forenteforlag.no\/spartacus\/wp-content\/uploads\/sites\/6\/2026\/02\/9788243001831.jpg","width":720,"height":1138},{"@type":"BreadcrumbList","@id":"https:\/\/staging.forenteforlag.no\/spartacus\/produkt\/sprakets-estetiske-dimensjon\/#breadcrumb","itemListElement":[{"@type":"ListItem","position":1,"name":"Hjem","item":"https:\/\/staging.forenteforlag.no\/spartacus\/"},{"@type":"ListItem","position":2,"name":"Alle b\u00f8ker","item":"https:\/\/staging.forenteforlag.no\/spartacus\/butikk\/"},{"@type":"ListItem","position":3,"name":"Spr\u00e5kets estetiske dimensjon"}]},{"@type":"WebSite","@id":"https:\/\/staging.forenteforlag.no\/spartacus\/#website","url":"https:\/\/staging.forenteforlag.no\/spartacus\/","name":"Spartacus forlag","description":"","publisher":{"@id":"https:\/\/staging.forenteforlag.no\/spartacus\/#organization"},"potentialAction":[{"@type":"SearchAction","target":{"@type":"EntryPoint","urlTemplate":"https:\/\/staging.forenteforlag.no\/spartacus\/?s={search_term_string}"},"query-input":{"@type":"PropertyValueSpecification","valueRequired":true,"valueName":"search_term_string"}}],"inLanguage":"nb-NO"},{"@type":"Organization","@id":"https:\/\/staging.forenteforlag.no\/spartacus\/#organization","name":"Spartacus forlag","url":"https:\/\/staging.forenteforlag.no\/spartacus\/","logo":{"@type":"ImageObject","inLanguage":"nb-NO","@id":"https:\/\/staging.forenteforlag.no\/spartacus\/#\/schema\/logo\/image\/","url":"https:\/\/staging.forenteforlag.no\/spartacus\/wp-content\/uploads\/sites\/6\/2024\/09\/Spartacus_logo.svg","contentUrl":"https:\/\/staging.forenteforlag.no\/spartacus\/wp-content\/uploads\/sites\/6\/2024\/09\/Spartacus_logo.svg","width":100,"height":100,"caption":"Spartacus forlag"},"image":{"@id":"https:\/\/staging.forenteforlag.no\/spartacus\/#\/schema\/logo\/image\/"},"sameAs":["https:\/\/www.facebook.com\/SpartacusForlag"]}]}},"_links":{"self":[{"href":"https:\/\/staging.forenteforlag.no\/spartacus\/wp-json\/wp\/v2\/product\/22045","targetHints":{"allow":["GET"]}}],"collection":[{"href":"https:\/\/staging.forenteforlag.no\/spartacus\/wp-json\/wp\/v2\/product"}],"about":[{"href":"https:\/\/staging.forenteforlag.no\/spartacus\/wp-json\/wp\/v2\/types\/product"}],"wp:featuredmedia":[{"embeddable":true,"href":"https:\/\/staging.forenteforlag.no\/spartacus\/wp-json\/wp\/v2\/media\/25974"}],"wp:attachment":[{"href":"https:\/\/staging.forenteforlag.no\/spartacus\/wp-json\/wp\/v2\/media?parent=22045"}],"wp:term":[{"taxonomy":"product_brand","embeddable":true,"href":"https:\/\/staging.forenteforlag.no\/spartacus\/wp-json\/wp\/v2\/product_brand?post=22045"},{"taxonomy":"product_cat","embeddable":true,"href":"https:\/\/staging.forenteforlag.no\/spartacus\/wp-json\/wp\/v2\/product_cat?post=22045"},{"taxonomy":"product_tag","embeddable":true,"href":"https:\/\/staging.forenteforlag.no\/spartacus\/wp-json\/wp\/v2\/product_tag?post=22045"}],"curies":[{"name":"wp","href":"https:\/\/api.w.org\/{rel}","templated":true}]}}

Språkets estetiske dimensjon

<p>Kunst og vitenskap anses med rette som forskjellige uttrykks- og erkjennelsesformer, men i likhet med kunst er vitenskap noe som skapes, og dette har implikasjoner som stikker dypere enn vår tids konstruktivistiske vitenskapsteorier gir inntrykk av. Både kunstverket og det vitenskapelige verk tar form gjennom måten man bokstavelig talt håndterer materialet man skaper sitt utrykk med . om dette materialet nå er stein, metall, farger, toner eller bokstaver og ord.<br />
Essayene i denne bok utgjør en rekke høyst forskjelligartede undersøkelser av hvordan språkets estetiske dimensjon . i spennet fra tekstens arkitektonikk via de retoriske grep og figurer til bokstavenes antatt betydningsløse materialitet . på subtilt vis er med på å skape mening i vitenskapelige tekster. Pålshaugen viser at når språkets estetiske dimensjon betraktes som tilfellet ofte er innen både samfunnsvitenskap og humaniora, så blir vitenskap ikke bare uskjønn, men også usann.</p>

<p>Kunst og vitenskap anses med rette som forskjellige uttrykks- og erkjennelsesformer, men i likhet med kunst er vitenskap noe som skapes, og dette har implikasjoner som stikker dypere enn vår tids konstruktivistiske vitenskapsteorier gir inntrykk av. Både kunstverket og det vitenskapelige verk tar form gjennom måten man bokstavelig talt håndterer materialet man skaper sitt utrykk [&hellip;]</p>

<!-- This site is optimized with the Yoast SEO plugin v26.6 - https://yoast.com/wordpress/plugins/seo/ -->
<title>Språkets estetiske dimensjon - Spartacus</title>
<meta name="robots" content="noindex, follow, max-snippet:-1, max-image-preview:large, max-video-preview:-1" />
<meta property="og:locale" content="nb_NO" />
<meta property="og:type" content="article" />
<meta property="og:title" content="Språkets estetiske dimensjon - Spartacus" />
<meta property="og:description" content="Kunst og vitenskap anses med rette som forskjellige uttrykks- og erkjennelsesformer, men i likhet med kunst er vitenskap noe som skapes, og dette har implikasjoner som stikker dypere enn vår tids konstruktivistiske vitenskapsteorier gir inntrykk av. Både kunstverket og det vitenskapelige verk tar form gjennom måten man bokstavelig talt håndterer materialet man skaper sitt utrykk [&hellip;]" />
<meta property="og:url" content="https://staging.forenteforlag.no/spartacus/produkt/sprakets-estetiske-dimensjon/" />
<meta property="og:site_name" content="Spartacus" />
<meta property="article:publisher" content="https://www.facebook.com/SpartacusForlag" />
<meta property="article:modified_time" content="2026-03-04T13:25:00+00:00" />
<meta property="og:image" content="https://staging.forenteforlag.no/spartacus/wp-content/uploads/sites/6/2026/02/9788243001831.jpg" />
	<meta property="og:image:width" content="720" />
	<meta property="og:image:height" content="1138" />
	<meta property="og:image:type" content="image/jpeg" />
<meta name="twitter:card" content="summary_large_image" />
<meta name="twitter:label1" content="Ansl. lesetid" />
	<meta name="twitter:data1" content="1 minutt" />
<script type="application/ld+json" class="yoast-schema-graph">{"@context":"https://schema.org","@graph":[{"@type":"WebPage","@id":"https://staging.forenteforlag.no/spartacus/produkt/sprakets-estetiske-dimensjon/","url":"https://staging.forenteforlag.no/spartacus/produkt/sprakets-estetiske-dimensjon/","name":"Språkets estetiske dimensjon - Spartacus","isPartOf":{"@id":"https://staging.forenteforlag.no/spartacus/#website"},"primaryImageOfPage":{"@id":"https://staging.forenteforlag.no/spartacus/produkt/sprakets-estetiske-dimensjon/#primaryimage"},"image":{"@id":"https://staging.forenteforlag.no/spartacus/produkt/sprakets-estetiske-dimensjon/#primaryimage"},"thumbnailUrl":"https://staging.forenteforlag.no/spartacus/wp-content/uploads/sites/6/2026/02/9788243001831.jpg","datePublished":"2024-12-10T22:28:26+00:00","dateModified":"2026-03-04T13:25:00+00:00","breadcrumb":{"@id":"https://staging.forenteforlag.no/spartacus/produkt/sprakets-estetiske-dimensjon/#breadcrumb"},"inLanguage":"nb-NO","potentialAction":[{"@type":"ReadAction","target":["https://staging.forenteforlag.no/spartacus/produkt/sprakets-estetiske-dimensjon/"]}]},{"@type":"ImageObject","inLanguage":"nb-NO","@id":"https://staging.forenteforlag.no/spartacus/produkt/sprakets-estetiske-dimensjon/#primaryimage","url":"https://staging.forenteforlag.no/spartacus/wp-content/uploads/sites/6/2026/02/9788243001831.jpg","contentUrl":"https://staging.forenteforlag.no/spartacus/wp-content/uploads/sites/6/2026/02/9788243001831.jpg","width":720,"height":1138},{"@type":"BreadcrumbList","@id":"https://staging.forenteforlag.no/spartacus/produkt/sprakets-estetiske-dimensjon/#breadcrumb","itemListElement":[{"@type":"ListItem","position":1,"name":"Hjem","item":"https://staging.forenteforlag.no/spartacus/"},{"@type":"ListItem","position":2,"name":"Alle bøker","item":"https://staging.forenteforlag.no/spartacus/butikk/"},{"@type":"ListItem","position":3,"name":"Språkets estetiske dimensjon"}]},{"@type":"WebSite","@id":"https://staging.forenteforlag.no/spartacus/#website","url":"https://staging.forenteforlag.no/spartacus/","name":"Spartacus forlag","description":"","publisher":{"@id":"https://staging.forenteforlag.no/spartacus/#organization"},"potentialAction":[{"@type":"SearchAction","target":{"@type":"EntryPoint","urlTemplate":"https://staging.forenteforlag.no/spartacus/?s={search_term_string}"},"query-input":{"@type":"PropertyValueSpecification","valueRequired":true,"valueName":"search_term_string"}}],"inLanguage":"nb-NO"},{"@type":"Organization","@id":"https://staging.forenteforlag.no/spartacus/#organization","name":"Spartacus forlag","url":"https://staging.forenteforlag.no/spartacus/","logo":{"@type":"ImageObject","inLanguage":"nb-NO","@id":"https://staging.forenteforlag.no/spartacus/#/schema/logo/image/","url":"https://staging.forenteforlag.no/spartacus/wp-content/uploads/sites/6/2024/09/Spartacus_logo.svg","contentUrl":"https://staging.forenteforlag.no/spartacus/wp-content/uploads/sites/6/2024/09/Spartacus_logo.svg","width":100,"height":100,"caption":"Spartacus forlag"},"image":{"@id":"https://staging.forenteforlag.no/spartacus/#/schema/logo/image/"},"sameAs":["https://www.facebook.com/SpartacusForlag"]}]}</script>
<!-- / Yoast SEO plugin. -->

Språkets estetiske dimensjon - Spartacus

Kunst og vitenskap anses med rette som forskjellige uttrykks- og erkjennelsesformer, men i likhet med kunst er vitenskap noe som skapes, og dette har implikasjoner som stikker dypere enn vår tids konstruktivistiske vitenskapsteorier gir inntrykk av. Både kunstverket og det vitenskapelige verk tar form gjennom måten man bokstavelig talt håndterer materialet man skaper sitt utrykk [&hellip;]

Alle bøker
