{"id":21723,"date":"2024-12-10T21:41:01","date_gmt":"2024-12-10T20:41:01","guid":{"rendered":"https:\/\/spartacus.forenteforlag.no\/produkt\/farvel-til-fortida-2\/"},"modified":"2026-03-04T14:05:53","modified_gmt":"2026-03-04T13:05:53","slug":"farvel-til-fortida-2","status":"publish","type":"product","link":"https:\/\/staging.forenteforlag.no\/spartacus\/produkt\/farvel-til-fortida-2\/","title":{"rendered":"Farvel til fortida"},"content":{"rendered":"<p>Boken kom f\u00f8rste gang ut i 1989 og vakte kraftig debatt i fagkretser, bl.a. fordi den stiller kritiske sp\u00f8rsm\u00e5l ved noen av de humanistiske fags grunnsetninger. Trenger vi idehistorie? Er det sikkert at v\u00e5r interesse for fortiden er entydig positiv? Hvis den har noen verdi, hva best\u00e5r denne i? Svarene boken gir vil provosere mange. Forfatteren g\u00e5r l\u00f8s p\u00e5 hele settet av vante forestillinger om hva historie er og hvorfor den har kulturell betydning. Pensum p\u00e5 grunnfag ved Idehistorisk institutt, universitetet i Oslo.<\/p>\n","protected":false},"excerpt":{"rendered":"<p>Boken kom f\u00f8rste gang ut i 1989 og vakte kraftig debatt i fagkretser, bl.a. fordi den stiller kritiske sp\u00f8rsm\u00e5l ved noen av de humanistiske fags grunnsetninger. Trenger vi idehistorie? Er det sikkert at v\u00e5r interesse for fortiden er entydig positiv? Hvis den har noen verdi, hva best\u00e5r denne i? Svarene boken gir vil provosere mange. [&hellip;]<\/p>\n","protected":false},"featured_media":0,"template":"","meta":{"_acf_changed":false,"inline_featured_image":false},"product_brand":[],"product_cat":[1786],"product_tag":[362,668,854],"class_list":{"0":"post-21723","1":"product","2":"type-product","3":"status-publish","5":"product_cat-rabattkodekampanje","6":"product_tag-faglitteratur","7":"product_tag-idehistorie","8":"product_tag-kritisk-filosofi","10":"first","11":"outofstock","12":"taxable","13":"shipping-taxable","14":"purchasable","15":"product-type-simple"},"acf":{"anmeldelse":null},"yoast_head":"<!-- This site is optimized with the Yoast SEO plugin v26.6 - https:\/\/yoast.com\/wordpress\/plugins\/seo\/ -->\n<title>Farvel til fortida - Spartacus<\/title>\n<meta name=\"robots\" content=\"noindex, follow, max-snippet:-1, max-image-preview:large, max-video-preview:-1\" \/>\n<meta property=\"og:locale\" content=\"nb_NO\" \/>\n<meta property=\"og:type\" content=\"article\" \/>\n<meta property=\"og:title\" content=\"Farvel til fortida - Spartacus\" \/>\n<meta property=\"og:description\" content=\"Boken kom f\u00f8rste gang ut i 1989 og vakte kraftig debatt i fagkretser, bl.a. fordi den stiller kritiske sp\u00f8rsm\u00e5l ved noen av de humanistiske fags grunnsetninger. Trenger vi idehistorie? Er det sikkert at v\u00e5r interesse for fortiden er entydig positiv? Hvis den har noen verdi, hva best\u00e5r denne i? Svarene boken gir vil provosere mange. [&hellip;]\" \/>\n<meta property=\"og:url\" content=\"https:\/\/staging.forenteforlag.no\/spartacus\/produkt\/farvel-til-fortida-2\/\" \/>\n<meta property=\"og:site_name\" content=\"Spartacus\" \/>\n<meta property=\"article:publisher\" content=\"https:\/\/www.facebook.com\/SpartacusForlag\" \/>\n<meta property=\"article:modified_time\" content=\"2026-03-04T13:05:53+00:00\" \/>\n<meta property=\"og:image\" content=\"https:\/\/staging.forenteforlag.no\/spartacus\/wp-content\/uploads\/sites\/6\/2025\/02\/spartacus-hvit.jpg\" \/>\n\t<meta property=\"og:image:width\" content=\"1200\" \/>\n\t<meta property=\"og:image:height\" content=\"800\" \/>\n\t<meta property=\"og:image:type\" content=\"image\/jpeg\" \/>\n<meta name=\"twitter:card\" content=\"summary_large_image\" \/>\n<script type=\"application\/ld+json\" class=\"yoast-schema-graph\">{\"@context\":\"https:\/\/schema.org\",\"@graph\":[{\"@type\":\"WebPage\",\"@id\":\"https:\/\/staging.forenteforlag.no\/spartacus\/produkt\/farvel-til-fortida-2\/\",\"url\":\"https:\/\/staging.forenteforlag.no\/spartacus\/produkt\/farvel-til-fortida-2\/\",\"name\":\"Farvel til fortida - Spartacus\",\"isPartOf\":{\"@id\":\"https:\/\/staging.forenteforlag.no\/spartacus\/#website\"},\"datePublished\":\"2024-12-10T20:41:01+00:00\",\"dateModified\":\"2026-03-04T13:05:53+00:00\",\"breadcrumb\":{\"@id\":\"https:\/\/staging.forenteforlag.no\/spartacus\/produkt\/farvel-til-fortida-2\/#breadcrumb\"},\"inLanguage\":\"nb-NO\",\"potentialAction\":[{\"@type\":\"ReadAction\",\"target\":[\"https:\/\/staging.forenteforlag.no\/spartacus\/produkt\/farvel-til-fortida-2\/\"]}]},{\"@type\":\"BreadcrumbList\",\"@id\":\"https:\/\/staging.forenteforlag.no\/spartacus\/produkt\/farvel-til-fortida-2\/#breadcrumb\",\"itemListElement\":[{\"@type\":\"ListItem\",\"position\":1,\"name\":\"Hjem\",\"item\":\"https:\/\/staging.forenteforlag.no\/spartacus\/\"},{\"@type\":\"ListItem\",\"position\":2,\"name\":\"Alle b\u00f8ker\",\"item\":\"https:\/\/staging.forenteforlag.no\/spartacus\/butikk\/\"},{\"@type\":\"ListItem\",\"position\":3,\"name\":\"Farvel til fortida\"}]},{\"@type\":\"WebSite\",\"@id\":\"https:\/\/staging.forenteforlag.no\/spartacus\/#website\",\"url\":\"https:\/\/staging.forenteforlag.no\/spartacus\/\",\"name\":\"Spartacus forlag\",\"description\":\"\",\"publisher\":{\"@id\":\"https:\/\/staging.forenteforlag.no\/spartacus\/#organization\"},\"potentialAction\":[{\"@type\":\"SearchAction\",\"target\":{\"@type\":\"EntryPoint\",\"urlTemplate\":\"https:\/\/staging.forenteforlag.no\/spartacus\/?s={search_term_string}\"},\"query-input\":{\"@type\":\"PropertyValueSpecification\",\"valueRequired\":true,\"valueName\":\"search_term_string\"}}],\"inLanguage\":\"nb-NO\"},{\"@type\":\"Organization\",\"@id\":\"https:\/\/staging.forenteforlag.no\/spartacus\/#organization\",\"name\":\"Spartacus forlag\",\"url\":\"https:\/\/staging.forenteforlag.no\/spartacus\/\",\"logo\":{\"@type\":\"ImageObject\",\"inLanguage\":\"nb-NO\",\"@id\":\"https:\/\/staging.forenteforlag.no\/spartacus\/#\/schema\/logo\/image\/\",\"url\":\"https:\/\/staging.forenteforlag.no\/spartacus\/wp-content\/uploads\/sites\/6\/2024\/09\/Spartacus_logo.svg\",\"contentUrl\":\"https:\/\/staging.forenteforlag.no\/spartacus\/wp-content\/uploads\/sites\/6\/2024\/09\/Spartacus_logo.svg\",\"width\":100,\"height\":100,\"caption\":\"Spartacus forlag\"},\"image\":{\"@id\":\"https:\/\/staging.forenteforlag.no\/spartacus\/#\/schema\/logo\/image\/\"},\"sameAs\":[\"https:\/\/www.facebook.com\/SpartacusForlag\"]}]}<\/script>\n<!-- \/ Yoast SEO plugin. -->","yoast_head_json":{"title":"Farvel til fortida - Spartacus","robots":{"index":"noindex","follow":"follow","max-snippet":"max-snippet:-1","max-image-preview":"max-image-preview:large","max-video-preview":"max-video-preview:-1"},"og_locale":"nb_NO","og_type":"article","og_title":"Farvel til fortida - Spartacus","og_description":"Boken kom f\u00f8rste gang ut i 1989 og vakte kraftig debatt i fagkretser, bl.a. fordi den stiller kritiske sp\u00f8rsm\u00e5l ved noen av de humanistiske fags grunnsetninger. Trenger vi idehistorie? Er det sikkert at v\u00e5r interesse for fortiden er entydig positiv? Hvis den har noen verdi, hva best\u00e5r denne i? Svarene boken gir vil provosere mange. [&hellip;]","og_url":"https:\/\/staging.forenteforlag.no\/spartacus\/produkt\/farvel-til-fortida-2\/","og_site_name":"Spartacus","article_publisher":"https:\/\/www.facebook.com\/SpartacusForlag","article_modified_time":"2026-03-04T13:05:53+00:00","og_image":[{"width":1200,"height":800,"url":"https:\/\/staging.forenteforlag.no\/spartacus\/wp-content\/uploads\/sites\/6\/2025\/02\/spartacus-hvit.jpg","type":"image\/jpeg"}],"twitter_card":"summary_large_image","schema":{"@context":"https:\/\/schema.org","@graph":[{"@type":"WebPage","@id":"https:\/\/staging.forenteforlag.no\/spartacus\/produkt\/farvel-til-fortida-2\/","url":"https:\/\/staging.forenteforlag.no\/spartacus\/produkt\/farvel-til-fortida-2\/","name":"Farvel til fortida - Spartacus","isPartOf":{"@id":"https:\/\/staging.forenteforlag.no\/spartacus\/#website"},"datePublished":"2024-12-10T20:41:01+00:00","dateModified":"2026-03-04T13:05:53+00:00","breadcrumb":{"@id":"https:\/\/staging.forenteforlag.no\/spartacus\/produkt\/farvel-til-fortida-2\/#breadcrumb"},"inLanguage":"nb-NO","potentialAction":[{"@type":"ReadAction","target":["https:\/\/staging.forenteforlag.no\/spartacus\/produkt\/farvel-til-fortida-2\/"]}]},{"@type":"BreadcrumbList","@id":"https:\/\/staging.forenteforlag.no\/spartacus\/produkt\/farvel-til-fortida-2\/#breadcrumb","itemListElement":[{"@type":"ListItem","position":1,"name":"Hjem","item":"https:\/\/staging.forenteforlag.no\/spartacus\/"},{"@type":"ListItem","position":2,"name":"Alle b\u00f8ker","item":"https:\/\/staging.forenteforlag.no\/spartacus\/butikk\/"},{"@type":"ListItem","position":3,"name":"Farvel til fortida"}]},{"@type":"WebSite","@id":"https:\/\/staging.forenteforlag.no\/spartacus\/#website","url":"https:\/\/staging.forenteforlag.no\/spartacus\/","name":"Spartacus forlag","description":"","publisher":{"@id":"https:\/\/staging.forenteforlag.no\/spartacus\/#organization"},"potentialAction":[{"@type":"SearchAction","target":{"@type":"EntryPoint","urlTemplate":"https:\/\/staging.forenteforlag.no\/spartacus\/?s={search_term_string}"},"query-input":{"@type":"PropertyValueSpecification","valueRequired":true,"valueName":"search_term_string"}}],"inLanguage":"nb-NO"},{"@type":"Organization","@id":"https:\/\/staging.forenteforlag.no\/spartacus\/#organization","name":"Spartacus forlag","url":"https:\/\/staging.forenteforlag.no\/spartacus\/","logo":{"@type":"ImageObject","inLanguage":"nb-NO","@id":"https:\/\/staging.forenteforlag.no\/spartacus\/#\/schema\/logo\/image\/","url":"https:\/\/staging.forenteforlag.no\/spartacus\/wp-content\/uploads\/sites\/6\/2024\/09\/Spartacus_logo.svg","contentUrl":"https:\/\/staging.forenteforlag.no\/spartacus\/wp-content\/uploads\/sites\/6\/2024\/09\/Spartacus_logo.svg","width":100,"height":100,"caption":"Spartacus forlag"},"image":{"@id":"https:\/\/staging.forenteforlag.no\/spartacus\/#\/schema\/logo\/image\/"},"sameAs":["https:\/\/www.facebook.com\/SpartacusForlag"]}]}},"_links":{"self":[{"href":"https:\/\/staging.forenteforlag.no\/spartacus\/wp-json\/wp\/v2\/product\/21723","targetHints":{"allow":["GET"]}}],"collection":[{"href":"https:\/\/staging.forenteforlag.no\/spartacus\/wp-json\/wp\/v2\/product"}],"about":[{"href":"https:\/\/staging.forenteforlag.no\/spartacus\/wp-json\/wp\/v2\/types\/product"}],"wp:attachment":[{"href":"https:\/\/staging.forenteforlag.no\/spartacus\/wp-json\/wp\/v2\/media?parent=21723"}],"wp:term":[{"taxonomy":"product_brand","embeddable":true,"href":"https:\/\/staging.forenteforlag.no\/spartacus\/wp-json\/wp\/v2\/product_brand?post=21723"},{"taxonomy":"product_cat","embeddable":true,"href":"https:\/\/staging.forenteforlag.no\/spartacus\/wp-json\/wp\/v2\/product_cat?post=21723"},{"taxonomy":"product_tag","embeddable":true,"href":"https:\/\/staging.forenteforlag.no\/spartacus\/wp-json\/wp\/v2\/product_tag?post=21723"}],"curies":[{"name":"wp","href":"https:\/\/api.w.org\/{rel}","templated":true}]}}

<p>Boken kom første gang ut i 1989 og vakte kraftig debatt i fagkretser, bl.a. fordi den stiller kritiske spørsmål ved noen av de humanistiske fags grunnsetninger. Trenger vi idehistorie? Er det sikkert at vår interesse for fortiden er entydig positiv? Hvis den har noen verdi, hva består denne i? Svarene boken gir vil provosere mange. Forfatteren går løs på hele settet av vante forestillinger om hva historie er og hvorfor den har kulturell betydning. Pensum på grunnfag ved Idehistorisk institutt, universitetet i Oslo.</p>

<p>Boken kom første gang ut i 1989 og vakte kraftig debatt i fagkretser, bl.a. fordi den stiller kritiske spørsmål ved noen av de humanistiske fags grunnsetninger. Trenger vi idehistorie? Er det sikkert at vår interesse for fortiden er entydig positiv? Hvis den har noen verdi, hva består denne i? Svarene boken gir vil provosere mange. [&hellip;]</p>

<!-- This site is optimized with the Yoast SEO plugin v26.6 - https://yoast.com/wordpress/plugins/seo/ -->
<title>Farvel til fortida - Spartacus</title>
<meta name="robots" content="noindex, follow, max-snippet:-1, max-image-preview:large, max-video-preview:-1" />
<meta property="og:locale" content="nb_NO" />
<meta property="og:type" content="article" />
<meta property="og:title" content="Farvel til fortida - Spartacus" />
<meta property="og:description" content="Boken kom første gang ut i 1989 og vakte kraftig debatt i fagkretser, bl.a. fordi den stiller kritiske spørsmål ved noen av de humanistiske fags grunnsetninger. Trenger vi idehistorie? Er det sikkert at vår interesse for fortiden er entydig positiv? Hvis den har noen verdi, hva består denne i? Svarene boken gir vil provosere mange. [&hellip;]" />
<meta property="og:url" content="https://staging.forenteforlag.no/spartacus/produkt/farvel-til-fortida-2/" />
<meta property="og:site_name" content="Spartacus" />
<meta property="article:publisher" content="https://www.facebook.com/SpartacusForlag" />
<meta property="article:modified_time" content="2026-03-04T13:05:53+00:00" />
<meta property="og:image" content="https://staging.forenteforlag.no/spartacus/wp-content/uploads/sites/6/2025/02/spartacus-hvit.jpg" />
	<meta property="og:image:width" content="1200" />
	<meta property="og:image:height" content="800" />
	<meta property="og:image:type" content="image/jpeg" />
<meta name="twitter:card" content="summary_large_image" />
<script type="application/ld+json" class="yoast-schema-graph">{"@context":"https://schema.org","@graph":[{"@type":"WebPage","@id":"https://staging.forenteforlag.no/spartacus/produkt/farvel-til-fortida-2/","url":"https://staging.forenteforlag.no/spartacus/produkt/farvel-til-fortida-2/","name":"Farvel til fortida - Spartacus","isPartOf":{"@id":"https://staging.forenteforlag.no/spartacus/#website"},"datePublished":"2024-12-10T20:41:01+00:00","dateModified":"2026-03-04T13:05:53+00:00","breadcrumb":{"@id":"https://staging.forenteforlag.no/spartacus/produkt/farvel-til-fortida-2/#breadcrumb"},"inLanguage":"nb-NO","potentialAction":[{"@type":"ReadAction","target":["https://staging.forenteforlag.no/spartacus/produkt/farvel-til-fortida-2/"]}]},{"@type":"BreadcrumbList","@id":"https://staging.forenteforlag.no/spartacus/produkt/farvel-til-fortida-2/#breadcrumb","itemListElement":[{"@type":"ListItem","position":1,"name":"Hjem","item":"https://staging.forenteforlag.no/spartacus/"},{"@type":"ListItem","position":2,"name":"Alle bøker","item":"https://staging.forenteforlag.no/spartacus/butikk/"},{"@type":"ListItem","position":3,"name":"Farvel til fortida"}]},{"@type":"WebSite","@id":"https://staging.forenteforlag.no/spartacus/#website","url":"https://staging.forenteforlag.no/spartacus/","name":"Spartacus forlag","description":"","publisher":{"@id":"https://staging.forenteforlag.no/spartacus/#organization"},"potentialAction":[{"@type":"SearchAction","target":{"@type":"EntryPoint","urlTemplate":"https://staging.forenteforlag.no/spartacus/?s={search_term_string}"},"query-input":{"@type":"PropertyValueSpecification","valueRequired":true,"valueName":"search_term_string"}}],"inLanguage":"nb-NO"},{"@type":"Organization","@id":"https://staging.forenteforlag.no/spartacus/#organization","name":"Spartacus forlag","url":"https://staging.forenteforlag.no/spartacus/","logo":{"@type":"ImageObject","inLanguage":"nb-NO","@id":"https://staging.forenteforlag.no/spartacus/#/schema/logo/image/","url":"https://staging.forenteforlag.no/spartacus/wp-content/uploads/sites/6/2024/09/Spartacus_logo.svg","contentUrl":"https://staging.forenteforlag.no/spartacus/wp-content/uploads/sites/6/2024/09/Spartacus_logo.svg","width":100,"height":100,"caption":"Spartacus forlag"},"image":{"@id":"https://staging.forenteforlag.no/spartacus/#/schema/logo/image/"},"sameAs":["https://www.facebook.com/SpartacusForlag"]}]}</script>
<!-- / Yoast SEO plugin. -->

Boken kom første gang ut i 1989 og vakte kraftig debatt i fagkretser, bl.a. fordi den stiller kritiske spørsmål ved noen av de humanistiske fags grunnsetninger. Trenger vi idehistorie? Er det sikkert at vår interesse for fortiden er entydig positiv? Hvis den har noen verdi, hva består denne i? Svarene boken gir vil provosere mange. [&hellip;]

Alle bøker
