{"id":21717,"date":"2024-12-10T21:40:57","date_gmt":"2024-12-10T20:40:57","guid":{"rendered":"https:\/\/spartacus.forenteforlag.no\/produkt\/kreft-som-vendepunkt-2\/"},"modified":"2026-03-04T14:07:40","modified_gmt":"2026-03-04T13:07:40","slug":"kreft-som-vendepunkt-2","status":"publish","type":"product","link":"https:\/\/staging.forenteforlag.no\/spartacus\/produkt\/kreft-som-vendepunkt-2\/","title":{"rendered":"Kreft som vendepunkt"},"content":{"rendered":"<p>Dette er en bok skrevet til kreftsyke, deres venner og familie og til helsepersonell som arbeider med kreftsyke. Som psykolog, forsker og forfatter, har forfatteren arbeidet med alvorlig syke og d\u00f8ende i over 30 \u00e5r. Gjennom dette arbeidet har han sett en n\u00e6r sammenheng mellom psykiske faktorer og kreft. Hans hovedbudskap er at sjansen til \u00e5 utvikle kreft \u00f8ker fra det \u00f8yeblikk livet mister sin mening. Immunapparatet svekkes n\u00e5r individet overmannes av hjelpel\u00f8shet og h\u00e5pl\u00f8shet. I boken fors\u00f8ker han \u00e5 vise kreftsyke hvordan de igjen kan finne denne meningen og begynne kampen for livet.<\/p>\n","protected":false},"excerpt":{"rendered":"<p>Dette er en bok skrevet til kreftsyke, deres venner og familie og til helsepersonell som arbeider med kreftsyke. Som psykolog, forsker og forfatter, har forfatteren arbeidet med alvorlig syke og d\u00f8ende i over 30 \u00e5r. Gjennom dette arbeidet har han sett en n\u00e6r sammenheng mellom psykiske faktorer og kreft. Hans hovedbudskap er at sjansen til [&hellip;]<\/p>\n","protected":false},"featured_media":0,"template":"","meta":{"_acf_changed":false,"inline_featured_image":false},"product_brand":[],"product_cat":[1786],"product_tag":[787,362,586,1064],"class_list":{"0":"post-21717","1":"product","2":"type-product","3":"status-publish","5":"product_cat-rabattkodekampanje","6":"product_tag-alternativ-medisin","7":"product_tag-faglitteratur","8":"product_tag-kreft","9":"product_tag-nevropsykologi","11":"first","12":"outofstock","13":"taxable","14":"shipping-taxable","15":"purchasable","16":"product-type-simple"},"acf":{"anmeldelse":null},"yoast_head":"<!-- This site is optimized with the Yoast SEO plugin v26.6 - https:\/\/yoast.com\/wordpress\/plugins\/seo\/ -->\n<title>Kreft som vendepunkt - Spartacus<\/title>\n<meta name=\"robots\" content=\"noindex, follow, max-snippet:-1, max-image-preview:large, max-video-preview:-1\" \/>\n<meta property=\"og:locale\" content=\"nb_NO\" \/>\n<meta property=\"og:type\" content=\"article\" \/>\n<meta property=\"og:title\" content=\"Kreft som vendepunkt - Spartacus\" \/>\n<meta property=\"og:description\" content=\"Dette er en bok skrevet til kreftsyke, deres venner og familie og til helsepersonell som arbeider med kreftsyke. Som psykolog, forsker og forfatter, har forfatteren arbeidet med alvorlig syke og d\u00f8ende i over 30 \u00e5r. Gjennom dette arbeidet har han sett en n\u00e6r sammenheng mellom psykiske faktorer og kreft. Hans hovedbudskap er at sjansen til [&hellip;]\" \/>\n<meta property=\"og:url\" content=\"https:\/\/staging.forenteforlag.no\/spartacus\/produkt\/kreft-som-vendepunkt-2\/\" \/>\n<meta property=\"og:site_name\" content=\"Spartacus\" \/>\n<meta property=\"article:publisher\" content=\"https:\/\/www.facebook.com\/SpartacusForlag\" \/>\n<meta property=\"article:modified_time\" content=\"2026-03-04T13:07:40+00:00\" \/>\n<meta property=\"og:image\" content=\"https:\/\/staging.forenteforlag.no\/spartacus\/wp-content\/uploads\/sites\/6\/2025\/02\/spartacus-hvit.jpg\" \/>\n\t<meta property=\"og:image:width\" content=\"1200\" \/>\n\t<meta property=\"og:image:height\" content=\"800\" \/>\n\t<meta property=\"og:image:type\" content=\"image\/jpeg\" \/>\n<meta name=\"twitter:card\" content=\"summary_large_image\" \/>\n<script type=\"application\/ld+json\" class=\"yoast-schema-graph\">{\"@context\":\"https:\/\/schema.org\",\"@graph\":[{\"@type\":\"WebPage\",\"@id\":\"https:\/\/staging.forenteforlag.no\/spartacus\/produkt\/kreft-som-vendepunkt-2\/\",\"url\":\"https:\/\/staging.forenteforlag.no\/spartacus\/produkt\/kreft-som-vendepunkt-2\/\",\"name\":\"Kreft som vendepunkt - Spartacus\",\"isPartOf\":{\"@id\":\"https:\/\/staging.forenteforlag.no\/spartacus\/#website\"},\"datePublished\":\"2024-12-10T20:40:57+00:00\",\"dateModified\":\"2026-03-04T13:07:40+00:00\",\"breadcrumb\":{\"@id\":\"https:\/\/staging.forenteforlag.no\/spartacus\/produkt\/kreft-som-vendepunkt-2\/#breadcrumb\"},\"inLanguage\":\"nb-NO\",\"potentialAction\":[{\"@type\":\"ReadAction\",\"target\":[\"https:\/\/staging.forenteforlag.no\/spartacus\/produkt\/kreft-som-vendepunkt-2\/\"]}]},{\"@type\":\"BreadcrumbList\",\"@id\":\"https:\/\/staging.forenteforlag.no\/spartacus\/produkt\/kreft-som-vendepunkt-2\/#breadcrumb\",\"itemListElement\":[{\"@type\":\"ListItem\",\"position\":1,\"name\":\"Hjem\",\"item\":\"https:\/\/staging.forenteforlag.no\/spartacus\/\"},{\"@type\":\"ListItem\",\"position\":2,\"name\":\"Alle b\u00f8ker\",\"item\":\"https:\/\/staging.forenteforlag.no\/spartacus\/butikk\/\"},{\"@type\":\"ListItem\",\"position\":3,\"name\":\"Kreft som vendepunkt\"}]},{\"@type\":\"WebSite\",\"@id\":\"https:\/\/staging.forenteforlag.no\/spartacus\/#website\",\"url\":\"https:\/\/staging.forenteforlag.no\/spartacus\/\",\"name\":\"Spartacus forlag\",\"description\":\"\",\"publisher\":{\"@id\":\"https:\/\/staging.forenteforlag.no\/spartacus\/#organization\"},\"potentialAction\":[{\"@type\":\"SearchAction\",\"target\":{\"@type\":\"EntryPoint\",\"urlTemplate\":\"https:\/\/staging.forenteforlag.no\/spartacus\/?s={search_term_string}\"},\"query-input\":{\"@type\":\"PropertyValueSpecification\",\"valueRequired\":true,\"valueName\":\"search_term_string\"}}],\"inLanguage\":\"nb-NO\"},{\"@type\":\"Organization\",\"@id\":\"https:\/\/staging.forenteforlag.no\/spartacus\/#organization\",\"name\":\"Spartacus forlag\",\"url\":\"https:\/\/staging.forenteforlag.no\/spartacus\/\",\"logo\":{\"@type\":\"ImageObject\",\"inLanguage\":\"nb-NO\",\"@id\":\"https:\/\/staging.forenteforlag.no\/spartacus\/#\/schema\/logo\/image\/\",\"url\":\"https:\/\/staging.forenteforlag.no\/spartacus\/wp-content\/uploads\/sites\/6\/2024\/09\/Spartacus_logo.svg\",\"contentUrl\":\"https:\/\/staging.forenteforlag.no\/spartacus\/wp-content\/uploads\/sites\/6\/2024\/09\/Spartacus_logo.svg\",\"width\":100,\"height\":100,\"caption\":\"Spartacus forlag\"},\"image\":{\"@id\":\"https:\/\/staging.forenteforlag.no\/spartacus\/#\/schema\/logo\/image\/\"},\"sameAs\":[\"https:\/\/www.facebook.com\/SpartacusForlag\"]}]}<\/script>\n<!-- \/ Yoast SEO plugin. -->","yoast_head_json":{"title":"Kreft som vendepunkt - Spartacus","robots":{"index":"noindex","follow":"follow","max-snippet":"max-snippet:-1","max-image-preview":"max-image-preview:large","max-video-preview":"max-video-preview:-1"},"og_locale":"nb_NO","og_type":"article","og_title":"Kreft som vendepunkt - Spartacus","og_description":"Dette er en bok skrevet til kreftsyke, deres venner og familie og til helsepersonell som arbeider med kreftsyke. Som psykolog, forsker og forfatter, har forfatteren arbeidet med alvorlig syke og d\u00f8ende i over 30 \u00e5r. Gjennom dette arbeidet har han sett en n\u00e6r sammenheng mellom psykiske faktorer og kreft. Hans hovedbudskap er at sjansen til [&hellip;]","og_url":"https:\/\/staging.forenteforlag.no\/spartacus\/produkt\/kreft-som-vendepunkt-2\/","og_site_name":"Spartacus","article_publisher":"https:\/\/www.facebook.com\/SpartacusForlag","article_modified_time":"2026-03-04T13:07:40+00:00","og_image":[{"width":1200,"height":800,"url":"https:\/\/staging.forenteforlag.no\/spartacus\/wp-content\/uploads\/sites\/6\/2025\/02\/spartacus-hvit.jpg","type":"image\/jpeg"}],"twitter_card":"summary_large_image","schema":{"@context":"https:\/\/schema.org","@graph":[{"@type":"WebPage","@id":"https:\/\/staging.forenteforlag.no\/spartacus\/produkt\/kreft-som-vendepunkt-2\/","url":"https:\/\/staging.forenteforlag.no\/spartacus\/produkt\/kreft-som-vendepunkt-2\/","name":"Kreft som vendepunkt - Spartacus","isPartOf":{"@id":"https:\/\/staging.forenteforlag.no\/spartacus\/#website"},"datePublished":"2024-12-10T20:40:57+00:00","dateModified":"2026-03-04T13:07:40+00:00","breadcrumb":{"@id":"https:\/\/staging.forenteforlag.no\/spartacus\/produkt\/kreft-som-vendepunkt-2\/#breadcrumb"},"inLanguage":"nb-NO","potentialAction":[{"@type":"ReadAction","target":["https:\/\/staging.forenteforlag.no\/spartacus\/produkt\/kreft-som-vendepunkt-2\/"]}]},{"@type":"BreadcrumbList","@id":"https:\/\/staging.forenteforlag.no\/spartacus\/produkt\/kreft-som-vendepunkt-2\/#breadcrumb","itemListElement":[{"@type":"ListItem","position":1,"name":"Hjem","item":"https:\/\/staging.forenteforlag.no\/spartacus\/"},{"@type":"ListItem","position":2,"name":"Alle b\u00f8ker","item":"https:\/\/staging.forenteforlag.no\/spartacus\/butikk\/"},{"@type":"ListItem","position":3,"name":"Kreft som vendepunkt"}]},{"@type":"WebSite","@id":"https:\/\/staging.forenteforlag.no\/spartacus\/#website","url":"https:\/\/staging.forenteforlag.no\/spartacus\/","name":"Spartacus forlag","description":"","publisher":{"@id":"https:\/\/staging.forenteforlag.no\/spartacus\/#organization"},"potentialAction":[{"@type":"SearchAction","target":{"@type":"EntryPoint","urlTemplate":"https:\/\/staging.forenteforlag.no\/spartacus\/?s={search_term_string}"},"query-input":{"@type":"PropertyValueSpecification","valueRequired":true,"valueName":"search_term_string"}}],"inLanguage":"nb-NO"},{"@type":"Organization","@id":"https:\/\/staging.forenteforlag.no\/spartacus\/#organization","name":"Spartacus forlag","url":"https:\/\/staging.forenteforlag.no\/spartacus\/","logo":{"@type":"ImageObject","inLanguage":"nb-NO","@id":"https:\/\/staging.forenteforlag.no\/spartacus\/#\/schema\/logo\/image\/","url":"https:\/\/staging.forenteforlag.no\/spartacus\/wp-content\/uploads\/sites\/6\/2024\/09\/Spartacus_logo.svg","contentUrl":"https:\/\/staging.forenteforlag.no\/spartacus\/wp-content\/uploads\/sites\/6\/2024\/09\/Spartacus_logo.svg","width":100,"height":100,"caption":"Spartacus forlag"},"image":{"@id":"https:\/\/staging.forenteforlag.no\/spartacus\/#\/schema\/logo\/image\/"},"sameAs":["https:\/\/www.facebook.com\/SpartacusForlag"]}]}},"_links":{"self":[{"href":"https:\/\/staging.forenteforlag.no\/spartacus\/wp-json\/wp\/v2\/product\/21717","targetHints":{"allow":["GET"]}}],"collection":[{"href":"https:\/\/staging.forenteforlag.no\/spartacus\/wp-json\/wp\/v2\/product"}],"about":[{"href":"https:\/\/staging.forenteforlag.no\/spartacus\/wp-json\/wp\/v2\/types\/product"}],"wp:attachment":[{"href":"https:\/\/staging.forenteforlag.no\/spartacus\/wp-json\/wp\/v2\/media?parent=21717"}],"wp:term":[{"taxonomy":"product_brand","embeddable":true,"href":"https:\/\/staging.forenteforlag.no\/spartacus\/wp-json\/wp\/v2\/product_brand?post=21717"},{"taxonomy":"product_cat","embeddable":true,"href":"https:\/\/staging.forenteforlag.no\/spartacus\/wp-json\/wp\/v2\/product_cat?post=21717"},{"taxonomy":"product_tag","embeddable":true,"href":"https:\/\/staging.forenteforlag.no\/spartacus\/wp-json\/wp\/v2\/product_tag?post=21717"}],"curies":[{"name":"wp","href":"https:\/\/api.w.org\/{rel}","templated":true}]}}

<p>Dette er en bok skrevet til kreftsyke, deres venner og familie og til helsepersonell som arbeider med kreftsyke. Som psykolog, forsker og forfatter, har forfatteren arbeidet med alvorlig syke og døende i over 30 år. Gjennom dette arbeidet har han sett en nær sammenheng mellom psykiske faktorer og kreft. Hans hovedbudskap er at sjansen til å utvikle kreft øker fra det øyeblikk livet mister sin mening. Immunapparatet svekkes når individet overmannes av hjelpeløshet og håpløshet. I boken forsøker han å vise kreftsyke hvordan de igjen kan finne denne meningen og begynne kampen for livet.</p>

<p>Dette er en bok skrevet til kreftsyke, deres venner og familie og til helsepersonell som arbeider med kreftsyke. Som psykolog, forsker og forfatter, har forfatteren arbeidet med alvorlig syke og døende i over 30 år. Gjennom dette arbeidet har han sett en nær sammenheng mellom psykiske faktorer og kreft. Hans hovedbudskap er at sjansen til [&hellip;]</p>

<!-- This site is optimized with the Yoast SEO plugin v26.6 - https://yoast.com/wordpress/plugins/seo/ -->
<title>Kreft som vendepunkt - Spartacus</title>
<meta name="robots" content="noindex, follow, max-snippet:-1, max-image-preview:large, max-video-preview:-1" />
<meta property="og:locale" content="nb_NO" />
<meta property="og:type" content="article" />
<meta property="og:title" content="Kreft som vendepunkt - Spartacus" />
<meta property="og:description" content="Dette er en bok skrevet til kreftsyke, deres venner og familie og til helsepersonell som arbeider med kreftsyke. Som psykolog, forsker og forfatter, har forfatteren arbeidet med alvorlig syke og døende i over 30 år. Gjennom dette arbeidet har han sett en nær sammenheng mellom psykiske faktorer og kreft. Hans hovedbudskap er at sjansen til [&hellip;]" />
<meta property="og:url" content="https://staging.forenteforlag.no/spartacus/produkt/kreft-som-vendepunkt-2/" />
<meta property="og:site_name" content="Spartacus" />
<meta property="article:publisher" content="https://www.facebook.com/SpartacusForlag" />
<meta property="article:modified_time" content="2026-03-04T13:07:40+00:00" />
<meta property="og:image" content="https://staging.forenteforlag.no/spartacus/wp-content/uploads/sites/6/2025/02/spartacus-hvit.jpg" />
	<meta property="og:image:width" content="1200" />
	<meta property="og:image:height" content="800" />
	<meta property="og:image:type" content="image/jpeg" />
<meta name="twitter:card" content="summary_large_image" />
<script type="application/ld+json" class="yoast-schema-graph">{"@context":"https://schema.org","@graph":[{"@type":"WebPage","@id":"https://staging.forenteforlag.no/spartacus/produkt/kreft-som-vendepunkt-2/","url":"https://staging.forenteforlag.no/spartacus/produkt/kreft-som-vendepunkt-2/","name":"Kreft som vendepunkt - Spartacus","isPartOf":{"@id":"https://staging.forenteforlag.no/spartacus/#website"},"datePublished":"2024-12-10T20:40:57+00:00","dateModified":"2026-03-04T13:07:40+00:00","breadcrumb":{"@id":"https://staging.forenteforlag.no/spartacus/produkt/kreft-som-vendepunkt-2/#breadcrumb"},"inLanguage":"nb-NO","potentialAction":[{"@type":"ReadAction","target":["https://staging.forenteforlag.no/spartacus/produkt/kreft-som-vendepunkt-2/"]}]},{"@type":"BreadcrumbList","@id":"https://staging.forenteforlag.no/spartacus/produkt/kreft-som-vendepunkt-2/#breadcrumb","itemListElement":[{"@type":"ListItem","position":1,"name":"Hjem","item":"https://staging.forenteforlag.no/spartacus/"},{"@type":"ListItem","position":2,"name":"Alle bøker","item":"https://staging.forenteforlag.no/spartacus/butikk/"},{"@type":"ListItem","position":3,"name":"Kreft som vendepunkt"}]},{"@type":"WebSite","@id":"https://staging.forenteforlag.no/spartacus/#website","url":"https://staging.forenteforlag.no/spartacus/","name":"Spartacus forlag","description":"","publisher":{"@id":"https://staging.forenteforlag.no/spartacus/#organization"},"potentialAction":[{"@type":"SearchAction","target":{"@type":"EntryPoint","urlTemplate":"https://staging.forenteforlag.no/spartacus/?s={search_term_string}"},"query-input":{"@type":"PropertyValueSpecification","valueRequired":true,"valueName":"search_term_string"}}],"inLanguage":"nb-NO"},{"@type":"Organization","@id":"https://staging.forenteforlag.no/spartacus/#organization","name":"Spartacus forlag","url":"https://staging.forenteforlag.no/spartacus/","logo":{"@type":"ImageObject","inLanguage":"nb-NO","@id":"https://staging.forenteforlag.no/spartacus/#/schema/logo/image/","url":"https://staging.forenteforlag.no/spartacus/wp-content/uploads/sites/6/2024/09/Spartacus_logo.svg","contentUrl":"https://staging.forenteforlag.no/spartacus/wp-content/uploads/sites/6/2024/09/Spartacus_logo.svg","width":100,"height":100,"caption":"Spartacus forlag"},"image":{"@id":"https://staging.forenteforlag.no/spartacus/#/schema/logo/image/"},"sameAs":["https://www.facebook.com/SpartacusForlag"]}]}</script>
<!-- / Yoast SEO plugin. -->

Dette er en bok skrevet til kreftsyke, deres venner og familie og til helsepersonell som arbeider med kreftsyke. Som psykolog, forsker og forfatter, har forfatteren arbeidet med alvorlig syke og døende i over 30 år. Gjennom dette arbeidet har han sett en nær sammenheng mellom psykiske faktorer og kreft. Hans hovedbudskap er at sjansen til [&hellip;]

Alle bøker
