{"id":21065,"date":"2015-09-28T02:00:00","date_gmt":"2015-09-28T00:00:00","guid":{"rendered":"https:\/\/spartacus.forenteforlag.no\/produkt\/norges-verste-nazister\/"},"modified":"2026-03-04T15:10:39","modified_gmt":"2026-03-04T14:10:39","slug":"norges-verste-nazister","status":"publish","type":"product","link":"https:\/\/staging.forenteforlag.no\/spartacus\/produkt\/norges-verste-nazister\/","title":{"rendered":"Norges verste nazister"},"content":{"rendered":"<p>Mange nordmenn valgte Hitlers side under krigen, og mange av dem utf\u00f8rte grusomme handlinger mot sine landsmenn. Boka tar for seg et utvalg norske og tyske nazister som p\u00e5 hvert sitt vis kjempet tyskernes sak. Gjennom tekst og bilder dannes et sterkt og sammensatt bilde av hvem som hadde makten i Norge under okkupasjonen og hva slags forbrytelser de begikk. <\/p>\n<p>Norges verste nazister omhandler ikke bare krigsforbrytere og torturister, men ogs\u00e5 dem som i kraft av sin stilling i samfunnet hadde stor innflytelse og makt:  <br \/>Sentrale personer i Nasjonal Samling er representert, ministre i Quislings regjering og ansatte i politiet. I boken presenteres historiene til personer som Vidkun Quisling, Josef Terboven, Olga Bjoner, Rolf Fuglesang, Henry Rinnan, Knut Hamsun, Hans Aumeier, Walther Stahlecker og mange flere. Disse var alle viktige i det terrorregimet som den tyske okkupasjonen skapte i Norge 1940-45. <\/p>\n<p>Forfatter Bernt Rougthvedt har tidligere utgitt b\u00f8ker b\u00e5de om nazister og mostandsmenn. I Norges verste nazister gir han en annerledes tiln\u00e6rming til historien om 2. verdenskrig i Norge.<\/p>\n","protected":false},"excerpt":{"rendered":"<p>Mange nordmenn valgte Hitlers side under krigen, og mange av dem utf\u00f8rte grusomme handlinger mot sine landsmenn. Boka tar for seg et utvalg norske og tyske nazister som p\u00e5 hvert sitt vis kjempet tyskernes sak. Gjennom tekst og bilder dannes et sterkt og sammensatt bilde av hvem som hadde makten i Norge under okkupasjonen og [&hellip;]<\/p>\n","protected":false},"featured_media":26449,"template":"","meta":{"_acf_changed":false,"inline_featured_image":false},"product_brand":[],"product_cat":[1786],"product_tag":[407,405,362,540,439],"class_list":{"0":"post-21065","1":"product","2":"type-product","3":"status-publish","4":"has-post-thumbnail","6":"product_cat-rabattkodekampanje","7":"product_tag-1939-1945","8":"product_tag-andre-verdenskrig","9":"product_tag-faglitteratur","10":"product_tag-nazisme","11":"product_tag-nord-norge","13":"first","14":"outofstock","15":"shipping-taxable","16":"purchasable","17":"product-type-simple"},"acf":{"anmeldelse":null},"yoast_head":"<!-- This site is optimized with the Yoast SEO plugin v26.6 - https:\/\/yoast.com\/wordpress\/plugins\/seo\/ -->\n<title>Norges verste nazister - Spartacus<\/title>\n<meta name=\"robots\" content=\"noindex, follow, max-snippet:-1, max-image-preview:large, max-video-preview:-1\" \/>\n<meta property=\"og:locale\" content=\"nb_NO\" \/>\n<meta property=\"og:type\" content=\"article\" \/>\n<meta property=\"og:title\" content=\"Norges verste nazister - Spartacus\" \/>\n<meta property=\"og:description\" content=\"Mange nordmenn valgte Hitlers side under krigen, og mange av dem utf\u00f8rte grusomme handlinger mot sine landsmenn. Boka tar for seg et utvalg norske og tyske nazister som p\u00e5 hvert sitt vis kjempet tyskernes sak. Gjennom tekst og bilder dannes et sterkt og sammensatt bilde av hvem som hadde makten i Norge under okkupasjonen og [&hellip;]\" \/>\n<meta property=\"og:url\" content=\"https:\/\/staging.forenteforlag.no\/spartacus\/produkt\/norges-verste-nazister\/\" \/>\n<meta property=\"og:site_name\" content=\"Spartacus\" \/>\n<meta property=\"article:publisher\" content=\"https:\/\/www.facebook.com\/SpartacusForlag\" \/>\n<meta property=\"article:modified_time\" content=\"2026-03-04T14:10:39+00:00\" \/>\n<meta property=\"og:image\" content=\"https:\/\/staging.forenteforlag.no\/spartacus\/wp-content\/uploads\/sites\/6\/2026\/02\/9788243009790.jpg\" \/>\n\t<meta property=\"og:image:width\" content=\"720\" \/>\n\t<meta property=\"og:image:height\" content=\"1099\" \/>\n\t<meta property=\"og:image:type\" content=\"image\/jpeg\" \/>\n<meta name=\"twitter:card\" content=\"summary_large_image\" \/>\n<meta name=\"twitter:label1\" content=\"Ansl. lesetid\" \/>\n\t<meta name=\"twitter:data1\" content=\"1 minutt\" \/>\n<script type=\"application\/ld+json\" class=\"yoast-schema-graph\">{\"@context\":\"https:\/\/schema.org\",\"@graph\":[{\"@type\":\"WebPage\",\"@id\":\"https:\/\/staging.forenteforlag.no\/spartacus\/produkt\/norges-verste-nazister\/\",\"url\":\"https:\/\/staging.forenteforlag.no\/spartacus\/produkt\/norges-verste-nazister\/\",\"name\":\"Norges verste nazister - Spartacus\",\"isPartOf\":{\"@id\":\"https:\/\/staging.forenteforlag.no\/spartacus\/#website\"},\"primaryImageOfPage\":{\"@id\":\"https:\/\/staging.forenteforlag.no\/spartacus\/produkt\/norges-verste-nazister\/#primaryimage\"},\"image\":{\"@id\":\"https:\/\/staging.forenteforlag.no\/spartacus\/produkt\/norges-verste-nazister\/#primaryimage\"},\"thumbnailUrl\":\"https:\/\/staging.forenteforlag.no\/spartacus\/wp-content\/uploads\/sites\/6\/2026\/02\/9788243009790.jpg\",\"datePublished\":\"2015-09-28T00:00:00+00:00\",\"dateModified\":\"2026-03-04T14:10:39+00:00\",\"breadcrumb\":{\"@id\":\"https:\/\/staging.forenteforlag.no\/spartacus\/produkt\/norges-verste-nazister\/#breadcrumb\"},\"inLanguage\":\"nb-NO\",\"potentialAction\":[{\"@type\":\"ReadAction\",\"target\":[\"https:\/\/staging.forenteforlag.no\/spartacus\/produkt\/norges-verste-nazister\/\"]}]},{\"@type\":\"ImageObject\",\"inLanguage\":\"nb-NO\",\"@id\":\"https:\/\/staging.forenteforlag.no\/spartacus\/produkt\/norges-verste-nazister\/#primaryimage\",\"url\":\"https:\/\/staging.forenteforlag.no\/spartacus\/wp-content\/uploads\/sites\/6\/2026\/02\/9788243009790.jpg\",\"contentUrl\":\"https:\/\/staging.forenteforlag.no\/spartacus\/wp-content\/uploads\/sites\/6\/2026\/02\/9788243009790.jpg\",\"width\":720,\"height\":1099},{\"@type\":\"BreadcrumbList\",\"@id\":\"https:\/\/staging.forenteforlag.no\/spartacus\/produkt\/norges-verste-nazister\/#breadcrumb\",\"itemListElement\":[{\"@type\":\"ListItem\",\"position\":1,\"name\":\"Hjem\",\"item\":\"https:\/\/staging.forenteforlag.no\/spartacus\/\"},{\"@type\":\"ListItem\",\"position\":2,\"name\":\"Alle b\u00f8ker\",\"item\":\"https:\/\/staging.forenteforlag.no\/spartacus\/butikk\/\"},{\"@type\":\"ListItem\",\"position\":3,\"name\":\"Norges verste nazister\"}]},{\"@type\":\"WebSite\",\"@id\":\"https:\/\/staging.forenteforlag.no\/spartacus\/#website\",\"url\":\"https:\/\/staging.forenteforlag.no\/spartacus\/\",\"name\":\"Spartacus forlag\",\"description\":\"\",\"publisher\":{\"@id\":\"https:\/\/staging.forenteforlag.no\/spartacus\/#organization\"},\"potentialAction\":[{\"@type\":\"SearchAction\",\"target\":{\"@type\":\"EntryPoint\",\"urlTemplate\":\"https:\/\/staging.forenteforlag.no\/spartacus\/?s={search_term_string}\"},\"query-input\":{\"@type\":\"PropertyValueSpecification\",\"valueRequired\":true,\"valueName\":\"search_term_string\"}}],\"inLanguage\":\"nb-NO\"},{\"@type\":\"Organization\",\"@id\":\"https:\/\/staging.forenteforlag.no\/spartacus\/#organization\",\"name\":\"Spartacus forlag\",\"url\":\"https:\/\/staging.forenteforlag.no\/spartacus\/\",\"logo\":{\"@type\":\"ImageObject\",\"inLanguage\":\"nb-NO\",\"@id\":\"https:\/\/staging.forenteforlag.no\/spartacus\/#\/schema\/logo\/image\/\",\"url\":\"https:\/\/staging.forenteforlag.no\/spartacus\/wp-content\/uploads\/sites\/6\/2024\/09\/Spartacus_logo.svg\",\"contentUrl\":\"https:\/\/staging.forenteforlag.no\/spartacus\/wp-content\/uploads\/sites\/6\/2024\/09\/Spartacus_logo.svg\",\"width\":100,\"height\":100,\"caption\":\"Spartacus forlag\"},\"image\":{\"@id\":\"https:\/\/staging.forenteforlag.no\/spartacus\/#\/schema\/logo\/image\/\"},\"sameAs\":[\"https:\/\/www.facebook.com\/SpartacusForlag\"]}]}<\/script>\n<!-- \/ Yoast SEO plugin. -->","yoast_head_json":{"title":"Norges verste nazister - Spartacus","robots":{"index":"noindex","follow":"follow","max-snippet":"max-snippet:-1","max-image-preview":"max-image-preview:large","max-video-preview":"max-video-preview:-1"},"og_locale":"nb_NO","og_type":"article","og_title":"Norges verste nazister - Spartacus","og_description":"Mange nordmenn valgte Hitlers side under krigen, og mange av dem utf\u00f8rte grusomme handlinger mot sine landsmenn. Boka tar for seg et utvalg norske og tyske nazister som p\u00e5 hvert sitt vis kjempet tyskernes sak. Gjennom tekst og bilder dannes et sterkt og sammensatt bilde av hvem som hadde makten i Norge under okkupasjonen og [&hellip;]","og_url":"https:\/\/staging.forenteforlag.no\/spartacus\/produkt\/norges-verste-nazister\/","og_site_name":"Spartacus","article_publisher":"https:\/\/www.facebook.com\/SpartacusForlag","article_modified_time":"2026-03-04T14:10:39+00:00","og_image":[{"width":720,"height":1099,"url":"https:\/\/staging.forenteforlag.no\/spartacus\/wp-content\/uploads\/sites\/6\/2026\/02\/9788243009790.jpg","type":"image\/jpeg"}],"twitter_card":"summary_large_image","twitter_misc":{"Ansl. lesetid":"1 minutt"},"schema":{"@context":"https:\/\/schema.org","@graph":[{"@type":"WebPage","@id":"https:\/\/staging.forenteforlag.no\/spartacus\/produkt\/norges-verste-nazister\/","url":"https:\/\/staging.forenteforlag.no\/spartacus\/produkt\/norges-verste-nazister\/","name":"Norges verste nazister - Spartacus","isPartOf":{"@id":"https:\/\/staging.forenteforlag.no\/spartacus\/#website"},"primaryImageOfPage":{"@id":"https:\/\/staging.forenteforlag.no\/spartacus\/produkt\/norges-verste-nazister\/#primaryimage"},"image":{"@id":"https:\/\/staging.forenteforlag.no\/spartacus\/produkt\/norges-verste-nazister\/#primaryimage"},"thumbnailUrl":"https:\/\/staging.forenteforlag.no\/spartacus\/wp-content\/uploads\/sites\/6\/2026\/02\/9788243009790.jpg","datePublished":"2015-09-28T00:00:00+00:00","dateModified":"2026-03-04T14:10:39+00:00","breadcrumb":{"@id":"https:\/\/staging.forenteforlag.no\/spartacus\/produkt\/norges-verste-nazister\/#breadcrumb"},"inLanguage":"nb-NO","potentialAction":[{"@type":"ReadAction","target":["https:\/\/staging.forenteforlag.no\/spartacus\/produkt\/norges-verste-nazister\/"]}]},{"@type":"ImageObject","inLanguage":"nb-NO","@id":"https:\/\/staging.forenteforlag.no\/spartacus\/produkt\/norges-verste-nazister\/#primaryimage","url":"https:\/\/staging.forenteforlag.no\/spartacus\/wp-content\/uploads\/sites\/6\/2026\/02\/9788243009790.jpg","contentUrl":"https:\/\/staging.forenteforlag.no\/spartacus\/wp-content\/uploads\/sites\/6\/2026\/02\/9788243009790.jpg","width":720,"height":1099},{"@type":"BreadcrumbList","@id":"https:\/\/staging.forenteforlag.no\/spartacus\/produkt\/norges-verste-nazister\/#breadcrumb","itemListElement":[{"@type":"ListItem","position":1,"name":"Hjem","item":"https:\/\/staging.forenteforlag.no\/spartacus\/"},{"@type":"ListItem","position":2,"name":"Alle b\u00f8ker","item":"https:\/\/staging.forenteforlag.no\/spartacus\/butikk\/"},{"@type":"ListItem","position":3,"name":"Norges verste nazister"}]},{"@type":"WebSite","@id":"https:\/\/staging.forenteforlag.no\/spartacus\/#website","url":"https:\/\/staging.forenteforlag.no\/spartacus\/","name":"Spartacus forlag","description":"","publisher":{"@id":"https:\/\/staging.forenteforlag.no\/spartacus\/#organization"},"potentialAction":[{"@type":"SearchAction","target":{"@type":"EntryPoint","urlTemplate":"https:\/\/staging.forenteforlag.no\/spartacus\/?s={search_term_string}"},"query-input":{"@type":"PropertyValueSpecification","valueRequired":true,"valueName":"search_term_string"}}],"inLanguage":"nb-NO"},{"@type":"Organization","@id":"https:\/\/staging.forenteforlag.no\/spartacus\/#organization","name":"Spartacus forlag","url":"https:\/\/staging.forenteforlag.no\/spartacus\/","logo":{"@type":"ImageObject","inLanguage":"nb-NO","@id":"https:\/\/staging.forenteforlag.no\/spartacus\/#\/schema\/logo\/image\/","url":"https:\/\/staging.forenteforlag.no\/spartacus\/wp-content\/uploads\/sites\/6\/2024\/09\/Spartacus_logo.svg","contentUrl":"https:\/\/staging.forenteforlag.no\/spartacus\/wp-content\/uploads\/sites\/6\/2024\/09\/Spartacus_logo.svg","width":100,"height":100,"caption":"Spartacus forlag"},"image":{"@id":"https:\/\/staging.forenteforlag.no\/spartacus\/#\/schema\/logo\/image\/"},"sameAs":["https:\/\/www.facebook.com\/SpartacusForlag"]}]}},"_links":{"self":[{"href":"https:\/\/staging.forenteforlag.no\/spartacus\/wp-json\/wp\/v2\/product\/21065","targetHints":{"allow":["GET"]}}],"collection":[{"href":"https:\/\/staging.forenteforlag.no\/spartacus\/wp-json\/wp\/v2\/product"}],"about":[{"href":"https:\/\/staging.forenteforlag.no\/spartacus\/wp-json\/wp\/v2\/types\/product"}],"wp:featuredmedia":[{"embeddable":true,"href":"https:\/\/staging.forenteforlag.no\/spartacus\/wp-json\/wp\/v2\/media\/26449"}],"wp:attachment":[{"href":"https:\/\/staging.forenteforlag.no\/spartacus\/wp-json\/wp\/v2\/media?parent=21065"}],"wp:term":[{"taxonomy":"product_brand","embeddable":true,"href":"https:\/\/staging.forenteforlag.no\/spartacus\/wp-json\/wp\/v2\/product_brand?post=21065"},{"taxonomy":"product_cat","embeddable":true,"href":"https:\/\/staging.forenteforlag.no\/spartacus\/wp-json\/wp\/v2\/product_cat?post=21065"},{"taxonomy":"product_tag","embeddable":true,"href":"https:\/\/staging.forenteforlag.no\/spartacus\/wp-json\/wp\/v2\/product_tag?post=21065"}],"curies":[{"name":"wp","href":"https:\/\/api.w.org\/{rel}","templated":true}]}}

<p>Mange nordmenn valgte Hitlers side under krigen, og mange av dem utførte grusomme handlinger mot sine landsmenn. Boka tar for seg et utvalg norske og tyske nazister som på hvert sitt vis kjempet tyskernes sak. Gjennom tekst og bilder dannes et sterkt og sammensatt bilde av hvem som hadde makten i Norge under okkupasjonen og hva slags forbrytelser de begikk. </p>
<p>Norges verste nazister omhandler ikke bare krigsforbrytere og torturister, men også dem som i kraft av sin stilling i samfunnet hadde stor innflytelse og makt:  <br />Sentrale personer i Nasjonal Samling er representert, ministre i Quislings regjering og ansatte i politiet. I boken presenteres historiene til personer som Vidkun Quisling, Josef Terboven, Olga Bjoner, Rolf Fuglesang, Henry Rinnan, Knut Hamsun, Hans Aumeier, Walther Stahlecker og mange flere. Disse var alle viktige i det terrorregimet som den tyske okkupasjonen skapte i Norge 1940-45. </p>
<p>Forfatter Bernt Rougthvedt har tidligere utgitt bøker både om nazister og mostandsmenn. I Norges verste nazister gir han en annerledes tilnærming til historien om 2. verdenskrig i Norge.</p>

<p>Mange nordmenn valgte Hitlers side under krigen, og mange av dem utførte grusomme handlinger mot sine landsmenn. Boka tar for seg et utvalg norske og tyske nazister som på hvert sitt vis kjempet tyskernes sak. Gjennom tekst og bilder dannes et sterkt og sammensatt bilde av hvem som hadde makten i Norge under okkupasjonen og [&hellip;]</p>

<!-- This site is optimized with the Yoast SEO plugin v26.6 - https://yoast.com/wordpress/plugins/seo/ -->
<title>Norges verste nazister - Spartacus</title>
<meta name="robots" content="noindex, follow, max-snippet:-1, max-image-preview:large, max-video-preview:-1" />
<meta property="og:locale" content="nb_NO" />
<meta property="og:type" content="article" />
<meta property="og:title" content="Norges verste nazister - Spartacus" />
<meta property="og:description" content="Mange nordmenn valgte Hitlers side under krigen, og mange av dem utførte grusomme handlinger mot sine landsmenn. Boka tar for seg et utvalg norske og tyske nazister som på hvert sitt vis kjempet tyskernes sak. Gjennom tekst og bilder dannes et sterkt og sammensatt bilde av hvem som hadde makten i Norge under okkupasjonen og [&hellip;]" />
<meta property="og:url" content="https://staging.forenteforlag.no/spartacus/produkt/norges-verste-nazister/" />
<meta property="og:site_name" content="Spartacus" />
<meta property="article:publisher" content="https://www.facebook.com/SpartacusForlag" />
<meta property="article:modified_time" content="2026-03-04T14:10:39+00:00" />
<meta property="og:image" content="https://staging.forenteforlag.no/spartacus/wp-content/uploads/sites/6/2026/02/9788243009790.jpg" />
	<meta property="og:image:width" content="720" />
	<meta property="og:image:height" content="1099" />
	<meta property="og:image:type" content="image/jpeg" />
<meta name="twitter:card" content="summary_large_image" />
<meta name="twitter:label1" content="Ansl. lesetid" />
	<meta name="twitter:data1" content="1 minutt" />
<script type="application/ld+json" class="yoast-schema-graph">{"@context":"https://schema.org","@graph":[{"@type":"WebPage","@id":"https://staging.forenteforlag.no/spartacus/produkt/norges-verste-nazister/","url":"https://staging.forenteforlag.no/spartacus/produkt/norges-verste-nazister/","name":"Norges verste nazister - Spartacus","isPartOf":{"@id":"https://staging.forenteforlag.no/spartacus/#website"},"primaryImageOfPage":{"@id":"https://staging.forenteforlag.no/spartacus/produkt/norges-verste-nazister/#primaryimage"},"image":{"@id":"https://staging.forenteforlag.no/spartacus/produkt/norges-verste-nazister/#primaryimage"},"thumbnailUrl":"https://staging.forenteforlag.no/spartacus/wp-content/uploads/sites/6/2026/02/9788243009790.jpg","datePublished":"2015-09-28T00:00:00+00:00","dateModified":"2026-03-04T14:10:39+00:00","breadcrumb":{"@id":"https://staging.forenteforlag.no/spartacus/produkt/norges-verste-nazister/#breadcrumb"},"inLanguage":"nb-NO","potentialAction":[{"@type":"ReadAction","target":["https://staging.forenteforlag.no/spartacus/produkt/norges-verste-nazister/"]}]},{"@type":"ImageObject","inLanguage":"nb-NO","@id":"https://staging.forenteforlag.no/spartacus/produkt/norges-verste-nazister/#primaryimage","url":"https://staging.forenteforlag.no/spartacus/wp-content/uploads/sites/6/2026/02/9788243009790.jpg","contentUrl":"https://staging.forenteforlag.no/spartacus/wp-content/uploads/sites/6/2026/02/9788243009790.jpg","width":720,"height":1099},{"@type":"BreadcrumbList","@id":"https://staging.forenteforlag.no/spartacus/produkt/norges-verste-nazister/#breadcrumb","itemListElement":[{"@type":"ListItem","position":1,"name":"Hjem","item":"https://staging.forenteforlag.no/spartacus/"},{"@type":"ListItem","position":2,"name":"Alle bøker","item":"https://staging.forenteforlag.no/spartacus/butikk/"},{"@type":"ListItem","position":3,"name":"Norges verste nazister"}]},{"@type":"WebSite","@id":"https://staging.forenteforlag.no/spartacus/#website","url":"https://staging.forenteforlag.no/spartacus/","name":"Spartacus forlag","description":"","publisher":{"@id":"https://staging.forenteforlag.no/spartacus/#organization"},"potentialAction":[{"@type":"SearchAction","target":{"@type":"EntryPoint","urlTemplate":"https://staging.forenteforlag.no/spartacus/?s={search_term_string}"},"query-input":{"@type":"PropertyValueSpecification","valueRequired":true,"valueName":"search_term_string"}}],"inLanguage":"nb-NO"},{"@type":"Organization","@id":"https://staging.forenteforlag.no/spartacus/#organization","name":"Spartacus forlag","url":"https://staging.forenteforlag.no/spartacus/","logo":{"@type":"ImageObject","inLanguage":"nb-NO","@id":"https://staging.forenteforlag.no/spartacus/#/schema/logo/image/","url":"https://staging.forenteforlag.no/spartacus/wp-content/uploads/sites/6/2024/09/Spartacus_logo.svg","contentUrl":"https://staging.forenteforlag.no/spartacus/wp-content/uploads/sites/6/2024/09/Spartacus_logo.svg","width":100,"height":100,"caption":"Spartacus forlag"},"image":{"@id":"https://staging.forenteforlag.no/spartacus/#/schema/logo/image/"},"sameAs":["https://www.facebook.com/SpartacusForlag"]}]}</script>
<!-- / Yoast SEO plugin. -->

Mange nordmenn valgte Hitlers side under krigen, og mange av dem utførte grusomme handlinger mot sine landsmenn. Boka tar for seg et utvalg norske og tyske nazister som på hvert sitt vis kjempet tyskernes sak. Gjennom tekst og bilder dannes et sterkt og sammensatt bilde av hvem som hadde makten i Norge under okkupasjonen og [&hellip;]

Alle bøker
