{"id":21062,"date":"2013-03-19T01:00:00","date_gmt":"2013-03-19T00:00:00","guid":{"rendered":"https:\/\/spartacus.forenteforlag.no\/produkt\/ordbok-for-underklassen\/"},"modified":"2026-03-04T15:03:34","modified_gmt":"2026-03-04T14:03:34","slug":"ordbok-for-underklassen","status":"publish","type":"product","link":"https:\/\/staging.forenteforlag.no\/spartacus\/produkt\/ordbok-for-underklassen\/","title":{"rendered":"Ordbok for underklassen"},"content":{"rendered":"<p>Skarp og lettbeint selvhjelpsbok som avkler byr\u00e5kratispr\u00e5k og frustrerende moteord i arbeidslivet. Lenge har arbeidstakere v\u00e6rt hjems\u00f8kt av et kvelende kontrollbyr\u00e5krati med omfattende rapporteringskrav. Det sp\u00f8rres etter &laquo;kundematriser&raquo; og &laquo;biomasse&raquo;, det innkalles til &laquo;dialogm\u00f8ter&raquo; og etterlyses &laquo;kriterier for m\u00e5loppn\u00e5else&raquo;. Terminologi fra vareproduksjon smyger seg inn over alt og intetsigende svada er p\u00e5 alle lederes lepper. Spr\u00e5ket kan forsterke avmaktsf\u00f8lelsen hos mange. I denne boka f\u00e5r du en alfabetisk oversikt over nyord som invaderer hverdagen v\u00e5r. Med skarpt blikk og humor analyserer forfatterne ord det g\u00e5r inflasjon i og viser dem fram som ofte tanketomme hersketeknikker. N\u00e5 kan du sl\u00e5 tilbake og avsl\u00f8re de spr\u00e5klige hersketeknikkene som bedrifts\u00f8konomien og New Public Management har innf\u00f8rt p\u00e5a rbeidsplassen din! Med forord av Morten Str\u00f8ksnes. Arne Klyve er undervisningssjef ved Bergensklinikkene. Han har begrenset omstillingsevne, men deltar gjerne i monologm\u00f8ter. Jon Severud er norsklektor og lavterskelskribent med mye erfaring fra den analoge l\u00e6ringsplattformen. Motstander av positiv tenkning. &laquo;medarbeidertilfredshetsunders\u00f8kelser: Egnet dialogforum til \u00e5 ta opp arbeidsmilj\u00f8problemer, for eksempel notoriske belastningsskader fra eksponering for ubegripelig lange ord.&raquo; [fraboken]<\/p>\n","protected":false},"excerpt":{"rendered":"<p>Skarp og lettbeint selvhjelpsbok som avkler byr\u00e5kratispr\u00e5k og frustrerende moteord i arbeidslivet. Lenge har arbeidstakere v\u00e6rt hjems\u00f8kt av et kvelende kontrollbyr\u00e5krati med omfattende rapporteringskrav. Det sp\u00f8rres etter &laquo;kundematriser&raquo; og &laquo;biomasse&raquo;, det innkalles til &laquo;dialogm\u00f8ter&raquo; og etterlyses &laquo;kriterier for m\u00e5loppn\u00e5else&raquo;. Terminologi fra vareproduksjon smyger seg inn over alt og intetsigende svada er p\u00e5 alle lederes lepper. [&hellip;]<\/p>\n","protected":false},"featured_media":26350,"template":"","meta":{"_acf_changed":false,"inline_featured_image":false},"product_brand":[],"product_cat":[1786],"product_tag":[783,362,601,782,1790,1791],"class_list":{"0":"post-21062","1":"product","2":"type-product","3":"status-publish","4":"has-post-thumbnail","6":"product_cat-rabattkodekampanje","7":"product_tag-arbeidsliv","8":"product_tag-faglitteratur","9":"product_tag-humor","10":"product_tag-ordboker","11":"product_tag-synonym-og-fremmedordboker","12":"product_tag-synonymordboker","14":"first","15":"outofstock","16":"shipping-taxable","17":"purchasable","18":"product-type-simple"},"acf":{"anmeldelse":null},"yoast_head":"<!-- This site is optimized with the Yoast SEO plugin v26.6 - https:\/\/yoast.com\/wordpress\/plugins\/seo\/ -->\n<title>Ordbok for underklassen - Spartacus<\/title>\n<meta name=\"robots\" content=\"noindex, follow, max-snippet:-1, max-image-preview:large, max-video-preview:-1\" \/>\n<meta property=\"og:locale\" content=\"nb_NO\" \/>\n<meta property=\"og:type\" content=\"article\" \/>\n<meta property=\"og:title\" content=\"Ordbok for underklassen - Spartacus\" \/>\n<meta property=\"og:description\" content=\"Skarp og lettbeint selvhjelpsbok som avkler byr\u00e5kratispr\u00e5k og frustrerende moteord i arbeidslivet. Lenge har arbeidstakere v\u00e6rt hjems\u00f8kt av et kvelende kontrollbyr\u00e5krati med omfattende rapporteringskrav. Det sp\u00f8rres etter &laquo;kundematriser&raquo; og &laquo;biomasse&raquo;, det innkalles til &laquo;dialogm\u00f8ter&raquo; og etterlyses &laquo;kriterier for m\u00e5loppn\u00e5else&raquo;. Terminologi fra vareproduksjon smyger seg inn over alt og intetsigende svada er p\u00e5 alle lederes lepper. [&hellip;]\" \/>\n<meta property=\"og:url\" content=\"https:\/\/staging.forenteforlag.no\/spartacus\/produkt\/ordbok-for-underklassen\/\" \/>\n<meta property=\"og:site_name\" content=\"Spartacus\" \/>\n<meta property=\"article:publisher\" content=\"https:\/\/www.facebook.com\/SpartacusForlag\" \/>\n<meta property=\"article:modified_time\" content=\"2026-03-04T14:03:34+00:00\" \/>\n<meta property=\"og:image\" content=\"https:\/\/staging.forenteforlag.no\/spartacus\/wp-content\/uploads\/sites\/6\/2026\/02\/9788243007079.jpg\" \/>\n\t<meta property=\"og:image:width\" content=\"720\" \/>\n\t<meta property=\"og:image:height\" content=\"1161\" \/>\n\t<meta property=\"og:image:type\" content=\"image\/jpeg\" \/>\n<meta name=\"twitter:card\" content=\"summary_large_image\" \/>\n<meta name=\"twitter:label1\" content=\"Ansl. lesetid\" \/>\n\t<meta name=\"twitter:data1\" content=\"1 minutt\" \/>\n<script type=\"application\/ld+json\" class=\"yoast-schema-graph\">{\"@context\":\"https:\/\/schema.org\",\"@graph\":[{\"@type\":\"WebPage\",\"@id\":\"https:\/\/staging.forenteforlag.no\/spartacus\/produkt\/ordbok-for-underklassen\/\",\"url\":\"https:\/\/staging.forenteforlag.no\/spartacus\/produkt\/ordbok-for-underklassen\/\",\"name\":\"Ordbok for underklassen - Spartacus\",\"isPartOf\":{\"@id\":\"https:\/\/staging.forenteforlag.no\/spartacus\/#website\"},\"primaryImageOfPage\":{\"@id\":\"https:\/\/staging.forenteforlag.no\/spartacus\/produkt\/ordbok-for-underklassen\/#primaryimage\"},\"image\":{\"@id\":\"https:\/\/staging.forenteforlag.no\/spartacus\/produkt\/ordbok-for-underklassen\/#primaryimage\"},\"thumbnailUrl\":\"https:\/\/staging.forenteforlag.no\/spartacus\/wp-content\/uploads\/sites\/6\/2026\/02\/9788243007079.jpg\",\"datePublished\":\"2013-03-19T00:00:00+00:00\",\"dateModified\":\"2026-03-04T14:03:34+00:00\",\"breadcrumb\":{\"@id\":\"https:\/\/staging.forenteforlag.no\/spartacus\/produkt\/ordbok-for-underklassen\/#breadcrumb\"},\"inLanguage\":\"nb-NO\",\"potentialAction\":[{\"@type\":\"ReadAction\",\"target\":[\"https:\/\/staging.forenteforlag.no\/spartacus\/produkt\/ordbok-for-underklassen\/\"]}]},{\"@type\":\"ImageObject\",\"inLanguage\":\"nb-NO\",\"@id\":\"https:\/\/staging.forenteforlag.no\/spartacus\/produkt\/ordbok-for-underklassen\/#primaryimage\",\"url\":\"https:\/\/staging.forenteforlag.no\/spartacus\/wp-content\/uploads\/sites\/6\/2026\/02\/9788243007079.jpg\",\"contentUrl\":\"https:\/\/staging.forenteforlag.no\/spartacus\/wp-content\/uploads\/sites\/6\/2026\/02\/9788243007079.jpg\",\"width\":720,\"height\":1161},{\"@type\":\"BreadcrumbList\",\"@id\":\"https:\/\/staging.forenteforlag.no\/spartacus\/produkt\/ordbok-for-underklassen\/#breadcrumb\",\"itemListElement\":[{\"@type\":\"ListItem\",\"position\":1,\"name\":\"Hjem\",\"item\":\"https:\/\/staging.forenteforlag.no\/spartacus\/\"},{\"@type\":\"ListItem\",\"position\":2,\"name\":\"Alle b\u00f8ker\",\"item\":\"https:\/\/staging.forenteforlag.no\/spartacus\/butikk\/\"},{\"@type\":\"ListItem\",\"position\":3,\"name\":\"Ordbok for underklassen\"}]},{\"@type\":\"WebSite\",\"@id\":\"https:\/\/staging.forenteforlag.no\/spartacus\/#website\",\"url\":\"https:\/\/staging.forenteforlag.no\/spartacus\/\",\"name\":\"Spartacus forlag\",\"description\":\"\",\"publisher\":{\"@id\":\"https:\/\/staging.forenteforlag.no\/spartacus\/#organization\"},\"potentialAction\":[{\"@type\":\"SearchAction\",\"target\":{\"@type\":\"EntryPoint\",\"urlTemplate\":\"https:\/\/staging.forenteforlag.no\/spartacus\/?s={search_term_string}\"},\"query-input\":{\"@type\":\"PropertyValueSpecification\",\"valueRequired\":true,\"valueName\":\"search_term_string\"}}],\"inLanguage\":\"nb-NO\"},{\"@type\":\"Organization\",\"@id\":\"https:\/\/staging.forenteforlag.no\/spartacus\/#organization\",\"name\":\"Spartacus forlag\",\"url\":\"https:\/\/staging.forenteforlag.no\/spartacus\/\",\"logo\":{\"@type\":\"ImageObject\",\"inLanguage\":\"nb-NO\",\"@id\":\"https:\/\/staging.forenteforlag.no\/spartacus\/#\/schema\/logo\/image\/\",\"url\":\"https:\/\/staging.forenteforlag.no\/spartacus\/wp-content\/uploads\/sites\/6\/2024\/09\/Spartacus_logo.svg\",\"contentUrl\":\"https:\/\/staging.forenteforlag.no\/spartacus\/wp-content\/uploads\/sites\/6\/2024\/09\/Spartacus_logo.svg\",\"width\":100,\"height\":100,\"caption\":\"Spartacus forlag\"},\"image\":{\"@id\":\"https:\/\/staging.forenteforlag.no\/spartacus\/#\/schema\/logo\/image\/\"},\"sameAs\":[\"https:\/\/www.facebook.com\/SpartacusForlag\"]}]}<\/script>\n<!-- \/ Yoast SEO plugin. -->","yoast_head_json":{"title":"Ordbok for underklassen - Spartacus","robots":{"index":"noindex","follow":"follow","max-snippet":"max-snippet:-1","max-image-preview":"max-image-preview:large","max-video-preview":"max-video-preview:-1"},"og_locale":"nb_NO","og_type":"article","og_title":"Ordbok for underklassen - Spartacus","og_description":"Skarp og lettbeint selvhjelpsbok som avkler byr\u00e5kratispr\u00e5k og frustrerende moteord i arbeidslivet. Lenge har arbeidstakere v\u00e6rt hjems\u00f8kt av et kvelende kontrollbyr\u00e5krati med omfattende rapporteringskrav. Det sp\u00f8rres etter &laquo;kundematriser&raquo; og &laquo;biomasse&raquo;, det innkalles til &laquo;dialogm\u00f8ter&raquo; og etterlyses &laquo;kriterier for m\u00e5loppn\u00e5else&raquo;. Terminologi fra vareproduksjon smyger seg inn over alt og intetsigende svada er p\u00e5 alle lederes lepper. [&hellip;]","og_url":"https:\/\/staging.forenteforlag.no\/spartacus\/produkt\/ordbok-for-underklassen\/","og_site_name":"Spartacus","article_publisher":"https:\/\/www.facebook.com\/SpartacusForlag","article_modified_time":"2026-03-04T14:03:34+00:00","og_image":[{"width":720,"height":1161,"url":"https:\/\/staging.forenteforlag.no\/spartacus\/wp-content\/uploads\/sites\/6\/2026\/02\/9788243007079.jpg","type":"image\/jpeg"}],"twitter_card":"summary_large_image","twitter_misc":{"Ansl. lesetid":"1 minutt"},"schema":{"@context":"https:\/\/schema.org","@graph":[{"@type":"WebPage","@id":"https:\/\/staging.forenteforlag.no\/spartacus\/produkt\/ordbok-for-underklassen\/","url":"https:\/\/staging.forenteforlag.no\/spartacus\/produkt\/ordbok-for-underklassen\/","name":"Ordbok for underklassen - Spartacus","isPartOf":{"@id":"https:\/\/staging.forenteforlag.no\/spartacus\/#website"},"primaryImageOfPage":{"@id":"https:\/\/staging.forenteforlag.no\/spartacus\/produkt\/ordbok-for-underklassen\/#primaryimage"},"image":{"@id":"https:\/\/staging.forenteforlag.no\/spartacus\/produkt\/ordbok-for-underklassen\/#primaryimage"},"thumbnailUrl":"https:\/\/staging.forenteforlag.no\/spartacus\/wp-content\/uploads\/sites\/6\/2026\/02\/9788243007079.jpg","datePublished":"2013-03-19T00:00:00+00:00","dateModified":"2026-03-04T14:03:34+00:00","breadcrumb":{"@id":"https:\/\/staging.forenteforlag.no\/spartacus\/produkt\/ordbok-for-underklassen\/#breadcrumb"},"inLanguage":"nb-NO","potentialAction":[{"@type":"ReadAction","target":["https:\/\/staging.forenteforlag.no\/spartacus\/produkt\/ordbok-for-underklassen\/"]}]},{"@type":"ImageObject","inLanguage":"nb-NO","@id":"https:\/\/staging.forenteforlag.no\/spartacus\/produkt\/ordbok-for-underklassen\/#primaryimage","url":"https:\/\/staging.forenteforlag.no\/spartacus\/wp-content\/uploads\/sites\/6\/2026\/02\/9788243007079.jpg","contentUrl":"https:\/\/staging.forenteforlag.no\/spartacus\/wp-content\/uploads\/sites\/6\/2026\/02\/9788243007079.jpg","width":720,"height":1161},{"@type":"BreadcrumbList","@id":"https:\/\/staging.forenteforlag.no\/spartacus\/produkt\/ordbok-for-underklassen\/#breadcrumb","itemListElement":[{"@type":"ListItem","position":1,"name":"Hjem","item":"https:\/\/staging.forenteforlag.no\/spartacus\/"},{"@type":"ListItem","position":2,"name":"Alle b\u00f8ker","item":"https:\/\/staging.forenteforlag.no\/spartacus\/butikk\/"},{"@type":"ListItem","position":3,"name":"Ordbok for underklassen"}]},{"@type":"WebSite","@id":"https:\/\/staging.forenteforlag.no\/spartacus\/#website","url":"https:\/\/staging.forenteforlag.no\/spartacus\/","name":"Spartacus forlag","description":"","publisher":{"@id":"https:\/\/staging.forenteforlag.no\/spartacus\/#organization"},"potentialAction":[{"@type":"SearchAction","target":{"@type":"EntryPoint","urlTemplate":"https:\/\/staging.forenteforlag.no\/spartacus\/?s={search_term_string}"},"query-input":{"@type":"PropertyValueSpecification","valueRequired":true,"valueName":"search_term_string"}}],"inLanguage":"nb-NO"},{"@type":"Organization","@id":"https:\/\/staging.forenteforlag.no\/spartacus\/#organization","name":"Spartacus forlag","url":"https:\/\/staging.forenteforlag.no\/spartacus\/","logo":{"@type":"ImageObject","inLanguage":"nb-NO","@id":"https:\/\/staging.forenteforlag.no\/spartacus\/#\/schema\/logo\/image\/","url":"https:\/\/staging.forenteforlag.no\/spartacus\/wp-content\/uploads\/sites\/6\/2024\/09\/Spartacus_logo.svg","contentUrl":"https:\/\/staging.forenteforlag.no\/spartacus\/wp-content\/uploads\/sites\/6\/2024\/09\/Spartacus_logo.svg","width":100,"height":100,"caption":"Spartacus forlag"},"image":{"@id":"https:\/\/staging.forenteforlag.no\/spartacus\/#\/schema\/logo\/image\/"},"sameAs":["https:\/\/www.facebook.com\/SpartacusForlag"]}]}},"_links":{"self":[{"href":"https:\/\/staging.forenteforlag.no\/spartacus\/wp-json\/wp\/v2\/product\/21062","targetHints":{"allow":["GET"]}}],"collection":[{"href":"https:\/\/staging.forenteforlag.no\/spartacus\/wp-json\/wp\/v2\/product"}],"about":[{"href":"https:\/\/staging.forenteforlag.no\/spartacus\/wp-json\/wp\/v2\/types\/product"}],"wp:featuredmedia":[{"embeddable":true,"href":"https:\/\/staging.forenteforlag.no\/spartacus\/wp-json\/wp\/v2\/media\/26350"}],"wp:attachment":[{"href":"https:\/\/staging.forenteforlag.no\/spartacus\/wp-json\/wp\/v2\/media?parent=21062"}],"wp:term":[{"taxonomy":"product_brand","embeddable":true,"href":"https:\/\/staging.forenteforlag.no\/spartacus\/wp-json\/wp\/v2\/product_brand?post=21062"},{"taxonomy":"product_cat","embeddable":true,"href":"https:\/\/staging.forenteforlag.no\/spartacus\/wp-json\/wp\/v2\/product_cat?post=21062"},{"taxonomy":"product_tag","embeddable":true,"href":"https:\/\/staging.forenteforlag.no\/spartacus\/wp-json\/wp\/v2\/product_tag?post=21062"}],"curies":[{"name":"wp","href":"https:\/\/api.w.org\/{rel}","templated":true}]}}