{"id":20885,"date":"2024-12-11T01:09:49","date_gmt":"2024-12-11T00:09:49","guid":{"rendered":"https:\/\/spartacus.forenteforlag.no\/produkt\/jeg-vil-vaere-vaken-nar-jeg-dor\/"},"modified":"2026-03-03T19:34:32","modified_gmt":"2026-03-03T18:34:32","slug":"jeg-vil-vaere-vaken-nar-jeg-dor","status":"publish","type":"product","link":"https:\/\/staging.forenteforlag.no\/spartacus\/produkt\/jeg-vil-vaere-vaken-nar-jeg-dor\/","title":{"rendered":"Jeg vil v\u00e6re v\u00e5ken n\u00e5r jeg d\u00f8r!"},"content":{"rendered":"<p>Atef Abu Saif var tilfeldigvis i Gaza under den israelske inva\u00adsjonen h\u00f8sten 2023. Hver dag skrev han dagbok om hva han opplevde; om husene som ble lagt i ruiner, om vennene som d\u00f8de foran \u00f8ynene pa\u030a ham og om savnet av familien pa\u030a Vestbredden og lengselen tilbake til et normalt liv. Tekstene ble publisert i New York Times og Slate Magazine, og senere utgitt i bokform.&lt;br&gt;&lt;br&gt;Tekstene til Atef Abu Saif gir et rystende innblikk i hva som skjedde i disse h\u00f8stdagene, da store deler av Gaza ble lagt i ruiner og innbyggerne ble drevet pa\u030a flukt, for sa\u030a a\u030a bli samlet i flyktningleirer under uverdige forhold og med trusselen om n\u00e6r foresta\u030aende d\u00f8d hengende over seg.&lt;br&gt;&lt;br&gt;&lt;em&gt;Dette er en utgivelse til st\u00f8tte for Gazas herjede folk, hvor medvirkende til den norske utgaven har arbeidet pro bono, og hvor alt overskudd tilfaller NORWAC, som sender norske frivillige helsearbeidere for \u00e5 hjelpe.&lt;\/em&gt;&lt;br&gt;<\/p>\n","protected":false},"excerpt":{"rendered":"<p>Atef Abu Saif var tilfeldigvis i Gaza under den israelske inva\u00adsjonen h\u00f8sten 2023. Hver dag skrev han dagbok om hva han opplevde; om husene som ble lagt i ruiner, om vennene som d\u00f8de foran \u00f8ynene pa\u030a ham og om savnet av familien pa\u030a Vestbredden og lengselen tilbake til et normalt liv. Tekstene ble publisert i [&hellip;]<\/p>\n","protected":false},"featured_media":26797,"template":"","meta":{"_acf_changed":false,"inline_featured_image":false},"product_brand":[],"product_cat":[1786],"product_tag":[362],"class_list":{"0":"post-20885","1":"product","2":"type-product","3":"status-publish","4":"has-post-thumbnail","6":"product_cat-rabattkodekampanje","7":"product_tag-faglitteratur","9":"first","10":"instock","11":"shipping-taxable","12":"purchasable","13":"product-type-simple"},"acf":{"anmeldelse":null},"yoast_head":"<!-- This site is optimized with the Yoast SEO plugin v26.6 - https:\/\/yoast.com\/wordpress\/plugins\/seo\/ -->\n<title>Jeg vil v\u00e6re v\u00e5ken n\u00e5r jeg d\u00f8r! - Spartacus<\/title>\n<meta name=\"robots\" content=\"noindex, follow, max-snippet:-1, max-image-preview:large, max-video-preview:-1\" \/>\n<meta property=\"og:locale\" content=\"nb_NO\" \/>\n<meta property=\"og:type\" content=\"article\" \/>\n<meta property=\"og:title\" content=\"Jeg vil v\u00e6re v\u00e5ken n\u00e5r jeg d\u00f8r! - Spartacus\" \/>\n<meta property=\"og:description\" content=\"Atef Abu Saif var tilfeldigvis i Gaza under den israelske inva\u00adsjonen h\u00f8sten 2023. Hver dag skrev han dagbok om hva han opplevde; om husene som ble lagt i ruiner, om vennene som d\u00f8de foran \u00f8ynene pa\u030a ham og om savnet av familien pa\u030a Vestbredden og lengselen tilbake til et normalt liv. Tekstene ble publisert i [&hellip;]\" \/>\n<meta property=\"og:url\" content=\"https:\/\/staging.forenteforlag.no\/spartacus\/produkt\/jeg-vil-vaere-vaken-nar-jeg-dor\/\" \/>\n<meta property=\"og:site_name\" content=\"Spartacus\" \/>\n<meta property=\"article:publisher\" content=\"https:\/\/www.facebook.com\/SpartacusForlag\" \/>\n<meta property=\"article:modified_time\" content=\"2026-03-03T18:34:32+00:00\" \/>\n<meta property=\"og:image\" content=\"https:\/\/staging.forenteforlag.no\/spartacus\/wp-content\/uploads\/sites\/6\/2026\/03\/9788243016637.jpg\" \/>\n\t<meta property=\"og:image:width\" content=\"720\" \/>\n\t<meta property=\"og:image:height\" content=\"1122\" \/>\n\t<meta property=\"og:image:type\" content=\"image\/jpeg\" \/>\n<meta name=\"twitter:card\" content=\"summary_large_image\" \/>\n<meta name=\"twitter:label1\" content=\"Ansl. lesetid\" \/>\n\t<meta name=\"twitter:data1\" content=\"1 minutt\" \/>\n<script type=\"application\/ld+json\" class=\"yoast-schema-graph\">{\"@context\":\"https:\/\/schema.org\",\"@graph\":[{\"@type\":\"WebPage\",\"@id\":\"https:\/\/staging.forenteforlag.no\/spartacus\/produkt\/jeg-vil-vaere-vaken-nar-jeg-dor\/\",\"url\":\"https:\/\/staging.forenteforlag.no\/spartacus\/produkt\/jeg-vil-vaere-vaken-nar-jeg-dor\/\",\"name\":\"Jeg vil v\u00e6re v\u00e5ken n\u00e5r jeg d\u00f8r! - Spartacus\",\"isPartOf\":{\"@id\":\"https:\/\/staging.forenteforlag.no\/spartacus\/#website\"},\"primaryImageOfPage\":{\"@id\":\"https:\/\/staging.forenteforlag.no\/spartacus\/produkt\/jeg-vil-vaere-vaken-nar-jeg-dor\/#primaryimage\"},\"image\":{\"@id\":\"https:\/\/staging.forenteforlag.no\/spartacus\/produkt\/jeg-vil-vaere-vaken-nar-jeg-dor\/#primaryimage\"},\"thumbnailUrl\":\"https:\/\/staging.forenteforlag.no\/spartacus\/wp-content\/uploads\/sites\/6\/2026\/03\/9788243016637.jpg\",\"datePublished\":\"2024-12-11T00:09:49+00:00\",\"dateModified\":\"2026-03-03T18:34:32+00:00\",\"breadcrumb\":{\"@id\":\"https:\/\/staging.forenteforlag.no\/spartacus\/produkt\/jeg-vil-vaere-vaken-nar-jeg-dor\/#breadcrumb\"},\"inLanguage\":\"nb-NO\",\"potentialAction\":[{\"@type\":\"ReadAction\",\"target\":[\"https:\/\/staging.forenteforlag.no\/spartacus\/produkt\/jeg-vil-vaere-vaken-nar-jeg-dor\/\"]}]},{\"@type\":\"ImageObject\",\"inLanguage\":\"nb-NO\",\"@id\":\"https:\/\/staging.forenteforlag.no\/spartacus\/produkt\/jeg-vil-vaere-vaken-nar-jeg-dor\/#primaryimage\",\"url\":\"https:\/\/staging.forenteforlag.no\/spartacus\/wp-content\/uploads\/sites\/6\/2026\/03\/9788243016637.jpg\",\"contentUrl\":\"https:\/\/staging.forenteforlag.no\/spartacus\/wp-content\/uploads\/sites\/6\/2026\/03\/9788243016637.jpg\",\"width\":720,\"height\":1122},{\"@type\":\"BreadcrumbList\",\"@id\":\"https:\/\/staging.forenteforlag.no\/spartacus\/produkt\/jeg-vil-vaere-vaken-nar-jeg-dor\/#breadcrumb\",\"itemListElement\":[{\"@type\":\"ListItem\",\"position\":1,\"name\":\"Hjem\",\"item\":\"https:\/\/staging.forenteforlag.no\/spartacus\/\"},{\"@type\":\"ListItem\",\"position\":2,\"name\":\"Alle b\u00f8ker\",\"item\":\"https:\/\/staging.forenteforlag.no\/spartacus\/butikk\/\"},{\"@type\":\"ListItem\",\"position\":3,\"name\":\"Jeg vil v\u00e6re v\u00e5ken n\u00e5r jeg d\u00f8r!\"}]},{\"@type\":\"WebSite\",\"@id\":\"https:\/\/staging.forenteforlag.no\/spartacus\/#website\",\"url\":\"https:\/\/staging.forenteforlag.no\/spartacus\/\",\"name\":\"Spartacus forlag\",\"description\":\"\",\"publisher\":{\"@id\":\"https:\/\/staging.forenteforlag.no\/spartacus\/#organization\"},\"potentialAction\":[{\"@type\":\"SearchAction\",\"target\":{\"@type\":\"EntryPoint\",\"urlTemplate\":\"https:\/\/staging.forenteforlag.no\/spartacus\/?s={search_term_string}\"},\"query-input\":{\"@type\":\"PropertyValueSpecification\",\"valueRequired\":true,\"valueName\":\"search_term_string\"}}],\"inLanguage\":\"nb-NO\"},{\"@type\":\"Organization\",\"@id\":\"https:\/\/staging.forenteforlag.no\/spartacus\/#organization\",\"name\":\"Spartacus forlag\",\"url\":\"https:\/\/staging.forenteforlag.no\/spartacus\/\",\"logo\":{\"@type\":\"ImageObject\",\"inLanguage\":\"nb-NO\",\"@id\":\"https:\/\/staging.forenteforlag.no\/spartacus\/#\/schema\/logo\/image\/\",\"url\":\"https:\/\/staging.forenteforlag.no\/spartacus\/wp-content\/uploads\/sites\/6\/2024\/09\/Spartacus_logo.svg\",\"contentUrl\":\"https:\/\/staging.forenteforlag.no\/spartacus\/wp-content\/uploads\/sites\/6\/2024\/09\/Spartacus_logo.svg\",\"width\":100,\"height\":100,\"caption\":\"Spartacus forlag\"},\"image\":{\"@id\":\"https:\/\/staging.forenteforlag.no\/spartacus\/#\/schema\/logo\/image\/\"},\"sameAs\":[\"https:\/\/www.facebook.com\/SpartacusForlag\"]}]}<\/script>\n<!-- \/ Yoast SEO plugin. -->","yoast_head_json":{"title":"Jeg vil v\u00e6re v\u00e5ken n\u00e5r jeg d\u00f8r! - Spartacus","robots":{"index":"noindex","follow":"follow","max-snippet":"max-snippet:-1","max-image-preview":"max-image-preview:large","max-video-preview":"max-video-preview:-1"},"og_locale":"nb_NO","og_type":"article","og_title":"Jeg vil v\u00e6re v\u00e5ken n\u00e5r jeg d\u00f8r! - Spartacus","og_description":"Atef Abu Saif var tilfeldigvis i Gaza under den israelske inva\u00adsjonen h\u00f8sten 2023. Hver dag skrev han dagbok om hva han opplevde; om husene som ble lagt i ruiner, om vennene som d\u00f8de foran \u00f8ynene pa\u030a ham og om savnet av familien pa\u030a Vestbredden og lengselen tilbake til et normalt liv. Tekstene ble publisert i [&hellip;]","og_url":"https:\/\/staging.forenteforlag.no\/spartacus\/produkt\/jeg-vil-vaere-vaken-nar-jeg-dor\/","og_site_name":"Spartacus","article_publisher":"https:\/\/www.facebook.com\/SpartacusForlag","article_modified_time":"2026-03-03T18:34:32+00:00","og_image":[{"width":720,"height":1122,"url":"https:\/\/staging.forenteforlag.no\/spartacus\/wp-content\/uploads\/sites\/6\/2026\/03\/9788243016637.jpg","type":"image\/jpeg"}],"twitter_card":"summary_large_image","twitter_misc":{"Ansl. lesetid":"1 minutt"},"schema":{"@context":"https:\/\/schema.org","@graph":[{"@type":"WebPage","@id":"https:\/\/staging.forenteforlag.no\/spartacus\/produkt\/jeg-vil-vaere-vaken-nar-jeg-dor\/","url":"https:\/\/staging.forenteforlag.no\/spartacus\/produkt\/jeg-vil-vaere-vaken-nar-jeg-dor\/","name":"Jeg vil v\u00e6re v\u00e5ken n\u00e5r jeg d\u00f8r! - Spartacus","isPartOf":{"@id":"https:\/\/staging.forenteforlag.no\/spartacus\/#website"},"primaryImageOfPage":{"@id":"https:\/\/staging.forenteforlag.no\/spartacus\/produkt\/jeg-vil-vaere-vaken-nar-jeg-dor\/#primaryimage"},"image":{"@id":"https:\/\/staging.forenteforlag.no\/spartacus\/produkt\/jeg-vil-vaere-vaken-nar-jeg-dor\/#primaryimage"},"thumbnailUrl":"https:\/\/staging.forenteforlag.no\/spartacus\/wp-content\/uploads\/sites\/6\/2026\/03\/9788243016637.jpg","datePublished":"2024-12-11T00:09:49+00:00","dateModified":"2026-03-03T18:34:32+00:00","breadcrumb":{"@id":"https:\/\/staging.forenteforlag.no\/spartacus\/produkt\/jeg-vil-vaere-vaken-nar-jeg-dor\/#breadcrumb"},"inLanguage":"nb-NO","potentialAction":[{"@type":"ReadAction","target":["https:\/\/staging.forenteforlag.no\/spartacus\/produkt\/jeg-vil-vaere-vaken-nar-jeg-dor\/"]}]},{"@type":"ImageObject","inLanguage":"nb-NO","@id":"https:\/\/staging.forenteforlag.no\/spartacus\/produkt\/jeg-vil-vaere-vaken-nar-jeg-dor\/#primaryimage","url":"https:\/\/staging.forenteforlag.no\/spartacus\/wp-content\/uploads\/sites\/6\/2026\/03\/9788243016637.jpg","contentUrl":"https:\/\/staging.forenteforlag.no\/spartacus\/wp-content\/uploads\/sites\/6\/2026\/03\/9788243016637.jpg","width":720,"height":1122},{"@type":"BreadcrumbList","@id":"https:\/\/staging.forenteforlag.no\/spartacus\/produkt\/jeg-vil-vaere-vaken-nar-jeg-dor\/#breadcrumb","itemListElement":[{"@type":"ListItem","position":1,"name":"Hjem","item":"https:\/\/staging.forenteforlag.no\/spartacus\/"},{"@type":"ListItem","position":2,"name":"Alle b\u00f8ker","item":"https:\/\/staging.forenteforlag.no\/spartacus\/butikk\/"},{"@type":"ListItem","position":3,"name":"Jeg vil v\u00e6re v\u00e5ken n\u00e5r jeg d\u00f8r!"}]},{"@type":"WebSite","@id":"https:\/\/staging.forenteforlag.no\/spartacus\/#website","url":"https:\/\/staging.forenteforlag.no\/spartacus\/","name":"Spartacus forlag","description":"","publisher":{"@id":"https:\/\/staging.forenteforlag.no\/spartacus\/#organization"},"potentialAction":[{"@type":"SearchAction","target":{"@type":"EntryPoint","urlTemplate":"https:\/\/staging.forenteforlag.no\/spartacus\/?s={search_term_string}"},"query-input":{"@type":"PropertyValueSpecification","valueRequired":true,"valueName":"search_term_string"}}],"inLanguage":"nb-NO"},{"@type":"Organization","@id":"https:\/\/staging.forenteforlag.no\/spartacus\/#organization","name":"Spartacus forlag","url":"https:\/\/staging.forenteforlag.no\/spartacus\/","logo":{"@type":"ImageObject","inLanguage":"nb-NO","@id":"https:\/\/staging.forenteforlag.no\/spartacus\/#\/schema\/logo\/image\/","url":"https:\/\/staging.forenteforlag.no\/spartacus\/wp-content\/uploads\/sites\/6\/2024\/09\/Spartacus_logo.svg","contentUrl":"https:\/\/staging.forenteforlag.no\/spartacus\/wp-content\/uploads\/sites\/6\/2024\/09\/Spartacus_logo.svg","width":100,"height":100,"caption":"Spartacus forlag"},"image":{"@id":"https:\/\/staging.forenteforlag.no\/spartacus\/#\/schema\/logo\/image\/"},"sameAs":["https:\/\/www.facebook.com\/SpartacusForlag"]}]}},"_links":{"self":[{"href":"https:\/\/staging.forenteforlag.no\/spartacus\/wp-json\/wp\/v2\/product\/20885","targetHints":{"allow":["GET"]}}],"collection":[{"href":"https:\/\/staging.forenteforlag.no\/spartacus\/wp-json\/wp\/v2\/product"}],"about":[{"href":"https:\/\/staging.forenteforlag.no\/spartacus\/wp-json\/wp\/v2\/types\/product"}],"wp:featuredmedia":[{"embeddable":true,"href":"https:\/\/staging.forenteforlag.no\/spartacus\/wp-json\/wp\/v2\/media\/26797"}],"wp:attachment":[{"href":"https:\/\/staging.forenteforlag.no\/spartacus\/wp-json\/wp\/v2\/media?parent=20885"}],"wp:term":[{"taxonomy":"product_brand","embeddable":true,"href":"https:\/\/staging.forenteforlag.no\/spartacus\/wp-json\/wp\/v2\/product_brand?post=20885"},{"taxonomy":"product_cat","embeddable":true,"href":"https:\/\/staging.forenteforlag.no\/spartacus\/wp-json\/wp\/v2\/product_cat?post=20885"},{"taxonomy":"product_tag","embeddable":true,"href":"https:\/\/staging.forenteforlag.no\/spartacus\/wp-json\/wp\/v2\/product_tag?post=20885"}],"curies":[{"name":"wp","href":"https:\/\/api.w.org\/{rel}","templated":true}]}}

Jeg vil være våken når jeg dør!

<p>Atef Abu Saif var tilfeldigvis i Gaza under den israelske inva­sjonen høsten 2023. Hver dag skrev han dagbok om hva han opplevde; om husene som ble lagt i ruiner, om vennene som døde foran øynene på ham og om savnet av familien på Vestbredden og lengselen tilbake til et normalt liv. Tekstene ble publisert i New York Times og Slate Magazine, og senere utgitt i bokform.&lt;br&gt;&lt;br&gt;Tekstene til Atef Abu Saif gir et rystende innblikk i hva som skjedde i disse høstdagene, da store deler av Gaza ble lagt i ruiner og innbyggerne ble drevet på flukt, for så å bli samlet i flyktningleirer under uverdige forhold og med trusselen om nær forestående død hengende over seg.&lt;br&gt;&lt;br&gt;&lt;em&gt;Dette er en utgivelse til støtte for Gazas herjede folk, hvor medvirkende til den norske utgaven har arbeidet pro bono, og hvor alt overskudd tilfaller NORWAC, som sender norske frivillige helsearbeidere for å hjelpe.&lt;/em&gt;&lt;br&gt;</p>

<p>Atef Abu Saif var tilfeldigvis i Gaza under den israelske inva­sjonen høsten 2023. Hver dag skrev han dagbok om hva han opplevde; om husene som ble lagt i ruiner, om vennene som døde foran øynene på ham og om savnet av familien på Vestbredden og lengselen tilbake til et normalt liv. Tekstene ble publisert i [&hellip;]</p>

<!-- This site is optimized with the Yoast SEO plugin v26.6 - https://yoast.com/wordpress/plugins/seo/ -->
<title>Jeg vil være våken når jeg dør! - Spartacus</title>
<meta name="robots" content="noindex, follow, max-snippet:-1, max-image-preview:large, max-video-preview:-1" />
<meta property="og:locale" content="nb_NO" />
<meta property="og:type" content="article" />
<meta property="og:title" content="Jeg vil være våken når jeg dør! - Spartacus" />
<meta property="og:description" content="Atef Abu Saif var tilfeldigvis i Gaza under den israelske inva­sjonen høsten 2023. Hver dag skrev han dagbok om hva han opplevde; om husene som ble lagt i ruiner, om vennene som døde foran øynene på ham og om savnet av familien på Vestbredden og lengselen tilbake til et normalt liv. Tekstene ble publisert i [&hellip;]" />
<meta property="og:url" content="https://staging.forenteforlag.no/spartacus/produkt/jeg-vil-vaere-vaken-nar-jeg-dor/" />
<meta property="og:site_name" content="Spartacus" />
<meta property="article:publisher" content="https://www.facebook.com/SpartacusForlag" />
<meta property="article:modified_time" content="2026-03-03T18:34:32+00:00" />
<meta property="og:image" content="https://staging.forenteforlag.no/spartacus/wp-content/uploads/sites/6/2026/03/9788243016637.jpg" />
	<meta property="og:image:width" content="720" />
	<meta property="og:image:height" content="1122" />
	<meta property="og:image:type" content="image/jpeg" />
<meta name="twitter:card" content="summary_large_image" />
<meta name="twitter:label1" content="Ansl. lesetid" />
	<meta name="twitter:data1" content="1 minutt" />
<script type="application/ld+json" class="yoast-schema-graph">{"@context":"https://schema.org","@graph":[{"@type":"WebPage","@id":"https://staging.forenteforlag.no/spartacus/produkt/jeg-vil-vaere-vaken-nar-jeg-dor/","url":"https://staging.forenteforlag.no/spartacus/produkt/jeg-vil-vaere-vaken-nar-jeg-dor/","name":"Jeg vil være våken når jeg dør! - Spartacus","isPartOf":{"@id":"https://staging.forenteforlag.no/spartacus/#website"},"primaryImageOfPage":{"@id":"https://staging.forenteforlag.no/spartacus/produkt/jeg-vil-vaere-vaken-nar-jeg-dor/#primaryimage"},"image":{"@id":"https://staging.forenteforlag.no/spartacus/produkt/jeg-vil-vaere-vaken-nar-jeg-dor/#primaryimage"},"thumbnailUrl":"https://staging.forenteforlag.no/spartacus/wp-content/uploads/sites/6/2026/03/9788243016637.jpg","datePublished":"2024-12-11T00:09:49+00:00","dateModified":"2026-03-03T18:34:32+00:00","breadcrumb":{"@id":"https://staging.forenteforlag.no/spartacus/produkt/jeg-vil-vaere-vaken-nar-jeg-dor/#breadcrumb"},"inLanguage":"nb-NO","potentialAction":[{"@type":"ReadAction","target":["https://staging.forenteforlag.no/spartacus/produkt/jeg-vil-vaere-vaken-nar-jeg-dor/"]}]},{"@type":"ImageObject","inLanguage":"nb-NO","@id":"https://staging.forenteforlag.no/spartacus/produkt/jeg-vil-vaere-vaken-nar-jeg-dor/#primaryimage","url":"https://staging.forenteforlag.no/spartacus/wp-content/uploads/sites/6/2026/03/9788243016637.jpg","contentUrl":"https://staging.forenteforlag.no/spartacus/wp-content/uploads/sites/6/2026/03/9788243016637.jpg","width":720,"height":1122},{"@type":"BreadcrumbList","@id":"https://staging.forenteforlag.no/spartacus/produkt/jeg-vil-vaere-vaken-nar-jeg-dor/#breadcrumb","itemListElement":[{"@type":"ListItem","position":1,"name":"Hjem","item":"https://staging.forenteforlag.no/spartacus/"},{"@type":"ListItem","position":2,"name":"Alle bøker","item":"https://staging.forenteforlag.no/spartacus/butikk/"},{"@type":"ListItem","position":3,"name":"Jeg vil være våken når jeg dør!"}]},{"@type":"WebSite","@id":"https://staging.forenteforlag.no/spartacus/#website","url":"https://staging.forenteforlag.no/spartacus/","name":"Spartacus forlag","description":"","publisher":{"@id":"https://staging.forenteforlag.no/spartacus/#organization"},"potentialAction":[{"@type":"SearchAction","target":{"@type":"EntryPoint","urlTemplate":"https://staging.forenteforlag.no/spartacus/?s={search_term_string}"},"query-input":{"@type":"PropertyValueSpecification","valueRequired":true,"valueName":"search_term_string"}}],"inLanguage":"nb-NO"},{"@type":"Organization","@id":"https://staging.forenteforlag.no/spartacus/#organization","name":"Spartacus forlag","url":"https://staging.forenteforlag.no/spartacus/","logo":{"@type":"ImageObject","inLanguage":"nb-NO","@id":"https://staging.forenteforlag.no/spartacus/#/schema/logo/image/","url":"https://staging.forenteforlag.no/spartacus/wp-content/uploads/sites/6/2024/09/Spartacus_logo.svg","contentUrl":"https://staging.forenteforlag.no/spartacus/wp-content/uploads/sites/6/2024/09/Spartacus_logo.svg","width":100,"height":100,"caption":"Spartacus forlag"},"image":{"@id":"https://staging.forenteforlag.no/spartacus/#/schema/logo/image/"},"sameAs":["https://www.facebook.com/SpartacusForlag"]}]}</script>
<!-- / Yoast SEO plugin. -->

Jeg vil være våken når jeg dør! - Spartacus

Atef Abu Saif var tilfeldigvis i Gaza under den israelske inva­sjonen høsten 2023. Hver dag skrev han dagbok om hva han opplevde; om husene som ble lagt i ruiner, om vennene som døde foran øynene på ham og om savnet av familien på Vestbredden og lengselen tilbake til et normalt liv. Tekstene ble publisert i [&hellip;]

Alle bøker
