{"id":20817,"date":"2018-08-22T02:00:00","date_gmt":"2018-08-22T00:00:00","guid":{"rendered":"https:\/\/spartacus.forenteforlag.no\/produkt\/brev-til-en-ufodt-datter-2\/"},"modified":"2026-03-04T15:19:50","modified_gmt":"2026-03-04T14:19:50","slug":"brev-til-en-ufodt-datter-2","status":"publish","type":"product","link":"https:\/\/staging.forenteforlag.no\/spartacus\/produkt\/brev-til-en-ufodt-datter-2\/","title":{"rendered":"Brev til en uf\u00f8dt datter"},"content":{"rendered":"<p>I form av et brev til en tenkt datter skriver Anne Bitsch om kvinners lengsel etter frihet. Med utgangspunkt i sin egen historie og forskning dr\u00f8fter hun tema som kroppslig s\u00e5rbarhet, ansvar, skam og hvordan man kan reise seg etter overgrep. <\/p>\n<p>Med #metoo og #jegharopplevd har vi som samfunn f\u00e5tt st\u00f8rre bevissthet rundt seksuell trakassering og vold. Men hvor frigj\u00f8rende er det egentlig \u00e5 st\u00e5 fram med sine historier i offentligheten? Hvilket potensial for fortsatt undertrykking oppst\u00e5r idet historiene overtas av media og rettssystemet? Hvordan kan kampen tas videre? <\/p>\n<p>Dette er en en bok om raseriet over \u00e5 bli fortalt at man er likestilt og har alle muligheter, men erfare at dette definitivt ikke gjelder med hensyn til det mest intime vi har &#8211; v\u00e5r seksualitet. F\u00f8rst og fremst er det et kampskrift for tillit mellom menn og kvinner, som oppfordrer alle kvinner til \u00e5 stole p\u00e5 sine dr\u00f8mmer og sitt begj\u00e6r.<\/p>\n","protected":false},"excerpt":{"rendered":"<p>I form av et brev til en tenkt datter skriver Anne Bitsch om kvinners lengsel etter frihet. Med utgangspunkt i sin egen historie og forskning dr\u00f8fter hun tema som kroppslig s\u00e5rbarhet, ansvar, skam og hvordan man kan reise seg etter overgrep. Med #metoo og #jegharopplevd har vi som samfunn f\u00e5tt st\u00f8rre bevissthet rundt seksuell trakassering [&hellip;]<\/p>\n","protected":false},"featured_media":26565,"template":"","meta":{"_acf_changed":false,"inline_featured_image":false},"product_brand":[],"product_cat":[1786],"product_tag":[362,379,1103,740],"class_list":{"0":"post-20817","1":"product","2":"type-product","3":"status-publish","4":"has-post-thumbnail","6":"product_cat-rabattkodekampanje","7":"product_tag-faglitteratur","8":"product_tag-feminisme","9":"product_tag-seksuell-trakassering","10":"product_tag-seksuelle-overgrep","12":"first","13":"instock","14":"shipping-taxable","15":"purchasable","16":"product-type-simple"},"acf":{"anmeldelse":[{"tekst_anmeldelser":"\u00abAnne Bitsch har skrevet en bok som er medrivende og klok, harmdirrende og f\u00f8lsom. \u2026 Boken er preget av bevegelser mellom det dypt personlige og det intellektuelle. Den er skrevet av en b\u00e5de tenkende og f\u00f8lende forfatter. \u2026 Bitsch skriver klokt og tankevekkende om kvinner i dag, om moderne likestilling og om overgrepene som fortsetter \u00e5 skje, p\u00e5 tross av all likestillingen vi forestiller oss at vi har oppn\u00e5dd. Tekstene hennes dirrer av raseri og sorg, av engasjement og empati. \u2026 Jeg h\u00e5per Bitsch aldri slutter \u00e5 protestere mot urett i dette fellesskapet vi kaller det norske, for jeg tror b\u00f8kene hennes virkelig trengs \u2013 dessverre.\u00bb","av_anmeldelser":"Hilde \u00d8stby","terningkast":false,"kilde":"Aftenposten"},{"tekst_anmeldelser":"\u00abAnne Bitsch argumenterer intenst, personleg og overtydande om at svaret p\u00e5 #metoo-utfordringane ligg i eit end\u00e5 friare samfunn, der me m\u00f8ter kvarandre med tillit, respekt og lyttande interesse, ikkje med meir disiplinering og strengare reglar.\u00bb","av_anmeldelser":"Tom Hetland","terningkast":"<i class=\"fa-solid fa-dice-five\"><\/i>","kilde":"Stavanger Aftenblad"},{"tekst_anmeldelser":"\u00abAnne Bitsch' nye bok er en bok som det er all grunn til \u00e5 oppfordre unge kvinner \u2013 og andre kvinner \u2013 til \u00e5 lese. \u2026 en nyttig og l\u00e6rerik bok\u00bb","av_anmeldelser":"Guri Hjeltnes","terningkast":false,"kilde":"VG"},{"tekst_anmeldelser":"\u00abMed en unik blanding av forskningsformidling, analyse og egne erfaringer tar Anne Bitsch metoo-samtalen videre. \u2026 Bitsch beveger seg imponerende ubesv\u00e6ret mellom de ulike niv\u00e5ene i teksten. Forskningsformidlingen er glitrende lesning, skildringene av \u00e5 finne igjen lysten er r\u00f8rende, \u00f8mme. \u2026 Alle unge jenter burde f\u00e5 l\u00e5ne Bitsch som mor. Heldigvis finnes denne boken. \u2026 Brev til en uf\u00f8dt datter er uten tvil et viktig bidrag i en st\u00f8rre diskusjon om kj\u00f8nn, seksualitet og makt i dagens Norge.\u00bb","av_anmeldelser":"Tonje Vold","terningkast":false,"kilde":"Morgenbladet"}]},"yoast_head":"<!-- This site is optimized with the Yoast SEO plugin v26.6 - https:\/\/yoast.com\/wordpress\/plugins\/seo\/ -->\n<title>Brev til en uf\u00f8dt datter - Spartacus<\/title>\n<meta name=\"robots\" content=\"noindex, follow, max-snippet:-1, max-image-preview:large, max-video-preview:-1\" \/>\n<meta property=\"og:locale\" content=\"nb_NO\" \/>\n<meta property=\"og:type\" content=\"article\" \/>\n<meta property=\"og:title\" content=\"Brev til en uf\u00f8dt datter - Spartacus\" \/>\n<meta property=\"og:description\" content=\"I form av et brev til en tenkt datter skriver Anne Bitsch om kvinners lengsel etter frihet. Med utgangspunkt i sin egen historie og forskning dr\u00f8fter hun tema som kroppslig s\u00e5rbarhet, ansvar, skam og hvordan man kan reise seg etter overgrep. Med #metoo og #jegharopplevd har vi som samfunn f\u00e5tt st\u00f8rre bevissthet rundt seksuell trakassering [&hellip;]\" \/>\n<meta property=\"og:url\" content=\"https:\/\/staging.forenteforlag.no\/spartacus\/produkt\/brev-til-en-ufodt-datter-2\/\" \/>\n<meta property=\"og:site_name\" content=\"Spartacus\" \/>\n<meta property=\"article:publisher\" content=\"https:\/\/www.facebook.com\/SpartacusForlag\" \/>\n<meta property=\"article:modified_time\" content=\"2026-03-04T14:19:50+00:00\" \/>\n<meta property=\"og:image\" content=\"https:\/\/staging.forenteforlag.no\/spartacus\/wp-content\/uploads\/sites\/6\/2026\/02\/9788243011977.jpg\" \/>\n\t<meta property=\"og:image:width\" content=\"720\" \/>\n\t<meta property=\"og:image:height\" content=\"1065\" \/>\n\t<meta property=\"og:image:type\" content=\"image\/jpeg\" \/>\n<meta name=\"twitter:card\" content=\"summary_large_image\" \/>\n<meta name=\"twitter:label1\" content=\"Ansl. lesetid\" \/>\n\t<meta name=\"twitter:data1\" content=\"1 minutt\" \/>\n<script type=\"application\/ld+json\" class=\"yoast-schema-graph\">{\"@context\":\"https:\/\/schema.org\",\"@graph\":[{\"@type\":\"WebPage\",\"@id\":\"https:\/\/staging.forenteforlag.no\/spartacus\/produkt\/brev-til-en-ufodt-datter-2\/\",\"url\":\"https:\/\/staging.forenteforlag.no\/spartacus\/produkt\/brev-til-en-ufodt-datter-2\/\",\"name\":\"Brev til en uf\u00f8dt datter - Spartacus\",\"isPartOf\":{\"@id\":\"https:\/\/staging.forenteforlag.no\/spartacus\/#website\"},\"primaryImageOfPage\":{\"@id\":\"https:\/\/staging.forenteforlag.no\/spartacus\/produkt\/brev-til-en-ufodt-datter-2\/#primaryimage\"},\"image\":{\"@id\":\"https:\/\/staging.forenteforlag.no\/spartacus\/produkt\/brev-til-en-ufodt-datter-2\/#primaryimage\"},\"thumbnailUrl\":\"https:\/\/staging.forenteforlag.no\/spartacus\/wp-content\/uploads\/sites\/6\/2026\/02\/9788243011977.jpg\",\"datePublished\":\"2018-08-22T00:00:00+00:00\",\"dateModified\":\"2026-03-04T14:19:50+00:00\",\"breadcrumb\":{\"@id\":\"https:\/\/staging.forenteforlag.no\/spartacus\/produkt\/brev-til-en-ufodt-datter-2\/#breadcrumb\"},\"inLanguage\":\"nb-NO\",\"potentialAction\":[{\"@type\":\"ReadAction\",\"target\":[\"https:\/\/staging.forenteforlag.no\/spartacus\/produkt\/brev-til-en-ufodt-datter-2\/\"]}]},{\"@type\":\"ImageObject\",\"inLanguage\":\"nb-NO\",\"@id\":\"https:\/\/staging.forenteforlag.no\/spartacus\/produkt\/brev-til-en-ufodt-datter-2\/#primaryimage\",\"url\":\"https:\/\/staging.forenteforlag.no\/spartacus\/wp-content\/uploads\/sites\/6\/2026\/02\/9788243011977.jpg\",\"contentUrl\":\"https:\/\/staging.forenteforlag.no\/spartacus\/wp-content\/uploads\/sites\/6\/2026\/02\/9788243011977.jpg\",\"width\":720,\"height\":1065},{\"@type\":\"BreadcrumbList\",\"@id\":\"https:\/\/staging.forenteforlag.no\/spartacus\/produkt\/brev-til-en-ufodt-datter-2\/#breadcrumb\",\"itemListElement\":[{\"@type\":\"ListItem\",\"position\":1,\"name\":\"Hjem\",\"item\":\"https:\/\/staging.forenteforlag.no\/spartacus\/\"},{\"@type\":\"ListItem\",\"position\":2,\"name\":\"Alle b\u00f8ker\",\"item\":\"https:\/\/staging.forenteforlag.no\/spartacus\/butikk\/\"},{\"@type\":\"ListItem\",\"position\":3,\"name\":\"Brev til en uf\u00f8dt datter\"}]},{\"@type\":\"WebSite\",\"@id\":\"https:\/\/staging.forenteforlag.no\/spartacus\/#website\",\"url\":\"https:\/\/staging.forenteforlag.no\/spartacus\/\",\"name\":\"Spartacus forlag\",\"description\":\"\",\"publisher\":{\"@id\":\"https:\/\/staging.forenteforlag.no\/spartacus\/#organization\"},\"potentialAction\":[{\"@type\":\"SearchAction\",\"target\":{\"@type\":\"EntryPoint\",\"urlTemplate\":\"https:\/\/staging.forenteforlag.no\/spartacus\/?s={search_term_string}\"},\"query-input\":{\"@type\":\"PropertyValueSpecification\",\"valueRequired\":true,\"valueName\":\"search_term_string\"}}],\"inLanguage\":\"nb-NO\"},{\"@type\":\"Organization\",\"@id\":\"https:\/\/staging.forenteforlag.no\/spartacus\/#organization\",\"name\":\"Spartacus forlag\",\"url\":\"https:\/\/staging.forenteforlag.no\/spartacus\/\",\"logo\":{\"@type\":\"ImageObject\",\"inLanguage\":\"nb-NO\",\"@id\":\"https:\/\/staging.forenteforlag.no\/spartacus\/#\/schema\/logo\/image\/\",\"url\":\"https:\/\/staging.forenteforlag.no\/spartacus\/wp-content\/uploads\/sites\/6\/2024\/09\/Spartacus_logo.svg\",\"contentUrl\":\"https:\/\/staging.forenteforlag.no\/spartacus\/wp-content\/uploads\/sites\/6\/2024\/09\/Spartacus_logo.svg\",\"width\":100,\"height\":100,\"caption\":\"Spartacus forlag\"},\"image\":{\"@id\":\"https:\/\/staging.forenteforlag.no\/spartacus\/#\/schema\/logo\/image\/\"},\"sameAs\":[\"https:\/\/www.facebook.com\/SpartacusForlag\"]}]}<\/script>\n<!-- \/ Yoast SEO plugin. -->","yoast_head_json":{"title":"Brev til en uf\u00f8dt datter - Spartacus","robots":{"index":"noindex","follow":"follow","max-snippet":"max-snippet:-1","max-image-preview":"max-image-preview:large","max-video-preview":"max-video-preview:-1"},"og_locale":"nb_NO","og_type":"article","og_title":"Brev til en uf\u00f8dt datter - Spartacus","og_description":"I form av et brev til en tenkt datter skriver Anne Bitsch om kvinners lengsel etter frihet. Med utgangspunkt i sin egen historie og forskning dr\u00f8fter hun tema som kroppslig s\u00e5rbarhet, ansvar, skam og hvordan man kan reise seg etter overgrep. Med #metoo og #jegharopplevd har vi som samfunn f\u00e5tt st\u00f8rre bevissthet rundt seksuell trakassering [&hellip;]","og_url":"https:\/\/staging.forenteforlag.no\/spartacus\/produkt\/brev-til-en-ufodt-datter-2\/","og_site_name":"Spartacus","article_publisher":"https:\/\/www.facebook.com\/SpartacusForlag","article_modified_time":"2026-03-04T14:19:50+00:00","og_image":[{"width":720,"height":1065,"url":"https:\/\/staging.forenteforlag.no\/spartacus\/wp-content\/uploads\/sites\/6\/2026\/02\/9788243011977.jpg","type":"image\/jpeg"}],"twitter_card":"summary_large_image","twitter_misc":{"Ansl. lesetid":"1 minutt"},"schema":{"@context":"https:\/\/schema.org","@graph":[{"@type":"WebPage","@id":"https:\/\/staging.forenteforlag.no\/spartacus\/produkt\/brev-til-en-ufodt-datter-2\/","url":"https:\/\/staging.forenteforlag.no\/spartacus\/produkt\/brev-til-en-ufodt-datter-2\/","name":"Brev til en uf\u00f8dt datter - Spartacus","isPartOf":{"@id":"https:\/\/staging.forenteforlag.no\/spartacus\/#website"},"primaryImageOfPage":{"@id":"https:\/\/staging.forenteforlag.no\/spartacus\/produkt\/brev-til-en-ufodt-datter-2\/#primaryimage"},"image":{"@id":"https:\/\/staging.forenteforlag.no\/spartacus\/produkt\/brev-til-en-ufodt-datter-2\/#primaryimage"},"thumbnailUrl":"https:\/\/staging.forenteforlag.no\/spartacus\/wp-content\/uploads\/sites\/6\/2026\/02\/9788243011977.jpg","datePublished":"2018-08-22T00:00:00+00:00","dateModified":"2026-03-04T14:19:50+00:00","breadcrumb":{"@id":"https:\/\/staging.forenteforlag.no\/spartacus\/produkt\/brev-til-en-ufodt-datter-2\/#breadcrumb"},"inLanguage":"nb-NO","potentialAction":[{"@type":"ReadAction","target":["https:\/\/staging.forenteforlag.no\/spartacus\/produkt\/brev-til-en-ufodt-datter-2\/"]}]},{"@type":"ImageObject","inLanguage":"nb-NO","@id":"https:\/\/staging.forenteforlag.no\/spartacus\/produkt\/brev-til-en-ufodt-datter-2\/#primaryimage","url":"https:\/\/staging.forenteforlag.no\/spartacus\/wp-content\/uploads\/sites\/6\/2026\/02\/9788243011977.jpg","contentUrl":"https:\/\/staging.forenteforlag.no\/spartacus\/wp-content\/uploads\/sites\/6\/2026\/02\/9788243011977.jpg","width":720,"height":1065},{"@type":"BreadcrumbList","@id":"https:\/\/staging.forenteforlag.no\/spartacus\/produkt\/brev-til-en-ufodt-datter-2\/#breadcrumb","itemListElement":[{"@type":"ListItem","position":1,"name":"Hjem","item":"https:\/\/staging.forenteforlag.no\/spartacus\/"},{"@type":"ListItem","position":2,"name":"Alle b\u00f8ker","item":"https:\/\/staging.forenteforlag.no\/spartacus\/butikk\/"},{"@type":"ListItem","position":3,"name":"Brev til en uf\u00f8dt datter"}]},{"@type":"WebSite","@id":"https:\/\/staging.forenteforlag.no\/spartacus\/#website","url":"https:\/\/staging.forenteforlag.no\/spartacus\/","name":"Spartacus forlag","description":"","publisher":{"@id":"https:\/\/staging.forenteforlag.no\/spartacus\/#organization"},"potentialAction":[{"@type":"SearchAction","target":{"@type":"EntryPoint","urlTemplate":"https:\/\/staging.forenteforlag.no\/spartacus\/?s={search_term_string}"},"query-input":{"@type":"PropertyValueSpecification","valueRequired":true,"valueName":"search_term_string"}}],"inLanguage":"nb-NO"},{"@type":"Organization","@id":"https:\/\/staging.forenteforlag.no\/spartacus\/#organization","name":"Spartacus forlag","url":"https:\/\/staging.forenteforlag.no\/spartacus\/","logo":{"@type":"ImageObject","inLanguage":"nb-NO","@id":"https:\/\/staging.forenteforlag.no\/spartacus\/#\/schema\/logo\/image\/","url":"https:\/\/staging.forenteforlag.no\/spartacus\/wp-content\/uploads\/sites\/6\/2024\/09\/Spartacus_logo.svg","contentUrl":"https:\/\/staging.forenteforlag.no\/spartacus\/wp-content\/uploads\/sites\/6\/2024\/09\/Spartacus_logo.svg","width":100,"height":100,"caption":"Spartacus forlag"},"image":{"@id":"https:\/\/staging.forenteforlag.no\/spartacus\/#\/schema\/logo\/image\/"},"sameAs":["https:\/\/www.facebook.com\/SpartacusForlag"]}]}},"_links":{"self":[{"href":"https:\/\/staging.forenteforlag.no\/spartacus\/wp-json\/wp\/v2\/product\/20817","targetHints":{"allow":["GET"]}}],"collection":[{"href":"https:\/\/staging.forenteforlag.no\/spartacus\/wp-json\/wp\/v2\/product"}],"about":[{"href":"https:\/\/staging.forenteforlag.no\/spartacus\/wp-json\/wp\/v2\/types\/product"}],"wp:featuredmedia":[{"embeddable":true,"href":"https:\/\/staging.forenteforlag.no\/spartacus\/wp-json\/wp\/v2\/media\/26565"}],"wp:attachment":[{"href":"https:\/\/staging.forenteforlag.no\/spartacus\/wp-json\/wp\/v2\/media?parent=20817"}],"wp:term":[{"taxonomy":"product_brand","embeddable":true,"href":"https:\/\/staging.forenteforlag.no\/spartacus\/wp-json\/wp\/v2\/product_brand?post=20817"},{"taxonomy":"product_cat","embeddable":true,"href":"https:\/\/staging.forenteforlag.no\/spartacus\/wp-json\/wp\/v2\/product_cat?post=20817"},{"taxonomy":"product_tag","embeddable":true,"href":"https:\/\/staging.forenteforlag.no\/spartacus\/wp-json\/wp\/v2\/product_tag?post=20817"}],"curies":[{"name":"wp","href":"https:\/\/api.w.org\/{rel}","templated":true}]}}