{"id":20550,"date":"2019-04-24T02:00:00","date_gmt":"2019-04-24T00:00:00","guid":{"rendered":"https:\/\/spartacus.forenteforlag.no\/produkt\/vi-er-klimaet\/"},"modified":"2026-03-04T15:25:59","modified_gmt":"2026-03-04T14:25:59","slug":"vi-er-klimaet","status":"publish","type":"product","link":"https:\/\/staging.forenteforlag.no\/spartacus\/produkt\/vi-er-klimaet\/","title":{"rendered":"Vi er klimaet"},"content":{"rendered":"<p>F\u00f8rst var det bare \u00e9n: Svenske Greta Thunberg startet sin skolestreik for klimaet med en hjemmelaget plakat h\u00f8sten 2018. Belgiske Anuna De Wever og Kyra Gantois lot seg inspirere. I januar 2019 samlet de elever til en protest mot dagens klimapolitikk. Det var ikke plass nok p\u00e5 torget til de 3000 elevene som dukket opp. En uke senere var de 12 500, neste uke 35 000. Anuna og Kyra ble ansiktene til en protestgenerasjon som ikke lenger finner seg i \u00e5 bli avist av politikere med beroligende ord. Siden har klimastreiken spredd seg  til hele verden, ogs\u00e5 til Norge. I Vi er klimaet henvender de to unge klimaktivistene seg til hver og en av oss: til politikere og beslutningstakere, til foreldre og besteforeldre og til sine jevnaldrende. Og de gir seg ikke f\u00f8r klimapolitikken er blitt drastisk endret. Dette er deres manifest for framtida.<br \/>Med forord av Anja Bakken Riise, Framtiden i V\u00e5re Hender.<\/p>\n","protected":false},"excerpt":{"rendered":"<p>F\u00f8rst var det bare \u00e9n: Svenske Greta Thunberg startet sin skolestreik for klimaet med en hjemmelaget plakat h\u00f8sten 2018. Belgiske Anuna De Wever og Kyra Gantois lot seg inspirere. I januar 2019 samlet de elever til en protest mot dagens klimapolitikk. Det var ikke plass nok p\u00e5 torget til de 3000 elevene som dukket opp. [&hellip;]<\/p>\n","protected":false},"featured_media":26616,"template":"","meta":{"_acf_changed":false,"inline_featured_image":false},"product_brand":[],"product_cat":[1786],"product_tag":[362,676,933],"class_list":{"0":"post-20550","1":"product","2":"type-product","3":"status-publish","4":"has-post-thumbnail","6":"product_cat-rabattkodekampanje","7":"product_tag-faglitteratur","8":"product_tag-klimaendringer","9":"product_tag-miljopolitikk","11":"first","12":"outofstock","13":"shipping-taxable","14":"purchasable","15":"product-type-simple"},"acf":{"anmeldelse":null},"yoast_head":"<!-- This site is optimized with the Yoast SEO plugin v26.6 - https:\/\/yoast.com\/wordpress\/plugins\/seo\/ -->\n<title>Vi er klimaet - Spartacus<\/title>\n<meta name=\"robots\" content=\"noindex, follow, max-snippet:-1, max-image-preview:large, max-video-preview:-1\" \/>\n<meta property=\"og:locale\" content=\"nb_NO\" \/>\n<meta property=\"og:type\" content=\"article\" \/>\n<meta property=\"og:title\" content=\"Vi er klimaet - Spartacus\" \/>\n<meta property=\"og:description\" content=\"F\u00f8rst var det bare \u00e9n: Svenske Greta Thunberg startet sin skolestreik for klimaet med en hjemmelaget plakat h\u00f8sten 2018. Belgiske Anuna De Wever og Kyra Gantois lot seg inspirere. I januar 2019 samlet de elever til en protest mot dagens klimapolitikk. Det var ikke plass nok p\u00e5 torget til de 3000 elevene som dukket opp. [&hellip;]\" \/>\n<meta property=\"og:url\" content=\"https:\/\/staging.forenteforlag.no\/spartacus\/produkt\/vi-er-klimaet\/\" \/>\n<meta property=\"og:site_name\" content=\"Spartacus\" \/>\n<meta property=\"article:publisher\" content=\"https:\/\/www.facebook.com\/SpartacusForlag\" \/>\n<meta property=\"article:modified_time\" content=\"2026-03-04T14:25:59+00:00\" \/>\n<meta property=\"og:image\" content=\"https:\/\/staging.forenteforlag.no\/spartacus\/wp-content\/uploads\/sites\/6\/2026\/02\/9788243012950.jpg\" \/>\n\t<meta property=\"og:image:width\" content=\"720\" \/>\n\t<meta property=\"og:image:height\" content=\"876\" \/>\n\t<meta property=\"og:image:type\" content=\"image\/jpeg\" \/>\n<meta name=\"twitter:card\" content=\"summary_large_image\" \/>\n<meta name=\"twitter:label1\" content=\"Ansl. lesetid\" \/>\n\t<meta name=\"twitter:data1\" content=\"1 minutt\" \/>\n<script type=\"application\/ld+json\" class=\"yoast-schema-graph\">{\"@context\":\"https:\/\/schema.org\",\"@graph\":[{\"@type\":\"WebPage\",\"@id\":\"https:\/\/staging.forenteforlag.no\/spartacus\/produkt\/vi-er-klimaet\/\",\"url\":\"https:\/\/staging.forenteforlag.no\/spartacus\/produkt\/vi-er-klimaet\/\",\"name\":\"Vi er klimaet - Spartacus\",\"isPartOf\":{\"@id\":\"https:\/\/staging.forenteforlag.no\/spartacus\/#website\"},\"primaryImageOfPage\":{\"@id\":\"https:\/\/staging.forenteforlag.no\/spartacus\/produkt\/vi-er-klimaet\/#primaryimage\"},\"image\":{\"@id\":\"https:\/\/staging.forenteforlag.no\/spartacus\/produkt\/vi-er-klimaet\/#primaryimage\"},\"thumbnailUrl\":\"https:\/\/staging.forenteforlag.no\/spartacus\/wp-content\/uploads\/sites\/6\/2026\/02\/9788243012950.jpg\",\"datePublished\":\"2019-04-24T00:00:00+00:00\",\"dateModified\":\"2026-03-04T14:25:59+00:00\",\"breadcrumb\":{\"@id\":\"https:\/\/staging.forenteforlag.no\/spartacus\/produkt\/vi-er-klimaet\/#breadcrumb\"},\"inLanguage\":\"nb-NO\",\"potentialAction\":[{\"@type\":\"ReadAction\",\"target\":[\"https:\/\/staging.forenteforlag.no\/spartacus\/produkt\/vi-er-klimaet\/\"]}]},{\"@type\":\"ImageObject\",\"inLanguage\":\"nb-NO\",\"@id\":\"https:\/\/staging.forenteforlag.no\/spartacus\/produkt\/vi-er-klimaet\/#primaryimage\",\"url\":\"https:\/\/staging.forenteforlag.no\/spartacus\/wp-content\/uploads\/sites\/6\/2026\/02\/9788243012950.jpg\",\"contentUrl\":\"https:\/\/staging.forenteforlag.no\/spartacus\/wp-content\/uploads\/sites\/6\/2026\/02\/9788243012950.jpg\",\"width\":720,\"height\":876},{\"@type\":\"BreadcrumbList\",\"@id\":\"https:\/\/staging.forenteforlag.no\/spartacus\/produkt\/vi-er-klimaet\/#breadcrumb\",\"itemListElement\":[{\"@type\":\"ListItem\",\"position\":1,\"name\":\"Hjem\",\"item\":\"https:\/\/staging.forenteforlag.no\/spartacus\/\"},{\"@type\":\"ListItem\",\"position\":2,\"name\":\"Alle b\u00f8ker\",\"item\":\"https:\/\/staging.forenteforlag.no\/spartacus\/butikk\/\"},{\"@type\":\"ListItem\",\"position\":3,\"name\":\"Vi er klimaet\"}]},{\"@type\":\"WebSite\",\"@id\":\"https:\/\/staging.forenteforlag.no\/spartacus\/#website\",\"url\":\"https:\/\/staging.forenteforlag.no\/spartacus\/\",\"name\":\"Spartacus forlag\",\"description\":\"\",\"publisher\":{\"@id\":\"https:\/\/staging.forenteforlag.no\/spartacus\/#organization\"},\"potentialAction\":[{\"@type\":\"SearchAction\",\"target\":{\"@type\":\"EntryPoint\",\"urlTemplate\":\"https:\/\/staging.forenteforlag.no\/spartacus\/?s={search_term_string}\"},\"query-input\":{\"@type\":\"PropertyValueSpecification\",\"valueRequired\":true,\"valueName\":\"search_term_string\"}}],\"inLanguage\":\"nb-NO\"},{\"@type\":\"Organization\",\"@id\":\"https:\/\/staging.forenteforlag.no\/spartacus\/#organization\",\"name\":\"Spartacus forlag\",\"url\":\"https:\/\/staging.forenteforlag.no\/spartacus\/\",\"logo\":{\"@type\":\"ImageObject\",\"inLanguage\":\"nb-NO\",\"@id\":\"https:\/\/staging.forenteforlag.no\/spartacus\/#\/schema\/logo\/image\/\",\"url\":\"https:\/\/staging.forenteforlag.no\/spartacus\/wp-content\/uploads\/sites\/6\/2024\/09\/Spartacus_logo.svg\",\"contentUrl\":\"https:\/\/staging.forenteforlag.no\/spartacus\/wp-content\/uploads\/sites\/6\/2024\/09\/Spartacus_logo.svg\",\"width\":100,\"height\":100,\"caption\":\"Spartacus forlag\"},\"image\":{\"@id\":\"https:\/\/staging.forenteforlag.no\/spartacus\/#\/schema\/logo\/image\/\"},\"sameAs\":[\"https:\/\/www.facebook.com\/SpartacusForlag\"]}]}<\/script>\n<!-- \/ Yoast SEO plugin. -->","yoast_head_json":{"title":"Vi er klimaet - Spartacus","robots":{"index":"noindex","follow":"follow","max-snippet":"max-snippet:-1","max-image-preview":"max-image-preview:large","max-video-preview":"max-video-preview:-1"},"og_locale":"nb_NO","og_type":"article","og_title":"Vi er klimaet - Spartacus","og_description":"F\u00f8rst var det bare \u00e9n: Svenske Greta Thunberg startet sin skolestreik for klimaet med en hjemmelaget plakat h\u00f8sten 2018. Belgiske Anuna De Wever og Kyra Gantois lot seg inspirere. I januar 2019 samlet de elever til en protest mot dagens klimapolitikk. Det var ikke plass nok p\u00e5 torget til de 3000 elevene som dukket opp. [&hellip;]","og_url":"https:\/\/staging.forenteforlag.no\/spartacus\/produkt\/vi-er-klimaet\/","og_site_name":"Spartacus","article_publisher":"https:\/\/www.facebook.com\/SpartacusForlag","article_modified_time":"2026-03-04T14:25:59+00:00","og_image":[{"width":720,"height":876,"url":"https:\/\/staging.forenteforlag.no\/spartacus\/wp-content\/uploads\/sites\/6\/2026\/02\/9788243012950.jpg","type":"image\/jpeg"}],"twitter_card":"summary_large_image","twitter_misc":{"Ansl. lesetid":"1 minutt"},"schema":{"@context":"https:\/\/schema.org","@graph":[{"@type":"WebPage","@id":"https:\/\/staging.forenteforlag.no\/spartacus\/produkt\/vi-er-klimaet\/","url":"https:\/\/staging.forenteforlag.no\/spartacus\/produkt\/vi-er-klimaet\/","name":"Vi er klimaet - Spartacus","isPartOf":{"@id":"https:\/\/staging.forenteforlag.no\/spartacus\/#website"},"primaryImageOfPage":{"@id":"https:\/\/staging.forenteforlag.no\/spartacus\/produkt\/vi-er-klimaet\/#primaryimage"},"image":{"@id":"https:\/\/staging.forenteforlag.no\/spartacus\/produkt\/vi-er-klimaet\/#primaryimage"},"thumbnailUrl":"https:\/\/staging.forenteforlag.no\/spartacus\/wp-content\/uploads\/sites\/6\/2026\/02\/9788243012950.jpg","datePublished":"2019-04-24T00:00:00+00:00","dateModified":"2026-03-04T14:25:59+00:00","breadcrumb":{"@id":"https:\/\/staging.forenteforlag.no\/spartacus\/produkt\/vi-er-klimaet\/#breadcrumb"},"inLanguage":"nb-NO","potentialAction":[{"@type":"ReadAction","target":["https:\/\/staging.forenteforlag.no\/spartacus\/produkt\/vi-er-klimaet\/"]}]},{"@type":"ImageObject","inLanguage":"nb-NO","@id":"https:\/\/staging.forenteforlag.no\/spartacus\/produkt\/vi-er-klimaet\/#primaryimage","url":"https:\/\/staging.forenteforlag.no\/spartacus\/wp-content\/uploads\/sites\/6\/2026\/02\/9788243012950.jpg","contentUrl":"https:\/\/staging.forenteforlag.no\/spartacus\/wp-content\/uploads\/sites\/6\/2026\/02\/9788243012950.jpg","width":720,"height":876},{"@type":"BreadcrumbList","@id":"https:\/\/staging.forenteforlag.no\/spartacus\/produkt\/vi-er-klimaet\/#breadcrumb","itemListElement":[{"@type":"ListItem","position":1,"name":"Hjem","item":"https:\/\/staging.forenteforlag.no\/spartacus\/"},{"@type":"ListItem","position":2,"name":"Alle b\u00f8ker","item":"https:\/\/staging.forenteforlag.no\/spartacus\/butikk\/"},{"@type":"ListItem","position":3,"name":"Vi er klimaet"}]},{"@type":"WebSite","@id":"https:\/\/staging.forenteforlag.no\/spartacus\/#website","url":"https:\/\/staging.forenteforlag.no\/spartacus\/","name":"Spartacus forlag","description":"","publisher":{"@id":"https:\/\/staging.forenteforlag.no\/spartacus\/#organization"},"potentialAction":[{"@type":"SearchAction","target":{"@type":"EntryPoint","urlTemplate":"https:\/\/staging.forenteforlag.no\/spartacus\/?s={search_term_string}"},"query-input":{"@type":"PropertyValueSpecification","valueRequired":true,"valueName":"search_term_string"}}],"inLanguage":"nb-NO"},{"@type":"Organization","@id":"https:\/\/staging.forenteforlag.no\/spartacus\/#organization","name":"Spartacus forlag","url":"https:\/\/staging.forenteforlag.no\/spartacus\/","logo":{"@type":"ImageObject","inLanguage":"nb-NO","@id":"https:\/\/staging.forenteforlag.no\/spartacus\/#\/schema\/logo\/image\/","url":"https:\/\/staging.forenteforlag.no\/spartacus\/wp-content\/uploads\/sites\/6\/2024\/09\/Spartacus_logo.svg","contentUrl":"https:\/\/staging.forenteforlag.no\/spartacus\/wp-content\/uploads\/sites\/6\/2024\/09\/Spartacus_logo.svg","width":100,"height":100,"caption":"Spartacus forlag"},"image":{"@id":"https:\/\/staging.forenteforlag.no\/spartacus\/#\/schema\/logo\/image\/"},"sameAs":["https:\/\/www.facebook.com\/SpartacusForlag"]}]}},"_links":{"self":[{"href":"https:\/\/staging.forenteforlag.no\/spartacus\/wp-json\/wp\/v2\/product\/20550","targetHints":{"allow":["GET"]}}],"collection":[{"href":"https:\/\/staging.forenteforlag.no\/spartacus\/wp-json\/wp\/v2\/product"}],"about":[{"href":"https:\/\/staging.forenteforlag.no\/spartacus\/wp-json\/wp\/v2\/types\/product"}],"wp:featuredmedia":[{"embeddable":true,"href":"https:\/\/staging.forenteforlag.no\/spartacus\/wp-json\/wp\/v2\/media\/26616"}],"wp:attachment":[{"href":"https:\/\/staging.forenteforlag.no\/spartacus\/wp-json\/wp\/v2\/media?parent=20550"}],"wp:term":[{"taxonomy":"product_brand","embeddable":true,"href":"https:\/\/staging.forenteforlag.no\/spartacus\/wp-json\/wp\/v2\/product_brand?post=20550"},{"taxonomy":"product_cat","embeddable":true,"href":"https:\/\/staging.forenteforlag.no\/spartacus\/wp-json\/wp\/v2\/product_cat?post=20550"},{"taxonomy":"product_tag","embeddable":true,"href":"https:\/\/staging.forenteforlag.no\/spartacus\/wp-json\/wp\/v2\/product_tag?post=20550"}],"curies":[{"name":"wp","href":"https:\/\/api.w.org\/{rel}","templated":true}]}}

<p>Først var det bare én: Svenske Greta Thunberg startet sin skolestreik for klimaet med en hjemmelaget plakat høsten 2018. Belgiske Anuna De Wever og Kyra Gantois lot seg inspirere. I januar 2019 samlet de elever til en protest mot dagens klimapolitikk. Det var ikke plass nok på torget til de 3000 elevene som dukket opp. En uke senere var de 12 500, neste uke 35 000. Anuna og Kyra ble ansiktene til en protestgenerasjon som ikke lenger finner seg i å bli avist av politikere med beroligende ord. Siden har klimastreiken spredd seg  til hele verden, også til Norge. I Vi er klimaet henvender de to unge klimaktivistene seg til hver og en av oss: til politikere og beslutningstakere, til foreldre og besteforeldre og til sine jevnaldrende. Og de gir seg ikke før klimapolitikken er blitt drastisk endret. Dette er deres manifest for framtida.<br />Med forord av Anja Bakken Riise, Framtiden i Våre Hender.</p>

<p>Først var det bare én: Svenske Greta Thunberg startet sin skolestreik for klimaet med en hjemmelaget plakat høsten 2018. Belgiske Anuna De Wever og Kyra Gantois lot seg inspirere. I januar 2019 samlet de elever til en protest mot dagens klimapolitikk. Det var ikke plass nok på torget til de 3000 elevene som dukket opp. [&hellip;]</p>

<!-- This site is optimized with the Yoast SEO plugin v26.6 - https://yoast.com/wordpress/plugins/seo/ -->
<title>Vi er klimaet - Spartacus</title>
<meta name="robots" content="noindex, follow, max-snippet:-1, max-image-preview:large, max-video-preview:-1" />
<meta property="og:locale" content="nb_NO" />
<meta property="og:type" content="article" />
<meta property="og:title" content="Vi er klimaet - Spartacus" />
<meta property="og:description" content="Først var det bare én: Svenske Greta Thunberg startet sin skolestreik for klimaet med en hjemmelaget plakat høsten 2018. Belgiske Anuna De Wever og Kyra Gantois lot seg inspirere. I januar 2019 samlet de elever til en protest mot dagens klimapolitikk. Det var ikke plass nok på torget til de 3000 elevene som dukket opp. [&hellip;]" />
<meta property="og:url" content="https://staging.forenteforlag.no/spartacus/produkt/vi-er-klimaet/" />
<meta property="og:site_name" content="Spartacus" />
<meta property="article:publisher" content="https://www.facebook.com/SpartacusForlag" />
<meta property="article:modified_time" content="2026-03-04T14:25:59+00:00" />
<meta property="og:image" content="https://staging.forenteforlag.no/spartacus/wp-content/uploads/sites/6/2026/02/9788243012950.jpg" />
	<meta property="og:image:width" content="720" />
	<meta property="og:image:height" content="876" />
	<meta property="og:image:type" content="image/jpeg" />
<meta name="twitter:card" content="summary_large_image" />
<meta name="twitter:label1" content="Ansl. lesetid" />
	<meta name="twitter:data1" content="1 minutt" />
<script type="application/ld+json" class="yoast-schema-graph">{"@context":"https://schema.org","@graph":[{"@type":"WebPage","@id":"https://staging.forenteforlag.no/spartacus/produkt/vi-er-klimaet/","url":"https://staging.forenteforlag.no/spartacus/produkt/vi-er-klimaet/","name":"Vi er klimaet - Spartacus","isPartOf":{"@id":"https://staging.forenteforlag.no/spartacus/#website"},"primaryImageOfPage":{"@id":"https://staging.forenteforlag.no/spartacus/produkt/vi-er-klimaet/#primaryimage"},"image":{"@id":"https://staging.forenteforlag.no/spartacus/produkt/vi-er-klimaet/#primaryimage"},"thumbnailUrl":"https://staging.forenteforlag.no/spartacus/wp-content/uploads/sites/6/2026/02/9788243012950.jpg","datePublished":"2019-04-24T00:00:00+00:00","dateModified":"2026-03-04T14:25:59+00:00","breadcrumb":{"@id":"https://staging.forenteforlag.no/spartacus/produkt/vi-er-klimaet/#breadcrumb"},"inLanguage":"nb-NO","potentialAction":[{"@type":"ReadAction","target":["https://staging.forenteforlag.no/spartacus/produkt/vi-er-klimaet/"]}]},{"@type":"ImageObject","inLanguage":"nb-NO","@id":"https://staging.forenteforlag.no/spartacus/produkt/vi-er-klimaet/#primaryimage","url":"https://staging.forenteforlag.no/spartacus/wp-content/uploads/sites/6/2026/02/9788243012950.jpg","contentUrl":"https://staging.forenteforlag.no/spartacus/wp-content/uploads/sites/6/2026/02/9788243012950.jpg","width":720,"height":876},{"@type":"BreadcrumbList","@id":"https://staging.forenteforlag.no/spartacus/produkt/vi-er-klimaet/#breadcrumb","itemListElement":[{"@type":"ListItem","position":1,"name":"Hjem","item":"https://staging.forenteforlag.no/spartacus/"},{"@type":"ListItem","position":2,"name":"Alle bøker","item":"https://staging.forenteforlag.no/spartacus/butikk/"},{"@type":"ListItem","position":3,"name":"Vi er klimaet"}]},{"@type":"WebSite","@id":"https://staging.forenteforlag.no/spartacus/#website","url":"https://staging.forenteforlag.no/spartacus/","name":"Spartacus forlag","description":"","publisher":{"@id":"https://staging.forenteforlag.no/spartacus/#organization"},"potentialAction":[{"@type":"SearchAction","target":{"@type":"EntryPoint","urlTemplate":"https://staging.forenteforlag.no/spartacus/?s={search_term_string}"},"query-input":{"@type":"PropertyValueSpecification","valueRequired":true,"valueName":"search_term_string"}}],"inLanguage":"nb-NO"},{"@type":"Organization","@id":"https://staging.forenteforlag.no/spartacus/#organization","name":"Spartacus forlag","url":"https://staging.forenteforlag.no/spartacus/","logo":{"@type":"ImageObject","inLanguage":"nb-NO","@id":"https://staging.forenteforlag.no/spartacus/#/schema/logo/image/","url":"https://staging.forenteforlag.no/spartacus/wp-content/uploads/sites/6/2024/09/Spartacus_logo.svg","contentUrl":"https://staging.forenteforlag.no/spartacus/wp-content/uploads/sites/6/2024/09/Spartacus_logo.svg","width":100,"height":100,"caption":"Spartacus forlag"},"image":{"@id":"https://staging.forenteforlag.no/spartacus/#/schema/logo/image/"},"sameAs":["https://www.facebook.com/SpartacusForlag"]}]}</script>
<!-- / Yoast SEO plugin. -->

Først var det bare én: Svenske Greta Thunberg startet sin skolestreik for klimaet med en hjemmelaget plakat høsten 2018. Belgiske Anuna De Wever og Kyra Gantois lot seg inspirere. I januar 2019 samlet de elever til en protest mot dagens klimapolitikk. Det var ikke plass nok på torget til de 3000 elevene som dukket opp. [&hellip;]

Alle bøker
