{"id":20432,"date":"2016-02-18T01:00:00","date_gmt":"2016-02-18T00:00:00","guid":{"rendered":"https:\/\/spartacus.forenteforlag.no\/produkt\/norges-verste-nazister-2\/"},"modified":"2026-03-04T15:12:28","modified_gmt":"2026-03-04T14:12:28","slug":"norges-verste-nazister-2","status":"publish","type":"product","link":"https:\/\/staging.forenteforlag.no\/spartacus\/produkt\/norges-verste-nazister-2\/","title":{"rendered":"Norges verste nazister"},"content":{"rendered":"<p>En lett tilgjengelig bok for krigsinteresserte. Faglig bunnsolid, men med grep som innbyr til diskusjon om utvalget er korrekt. <\/p>\n<p>Det har kommet ut en rekke b\u00f8ker der ulike sider ved Norges m\u00f8rke krigshistorie oppsummeres. Vi har f\u00e5tt lister over mistenkte landssvikere, st\u00f8ttespillere tilknyttet hirden og Gestapo og b\u00f8ker som tar for seg nordmenn som falt i tysk tjeneste. Mange av disse b\u00f8kene tar for seg mennesker som opererte i krigens gr\u00e5soner der det ikke alltid er enkelt \u00e5 skille helter fra skurker. Denne boka er ikke som disse. <\/p>\n<p>Boka tar for seg  norske og tyske nazister som p\u00e5 hvert sitt vis kjempet tyskernes sak under krigen. Disse presenteres med korte biografier og historier som forklarer hvorfor nettopp disse er nevnt blant de verste. Forfatteren er en av de fremste ekspertene p\u00e5 omr\u00e5det og han har hatt tilgang til et rikt bildemateriale. Dette er imidlertid ingen .katalog&raquo;: Gjennom tekst og fotografi er gir boka et sterkt og sammensatt bilde av hvem som hadde makten i Norge under okkupasjonen og hva slags forbrytelser de begikk.<\/p>\n","protected":false},"excerpt":{"rendered":"<p>En lett tilgjengelig bok for krigsinteresserte. Faglig bunnsolid, men med grep som innbyr til diskusjon om utvalget er korrekt. Det har kommet ut en rekke b\u00f8ker der ulike sider ved Norges m\u00f8rke krigshistorie oppsummeres. Vi har f\u00e5tt lister over mistenkte landssvikere, st\u00f8ttespillere tilknyttet hirden og Gestapo og b\u00f8ker som tar for seg nordmenn som falt [&hellip;]<\/p>\n","protected":false},"featured_media":26474,"template":"","meta":{"_acf_changed":false,"inline_featured_image":false},"product_brand":[],"product_cat":[1786],"product_tag":[407,405,362,540,439],"class_list":{"0":"post-20432","1":"product","2":"type-product","3":"status-publish","4":"has-post-thumbnail","6":"product_cat-rabattkodekampanje","7":"product_tag-1939-1945","8":"product_tag-andre-verdenskrig","9":"product_tag-faglitteratur","10":"product_tag-nazisme","11":"product_tag-nord-norge","13":"first","14":"instock","15":"shipping-taxable","16":"purchasable","17":"product-type-simple"},"acf":{"anmeldelse":[{"tekst_anmeldelser":"\u00abDramatisk lesning, enten man er nybegynner eller viderekommende i krigshistorie. Den er leservennlig i all sin gru. \u00bb","av_anmeldelser":"","terningkast":"<i class=\"fa-solid fa-dice-five\"><\/i>","kilde":"Dagbladet"}]},"yoast_head":"<!-- This site is optimized with the Yoast SEO plugin v26.6 - https:\/\/yoast.com\/wordpress\/plugins\/seo\/ -->\n<title>Norges verste nazister - Spartacus<\/title>\n<meta name=\"robots\" content=\"noindex, follow, max-snippet:-1, max-image-preview:large, max-video-preview:-1\" \/>\n<meta property=\"og:locale\" content=\"nb_NO\" \/>\n<meta property=\"og:type\" content=\"article\" \/>\n<meta property=\"og:title\" content=\"Norges verste nazister - Spartacus\" \/>\n<meta property=\"og:description\" content=\"En lett tilgjengelig bok for krigsinteresserte. Faglig bunnsolid, men med grep som innbyr til diskusjon om utvalget er korrekt. Det har kommet ut en rekke b\u00f8ker der ulike sider ved Norges m\u00f8rke krigshistorie oppsummeres. Vi har f\u00e5tt lister over mistenkte landssvikere, st\u00f8ttespillere tilknyttet hirden og Gestapo og b\u00f8ker som tar for seg nordmenn som falt [&hellip;]\" \/>\n<meta property=\"og:url\" content=\"https:\/\/staging.forenteforlag.no\/spartacus\/produkt\/norges-verste-nazister-2\/\" \/>\n<meta property=\"og:site_name\" content=\"Spartacus\" \/>\n<meta property=\"article:publisher\" content=\"https:\/\/www.facebook.com\/SpartacusForlag\" \/>\n<meta property=\"article:modified_time\" content=\"2026-03-04T14:12:28+00:00\" \/>\n<meta property=\"og:image\" content=\"https:\/\/staging.forenteforlag.no\/spartacus\/wp-content\/uploads\/sites\/6\/2026\/02\/9788243010352.jpg\" \/>\n\t<meta property=\"og:image:width\" content=\"720\" \/>\n\t<meta property=\"og:image:height\" content=\"1161\" \/>\n\t<meta property=\"og:image:type\" content=\"image\/jpeg\" \/>\n<meta name=\"twitter:card\" content=\"summary_large_image\" \/>\n<meta name=\"twitter:label1\" content=\"Ansl. lesetid\" \/>\n\t<meta name=\"twitter:data1\" content=\"1 minutt\" \/>\n<script type=\"application\/ld+json\" class=\"yoast-schema-graph\">{\"@context\":\"https:\/\/schema.org\",\"@graph\":[{\"@type\":\"WebPage\",\"@id\":\"https:\/\/staging.forenteforlag.no\/spartacus\/produkt\/norges-verste-nazister-2\/\",\"url\":\"https:\/\/staging.forenteforlag.no\/spartacus\/produkt\/norges-verste-nazister-2\/\",\"name\":\"Norges verste nazister - Spartacus\",\"isPartOf\":{\"@id\":\"https:\/\/staging.forenteforlag.no\/spartacus\/#website\"},\"primaryImageOfPage\":{\"@id\":\"https:\/\/staging.forenteforlag.no\/spartacus\/produkt\/norges-verste-nazister-2\/#primaryimage\"},\"image\":{\"@id\":\"https:\/\/staging.forenteforlag.no\/spartacus\/produkt\/norges-verste-nazister-2\/#primaryimage\"},\"thumbnailUrl\":\"https:\/\/staging.forenteforlag.no\/spartacus\/wp-content\/uploads\/sites\/6\/2026\/02\/9788243010352.jpg\",\"datePublished\":\"2016-02-18T00:00:00+00:00\",\"dateModified\":\"2026-03-04T14:12:28+00:00\",\"breadcrumb\":{\"@id\":\"https:\/\/staging.forenteforlag.no\/spartacus\/produkt\/norges-verste-nazister-2\/#breadcrumb\"},\"inLanguage\":\"nb-NO\",\"potentialAction\":[{\"@type\":\"ReadAction\",\"target\":[\"https:\/\/staging.forenteforlag.no\/spartacus\/produkt\/norges-verste-nazister-2\/\"]}]},{\"@type\":\"ImageObject\",\"inLanguage\":\"nb-NO\",\"@id\":\"https:\/\/staging.forenteforlag.no\/spartacus\/produkt\/norges-verste-nazister-2\/#primaryimage\",\"url\":\"https:\/\/staging.forenteforlag.no\/spartacus\/wp-content\/uploads\/sites\/6\/2026\/02\/9788243010352.jpg\",\"contentUrl\":\"https:\/\/staging.forenteforlag.no\/spartacus\/wp-content\/uploads\/sites\/6\/2026\/02\/9788243010352.jpg\",\"width\":720,\"height\":1161},{\"@type\":\"BreadcrumbList\",\"@id\":\"https:\/\/staging.forenteforlag.no\/spartacus\/produkt\/norges-verste-nazister-2\/#breadcrumb\",\"itemListElement\":[{\"@type\":\"ListItem\",\"position\":1,\"name\":\"Hjem\",\"item\":\"https:\/\/staging.forenteforlag.no\/spartacus\/\"},{\"@type\":\"ListItem\",\"position\":2,\"name\":\"Alle b\u00f8ker\",\"item\":\"https:\/\/staging.forenteforlag.no\/spartacus\/butikk\/\"},{\"@type\":\"ListItem\",\"position\":3,\"name\":\"Norges verste nazister\"}]},{\"@type\":\"WebSite\",\"@id\":\"https:\/\/staging.forenteforlag.no\/spartacus\/#website\",\"url\":\"https:\/\/staging.forenteforlag.no\/spartacus\/\",\"name\":\"Spartacus forlag\",\"description\":\"\",\"publisher\":{\"@id\":\"https:\/\/staging.forenteforlag.no\/spartacus\/#organization\"},\"potentialAction\":[{\"@type\":\"SearchAction\",\"target\":{\"@type\":\"EntryPoint\",\"urlTemplate\":\"https:\/\/staging.forenteforlag.no\/spartacus\/?s={search_term_string}\"},\"query-input\":{\"@type\":\"PropertyValueSpecification\",\"valueRequired\":true,\"valueName\":\"search_term_string\"}}],\"inLanguage\":\"nb-NO\"},{\"@type\":\"Organization\",\"@id\":\"https:\/\/staging.forenteforlag.no\/spartacus\/#organization\",\"name\":\"Spartacus forlag\",\"url\":\"https:\/\/staging.forenteforlag.no\/spartacus\/\",\"logo\":{\"@type\":\"ImageObject\",\"inLanguage\":\"nb-NO\",\"@id\":\"https:\/\/staging.forenteforlag.no\/spartacus\/#\/schema\/logo\/image\/\",\"url\":\"https:\/\/staging.forenteforlag.no\/spartacus\/wp-content\/uploads\/sites\/6\/2024\/09\/Spartacus_logo.svg\",\"contentUrl\":\"https:\/\/staging.forenteforlag.no\/spartacus\/wp-content\/uploads\/sites\/6\/2024\/09\/Spartacus_logo.svg\",\"width\":100,\"height\":100,\"caption\":\"Spartacus forlag\"},\"image\":{\"@id\":\"https:\/\/staging.forenteforlag.no\/spartacus\/#\/schema\/logo\/image\/\"},\"sameAs\":[\"https:\/\/www.facebook.com\/SpartacusForlag\"]}]}<\/script>\n<!-- \/ Yoast SEO plugin. -->","yoast_head_json":{"title":"Norges verste nazister - Spartacus","robots":{"index":"noindex","follow":"follow","max-snippet":"max-snippet:-1","max-image-preview":"max-image-preview:large","max-video-preview":"max-video-preview:-1"},"og_locale":"nb_NO","og_type":"article","og_title":"Norges verste nazister - Spartacus","og_description":"En lett tilgjengelig bok for krigsinteresserte. Faglig bunnsolid, men med grep som innbyr til diskusjon om utvalget er korrekt. Det har kommet ut en rekke b\u00f8ker der ulike sider ved Norges m\u00f8rke krigshistorie oppsummeres. Vi har f\u00e5tt lister over mistenkte landssvikere, st\u00f8ttespillere tilknyttet hirden og Gestapo og b\u00f8ker som tar for seg nordmenn som falt [&hellip;]","og_url":"https:\/\/staging.forenteforlag.no\/spartacus\/produkt\/norges-verste-nazister-2\/","og_site_name":"Spartacus","article_publisher":"https:\/\/www.facebook.com\/SpartacusForlag","article_modified_time":"2026-03-04T14:12:28+00:00","og_image":[{"width":720,"height":1161,"url":"https:\/\/staging.forenteforlag.no\/spartacus\/wp-content\/uploads\/sites\/6\/2026\/02\/9788243010352.jpg","type":"image\/jpeg"}],"twitter_card":"summary_large_image","twitter_misc":{"Ansl. lesetid":"1 minutt"},"schema":{"@context":"https:\/\/schema.org","@graph":[{"@type":"WebPage","@id":"https:\/\/staging.forenteforlag.no\/spartacus\/produkt\/norges-verste-nazister-2\/","url":"https:\/\/staging.forenteforlag.no\/spartacus\/produkt\/norges-verste-nazister-2\/","name":"Norges verste nazister - Spartacus","isPartOf":{"@id":"https:\/\/staging.forenteforlag.no\/spartacus\/#website"},"primaryImageOfPage":{"@id":"https:\/\/staging.forenteforlag.no\/spartacus\/produkt\/norges-verste-nazister-2\/#primaryimage"},"image":{"@id":"https:\/\/staging.forenteforlag.no\/spartacus\/produkt\/norges-verste-nazister-2\/#primaryimage"},"thumbnailUrl":"https:\/\/staging.forenteforlag.no\/spartacus\/wp-content\/uploads\/sites\/6\/2026\/02\/9788243010352.jpg","datePublished":"2016-02-18T00:00:00+00:00","dateModified":"2026-03-04T14:12:28+00:00","breadcrumb":{"@id":"https:\/\/staging.forenteforlag.no\/spartacus\/produkt\/norges-verste-nazister-2\/#breadcrumb"},"inLanguage":"nb-NO","potentialAction":[{"@type":"ReadAction","target":["https:\/\/staging.forenteforlag.no\/spartacus\/produkt\/norges-verste-nazister-2\/"]}]},{"@type":"ImageObject","inLanguage":"nb-NO","@id":"https:\/\/staging.forenteforlag.no\/spartacus\/produkt\/norges-verste-nazister-2\/#primaryimage","url":"https:\/\/staging.forenteforlag.no\/spartacus\/wp-content\/uploads\/sites\/6\/2026\/02\/9788243010352.jpg","contentUrl":"https:\/\/staging.forenteforlag.no\/spartacus\/wp-content\/uploads\/sites\/6\/2026\/02\/9788243010352.jpg","width":720,"height":1161},{"@type":"BreadcrumbList","@id":"https:\/\/staging.forenteforlag.no\/spartacus\/produkt\/norges-verste-nazister-2\/#breadcrumb","itemListElement":[{"@type":"ListItem","position":1,"name":"Hjem","item":"https:\/\/staging.forenteforlag.no\/spartacus\/"},{"@type":"ListItem","position":2,"name":"Alle b\u00f8ker","item":"https:\/\/staging.forenteforlag.no\/spartacus\/butikk\/"},{"@type":"ListItem","position":3,"name":"Norges verste nazister"}]},{"@type":"WebSite","@id":"https:\/\/staging.forenteforlag.no\/spartacus\/#website","url":"https:\/\/staging.forenteforlag.no\/spartacus\/","name":"Spartacus forlag","description":"","publisher":{"@id":"https:\/\/staging.forenteforlag.no\/spartacus\/#organization"},"potentialAction":[{"@type":"SearchAction","target":{"@type":"EntryPoint","urlTemplate":"https:\/\/staging.forenteforlag.no\/spartacus\/?s={search_term_string}"},"query-input":{"@type":"PropertyValueSpecification","valueRequired":true,"valueName":"search_term_string"}}],"inLanguage":"nb-NO"},{"@type":"Organization","@id":"https:\/\/staging.forenteforlag.no\/spartacus\/#organization","name":"Spartacus forlag","url":"https:\/\/staging.forenteforlag.no\/spartacus\/","logo":{"@type":"ImageObject","inLanguage":"nb-NO","@id":"https:\/\/staging.forenteforlag.no\/spartacus\/#\/schema\/logo\/image\/","url":"https:\/\/staging.forenteforlag.no\/spartacus\/wp-content\/uploads\/sites\/6\/2024\/09\/Spartacus_logo.svg","contentUrl":"https:\/\/staging.forenteforlag.no\/spartacus\/wp-content\/uploads\/sites\/6\/2024\/09\/Spartacus_logo.svg","width":100,"height":100,"caption":"Spartacus forlag"},"image":{"@id":"https:\/\/staging.forenteforlag.no\/spartacus\/#\/schema\/logo\/image\/"},"sameAs":["https:\/\/www.facebook.com\/SpartacusForlag"]}]}},"_links":{"self":[{"href":"https:\/\/staging.forenteforlag.no\/spartacus\/wp-json\/wp\/v2\/product\/20432","targetHints":{"allow":["GET"]}}],"collection":[{"href":"https:\/\/staging.forenteforlag.no\/spartacus\/wp-json\/wp\/v2\/product"}],"about":[{"href":"https:\/\/staging.forenteforlag.no\/spartacus\/wp-json\/wp\/v2\/types\/product"}],"wp:featuredmedia":[{"embeddable":true,"href":"https:\/\/staging.forenteforlag.no\/spartacus\/wp-json\/wp\/v2\/media\/26474"}],"wp:attachment":[{"href":"https:\/\/staging.forenteforlag.no\/spartacus\/wp-json\/wp\/v2\/media?parent=20432"}],"wp:term":[{"taxonomy":"product_brand","embeddable":true,"href":"https:\/\/staging.forenteforlag.no\/spartacus\/wp-json\/wp\/v2\/product_brand?post=20432"},{"taxonomy":"product_cat","embeddable":true,"href":"https:\/\/staging.forenteforlag.no\/spartacus\/wp-json\/wp\/v2\/product_cat?post=20432"},{"taxonomy":"product_tag","embeddable":true,"href":"https:\/\/staging.forenteforlag.no\/spartacus\/wp-json\/wp\/v2\/product_tag?post=20432"}],"curies":[{"name":"wp","href":"https:\/\/api.w.org\/{rel}","templated":true}]}}

<p>En lett tilgjengelig bok for krigsinteresserte. Faglig bunnsolid, men med grep som innbyr til diskusjon om utvalget er korrekt. </p>
<p>Det har kommet ut en rekke bøker der ulike sider ved Norges mørke krigshistorie oppsummeres. Vi har fått lister over mistenkte landssvikere, støttespillere tilknyttet hirden og Gestapo og bøker som tar for seg nordmenn som falt i tysk tjeneste. Mange av disse bøkene tar for seg mennesker som opererte i krigens gråsoner der det ikke alltid er enkelt å skille helter fra skurker. Denne boka er ikke som disse. </p>
<p>Boka tar for seg  norske og tyske nazister som på hvert sitt vis kjempet tyskernes sak under krigen. Disse presenteres med korte biografier og historier som forklarer hvorfor nettopp disse er nevnt blant de verste. Forfatteren er en av de fremste ekspertene på området og han har hatt tilgang til et rikt bildemateriale. Dette er imidlertid ingen .katalog&raquo;: Gjennom tekst og fotografi er gir boka et sterkt og sammensatt bilde av hvem som hadde makten i Norge under okkupasjonen og hva slags forbrytelser de begikk.</p>

<p>En lett tilgjengelig bok for krigsinteresserte. Faglig bunnsolid, men med grep som innbyr til diskusjon om utvalget er korrekt. Det har kommet ut en rekke bøker der ulike sider ved Norges mørke krigshistorie oppsummeres. Vi har fått lister over mistenkte landssvikere, støttespillere tilknyttet hirden og Gestapo og bøker som tar for seg nordmenn som falt [&hellip;]</p>

<!-- This site is optimized with the Yoast SEO plugin v26.6 - https://yoast.com/wordpress/plugins/seo/ -->
<title>Norges verste nazister - Spartacus</title>
<meta name="robots" content="noindex, follow, max-snippet:-1, max-image-preview:large, max-video-preview:-1" />
<meta property="og:locale" content="nb_NO" />
<meta property="og:type" content="article" />
<meta property="og:title" content="Norges verste nazister - Spartacus" />
<meta property="og:description" content="En lett tilgjengelig bok for krigsinteresserte. Faglig bunnsolid, men med grep som innbyr til diskusjon om utvalget er korrekt. Det har kommet ut en rekke bøker der ulike sider ved Norges mørke krigshistorie oppsummeres. Vi har fått lister over mistenkte landssvikere, støttespillere tilknyttet hirden og Gestapo og bøker som tar for seg nordmenn som falt [&hellip;]" />
<meta property="og:url" content="https://staging.forenteforlag.no/spartacus/produkt/norges-verste-nazister-2/" />
<meta property="og:site_name" content="Spartacus" />
<meta property="article:publisher" content="https://www.facebook.com/SpartacusForlag" />
<meta property="article:modified_time" content="2026-03-04T14:12:28+00:00" />
<meta property="og:image" content="https://staging.forenteforlag.no/spartacus/wp-content/uploads/sites/6/2026/02/9788243010352.jpg" />
	<meta property="og:image:width" content="720" />
	<meta property="og:image:height" content="1161" />
	<meta property="og:image:type" content="image/jpeg" />
<meta name="twitter:card" content="summary_large_image" />
<meta name="twitter:label1" content="Ansl. lesetid" />
	<meta name="twitter:data1" content="1 minutt" />
<script type="application/ld+json" class="yoast-schema-graph">{"@context":"https://schema.org","@graph":[{"@type":"WebPage","@id":"https://staging.forenteforlag.no/spartacus/produkt/norges-verste-nazister-2/","url":"https://staging.forenteforlag.no/spartacus/produkt/norges-verste-nazister-2/","name":"Norges verste nazister - Spartacus","isPartOf":{"@id":"https://staging.forenteforlag.no/spartacus/#website"},"primaryImageOfPage":{"@id":"https://staging.forenteforlag.no/spartacus/produkt/norges-verste-nazister-2/#primaryimage"},"image":{"@id":"https://staging.forenteforlag.no/spartacus/produkt/norges-verste-nazister-2/#primaryimage"},"thumbnailUrl":"https://staging.forenteforlag.no/spartacus/wp-content/uploads/sites/6/2026/02/9788243010352.jpg","datePublished":"2016-02-18T00:00:00+00:00","dateModified":"2026-03-04T14:12:28+00:00","breadcrumb":{"@id":"https://staging.forenteforlag.no/spartacus/produkt/norges-verste-nazister-2/#breadcrumb"},"inLanguage":"nb-NO","potentialAction":[{"@type":"ReadAction","target":["https://staging.forenteforlag.no/spartacus/produkt/norges-verste-nazister-2/"]}]},{"@type":"ImageObject","inLanguage":"nb-NO","@id":"https://staging.forenteforlag.no/spartacus/produkt/norges-verste-nazister-2/#primaryimage","url":"https://staging.forenteforlag.no/spartacus/wp-content/uploads/sites/6/2026/02/9788243010352.jpg","contentUrl":"https://staging.forenteforlag.no/spartacus/wp-content/uploads/sites/6/2026/02/9788243010352.jpg","width":720,"height":1161},{"@type":"BreadcrumbList","@id":"https://staging.forenteforlag.no/spartacus/produkt/norges-verste-nazister-2/#breadcrumb","itemListElement":[{"@type":"ListItem","position":1,"name":"Hjem","item":"https://staging.forenteforlag.no/spartacus/"},{"@type":"ListItem","position":2,"name":"Alle bøker","item":"https://staging.forenteforlag.no/spartacus/butikk/"},{"@type":"ListItem","position":3,"name":"Norges verste nazister"}]},{"@type":"WebSite","@id":"https://staging.forenteforlag.no/spartacus/#website","url":"https://staging.forenteforlag.no/spartacus/","name":"Spartacus forlag","description":"","publisher":{"@id":"https://staging.forenteforlag.no/spartacus/#organization"},"potentialAction":[{"@type":"SearchAction","target":{"@type":"EntryPoint","urlTemplate":"https://staging.forenteforlag.no/spartacus/?s={search_term_string}"},"query-input":{"@type":"PropertyValueSpecification","valueRequired":true,"valueName":"search_term_string"}}],"inLanguage":"nb-NO"},{"@type":"Organization","@id":"https://staging.forenteforlag.no/spartacus/#organization","name":"Spartacus forlag","url":"https://staging.forenteforlag.no/spartacus/","logo":{"@type":"ImageObject","inLanguage":"nb-NO","@id":"https://staging.forenteforlag.no/spartacus/#/schema/logo/image/","url":"https://staging.forenteforlag.no/spartacus/wp-content/uploads/sites/6/2024/09/Spartacus_logo.svg","contentUrl":"https://staging.forenteforlag.no/spartacus/wp-content/uploads/sites/6/2024/09/Spartacus_logo.svg","width":100,"height":100,"caption":"Spartacus forlag"},"image":{"@id":"https://staging.forenteforlag.no/spartacus/#/schema/logo/image/"},"sameAs":["https://www.facebook.com/SpartacusForlag"]}]}</script>
<!-- / Yoast SEO plugin. -->

En lett tilgjengelig bok for krigsinteresserte. Faglig bunnsolid, men med grep som innbyr til diskusjon om utvalget er korrekt. Det har kommet ut en rekke bøker der ulike sider ved Norges mørke krigshistorie oppsummeres. Vi har fått lister over mistenkte landssvikere, støttespillere tilknyttet hirden og Gestapo og bøker som tar for seg nordmenn som falt [&hellip;]

Alle bøker
