{"id":20365,"date":"2023-06-15T02:00:00","date_gmt":"2023-06-15T00:00:00","guid":{"rendered":"https:\/\/spartacus.forenteforlag.no\/produkt\/tenk-om-igjen\/"},"modified":"2026-03-04T15:37:07","modified_gmt":"2026-03-04T14:37:07","slug":"tenk-om-igjen","status":"publish","type":"product","link":"https:\/\/staging.forenteforlag.no\/spartacus\/produkt\/tenk-om-igjen\/","title":{"rendered":"Tenk om igjen"},"content":{"rendered":"<p>Vi oppfatter normalt intelligens som evnen til a. tenke og l\u00e6re. Men i en verden i rask endring, er evnen til a. tenke om igjen minst like viktig. I denne bestselgeren tar Adam Grant for seg den krevende kunsten a. stille seg kritisk til egne meninger, v\u00e6re mer fordomsfri overfor andres og a. l\u00e6re seg a. a.pne andres sinn. <\/p>\n<p>Altfor mange av oss foretrekker a. holde fast pa. egne overbevisninger framfor a. kjenne ubehaget ved a. tvile. Vi lytter til meninger som fa.r oss til a. f\u00f8le oss bra, og ikke til ideer som tvinger oss til a. tenke p\u00e5 nye m\u00e5ter. Resultatet er at tenkningen va.r stivner lenge f\u00f8r beina va.re. Her er intelligens ingen kur, men snarere en forbannelse: Forskning viser at jo smartere man er, desto vanskeligere er det a. justere egne overbevisninger. <\/p>\n<p>Grant mener vi b\u00f8r omfavne gleden ved a. ta feil. Tenk om igjen er en invitasjon til a. gi slipp pa. synspunkter som ikke tjener oss godt. Kunnskap er kanskje makt, men det ligger stor kraft i a. vite hva man ikke vet.<\/p>\n","protected":false},"excerpt":{"rendered":"<p>Vi oppfatter normalt intelligens som evnen til a. tenke og l\u00e6re. Men i en verden i rask endring, er evnen til a. tenke om igjen minst like viktig. I denne bestselgeren tar Adam Grant for seg den krevende kunsten a. stille seg kritisk til egne meninger, v\u00e6re mer fordomsfri overfor andres og a. l\u00e6re seg [&hellip;]<\/p>\n","protected":false},"featured_media":26766,"template":"","meta":{"_acf_changed":false,"inline_featured_image":false},"product_brand":[],"product_cat":[1786],"product_tag":[362,774,644,721],"class_list":{"0":"post-20365","1":"product","2":"type-product","3":"status-publish","4":"has-post-thumbnail","6":"product_cat-rabattkodekampanje","7":"product_tag-faglitteratur","8":"product_tag-individualpsykologi","9":"product_tag-selvutvikling","10":"product_tag-tenkning","12":"first","13":"instock","14":"shipping-taxable","15":"purchasable","16":"product-type-simple"},"acf":{"anmeldelse":[{"tekst_anmeldelser":"\u00abI en verden full av aggressiv skr\u00e5sikkerhet er Adam Grants siste bok en befriende oppfordring til ydmykhet og \u00e5pne sinn. Tenk om igjen gir kraftfulle argumenter for \u00e5 revurdere det vi allerede vet. Denne l\u00e6rdommen er ikke bare nyttig, den kan v\u00e6re livsvi","av_anmeldelser":"","terningkast":false,"kilde":"Financial Times"},{"tekst_anmeldelser":"\u00abHvordan man i praksis skal dyrke sin egen og andres ydmykhet er et mysterium for de fleste. Ikke for Adam Grant. Aldri har jeg lest en bok som er s\u00e5 nyttig om man streber etter et \u00e5pent sinn. Fra og med i dag er den obligatorisk lesning for alle p\u00e5 Gapmi","av_anmeldelser":"Ola Rosling","terningkast":false,"kilde":""},{"tekst_anmeldelser":"\u00abHelt briljant\u00bb","av_anmeldelser":"Daniel Kahneman","terningkast":false,"kilde":""},{"tekst_anmeldelser":"\u00abGrant knytter ekte kunnskap til \u00e5 ikke vite alt, men snarere lytte som om vi ikke vet noe som helst. Denne fryktl\u00f8se boka er akkurat hva v\u00e5r samtid trenger.\u00bb","av_anmeldelser":"","terningkast":false,"kilde":"Newsweek"},{"tekst_anmeldelser":"\u00abAdam Grants arbeid maner til ettertanke og omstilling p\u00e5 en m\u00e5te som f\u00f8rst kan virke skremmende, men som raskt forvandles til en spennende opplevelse av selvinnsikt. Uansett hvor man befinner seg personlig eller profesjonelt kan man l\u00e6re seg noe av denne","av_anmeldelser":"Daniel Ek (Spotify-gr\u00fcnder)","terningkast":false,"kilde":""},{"tekst_anmeldelser":"\u00abTenk om igjen er et must for alle som vil skape en kultur for l\u00e6ring og utforsking, enten det skjer hjemme, p\u00e5 jobb eller i skolen. I en stadig mer splittet verden er bokens l\u00e6rdommer viktigere enn noensinne.\u00bb","av_anmeldelser":"Bill og Melinda Gates","terningkast":false,"kilde":""}]},"yoast_head":"<!-- This site is optimized with the Yoast SEO plugin v26.6 - https:\/\/yoast.com\/wordpress\/plugins\/seo\/ -->\n<title>Tenk om igjen - Spartacus<\/title>\n<meta name=\"robots\" content=\"noindex, follow, max-snippet:-1, max-image-preview:large, max-video-preview:-1\" \/>\n<meta property=\"og:locale\" content=\"nb_NO\" \/>\n<meta property=\"og:type\" content=\"article\" \/>\n<meta property=\"og:title\" content=\"Tenk om igjen - Spartacus\" \/>\n<meta property=\"og:description\" content=\"Vi oppfatter normalt intelligens som evnen til a. tenke og l\u00e6re. Men i en verden i rask endring, er evnen til a. tenke om igjen minst like viktig. I denne bestselgeren tar Adam Grant for seg den krevende kunsten a. stille seg kritisk til egne meninger, v\u00e6re mer fordomsfri overfor andres og a. l\u00e6re seg [&hellip;]\" \/>\n<meta property=\"og:url\" content=\"https:\/\/staging.forenteforlag.no\/spartacus\/produkt\/tenk-om-igjen\/\" \/>\n<meta property=\"og:site_name\" content=\"Spartacus\" \/>\n<meta property=\"article:publisher\" content=\"https:\/\/www.facebook.com\/SpartacusForlag\" \/>\n<meta property=\"article:modified_time\" content=\"2026-03-04T14:37:07+00:00\" \/>\n<meta property=\"og:image\" content=\"https:\/\/staging.forenteforlag.no\/spartacus\/wp-content\/uploads\/sites\/6\/2026\/03\/9788243015289.jpg\" \/>\n\t<meta property=\"og:image:width\" content=\"720\" \/>\n\t<meta property=\"og:image:height\" content=\"1104\" \/>\n\t<meta property=\"og:image:type\" content=\"image\/jpeg\" \/>\n<meta name=\"twitter:card\" content=\"summary_large_image\" \/>\n<meta name=\"twitter:label1\" content=\"Ansl. lesetid\" \/>\n\t<meta name=\"twitter:data1\" content=\"2 minutter\" \/>\n<script type=\"application\/ld+json\" class=\"yoast-schema-graph\">{\"@context\":\"https:\/\/schema.org\",\"@graph\":[{\"@type\":\"WebPage\",\"@id\":\"https:\/\/staging.forenteforlag.no\/spartacus\/produkt\/tenk-om-igjen\/\",\"url\":\"https:\/\/staging.forenteforlag.no\/spartacus\/produkt\/tenk-om-igjen\/\",\"name\":\"Tenk om igjen - Spartacus\",\"isPartOf\":{\"@id\":\"https:\/\/staging.forenteforlag.no\/spartacus\/#website\"},\"primaryImageOfPage\":{\"@id\":\"https:\/\/staging.forenteforlag.no\/spartacus\/produkt\/tenk-om-igjen\/#primaryimage\"},\"image\":{\"@id\":\"https:\/\/staging.forenteforlag.no\/spartacus\/produkt\/tenk-om-igjen\/#primaryimage\"},\"thumbnailUrl\":\"https:\/\/staging.forenteforlag.no\/spartacus\/wp-content\/uploads\/sites\/6\/2026\/03\/9788243015289.jpg\",\"datePublished\":\"2023-06-15T00:00:00+00:00\",\"dateModified\":\"2026-03-04T14:37:07+00:00\",\"breadcrumb\":{\"@id\":\"https:\/\/staging.forenteforlag.no\/spartacus\/produkt\/tenk-om-igjen\/#breadcrumb\"},\"inLanguage\":\"nb-NO\",\"potentialAction\":[{\"@type\":\"ReadAction\",\"target\":[\"https:\/\/staging.forenteforlag.no\/spartacus\/produkt\/tenk-om-igjen\/\"]}]},{\"@type\":\"ImageObject\",\"inLanguage\":\"nb-NO\",\"@id\":\"https:\/\/staging.forenteforlag.no\/spartacus\/produkt\/tenk-om-igjen\/#primaryimage\",\"url\":\"https:\/\/staging.forenteforlag.no\/spartacus\/wp-content\/uploads\/sites\/6\/2026\/03\/9788243015289.jpg\",\"contentUrl\":\"https:\/\/staging.forenteforlag.no\/spartacus\/wp-content\/uploads\/sites\/6\/2026\/03\/9788243015289.jpg\",\"width\":720,\"height\":1104},{\"@type\":\"BreadcrumbList\",\"@id\":\"https:\/\/staging.forenteforlag.no\/spartacus\/produkt\/tenk-om-igjen\/#breadcrumb\",\"itemListElement\":[{\"@type\":\"ListItem\",\"position\":1,\"name\":\"Hjem\",\"item\":\"https:\/\/staging.forenteforlag.no\/spartacus\/\"},{\"@type\":\"ListItem\",\"position\":2,\"name\":\"Alle b\u00f8ker\",\"item\":\"https:\/\/staging.forenteforlag.no\/spartacus\/butikk\/\"},{\"@type\":\"ListItem\",\"position\":3,\"name\":\"Tenk om igjen\"}]},{\"@type\":\"WebSite\",\"@id\":\"https:\/\/staging.forenteforlag.no\/spartacus\/#website\",\"url\":\"https:\/\/staging.forenteforlag.no\/spartacus\/\",\"name\":\"Spartacus forlag\",\"description\":\"\",\"publisher\":{\"@id\":\"https:\/\/staging.forenteforlag.no\/spartacus\/#organization\"},\"potentialAction\":[{\"@type\":\"SearchAction\",\"target\":{\"@type\":\"EntryPoint\",\"urlTemplate\":\"https:\/\/staging.forenteforlag.no\/spartacus\/?s={search_term_string}\"},\"query-input\":{\"@type\":\"PropertyValueSpecification\",\"valueRequired\":true,\"valueName\":\"search_term_string\"}}],\"inLanguage\":\"nb-NO\"},{\"@type\":\"Organization\",\"@id\":\"https:\/\/staging.forenteforlag.no\/spartacus\/#organization\",\"name\":\"Spartacus forlag\",\"url\":\"https:\/\/staging.forenteforlag.no\/spartacus\/\",\"logo\":{\"@type\":\"ImageObject\",\"inLanguage\":\"nb-NO\",\"@id\":\"https:\/\/staging.forenteforlag.no\/spartacus\/#\/schema\/logo\/image\/\",\"url\":\"https:\/\/staging.forenteforlag.no\/spartacus\/wp-content\/uploads\/sites\/6\/2024\/09\/Spartacus_logo.svg\",\"contentUrl\":\"https:\/\/staging.forenteforlag.no\/spartacus\/wp-content\/uploads\/sites\/6\/2024\/09\/Spartacus_logo.svg\",\"width\":100,\"height\":100,\"caption\":\"Spartacus forlag\"},\"image\":{\"@id\":\"https:\/\/staging.forenteforlag.no\/spartacus\/#\/schema\/logo\/image\/\"},\"sameAs\":[\"https:\/\/www.facebook.com\/SpartacusForlag\"]}]}<\/script>\n<!-- \/ Yoast SEO plugin. -->","yoast_head_json":{"title":"Tenk om igjen - Spartacus","robots":{"index":"noindex","follow":"follow","max-snippet":"max-snippet:-1","max-image-preview":"max-image-preview:large","max-video-preview":"max-video-preview:-1"},"og_locale":"nb_NO","og_type":"article","og_title":"Tenk om igjen - Spartacus","og_description":"Vi oppfatter normalt intelligens som evnen til a. tenke og l\u00e6re. Men i en verden i rask endring, er evnen til a. tenke om igjen minst like viktig. I denne bestselgeren tar Adam Grant for seg den krevende kunsten a. stille seg kritisk til egne meninger, v\u00e6re mer fordomsfri overfor andres og a. l\u00e6re seg [&hellip;]","og_url":"https:\/\/staging.forenteforlag.no\/spartacus\/produkt\/tenk-om-igjen\/","og_site_name":"Spartacus","article_publisher":"https:\/\/www.facebook.com\/SpartacusForlag","article_modified_time":"2026-03-04T14:37:07+00:00","og_image":[{"width":720,"height":1104,"url":"https:\/\/staging.forenteforlag.no\/spartacus\/wp-content\/uploads\/sites\/6\/2026\/03\/9788243015289.jpg","type":"image\/jpeg"}],"twitter_card":"summary_large_image","twitter_misc":{"Ansl. lesetid":"2 minutter"},"schema":{"@context":"https:\/\/schema.org","@graph":[{"@type":"WebPage","@id":"https:\/\/staging.forenteforlag.no\/spartacus\/produkt\/tenk-om-igjen\/","url":"https:\/\/staging.forenteforlag.no\/spartacus\/produkt\/tenk-om-igjen\/","name":"Tenk om igjen - Spartacus","isPartOf":{"@id":"https:\/\/staging.forenteforlag.no\/spartacus\/#website"},"primaryImageOfPage":{"@id":"https:\/\/staging.forenteforlag.no\/spartacus\/produkt\/tenk-om-igjen\/#primaryimage"},"image":{"@id":"https:\/\/staging.forenteforlag.no\/spartacus\/produkt\/tenk-om-igjen\/#primaryimage"},"thumbnailUrl":"https:\/\/staging.forenteforlag.no\/spartacus\/wp-content\/uploads\/sites\/6\/2026\/03\/9788243015289.jpg","datePublished":"2023-06-15T00:00:00+00:00","dateModified":"2026-03-04T14:37:07+00:00","breadcrumb":{"@id":"https:\/\/staging.forenteforlag.no\/spartacus\/produkt\/tenk-om-igjen\/#breadcrumb"},"inLanguage":"nb-NO","potentialAction":[{"@type":"ReadAction","target":["https:\/\/staging.forenteforlag.no\/spartacus\/produkt\/tenk-om-igjen\/"]}]},{"@type":"ImageObject","inLanguage":"nb-NO","@id":"https:\/\/staging.forenteforlag.no\/spartacus\/produkt\/tenk-om-igjen\/#primaryimage","url":"https:\/\/staging.forenteforlag.no\/spartacus\/wp-content\/uploads\/sites\/6\/2026\/03\/9788243015289.jpg","contentUrl":"https:\/\/staging.forenteforlag.no\/spartacus\/wp-content\/uploads\/sites\/6\/2026\/03\/9788243015289.jpg","width":720,"height":1104},{"@type":"BreadcrumbList","@id":"https:\/\/staging.forenteforlag.no\/spartacus\/produkt\/tenk-om-igjen\/#breadcrumb","itemListElement":[{"@type":"ListItem","position":1,"name":"Hjem","item":"https:\/\/staging.forenteforlag.no\/spartacus\/"},{"@type":"ListItem","position":2,"name":"Alle b\u00f8ker","item":"https:\/\/staging.forenteforlag.no\/spartacus\/butikk\/"},{"@type":"ListItem","position":3,"name":"Tenk om igjen"}]},{"@type":"WebSite","@id":"https:\/\/staging.forenteforlag.no\/spartacus\/#website","url":"https:\/\/staging.forenteforlag.no\/spartacus\/","name":"Spartacus forlag","description":"","publisher":{"@id":"https:\/\/staging.forenteforlag.no\/spartacus\/#organization"},"potentialAction":[{"@type":"SearchAction","target":{"@type":"EntryPoint","urlTemplate":"https:\/\/staging.forenteforlag.no\/spartacus\/?s={search_term_string}"},"query-input":{"@type":"PropertyValueSpecification","valueRequired":true,"valueName":"search_term_string"}}],"inLanguage":"nb-NO"},{"@type":"Organization","@id":"https:\/\/staging.forenteforlag.no\/spartacus\/#organization","name":"Spartacus forlag","url":"https:\/\/staging.forenteforlag.no\/spartacus\/","logo":{"@type":"ImageObject","inLanguage":"nb-NO","@id":"https:\/\/staging.forenteforlag.no\/spartacus\/#\/schema\/logo\/image\/","url":"https:\/\/staging.forenteforlag.no\/spartacus\/wp-content\/uploads\/sites\/6\/2024\/09\/Spartacus_logo.svg","contentUrl":"https:\/\/staging.forenteforlag.no\/spartacus\/wp-content\/uploads\/sites\/6\/2024\/09\/Spartacus_logo.svg","width":100,"height":100,"caption":"Spartacus forlag"},"image":{"@id":"https:\/\/staging.forenteforlag.no\/spartacus\/#\/schema\/logo\/image\/"},"sameAs":["https:\/\/www.facebook.com\/SpartacusForlag"]}]}},"_links":{"self":[{"href":"https:\/\/staging.forenteforlag.no\/spartacus\/wp-json\/wp\/v2\/product\/20365","targetHints":{"allow":["GET"]}}],"collection":[{"href":"https:\/\/staging.forenteforlag.no\/spartacus\/wp-json\/wp\/v2\/product"}],"about":[{"href":"https:\/\/staging.forenteforlag.no\/spartacus\/wp-json\/wp\/v2\/types\/product"}],"wp:featuredmedia":[{"embeddable":true,"href":"https:\/\/staging.forenteforlag.no\/spartacus\/wp-json\/wp\/v2\/media\/26766"}],"wp:attachment":[{"href":"https:\/\/staging.forenteforlag.no\/spartacus\/wp-json\/wp\/v2\/media?parent=20365"}],"wp:term":[{"taxonomy":"product_brand","embeddable":true,"href":"https:\/\/staging.forenteforlag.no\/spartacus\/wp-json\/wp\/v2\/product_brand?post=20365"},{"taxonomy":"product_cat","embeddable":true,"href":"https:\/\/staging.forenteforlag.no\/spartacus\/wp-json\/wp\/v2\/product_cat?post=20365"},{"taxonomy":"product_tag","embeddable":true,"href":"https:\/\/staging.forenteforlag.no\/spartacus\/wp-json\/wp\/v2\/product_tag?post=20365"}],"curies":[{"name":"wp","href":"https:\/\/api.w.org\/{rel}","templated":true}]}}