{"id":20333,"date":"2024-03-06T01:00:00","date_gmt":"2024-03-06T00:00:00","guid":{"rendered":"https:\/\/spartacus.forenteforlag.no\/produkt\/kan-det-fikses-2\/"},"modified":"2026-03-04T15:38:49","modified_gmt":"2026-03-04T14:38:49","slug":"kan-det-fikses-2","status":"publish","type":"product","link":"https:\/\/staging.forenteforlag.no\/spartacus\/produkt\/kan-det-fikses-2\/","title":{"rendered":"Kan det fikses?"},"content":{"rendered":"<p>Har du ringt til en vaskemaskinreparat\u00f8r og f\u00e5tt beskjed om at det ikke l\u00f8nner seg \u00e5 reparere? Har du pr\u00f8vd \u00e5 finne noen som kan fikse br\u00f8dristeren din og irritert deg over at du til slutt m\u00e5tte kj\u00f8pe en ny? Har du lurt p\u00e5 hvorfor sko slites raskere enn f\u00f8r og hvorfor sykkellykter g\u00e5r s\u00e5 fort i stykker?<\/p>\n<p>Reparat\u00f8rene i Norge er undervurdert og oversett. De passer ikke inn i dagens \u00f8konomiske system, der flere og flere av tingene vi omgir oss med, ikke er produsert for \u00e5 vare.<\/p>\n<p>I denne boka kommer skomakeren i Flekkefjord, hvitevarereparat\u00f8ren p\u00e5 Ask\u00f8y, mobilfikseren p\u00e5 Hamar og sydama i Kristiansand til orde. Reparat\u00f8rene skryter ikke, reklamerer sjelden og f\u00f8rer ikke klimaregnskap. De jobber ofte i bortgjemte lokaler, og mange av dem uorganisert og underbetalt. Men s\u00e5nn trenger det ikke \u00e5 v\u00e6re. Dette er historien om hvordan vi kan forvandle sl\u00f8selandet Norge til et reparat\u00f8rsamfunn.<\/p>\n","protected":false},"excerpt":{"rendered":"<p>Har du ringt til en vaskemaskinreparat\u00f8r og f\u00e5tt beskjed om at det ikke l\u00f8nner seg \u00e5 reparere? Har du pr\u00f8vd \u00e5 finne noen som kan fikse br\u00f8dristeren din og irritert deg over at du til slutt m\u00e5tte kj\u00f8pe en ny? Har du lurt p\u00e5 hvorfor sko slites raskere enn f\u00f8r og hvorfor sykkellykter g\u00e5r s\u00e5 [&hellip;]<\/p>\n","protected":false},"featured_media":26709,"template":"","meta":{"_acf_changed":false,"inline_featured_image":false},"product_brand":[],"product_cat":[1786],"product_tag":[362,624,392],"class_list":{"0":"post-20333","1":"product","2":"type-product","3":"status-publish","4":"has-post-thumbnail","6":"product_cat-rabattkodekampanje","7":"product_tag-faglitteratur","8":"product_tag-forbruk","9":"product_tag-samfunnsanalyse","11":"first","12":"instock","13":"shipping-taxable","14":"purchasable","15":"product-type-simple"},"acf":{"anmeldelse":[{"tekst_anmeldelser":"\u00abUlltveit-Moe innf\u00f8rer, for meg, et nytt og interessant skille mellom gjenbruk og resirkulering. Det siste h\u00f8res veldig fint ut, men er ofte, if\u00f8lge Ulltveit-Moe, en form for \"gr\u00f8nnvasking\".\n\n[\u2026] et viktig dokument. De politikerne som vil gj\u00f8re seg selv relevante og aktuelle for morgendagens velgere, blir n\u00f8dt til \u00e5 ta Ulltveit-Moes forslag alvorlig.\u00bb","av_anmeldelser":"Valerie Kubens","terningkast":false,"kilde":"S\u00f8rlandsbok"},{"tekst_anmeldelser":"\u00abReparat\u00f8rene har ingen organisasjon som kan fremme deres sak, men n\u00e5 har de i det minste f\u00e5tt en talsperson i Marte Ulltveit-Moe. \u2026 I boken skriver hun engasjert og med innsikt om gjenbrukets betydning for milj\u00f8 og klima. [\u2026] Dette er en liten og lettlest bok, men den gir inspirasjon og kunnskap\u2026\u00bb","av_anmeldelser":"Arne \u00d8gaard","terningkast":false,"kilde":"Pengevirke"},{"tekst_anmeldelser":"\u00abKan det fikses?\u00bb er ei tankevekkende bok. Den setter v\u00e5rt overflodssamfunn i et forunderlig lys. Kj\u00f8pe, kj\u00f8pe, kj\u00f8pe . er det meningen med livet? Dessuten har boka er gr\u00f8nt perspektiv som blir viktigere og viktigere \u00e5 reflektere inn i alt det vi skriver og tenker i disse dager. Boka tar bare noen f\u00e5 timer \u00e5 lese. Gj\u00f8r det!","av_anmeldelser":"Jan-Erik \u00d8stlie","terningkast":false,"kilde":"FriFagbevegelse"},{"tekst_anmeldelser":"\u00abViktigast er det likevel at boka vekker kjensler - eg vert b\u00e5de oppgjeven og optimistisk\u2026\u00bb\n\n\u00ab\u2026ein liten, men gjevande start p\u00e5 reisa mot reparat\u00f8rsamfunnet vi inst inne veit vi treng.\u00bb","av_anmeldelser":"Siri Helle","terningkast":false,"kilde":"Dag og Tid"},{"tekst_anmeldelser":"\u00abSelv ble jeg begeistret for denne vesle boka. Vi som vil forvandle sl\u00f8selandet Norge til et samfunn med et forbruk innafor jordens t\u00e5legrense, f\u00e5r hjelp og inspirasjon av forfatteren til \u00e5 se hvordan vi kan bidra. B\u00e5de ved \u00e5 dytte p\u00e5 som forbrukere der vi bor og som organisasjon overfor beslutningstakerne. Boka anbefales derfor varmt!\u00bb","av_anmeldelser":"Elisabeth Briseid","terningkast":false,"kilde":"Besteforeldreaksjonen"}]},"yoast_head":"<!-- This site is optimized with the Yoast SEO plugin v26.6 - https:\/\/yoast.com\/wordpress\/plugins\/seo\/ -->\n<title>Kan det fikses? - Spartacus<\/title>\n<meta name=\"robots\" content=\"noindex, follow, max-snippet:-1, max-image-preview:large, max-video-preview:-1\" \/>\n<meta property=\"og:locale\" content=\"nb_NO\" \/>\n<meta property=\"og:type\" content=\"article\" \/>\n<meta property=\"og:title\" content=\"Kan det fikses? - Spartacus\" \/>\n<meta property=\"og:description\" content=\"Har du ringt til en vaskemaskinreparat\u00f8r og f\u00e5tt beskjed om at det ikke l\u00f8nner seg \u00e5 reparere? Har du pr\u00f8vd \u00e5 finne noen som kan fikse br\u00f8dristeren din og irritert deg over at du til slutt m\u00e5tte kj\u00f8pe en ny? Har du lurt p\u00e5 hvorfor sko slites raskere enn f\u00f8r og hvorfor sykkellykter g\u00e5r s\u00e5 [&hellip;]\" \/>\n<meta property=\"og:url\" content=\"https:\/\/staging.forenteforlag.no\/spartacus\/produkt\/kan-det-fikses-2\/\" \/>\n<meta property=\"og:site_name\" content=\"Spartacus\" \/>\n<meta property=\"article:publisher\" content=\"https:\/\/www.facebook.com\/SpartacusForlag\" \/>\n<meta property=\"article:modified_time\" content=\"2026-03-04T14:38:49+00:00\" \/>\n<meta property=\"og:image\" content=\"https:\/\/staging.forenteforlag.no\/spartacus\/wp-content\/uploads\/sites\/6\/2026\/03\/9788243015661.jpg\" \/>\n\t<meta property=\"og:image:width\" content=\"720\" \/>\n\t<meta property=\"og:image:height\" content=\"1066\" \/>\n\t<meta property=\"og:image:type\" content=\"image\/jpeg\" \/>\n<meta name=\"twitter:card\" content=\"summary_large_image\" \/>\n<meta name=\"twitter:label1\" content=\"Ansl. lesetid\" \/>\n\t<meta name=\"twitter:data1\" content=\"1 minutt\" \/>\n<script type=\"application\/ld+json\" class=\"yoast-schema-graph\">{\"@context\":\"https:\/\/schema.org\",\"@graph\":[{\"@type\":\"WebPage\",\"@id\":\"https:\/\/staging.forenteforlag.no\/spartacus\/produkt\/kan-det-fikses-2\/\",\"url\":\"https:\/\/staging.forenteforlag.no\/spartacus\/produkt\/kan-det-fikses-2\/\",\"name\":\"Kan det fikses? - Spartacus\",\"isPartOf\":{\"@id\":\"https:\/\/staging.forenteforlag.no\/spartacus\/#website\"},\"primaryImageOfPage\":{\"@id\":\"https:\/\/staging.forenteforlag.no\/spartacus\/produkt\/kan-det-fikses-2\/#primaryimage\"},\"image\":{\"@id\":\"https:\/\/staging.forenteforlag.no\/spartacus\/produkt\/kan-det-fikses-2\/#primaryimage\"},\"thumbnailUrl\":\"https:\/\/staging.forenteforlag.no\/spartacus\/wp-content\/uploads\/sites\/6\/2026\/03\/9788243015661.jpg\",\"datePublished\":\"2024-03-06T00:00:00+00:00\",\"dateModified\":\"2026-03-04T14:38:49+00:00\",\"breadcrumb\":{\"@id\":\"https:\/\/staging.forenteforlag.no\/spartacus\/produkt\/kan-det-fikses-2\/#breadcrumb\"},\"inLanguage\":\"nb-NO\",\"potentialAction\":[{\"@type\":\"ReadAction\",\"target\":[\"https:\/\/staging.forenteforlag.no\/spartacus\/produkt\/kan-det-fikses-2\/\"]}]},{\"@type\":\"ImageObject\",\"inLanguage\":\"nb-NO\",\"@id\":\"https:\/\/staging.forenteforlag.no\/spartacus\/produkt\/kan-det-fikses-2\/#primaryimage\",\"url\":\"https:\/\/staging.forenteforlag.no\/spartacus\/wp-content\/uploads\/sites\/6\/2026\/03\/9788243015661.jpg\",\"contentUrl\":\"https:\/\/staging.forenteforlag.no\/spartacus\/wp-content\/uploads\/sites\/6\/2026\/03\/9788243015661.jpg\",\"width\":720,\"height\":1066},{\"@type\":\"BreadcrumbList\",\"@id\":\"https:\/\/staging.forenteforlag.no\/spartacus\/produkt\/kan-det-fikses-2\/#breadcrumb\",\"itemListElement\":[{\"@type\":\"ListItem\",\"position\":1,\"name\":\"Hjem\",\"item\":\"https:\/\/staging.forenteforlag.no\/spartacus\/\"},{\"@type\":\"ListItem\",\"position\":2,\"name\":\"Alle b\u00f8ker\",\"item\":\"https:\/\/staging.forenteforlag.no\/spartacus\/butikk\/\"},{\"@type\":\"ListItem\",\"position\":3,\"name\":\"Kan det fikses?\"}]},{\"@type\":\"WebSite\",\"@id\":\"https:\/\/staging.forenteforlag.no\/spartacus\/#website\",\"url\":\"https:\/\/staging.forenteforlag.no\/spartacus\/\",\"name\":\"Spartacus forlag\",\"description\":\"\",\"publisher\":{\"@id\":\"https:\/\/staging.forenteforlag.no\/spartacus\/#organization\"},\"potentialAction\":[{\"@type\":\"SearchAction\",\"target\":{\"@type\":\"EntryPoint\",\"urlTemplate\":\"https:\/\/staging.forenteforlag.no\/spartacus\/?s={search_term_string}\"},\"query-input\":{\"@type\":\"PropertyValueSpecification\",\"valueRequired\":true,\"valueName\":\"search_term_string\"}}],\"inLanguage\":\"nb-NO\"},{\"@type\":\"Organization\",\"@id\":\"https:\/\/staging.forenteforlag.no\/spartacus\/#organization\",\"name\":\"Spartacus forlag\",\"url\":\"https:\/\/staging.forenteforlag.no\/spartacus\/\",\"logo\":{\"@type\":\"ImageObject\",\"inLanguage\":\"nb-NO\",\"@id\":\"https:\/\/staging.forenteforlag.no\/spartacus\/#\/schema\/logo\/image\/\",\"url\":\"https:\/\/staging.forenteforlag.no\/spartacus\/wp-content\/uploads\/sites\/6\/2024\/09\/Spartacus_logo.svg\",\"contentUrl\":\"https:\/\/staging.forenteforlag.no\/spartacus\/wp-content\/uploads\/sites\/6\/2024\/09\/Spartacus_logo.svg\",\"width\":100,\"height\":100,\"caption\":\"Spartacus forlag\"},\"image\":{\"@id\":\"https:\/\/staging.forenteforlag.no\/spartacus\/#\/schema\/logo\/image\/\"},\"sameAs\":[\"https:\/\/www.facebook.com\/SpartacusForlag\"]}]}<\/script>\n<!-- \/ Yoast SEO plugin. -->","yoast_head_json":{"title":"Kan det fikses? - Spartacus","robots":{"index":"noindex","follow":"follow","max-snippet":"max-snippet:-1","max-image-preview":"max-image-preview:large","max-video-preview":"max-video-preview:-1"},"og_locale":"nb_NO","og_type":"article","og_title":"Kan det fikses? - Spartacus","og_description":"Har du ringt til en vaskemaskinreparat\u00f8r og f\u00e5tt beskjed om at det ikke l\u00f8nner seg \u00e5 reparere? Har du pr\u00f8vd \u00e5 finne noen som kan fikse br\u00f8dristeren din og irritert deg over at du til slutt m\u00e5tte kj\u00f8pe en ny? Har du lurt p\u00e5 hvorfor sko slites raskere enn f\u00f8r og hvorfor sykkellykter g\u00e5r s\u00e5 [&hellip;]","og_url":"https:\/\/staging.forenteforlag.no\/spartacus\/produkt\/kan-det-fikses-2\/","og_site_name":"Spartacus","article_publisher":"https:\/\/www.facebook.com\/SpartacusForlag","article_modified_time":"2026-03-04T14:38:49+00:00","og_image":[{"width":720,"height":1066,"url":"https:\/\/staging.forenteforlag.no\/spartacus\/wp-content\/uploads\/sites\/6\/2026\/03\/9788243015661.jpg","type":"image\/jpeg"}],"twitter_card":"summary_large_image","twitter_misc":{"Ansl. lesetid":"1 minutt"},"schema":{"@context":"https:\/\/schema.org","@graph":[{"@type":"WebPage","@id":"https:\/\/staging.forenteforlag.no\/spartacus\/produkt\/kan-det-fikses-2\/","url":"https:\/\/staging.forenteforlag.no\/spartacus\/produkt\/kan-det-fikses-2\/","name":"Kan det fikses? - Spartacus","isPartOf":{"@id":"https:\/\/staging.forenteforlag.no\/spartacus\/#website"},"primaryImageOfPage":{"@id":"https:\/\/staging.forenteforlag.no\/spartacus\/produkt\/kan-det-fikses-2\/#primaryimage"},"image":{"@id":"https:\/\/staging.forenteforlag.no\/spartacus\/produkt\/kan-det-fikses-2\/#primaryimage"},"thumbnailUrl":"https:\/\/staging.forenteforlag.no\/spartacus\/wp-content\/uploads\/sites\/6\/2026\/03\/9788243015661.jpg","datePublished":"2024-03-06T00:00:00+00:00","dateModified":"2026-03-04T14:38:49+00:00","breadcrumb":{"@id":"https:\/\/staging.forenteforlag.no\/spartacus\/produkt\/kan-det-fikses-2\/#breadcrumb"},"inLanguage":"nb-NO","potentialAction":[{"@type":"ReadAction","target":["https:\/\/staging.forenteforlag.no\/spartacus\/produkt\/kan-det-fikses-2\/"]}]},{"@type":"ImageObject","inLanguage":"nb-NO","@id":"https:\/\/staging.forenteforlag.no\/spartacus\/produkt\/kan-det-fikses-2\/#primaryimage","url":"https:\/\/staging.forenteforlag.no\/spartacus\/wp-content\/uploads\/sites\/6\/2026\/03\/9788243015661.jpg","contentUrl":"https:\/\/staging.forenteforlag.no\/spartacus\/wp-content\/uploads\/sites\/6\/2026\/03\/9788243015661.jpg","width":720,"height":1066},{"@type":"BreadcrumbList","@id":"https:\/\/staging.forenteforlag.no\/spartacus\/produkt\/kan-det-fikses-2\/#breadcrumb","itemListElement":[{"@type":"ListItem","position":1,"name":"Hjem","item":"https:\/\/staging.forenteforlag.no\/spartacus\/"},{"@type":"ListItem","position":2,"name":"Alle b\u00f8ker","item":"https:\/\/staging.forenteforlag.no\/spartacus\/butikk\/"},{"@type":"ListItem","position":3,"name":"Kan det fikses?"}]},{"@type":"WebSite","@id":"https:\/\/staging.forenteforlag.no\/spartacus\/#website","url":"https:\/\/staging.forenteforlag.no\/spartacus\/","name":"Spartacus forlag","description":"","publisher":{"@id":"https:\/\/staging.forenteforlag.no\/spartacus\/#organization"},"potentialAction":[{"@type":"SearchAction","target":{"@type":"EntryPoint","urlTemplate":"https:\/\/staging.forenteforlag.no\/spartacus\/?s={search_term_string}"},"query-input":{"@type":"PropertyValueSpecification","valueRequired":true,"valueName":"search_term_string"}}],"inLanguage":"nb-NO"},{"@type":"Organization","@id":"https:\/\/staging.forenteforlag.no\/spartacus\/#organization","name":"Spartacus forlag","url":"https:\/\/staging.forenteforlag.no\/spartacus\/","logo":{"@type":"ImageObject","inLanguage":"nb-NO","@id":"https:\/\/staging.forenteforlag.no\/spartacus\/#\/schema\/logo\/image\/","url":"https:\/\/staging.forenteforlag.no\/spartacus\/wp-content\/uploads\/sites\/6\/2024\/09\/Spartacus_logo.svg","contentUrl":"https:\/\/staging.forenteforlag.no\/spartacus\/wp-content\/uploads\/sites\/6\/2024\/09\/Spartacus_logo.svg","width":100,"height":100,"caption":"Spartacus forlag"},"image":{"@id":"https:\/\/staging.forenteforlag.no\/spartacus\/#\/schema\/logo\/image\/"},"sameAs":["https:\/\/www.facebook.com\/SpartacusForlag"]}]}},"_links":{"self":[{"href":"https:\/\/staging.forenteforlag.no\/spartacus\/wp-json\/wp\/v2\/product\/20333","targetHints":{"allow":["GET"]}}],"collection":[{"href":"https:\/\/staging.forenteforlag.no\/spartacus\/wp-json\/wp\/v2\/product"}],"about":[{"href":"https:\/\/staging.forenteforlag.no\/spartacus\/wp-json\/wp\/v2\/types\/product"}],"wp:featuredmedia":[{"embeddable":true,"href":"https:\/\/staging.forenteforlag.no\/spartacus\/wp-json\/wp\/v2\/media\/26709"}],"wp:attachment":[{"href":"https:\/\/staging.forenteforlag.no\/spartacus\/wp-json\/wp\/v2\/media?parent=20333"}],"wp:term":[{"taxonomy":"product_brand","embeddable":true,"href":"https:\/\/staging.forenteforlag.no\/spartacus\/wp-json\/wp\/v2\/product_brand?post=20333"},{"taxonomy":"product_cat","embeddable":true,"href":"https:\/\/staging.forenteforlag.no\/spartacus\/wp-json\/wp\/v2\/product_cat?post=20333"},{"taxonomy":"product_tag","embeddable":true,"href":"https:\/\/staging.forenteforlag.no\/spartacus\/wp-json\/wp\/v2\/product_tag?post=20333"}],"curies":[{"name":"wp","href":"https:\/\/api.w.org\/{rel}","templated":true}]}}