{"id":20293,"date":"2022-01-25T01:00:00","date_gmt":"2022-01-25T00:00:00","guid":{"rendered":"https:\/\/spartacus.forenteforlag.no\/produkt\/vi-kommer-snart-hjem-igjen-2\/"},"modified":"2026-03-02T18:28:57","modified_gmt":"2026-03-02T17:28:57","slug":"vi-kommer-snart-hjem-igjen-2","status":"publish","type":"product","link":"https:\/\/staging.forenteforlag.no\/spartacus\/produkt\/vi-kommer-snart-hjem-igjen-2\/","title":{"rendered":"Vi kommer snart hjem igjen"},"content":{"rendered":"<p>I denne sterke tegneserien skildres seks menneskers vitnesbyrd om holocaust. Noen av dem som var barn under krigen lever fortsatt og kan fortelle om hvordan det var. Hva som skjedde med dem og deres familier. Hva de f\u00f8lte. Hvordan de overlevde. Hva de tapte. De forteller om sult, savnet etter \u00e5 g\u00e5 p\u00e5 skole, familier som splittes, freden og hvordan man tross alt kan fortsette \u00e5 leve. Jessica Bab Bonde og Peter Bergting har, basert p\u00e5 historiene til de overlevende, laget en n\u00f8dvendig og viktig bok.  <\/p>\n<p>\u00abVi kommer snart hjem igjen\u00bb er en bok for unge lesere som \u00e5pner for samtaler om vanskelige temaer: om krig, flukt, antisemittisme og fremmedfrykt.<\/p>\n","protected":false},"excerpt":{"rendered":"<p>I denne sterke tegneserien skildres seks menneskers vitnesbyrd om holocaust. Noen av dem som var barn under krigen lever fortsatt og kan fortelle om hvordan det var. Hva som skjedde med dem og deres familier. Hva de f\u00f8lte. Hvordan de overlevde. Hva de tapte. De forteller om sult, savnet etter \u00e5 g\u00e5 p\u00e5 skole, familier [&hellip;]<\/p>\n","protected":false},"featured_media":26752,"template":"","meta":{"_acf_changed":false,"inline_featured_image":false},"product_brand":[],"product_cat":[1786],"product_tag":[362],"class_list":{"0":"post-20293","1":"product","2":"type-product","3":"status-publish","4":"has-post-thumbnail","6":"product_cat-rabattkodekampanje","7":"product_tag-faglitteratur","9":"first","10":"midlertidig-utsolgt","11":"shipping-taxable","12":"purchasable","13":"product-type-simple"},"acf":{"anmeldelse":[{"tekst_anmeldelser":"\u00ab...tegneren klarer \u00e5 vise lidelsen og brutaliteten uten at dette p\u00e5 noen m\u00e5te blir spekulativt [...] Det er klokt og godt gjort.\u00bb","av_anmeldelser":"Tarald Aano","terningkast":"<i class=\"fa-solid fa-dice-five\"><\/i>","kilde":"Stavanger Aftenblad"},{"tekst_anmeldelser":"\u00abVi kommer snart hjem igjen er eit hjarteskjerande, men viktig og naudsynt bidrag til forteljinga om den andre verdskrigen spesielt og om krig generelt. Medan eg las skildringar av korleis m\u00f8dre og barn blei skilte fr\u00e5 fedrar og br\u00f8r, s\u00e5g eg bilete av det same fr\u00e5 krigen i Ukraina. Det er ei p\u00e5minning om at me ikkje skal ta fridommen for gitt, og at me treng \u00e5 sj\u00e5 liding for \u00e5 forst\u00e5 liding. Eg voner foreldre og skulebibliotekarar ikkje vegrar seg for \u00e5 presentere unge for denne boka, og at ho kan bidra til samtalar og refleksjon om krigens vondskap.\u00bb","av_anmeldelser":"Asle S\u00e6tre","terningkast":false,"kilde":"Serienett"},{"tekst_anmeldelser":"\u00abBetre kan det knapt bli gjort! Vi kommer snart hjem igjen treffer p\u00e5 alle punkt. Det er umogleg \u00e5 lesa boka utan \u00e5 bli vekt som medmenneske.\u00bb","av_anmeldelser":"Magnus Rotevatn","terningkast":"<i class=\"fa-solid fa-dice-six\"><\/i>","kilde":"Framtida.no"},{"tekst_anmeldelser":"\u00abJeg vil tro at boka kan f\u00e5 mange niendeklassinger til \u00e5 slutte \u00e5 rable hakekors.\u00bb","av_anmeldelser":"","terningkast":false,"kilde":"Upsala Nya Tidning"}]},"yoast_head":"<!-- This site is optimized with the Yoast SEO plugin v26.6 - https:\/\/yoast.com\/wordpress\/plugins\/seo\/ -->\n<title>Vi kommer snart hjem igjen - Spartacus<\/title>\n<meta name=\"robots\" content=\"noindex, follow, max-snippet:-1, max-image-preview:large, max-video-preview:-1\" \/>\n<meta property=\"og:locale\" content=\"nb_NO\" \/>\n<meta property=\"og:type\" content=\"article\" \/>\n<meta property=\"og:title\" content=\"Vi kommer snart hjem igjen - Spartacus\" \/>\n<meta property=\"og:description\" content=\"I denne sterke tegneserien skildres seks menneskers vitnesbyrd om holocaust. Noen av dem som var barn under krigen lever fortsatt og kan fortelle om hvordan det var. Hva som skjedde med dem og deres familier. Hva de f\u00f8lte. Hvordan de overlevde. Hva de tapte. De forteller om sult, savnet etter \u00e5 g\u00e5 p\u00e5 skole, familier [&hellip;]\" \/>\n<meta property=\"og:url\" content=\"https:\/\/staging.forenteforlag.no\/spartacus\/produkt\/vi-kommer-snart-hjem-igjen-2\/\" \/>\n<meta property=\"og:site_name\" content=\"Spartacus\" \/>\n<meta property=\"article:publisher\" content=\"https:\/\/www.facebook.com\/SpartacusForlag\" \/>\n<meta property=\"article:modified_time\" content=\"2026-03-02T17:28:57+00:00\" \/>\n<meta property=\"og:image\" content=\"https:\/\/staging.forenteforlag.no\/spartacus\/wp-content\/uploads\/sites\/6\/2025\/08\/jpg-6173-scaled.jpg\" \/>\n\t<meta property=\"og:image:width\" content=\"1259\" \/>\n\t<meta property=\"og:image:height\" content=\"1920\" \/>\n\t<meta property=\"og:image:type\" content=\"image\/jpeg\" \/>\n<meta name=\"twitter:card\" content=\"summary_large_image\" \/>\n<meta name=\"twitter:label1\" content=\"Ansl. lesetid\" \/>\n\t<meta name=\"twitter:data1\" content=\"1 minutt\" \/>\n<script type=\"application\/ld+json\" class=\"yoast-schema-graph\">{\"@context\":\"https:\/\/schema.org\",\"@graph\":[{\"@type\":\"WebPage\",\"@id\":\"https:\/\/staging.forenteforlag.no\/spartacus\/produkt\/vi-kommer-snart-hjem-igjen-2\/\",\"url\":\"https:\/\/staging.forenteforlag.no\/spartacus\/produkt\/vi-kommer-snart-hjem-igjen-2\/\",\"name\":\"Vi kommer snart hjem igjen - Spartacus\",\"isPartOf\":{\"@id\":\"https:\/\/staging.forenteforlag.no\/spartacus\/#website\"},\"primaryImageOfPage\":{\"@id\":\"https:\/\/staging.forenteforlag.no\/spartacus\/produkt\/vi-kommer-snart-hjem-igjen-2\/#primaryimage\"},\"image\":{\"@id\":\"https:\/\/staging.forenteforlag.no\/spartacus\/produkt\/vi-kommer-snart-hjem-igjen-2\/#primaryimage\"},\"thumbnailUrl\":\"https:\/\/staging.forenteforlag.no\/spartacus\/wp-content\/uploads\/sites\/6\/2026\/03\/9788243014558.jpg\",\"datePublished\":\"2022-01-25T00:00:00+00:00\",\"dateModified\":\"2026-03-02T17:28:57+00:00\",\"breadcrumb\":{\"@id\":\"https:\/\/staging.forenteforlag.no\/spartacus\/produkt\/vi-kommer-snart-hjem-igjen-2\/#breadcrumb\"},\"inLanguage\":\"nb-NO\",\"potentialAction\":[{\"@type\":\"ReadAction\",\"target\":[\"https:\/\/staging.forenteforlag.no\/spartacus\/produkt\/vi-kommer-snart-hjem-igjen-2\/\"]}]},{\"@type\":\"ImageObject\",\"inLanguage\":\"nb-NO\",\"@id\":\"https:\/\/staging.forenteforlag.no\/spartacus\/produkt\/vi-kommer-snart-hjem-igjen-2\/#primaryimage\",\"url\":\"https:\/\/staging.forenteforlag.no\/spartacus\/wp-content\/uploads\/sites\/6\/2026\/03\/9788243014558.jpg\",\"contentUrl\":\"https:\/\/staging.forenteforlag.no\/spartacus\/wp-content\/uploads\/sites\/6\/2026\/03\/9788243014558.jpg\",\"width\":720,\"height\":1098},{\"@type\":\"BreadcrumbList\",\"@id\":\"https:\/\/staging.forenteforlag.no\/spartacus\/produkt\/vi-kommer-snart-hjem-igjen-2\/#breadcrumb\",\"itemListElement\":[{\"@type\":\"ListItem\",\"position\":1,\"name\":\"Hjem\",\"item\":\"https:\/\/staging.forenteforlag.no\/spartacus\/\"},{\"@type\":\"ListItem\",\"position\":2,\"name\":\"Alle b\u00f8ker\",\"item\":\"https:\/\/staging.forenteforlag.no\/spartacus\/butikk\/\"},{\"@type\":\"ListItem\",\"position\":3,\"name\":\"Vi kommer snart hjem igjen\"}]},{\"@type\":\"WebSite\",\"@id\":\"https:\/\/staging.forenteforlag.no\/spartacus\/#website\",\"url\":\"https:\/\/staging.forenteforlag.no\/spartacus\/\",\"name\":\"Spartacus forlag\",\"description\":\"\",\"publisher\":{\"@id\":\"https:\/\/staging.forenteforlag.no\/spartacus\/#organization\"},\"potentialAction\":[{\"@type\":\"SearchAction\",\"target\":{\"@type\":\"EntryPoint\",\"urlTemplate\":\"https:\/\/staging.forenteforlag.no\/spartacus\/?s={search_term_string}\"},\"query-input\":{\"@type\":\"PropertyValueSpecification\",\"valueRequired\":true,\"valueName\":\"search_term_string\"}}],\"inLanguage\":\"nb-NO\"},{\"@type\":\"Organization\",\"@id\":\"https:\/\/staging.forenteforlag.no\/spartacus\/#organization\",\"name\":\"Spartacus forlag\",\"url\":\"https:\/\/staging.forenteforlag.no\/spartacus\/\",\"logo\":{\"@type\":\"ImageObject\",\"inLanguage\":\"nb-NO\",\"@id\":\"https:\/\/staging.forenteforlag.no\/spartacus\/#\/schema\/logo\/image\/\",\"url\":\"https:\/\/staging.forenteforlag.no\/spartacus\/wp-content\/uploads\/sites\/6\/2024\/09\/Spartacus_logo.svg\",\"contentUrl\":\"https:\/\/staging.forenteforlag.no\/spartacus\/wp-content\/uploads\/sites\/6\/2024\/09\/Spartacus_logo.svg\",\"width\":100,\"height\":100,\"caption\":\"Spartacus forlag\"},\"image\":{\"@id\":\"https:\/\/staging.forenteforlag.no\/spartacus\/#\/schema\/logo\/image\/\"},\"sameAs\":[\"https:\/\/www.facebook.com\/SpartacusForlag\"]}]}<\/script>\n<!-- \/ Yoast SEO plugin. -->","yoast_head_json":{"title":"Vi kommer snart hjem igjen - Spartacus","robots":{"index":"noindex","follow":"follow","max-snippet":"max-snippet:-1","max-image-preview":"max-image-preview:large","max-video-preview":"max-video-preview:-1"},"og_locale":"nb_NO","og_type":"article","og_title":"Vi kommer snart hjem igjen - Spartacus","og_description":"I denne sterke tegneserien skildres seks menneskers vitnesbyrd om holocaust. Noen av dem som var barn under krigen lever fortsatt og kan fortelle om hvordan det var. Hva som skjedde med dem og deres familier. Hva de f\u00f8lte. Hvordan de overlevde. Hva de tapte. De forteller om sult, savnet etter \u00e5 g\u00e5 p\u00e5 skole, familier [&hellip;]","og_url":"https:\/\/staging.forenteforlag.no\/spartacus\/produkt\/vi-kommer-snart-hjem-igjen-2\/","og_site_name":"Spartacus","article_publisher":"https:\/\/www.facebook.com\/SpartacusForlag","article_modified_time":"2026-03-02T17:28:57+00:00","og_image":[{"width":1259,"height":1920,"url":"https:\/\/staging.forenteforlag.no\/spartacus\/wp-content\/uploads\/sites\/6\/2025\/08\/jpg-6173-scaled.jpg","type":"image\/jpeg"}],"twitter_card":"summary_large_image","twitter_misc":{"Ansl. lesetid":"1 minutt"},"schema":{"@context":"https:\/\/schema.org","@graph":[{"@type":"WebPage","@id":"https:\/\/staging.forenteforlag.no\/spartacus\/produkt\/vi-kommer-snart-hjem-igjen-2\/","url":"https:\/\/staging.forenteforlag.no\/spartacus\/produkt\/vi-kommer-snart-hjem-igjen-2\/","name":"Vi kommer snart hjem igjen - Spartacus","isPartOf":{"@id":"https:\/\/staging.forenteforlag.no\/spartacus\/#website"},"primaryImageOfPage":{"@id":"https:\/\/staging.forenteforlag.no\/spartacus\/produkt\/vi-kommer-snart-hjem-igjen-2\/#primaryimage"},"image":{"@id":"https:\/\/staging.forenteforlag.no\/spartacus\/produkt\/vi-kommer-snart-hjem-igjen-2\/#primaryimage"},"thumbnailUrl":"https:\/\/staging.forenteforlag.no\/spartacus\/wp-content\/uploads\/sites\/6\/2026\/03\/9788243014558.jpg","datePublished":"2022-01-25T00:00:00+00:00","dateModified":"2026-03-02T17:28:57+00:00","breadcrumb":{"@id":"https:\/\/staging.forenteforlag.no\/spartacus\/produkt\/vi-kommer-snart-hjem-igjen-2\/#breadcrumb"},"inLanguage":"nb-NO","potentialAction":[{"@type":"ReadAction","target":["https:\/\/staging.forenteforlag.no\/spartacus\/produkt\/vi-kommer-snart-hjem-igjen-2\/"]}]},{"@type":"ImageObject","inLanguage":"nb-NO","@id":"https:\/\/staging.forenteforlag.no\/spartacus\/produkt\/vi-kommer-snart-hjem-igjen-2\/#primaryimage","url":"https:\/\/staging.forenteforlag.no\/spartacus\/wp-content\/uploads\/sites\/6\/2026\/03\/9788243014558.jpg","contentUrl":"https:\/\/staging.forenteforlag.no\/spartacus\/wp-content\/uploads\/sites\/6\/2026\/03\/9788243014558.jpg","width":720,"height":1098},{"@type":"BreadcrumbList","@id":"https:\/\/staging.forenteforlag.no\/spartacus\/produkt\/vi-kommer-snart-hjem-igjen-2\/#breadcrumb","itemListElement":[{"@type":"ListItem","position":1,"name":"Hjem","item":"https:\/\/staging.forenteforlag.no\/spartacus\/"},{"@type":"ListItem","position":2,"name":"Alle b\u00f8ker","item":"https:\/\/staging.forenteforlag.no\/spartacus\/butikk\/"},{"@type":"ListItem","position":3,"name":"Vi kommer snart hjem igjen"}]},{"@type":"WebSite","@id":"https:\/\/staging.forenteforlag.no\/spartacus\/#website","url":"https:\/\/staging.forenteforlag.no\/spartacus\/","name":"Spartacus forlag","description":"","publisher":{"@id":"https:\/\/staging.forenteforlag.no\/spartacus\/#organization"},"potentialAction":[{"@type":"SearchAction","target":{"@type":"EntryPoint","urlTemplate":"https:\/\/staging.forenteforlag.no\/spartacus\/?s={search_term_string}"},"query-input":{"@type":"PropertyValueSpecification","valueRequired":true,"valueName":"search_term_string"}}],"inLanguage":"nb-NO"},{"@type":"Organization","@id":"https:\/\/staging.forenteforlag.no\/spartacus\/#organization","name":"Spartacus forlag","url":"https:\/\/staging.forenteforlag.no\/spartacus\/","logo":{"@type":"ImageObject","inLanguage":"nb-NO","@id":"https:\/\/staging.forenteforlag.no\/spartacus\/#\/schema\/logo\/image\/","url":"https:\/\/staging.forenteforlag.no\/spartacus\/wp-content\/uploads\/sites\/6\/2024\/09\/Spartacus_logo.svg","contentUrl":"https:\/\/staging.forenteforlag.no\/spartacus\/wp-content\/uploads\/sites\/6\/2024\/09\/Spartacus_logo.svg","width":100,"height":100,"caption":"Spartacus forlag"},"image":{"@id":"https:\/\/staging.forenteforlag.no\/spartacus\/#\/schema\/logo\/image\/"},"sameAs":["https:\/\/www.facebook.com\/SpartacusForlag"]}]}},"_links":{"self":[{"href":"https:\/\/staging.forenteforlag.no\/spartacus\/wp-json\/wp\/v2\/product\/20293","targetHints":{"allow":["GET"]}}],"collection":[{"href":"https:\/\/staging.forenteforlag.no\/spartacus\/wp-json\/wp\/v2\/product"}],"about":[{"href":"https:\/\/staging.forenteforlag.no\/spartacus\/wp-json\/wp\/v2\/types\/product"}],"wp:featuredmedia":[{"embeddable":true,"href":"https:\/\/staging.forenteforlag.no\/spartacus\/wp-json\/wp\/v2\/media\/26752"}],"wp:attachment":[{"href":"https:\/\/staging.forenteforlag.no\/spartacus\/wp-json\/wp\/v2\/media?parent=20293"}],"wp:term":[{"taxonomy":"product_brand","embeddable":true,"href":"https:\/\/staging.forenteforlag.no\/spartacus\/wp-json\/wp\/v2\/product_brand?post=20293"},{"taxonomy":"product_cat","embeddable":true,"href":"https:\/\/staging.forenteforlag.no\/spartacus\/wp-json\/wp\/v2\/product_cat?post=20293"},{"taxonomy":"product_tag","embeddable":true,"href":"https:\/\/staging.forenteforlag.no\/spartacus\/wp-json\/wp\/v2\/product_tag?post=20293"}],"curies":[{"name":"wp","href":"https:\/\/api.w.org\/{rel}","templated":true}]}}