{"id":20687,"date":"2016-03-01T01:00:00","date_gmt":"2016-03-01T00:00:00","guid":{"rendered":"https:\/\/scandinavianacademicpress.forenteforlag.no\/produkt\/litteratur-i-en-digital-tid-2\/"},"modified":"2026-03-04T12:23:48","modified_gmt":"2026-03-04T11:23:48","slug":"litteratur-i-en-digital-tid-2","status":"publish","type":"product","link":"https:\/\/staging.forenteforlag.no\/scandinavian\/produkt\/litteratur-i-en-digital-tid-2\/","title":{"rendered":"Litteratur i en digital tid"},"content":{"rendered":"<p>Hva skjer med litteraturen n\u00e5r omgivelsene digitaliseres? Hvorfor insisterer Agnes Ravatn p\u00e5 \u00e5 skrive for h\u00e5nd, Tomas Espedal p\u00e5 skrivemaskin, mens Carl Frode Tiller mener at datamaskinen gir frihet? <\/p>\n<p>Og hva med litteraturen som bare kan leses p\u00e5 skjerm?  <\/p>\n<p>Diskusjoner om litteraturen og det digitale har en tendens til \u00e5 bli sv\u00e6rt polariserte. Er papirboken d\u00f8d? Kommer vi fortsatt til \u00e5 tenke dype og sammenhengende tanker n\u00e5r teknologien synes \u00e5 legge opp til det motsatte? Eller \u00e5pner den digitale teknologien opp for uante muligheter for \u00e5 formidle og oppleve litteratur? <\/p>\n<p>I denne boken ser \u00d8yvind Prytz p\u00e5 hvordan den digitale utviklingen tematiseres i samtidslitteraturen, og hvordan de litter\u00e6re uttrykksformene preges av de nye skrive- og leseteknologiene. Han unders\u00f8ker hvorvidt de teknologiske endringsprosessene bidrar til \u00e5 endre begreper som \u00abforfatteren\u00bb, \u00ableseren\u00bb, \u00abboken\u00bb og \u00abden litter\u00e6re teksten\u00bb. <\/p>\n<p>Den teknologiske utviklingen kan vanskelig reverseres. I Litteratur i en digital tid tegnes et balansert og sammensatt bilde av digitaliseringens p\u00e5virkninger p\u00e5 litteraturen &#8211; og av litteraturens utforskning av det digitale &#8211; uten dystre sp\u00e5dommer om papirbokens d\u00f8d, litteraturens forvitring eller kulturens forfall. <\/p>\n<p>\u00d8yvind Prytz er litteraturforsker og jobber som prosjektleder i Kulturr\u00e5dets FoU-seksjon. Han disputerte med avhandlingen Italo Calvinos litter\u00e6re erfaringseksperiment i 2012. I 2013 skrev han rapporten fra forprosjektet Litteratur og digitalisering.<\/p>\n","protected":false},"excerpt":{"rendered":"<p>Hva skjer med litteraturen n\u00e5r omgivelsene digitaliseres? Hvorfor insisterer Agnes Ravatn p\u00e5 \u00e5 skrive for h\u00e5nd, Tomas Espedal p\u00e5 skrivemaskin, mens Carl Frode Tiller mener at datamaskinen gir frihet? Og hva med litteraturen som bare kan leses p\u00e5 skjerm? Diskusjoner om litteraturen og det digitale har en tendens til \u00e5 bli sv\u00e6rt polariserte. Er papirboken [&hellip;]<\/p>\n","protected":false},"featured_media":22705,"template":"","meta":{"_acf_changed":false,"inline_featured_image":false},"product_brand":[],"product_cat":[1775],"product_tag":[1445,1066,362,502],"class_list":{"0":"post-20687","1":"product","2":"type-product","3":"status-publish","4":"has-post-thumbnail","6":"product_cat-rabattkodekampanje","7":"product_tag-barne-og-ungdomslitteratur","8":"product_tag-databehandling-og-informasjon","9":"product_tag-faglitteratur","10":"product_tag-laereboker-hoyere-utd","12":"first","13":"instock","14":"shipping-taxable","15":"purchasable","16":"product-type-simple"},"acf":{"anmeldelse":null},"yoast_head":"<!-- This site is optimized with the Yoast SEO plugin v26.6 - https:\/\/yoast.com\/wordpress\/plugins\/seo\/ -->\n<title>Litteratur i en digital tid - Scandinavian Academic Press<\/title>\n<meta name=\"robots\" content=\"noindex, follow, max-snippet:-1, max-image-preview:large, max-video-preview:-1\" \/>\n<meta property=\"og:locale\" content=\"nb_NO\" \/>\n<meta property=\"og:type\" content=\"article\" \/>\n<meta property=\"og:title\" content=\"Litteratur i en digital tid - Scandinavian Academic Press\" \/>\n<meta property=\"og:description\" content=\"Hva skjer med litteraturen n\u00e5r omgivelsene digitaliseres? Hvorfor insisterer Agnes Ravatn p\u00e5 \u00e5 skrive for h\u00e5nd, Tomas Espedal p\u00e5 skrivemaskin, mens Carl Frode Tiller mener at datamaskinen gir frihet? Og hva med litteraturen som bare kan leses p\u00e5 skjerm? Diskusjoner om litteraturen og det digitale har en tendens til \u00e5 bli sv\u00e6rt polariserte. Er papirboken [&hellip;]\" \/>\n<meta property=\"og:url\" content=\"https:\/\/staging.forenteforlag.no\/scandinavian\/produkt\/litteratur-i-en-digital-tid-2\/\" \/>\n<meta property=\"og:site_name\" content=\"Scandinavian Academic Press\" \/>\n<meta property=\"article:publisher\" content=\"https:\/\/www.facebook.com\/ScandinavianAcademicPress\" \/>\n<meta property=\"article:modified_time\" content=\"2026-03-04T11:23:48+00:00\" \/>\n<meta property=\"og:image\" content=\"https:\/\/staging.forenteforlag.no\/scandinavian\/wp-content\/uploads\/sites\/7\/2026\/02\/9788230401705.jpg\" \/>\n\t<meta property=\"og:image:width\" content=\"720\" \/>\n\t<meta property=\"og:image:height\" content=\"1152\" \/>\n\t<meta property=\"og:image:type\" content=\"image\/jpeg\" \/>\n<meta name=\"twitter:card\" content=\"summary_large_image\" \/>\n<meta name=\"twitter:label1\" content=\"Ansl. lesetid\" \/>\n\t<meta name=\"twitter:data1\" content=\"1 minutt\" \/>\n<script type=\"application\/ld+json\" class=\"yoast-schema-graph\">{\"@context\":\"https:\/\/schema.org\",\"@graph\":[{\"@type\":\"WebPage\",\"@id\":\"https:\/\/staging.forenteforlag.no\/scandinavian\/produkt\/litteratur-i-en-digital-tid-2\/\",\"url\":\"https:\/\/staging.forenteforlag.no\/scandinavian\/produkt\/litteratur-i-en-digital-tid-2\/\",\"name\":\"Litteratur i en digital tid - Scandinavian Academic Press\",\"isPartOf\":{\"@id\":\"https:\/\/staging.forenteforlag.no\/scandinavian\/#website\"},\"primaryImageOfPage\":{\"@id\":\"https:\/\/staging.forenteforlag.no\/scandinavian\/produkt\/litteratur-i-en-digital-tid-2\/#primaryimage\"},\"image\":{\"@id\":\"https:\/\/staging.forenteforlag.no\/scandinavian\/produkt\/litteratur-i-en-digital-tid-2\/#primaryimage\"},\"thumbnailUrl\":\"https:\/\/staging.forenteforlag.no\/scandinavian\/wp-content\/uploads\/sites\/7\/2026\/02\/9788230401705.jpg\",\"datePublished\":\"2016-03-01T00:00:00+00:00\",\"dateModified\":\"2026-03-04T11:23:48+00:00\",\"breadcrumb\":{\"@id\":\"https:\/\/staging.forenteforlag.no\/scandinavian\/produkt\/litteratur-i-en-digital-tid-2\/#breadcrumb\"},\"inLanguage\":\"nb-NO\",\"potentialAction\":[{\"@type\":\"ReadAction\",\"target\":[\"https:\/\/staging.forenteforlag.no\/scandinavian\/produkt\/litteratur-i-en-digital-tid-2\/\"]}]},{\"@type\":\"ImageObject\",\"inLanguage\":\"nb-NO\",\"@id\":\"https:\/\/staging.forenteforlag.no\/scandinavian\/produkt\/litteratur-i-en-digital-tid-2\/#primaryimage\",\"url\":\"https:\/\/staging.forenteforlag.no\/scandinavian\/wp-content\/uploads\/sites\/7\/2026\/02\/9788230401705.jpg\",\"contentUrl\":\"https:\/\/staging.forenteforlag.no\/scandinavian\/wp-content\/uploads\/sites\/7\/2026\/02\/9788230401705.jpg\",\"width\":720,\"height\":1152},{\"@type\":\"BreadcrumbList\",\"@id\":\"https:\/\/staging.forenteforlag.no\/scandinavian\/produkt\/litteratur-i-en-digital-tid-2\/#breadcrumb\",\"itemListElement\":[{\"@type\":\"ListItem\",\"position\":1,\"name\":\"Hjem\",\"item\":\"https:\/\/staging.forenteforlag.no\/scandinavian\/\"},{\"@type\":\"ListItem\",\"position\":2,\"name\":\"Alle b\u00f8ker\",\"item\":\"https:\/\/staging.forenteforlag.no\/scandinavian\/butikk\/\"},{\"@type\":\"ListItem\",\"position\":3,\"name\":\"Litteratur i en digital tid\"}]},{\"@type\":\"WebSite\",\"@id\":\"https:\/\/staging.forenteforlag.no\/scandinavian\/#website\",\"url\":\"https:\/\/staging.forenteforlag.no\/scandinavian\/\",\"name\":\"Scandinavian Academic Press\",\"description\":\"\",\"publisher\":{\"@id\":\"https:\/\/staging.forenteforlag.no\/scandinavian\/#organization\"},\"potentialAction\":[{\"@type\":\"SearchAction\",\"target\":{\"@type\":\"EntryPoint\",\"urlTemplate\":\"https:\/\/staging.forenteforlag.no\/scandinavian\/?s={search_term_string}\"},\"query-input\":{\"@type\":\"PropertyValueSpecification\",\"valueRequired\":true,\"valueName\":\"search_term_string\"}}],\"inLanguage\":\"nb-NO\"},{\"@type\":\"Organization\",\"@id\":\"https:\/\/staging.forenteforlag.no\/scandinavian\/#organization\",\"name\":\"Scandinavian Academic Press\",\"url\":\"https:\/\/staging.forenteforlag.no\/scandinavian\/\",\"logo\":{\"@type\":\"ImageObject\",\"inLanguage\":\"nb-NO\",\"@id\":\"https:\/\/staging.forenteforlag.no\/scandinavian\/#\/schema\/logo\/image\/\",\"url\":\"https:\/\/staging.forenteforlag.no\/scandinavian\/wp-content\/uploads\/sites\/7\/2024\/09\/SAP_logo-1.svg\",\"contentUrl\":\"https:\/\/staging.forenteforlag.no\/scandinavian\/wp-content\/uploads\/sites\/7\/2024\/09\/SAP_logo-1.svg\",\"width\":4096,\"height\":1300,\"caption\":\"Scandinavian Academic Press\"},\"image\":{\"@id\":\"https:\/\/staging.forenteforlag.no\/scandinavian\/#\/schema\/logo\/image\/\"},\"sameAs\":[\"https:\/\/www.facebook.com\/ScandinavianAcademicPress\"]}]}<\/script>\n<!-- \/ Yoast SEO plugin. -->","yoast_head_json":{"title":"Litteratur i en digital tid - Scandinavian Academic Press","robots":{"index":"noindex","follow":"follow","max-snippet":"max-snippet:-1","max-image-preview":"max-image-preview:large","max-video-preview":"max-video-preview:-1"},"og_locale":"nb_NO","og_type":"article","og_title":"Litteratur i en digital tid - Scandinavian Academic Press","og_description":"Hva skjer med litteraturen n\u00e5r omgivelsene digitaliseres? Hvorfor insisterer Agnes Ravatn p\u00e5 \u00e5 skrive for h\u00e5nd, Tomas Espedal p\u00e5 skrivemaskin, mens Carl Frode Tiller mener at datamaskinen gir frihet? Og hva med litteraturen som bare kan leses p\u00e5 skjerm? Diskusjoner om litteraturen og det digitale har en tendens til \u00e5 bli sv\u00e6rt polariserte. Er papirboken [&hellip;]","og_url":"https:\/\/staging.forenteforlag.no\/scandinavian\/produkt\/litteratur-i-en-digital-tid-2\/","og_site_name":"Scandinavian Academic Press","article_publisher":"https:\/\/www.facebook.com\/ScandinavianAcademicPress","article_modified_time":"2026-03-04T11:23:48+00:00","og_image":[{"width":720,"height":1152,"url":"https:\/\/staging.forenteforlag.no\/scandinavian\/wp-content\/uploads\/sites\/7\/2026\/02\/9788230401705.jpg","type":"image\/jpeg"}],"twitter_card":"summary_large_image","twitter_misc":{"Ansl. lesetid":"1 minutt"},"schema":{"@context":"https:\/\/schema.org","@graph":[{"@type":"WebPage","@id":"https:\/\/staging.forenteforlag.no\/scandinavian\/produkt\/litteratur-i-en-digital-tid-2\/","url":"https:\/\/staging.forenteforlag.no\/scandinavian\/produkt\/litteratur-i-en-digital-tid-2\/","name":"Litteratur i en digital tid - Scandinavian Academic Press","isPartOf":{"@id":"https:\/\/staging.forenteforlag.no\/scandinavian\/#website"},"primaryImageOfPage":{"@id":"https:\/\/staging.forenteforlag.no\/scandinavian\/produkt\/litteratur-i-en-digital-tid-2\/#primaryimage"},"image":{"@id":"https:\/\/staging.forenteforlag.no\/scandinavian\/produkt\/litteratur-i-en-digital-tid-2\/#primaryimage"},"thumbnailUrl":"https:\/\/staging.forenteforlag.no\/scandinavian\/wp-content\/uploads\/sites\/7\/2026\/02\/9788230401705.jpg","datePublished":"2016-03-01T00:00:00+00:00","dateModified":"2026-03-04T11:23:48+00:00","breadcrumb":{"@id":"https:\/\/staging.forenteforlag.no\/scandinavian\/produkt\/litteratur-i-en-digital-tid-2\/#breadcrumb"},"inLanguage":"nb-NO","potentialAction":[{"@type":"ReadAction","target":["https:\/\/staging.forenteforlag.no\/scandinavian\/produkt\/litteratur-i-en-digital-tid-2\/"]}]},{"@type":"ImageObject","inLanguage":"nb-NO","@id":"https:\/\/staging.forenteforlag.no\/scandinavian\/produkt\/litteratur-i-en-digital-tid-2\/#primaryimage","url":"https:\/\/staging.forenteforlag.no\/scandinavian\/wp-content\/uploads\/sites\/7\/2026\/02\/9788230401705.jpg","contentUrl":"https:\/\/staging.forenteforlag.no\/scandinavian\/wp-content\/uploads\/sites\/7\/2026\/02\/9788230401705.jpg","width":720,"height":1152},{"@type":"BreadcrumbList","@id":"https:\/\/staging.forenteforlag.no\/scandinavian\/produkt\/litteratur-i-en-digital-tid-2\/#breadcrumb","itemListElement":[{"@type":"ListItem","position":1,"name":"Hjem","item":"https:\/\/staging.forenteforlag.no\/scandinavian\/"},{"@type":"ListItem","position":2,"name":"Alle b\u00f8ker","item":"https:\/\/staging.forenteforlag.no\/scandinavian\/butikk\/"},{"@type":"ListItem","position":3,"name":"Litteratur i en digital tid"}]},{"@type":"WebSite","@id":"https:\/\/staging.forenteforlag.no\/scandinavian\/#website","url":"https:\/\/staging.forenteforlag.no\/scandinavian\/","name":"Scandinavian Academic Press","description":"","publisher":{"@id":"https:\/\/staging.forenteforlag.no\/scandinavian\/#organization"},"potentialAction":[{"@type":"SearchAction","target":{"@type":"EntryPoint","urlTemplate":"https:\/\/staging.forenteforlag.no\/scandinavian\/?s={search_term_string}"},"query-input":{"@type":"PropertyValueSpecification","valueRequired":true,"valueName":"search_term_string"}}],"inLanguage":"nb-NO"},{"@type":"Organization","@id":"https:\/\/staging.forenteforlag.no\/scandinavian\/#organization","name":"Scandinavian Academic Press","url":"https:\/\/staging.forenteforlag.no\/scandinavian\/","logo":{"@type":"ImageObject","inLanguage":"nb-NO","@id":"https:\/\/staging.forenteforlag.no\/scandinavian\/#\/schema\/logo\/image\/","url":"https:\/\/staging.forenteforlag.no\/scandinavian\/wp-content\/uploads\/sites\/7\/2024\/09\/SAP_logo-1.svg","contentUrl":"https:\/\/staging.forenteforlag.no\/scandinavian\/wp-content\/uploads\/sites\/7\/2024\/09\/SAP_logo-1.svg","width":4096,"height":1300,"caption":"Scandinavian Academic Press"},"image":{"@id":"https:\/\/staging.forenteforlag.no\/scandinavian\/#\/schema\/logo\/image\/"},"sameAs":["https:\/\/www.facebook.com\/ScandinavianAcademicPress"]}]}},"_links":{"self":[{"href":"https:\/\/staging.forenteforlag.no\/scandinavian\/wp-json\/wp\/v2\/product\/20687","targetHints":{"allow":["GET"]}}],"collection":[{"href":"https:\/\/staging.forenteforlag.no\/scandinavian\/wp-json\/wp\/v2\/product"}],"about":[{"href":"https:\/\/staging.forenteforlag.no\/scandinavian\/wp-json\/wp\/v2\/types\/product"}],"wp:featuredmedia":[{"embeddable":true,"href":"https:\/\/staging.forenteforlag.no\/scandinavian\/wp-json\/wp\/v2\/media\/22705"}],"wp:attachment":[{"href":"https:\/\/staging.forenteforlag.no\/scandinavian\/wp-json\/wp\/v2\/media?parent=20687"}],"wp:term":[{"taxonomy":"product_brand","embeddable":true,"href":"https:\/\/staging.forenteforlag.no\/scandinavian\/wp-json\/wp\/v2\/product_brand?post=20687"},{"taxonomy":"product_cat","embeddable":true,"href":"https:\/\/staging.forenteforlag.no\/scandinavian\/wp-json\/wp\/v2\/product_cat?post=20687"},{"taxonomy":"product_tag","embeddable":true,"href":"https:\/\/staging.forenteforlag.no\/scandinavian\/wp-json\/wp\/v2\/product_tag?post=20687"}],"curies":[{"name":"wp","href":"https:\/\/api.w.org\/{rel}","templated":true}]}}