{"id":20531,"date":"2009-03-31T02:00:00","date_gmt":"2009-03-31T00:00:00","guid":{"rendered":"https:\/\/scandinavianacademicpress.forenteforlag.no\/produkt\/generalen-og-hans-testamente\/"},"modified":"2026-03-04T12:20:15","modified_gmt":"2026-03-04T11:20:15","slug":"generalen-og-hans-testamente","status":"publish","type":"product","link":"https:\/\/staging.forenteforlag.no\/scandinavian\/produkt\/generalen-og-hans-testamente\/","title":{"rendered":"Generalen og hans testamente"},"content":{"rendered":"<p>Her offentliggj\u00f8res for f\u00f8rste gang to sentrale dokumenter om norsk okkupasjonshistorie, f\u00f8rt i pennen av generalmajor Odd Lindb\u00e4ck-Larsen.   Lindb\u00e4ck-Larsen var stabssjef under general Fleischer ved krigsutbruddet og spilte en n\u00f8kkelrolle ved felttoget i Nord-Norge og i m\u00e5nedene etterp\u00e5. Senere satt han i tysk fangenskap i M\u00f8llergata, p\u00e5 Grini og i Sachsenhausen.  I disse etterlatte dokumentene gir han sitt syn p\u00e5 det som skjedde i Nord-Norge, og forteller usentimentalt om tilv\u00e6relsen som politisk fange.  Dokumentene kaster nytt og ikke alltid smigrende lys over en rekke krigshistoriske forhold som hittil har ligget i halvskyggen. Det gjelder forsvarssjef Otto Ruges disposisjoner, selve kapitulasjonsavtalene og dessuten samr\u00f8ret mellom norske og tyske milit\u00e6re i Finnmark sommeren 1940.  Boken har en introduksjon av historiker Lars Borgersrud og generalmajor Torkel Hovland. Her settes Lindb\u00e4ck-Larsens liv, virke og forfatterskap inn i en st\u00f8rre sammenheng.<\/p>\n","protected":false},"excerpt":{"rendered":"<p>Her offentliggj\u00f8res for f\u00f8rste gang to sentrale dokumenter om norsk okkupasjonshistorie, f\u00f8rt i pennen av generalmajor Odd Lindb\u00e4ck-Larsen. Lindb\u00e4ck-Larsen var stabssjef under general Fleischer ved krigsutbruddet og spilte en n\u00f8kkelrolle ved felttoget i Nord-Norge og i m\u00e5nedene etterp\u00e5. Senere satt han i tysk fangenskap i M\u00f8llergata, p\u00e5 Grini og i Sachsenhausen. I disse etterlatte dokumentene [&hellip;]<\/p>\n","protected":false},"featured_media":22638,"template":"","meta":{"_acf_changed":false,"inline_featured_image":false},"product_brand":[],"product_cat":[1775],"product_tag":[407,405,362,439],"class_list":{"0":"post-20531","1":"product","2":"type-product","3":"status-publish","4":"has-post-thumbnail","6":"product_cat-rabattkodekampanje","7":"product_tag-1939-1945","8":"product_tag-andre-verdenskrig","9":"product_tag-faglitteratur","10":"product_tag-nord-norge","12":"first","13":"outofstock","14":"shipping-taxable","15":"purchasable","16":"product-type-simple"},"acf":{"anmeldelse":null},"yoast_head":"<!-- This site is optimized with the Yoast SEO plugin v26.6 - https:\/\/yoast.com\/wordpress\/plugins\/seo\/ -->\n<title>Generalen og hans testamente - Scandinavian Academic Press<\/title>\n<meta name=\"robots\" content=\"noindex, follow, max-snippet:-1, max-image-preview:large, max-video-preview:-1\" \/>\n<meta property=\"og:locale\" content=\"nb_NO\" \/>\n<meta property=\"og:type\" content=\"article\" \/>\n<meta property=\"og:title\" content=\"Generalen og hans testamente - Scandinavian Academic Press\" \/>\n<meta property=\"og:description\" content=\"Her offentliggj\u00f8res for f\u00f8rste gang to sentrale dokumenter om norsk okkupasjonshistorie, f\u00f8rt i pennen av generalmajor Odd Lindb\u00e4ck-Larsen. Lindb\u00e4ck-Larsen var stabssjef under general Fleischer ved krigsutbruddet og spilte en n\u00f8kkelrolle ved felttoget i Nord-Norge og i m\u00e5nedene etterp\u00e5. Senere satt han i tysk fangenskap i M\u00f8llergata, p\u00e5 Grini og i Sachsenhausen. I disse etterlatte dokumentene [&hellip;]\" \/>\n<meta property=\"og:url\" content=\"https:\/\/staging.forenteforlag.no\/scandinavian\/produkt\/generalen-og-hans-testamente\/\" \/>\n<meta property=\"og:site_name\" content=\"Scandinavian Academic Press\" \/>\n<meta property=\"article:publisher\" content=\"https:\/\/www.facebook.com\/ScandinavianAcademicPress\" \/>\n<meta property=\"article:modified_time\" content=\"2026-03-04T11:20:15+00:00\" \/>\n<meta property=\"og:image\" content=\"https:\/\/staging.forenteforlag.no\/scandinavian\/wp-content\/uploads\/sites\/7\/2026\/02\/9788230400456.jpg\" \/>\n\t<meta property=\"og:image:width\" content=\"720\" \/>\n\t<meta property=\"og:image:height\" content=\"1106\" \/>\n\t<meta property=\"og:image:type\" content=\"image\/jpeg\" \/>\n<meta name=\"twitter:card\" content=\"summary_large_image\" \/>\n<meta name=\"twitter:label1\" content=\"Ansl. lesetid\" \/>\n\t<meta name=\"twitter:data1\" content=\"1 minutt\" \/>\n<script type=\"application\/ld+json\" class=\"yoast-schema-graph\">{\"@context\":\"https:\/\/schema.org\",\"@graph\":[{\"@type\":\"WebPage\",\"@id\":\"https:\/\/staging.forenteforlag.no\/scandinavian\/produkt\/generalen-og-hans-testamente\/\",\"url\":\"https:\/\/staging.forenteforlag.no\/scandinavian\/produkt\/generalen-og-hans-testamente\/\",\"name\":\"Generalen og hans testamente - Scandinavian Academic Press\",\"isPartOf\":{\"@id\":\"https:\/\/staging.forenteforlag.no\/scandinavian\/#website\"},\"primaryImageOfPage\":{\"@id\":\"https:\/\/staging.forenteforlag.no\/scandinavian\/produkt\/generalen-og-hans-testamente\/#primaryimage\"},\"image\":{\"@id\":\"https:\/\/staging.forenteforlag.no\/scandinavian\/produkt\/generalen-og-hans-testamente\/#primaryimage\"},\"thumbnailUrl\":\"https:\/\/staging.forenteforlag.no\/scandinavian\/wp-content\/uploads\/sites\/7\/2026\/02\/9788230400456.jpg\",\"datePublished\":\"2009-03-31T00:00:00+00:00\",\"dateModified\":\"2026-03-04T11:20:15+00:00\",\"breadcrumb\":{\"@id\":\"https:\/\/staging.forenteforlag.no\/scandinavian\/produkt\/generalen-og-hans-testamente\/#breadcrumb\"},\"inLanguage\":\"nb-NO\",\"potentialAction\":[{\"@type\":\"ReadAction\",\"target\":[\"https:\/\/staging.forenteforlag.no\/scandinavian\/produkt\/generalen-og-hans-testamente\/\"]}]},{\"@type\":\"ImageObject\",\"inLanguage\":\"nb-NO\",\"@id\":\"https:\/\/staging.forenteforlag.no\/scandinavian\/produkt\/generalen-og-hans-testamente\/#primaryimage\",\"url\":\"https:\/\/staging.forenteforlag.no\/scandinavian\/wp-content\/uploads\/sites\/7\/2026\/02\/9788230400456.jpg\",\"contentUrl\":\"https:\/\/staging.forenteforlag.no\/scandinavian\/wp-content\/uploads\/sites\/7\/2026\/02\/9788230400456.jpg\",\"width\":720,\"height\":1106},{\"@type\":\"BreadcrumbList\",\"@id\":\"https:\/\/staging.forenteforlag.no\/scandinavian\/produkt\/generalen-og-hans-testamente\/#breadcrumb\",\"itemListElement\":[{\"@type\":\"ListItem\",\"position\":1,\"name\":\"Hjem\",\"item\":\"https:\/\/staging.forenteforlag.no\/scandinavian\/\"},{\"@type\":\"ListItem\",\"position\":2,\"name\":\"Alle b\u00f8ker\",\"item\":\"https:\/\/staging.forenteforlag.no\/scandinavian\/butikk\/\"},{\"@type\":\"ListItem\",\"position\":3,\"name\":\"Generalen og hans testamente\"}]},{\"@type\":\"WebSite\",\"@id\":\"https:\/\/staging.forenteforlag.no\/scandinavian\/#website\",\"url\":\"https:\/\/staging.forenteforlag.no\/scandinavian\/\",\"name\":\"Scandinavian Academic Press\",\"description\":\"\",\"publisher\":{\"@id\":\"https:\/\/staging.forenteforlag.no\/scandinavian\/#organization\"},\"potentialAction\":[{\"@type\":\"SearchAction\",\"target\":{\"@type\":\"EntryPoint\",\"urlTemplate\":\"https:\/\/staging.forenteforlag.no\/scandinavian\/?s={search_term_string}\"},\"query-input\":{\"@type\":\"PropertyValueSpecification\",\"valueRequired\":true,\"valueName\":\"search_term_string\"}}],\"inLanguage\":\"nb-NO\"},{\"@type\":\"Organization\",\"@id\":\"https:\/\/staging.forenteforlag.no\/scandinavian\/#organization\",\"name\":\"Scandinavian Academic Press\",\"url\":\"https:\/\/staging.forenteforlag.no\/scandinavian\/\",\"logo\":{\"@type\":\"ImageObject\",\"inLanguage\":\"nb-NO\",\"@id\":\"https:\/\/staging.forenteforlag.no\/scandinavian\/#\/schema\/logo\/image\/\",\"url\":\"https:\/\/staging.forenteforlag.no\/scandinavian\/wp-content\/uploads\/sites\/7\/2024\/09\/SAP_logo-1.svg\",\"contentUrl\":\"https:\/\/staging.forenteforlag.no\/scandinavian\/wp-content\/uploads\/sites\/7\/2024\/09\/SAP_logo-1.svg\",\"width\":4096,\"height\":1300,\"caption\":\"Scandinavian Academic Press\"},\"image\":{\"@id\":\"https:\/\/staging.forenteforlag.no\/scandinavian\/#\/schema\/logo\/image\/\"},\"sameAs\":[\"https:\/\/www.facebook.com\/ScandinavianAcademicPress\"]}]}<\/script>\n<!-- \/ Yoast SEO plugin. -->","yoast_head_json":{"title":"Generalen og hans testamente - Scandinavian Academic Press","robots":{"index":"noindex","follow":"follow","max-snippet":"max-snippet:-1","max-image-preview":"max-image-preview:large","max-video-preview":"max-video-preview:-1"},"og_locale":"nb_NO","og_type":"article","og_title":"Generalen og hans testamente - Scandinavian Academic Press","og_description":"Her offentliggj\u00f8res for f\u00f8rste gang to sentrale dokumenter om norsk okkupasjonshistorie, f\u00f8rt i pennen av generalmajor Odd Lindb\u00e4ck-Larsen. Lindb\u00e4ck-Larsen var stabssjef under general Fleischer ved krigsutbruddet og spilte en n\u00f8kkelrolle ved felttoget i Nord-Norge og i m\u00e5nedene etterp\u00e5. Senere satt han i tysk fangenskap i M\u00f8llergata, p\u00e5 Grini og i Sachsenhausen. I disse etterlatte dokumentene [&hellip;]","og_url":"https:\/\/staging.forenteforlag.no\/scandinavian\/produkt\/generalen-og-hans-testamente\/","og_site_name":"Scandinavian Academic Press","article_publisher":"https:\/\/www.facebook.com\/ScandinavianAcademicPress","article_modified_time":"2026-03-04T11:20:15+00:00","og_image":[{"width":720,"height":1106,"url":"https:\/\/staging.forenteforlag.no\/scandinavian\/wp-content\/uploads\/sites\/7\/2026\/02\/9788230400456.jpg","type":"image\/jpeg"}],"twitter_card":"summary_large_image","twitter_misc":{"Ansl. lesetid":"1 minutt"},"schema":{"@context":"https:\/\/schema.org","@graph":[{"@type":"WebPage","@id":"https:\/\/staging.forenteforlag.no\/scandinavian\/produkt\/generalen-og-hans-testamente\/","url":"https:\/\/staging.forenteforlag.no\/scandinavian\/produkt\/generalen-og-hans-testamente\/","name":"Generalen og hans testamente - Scandinavian Academic Press","isPartOf":{"@id":"https:\/\/staging.forenteforlag.no\/scandinavian\/#website"},"primaryImageOfPage":{"@id":"https:\/\/staging.forenteforlag.no\/scandinavian\/produkt\/generalen-og-hans-testamente\/#primaryimage"},"image":{"@id":"https:\/\/staging.forenteforlag.no\/scandinavian\/produkt\/generalen-og-hans-testamente\/#primaryimage"},"thumbnailUrl":"https:\/\/staging.forenteforlag.no\/scandinavian\/wp-content\/uploads\/sites\/7\/2026\/02\/9788230400456.jpg","datePublished":"2009-03-31T00:00:00+00:00","dateModified":"2026-03-04T11:20:15+00:00","breadcrumb":{"@id":"https:\/\/staging.forenteforlag.no\/scandinavian\/produkt\/generalen-og-hans-testamente\/#breadcrumb"},"inLanguage":"nb-NO","potentialAction":[{"@type":"ReadAction","target":["https:\/\/staging.forenteforlag.no\/scandinavian\/produkt\/generalen-og-hans-testamente\/"]}]},{"@type":"ImageObject","inLanguage":"nb-NO","@id":"https:\/\/staging.forenteforlag.no\/scandinavian\/produkt\/generalen-og-hans-testamente\/#primaryimage","url":"https:\/\/staging.forenteforlag.no\/scandinavian\/wp-content\/uploads\/sites\/7\/2026\/02\/9788230400456.jpg","contentUrl":"https:\/\/staging.forenteforlag.no\/scandinavian\/wp-content\/uploads\/sites\/7\/2026\/02\/9788230400456.jpg","width":720,"height":1106},{"@type":"BreadcrumbList","@id":"https:\/\/staging.forenteforlag.no\/scandinavian\/produkt\/generalen-og-hans-testamente\/#breadcrumb","itemListElement":[{"@type":"ListItem","position":1,"name":"Hjem","item":"https:\/\/staging.forenteforlag.no\/scandinavian\/"},{"@type":"ListItem","position":2,"name":"Alle b\u00f8ker","item":"https:\/\/staging.forenteforlag.no\/scandinavian\/butikk\/"},{"@type":"ListItem","position":3,"name":"Generalen og hans testamente"}]},{"@type":"WebSite","@id":"https:\/\/staging.forenteforlag.no\/scandinavian\/#website","url":"https:\/\/staging.forenteforlag.no\/scandinavian\/","name":"Scandinavian Academic Press","description":"","publisher":{"@id":"https:\/\/staging.forenteforlag.no\/scandinavian\/#organization"},"potentialAction":[{"@type":"SearchAction","target":{"@type":"EntryPoint","urlTemplate":"https:\/\/staging.forenteforlag.no\/scandinavian\/?s={search_term_string}"},"query-input":{"@type":"PropertyValueSpecification","valueRequired":true,"valueName":"search_term_string"}}],"inLanguage":"nb-NO"},{"@type":"Organization","@id":"https:\/\/staging.forenteforlag.no\/scandinavian\/#organization","name":"Scandinavian Academic Press","url":"https:\/\/staging.forenteforlag.no\/scandinavian\/","logo":{"@type":"ImageObject","inLanguage":"nb-NO","@id":"https:\/\/staging.forenteforlag.no\/scandinavian\/#\/schema\/logo\/image\/","url":"https:\/\/staging.forenteforlag.no\/scandinavian\/wp-content\/uploads\/sites\/7\/2024\/09\/SAP_logo-1.svg","contentUrl":"https:\/\/staging.forenteforlag.no\/scandinavian\/wp-content\/uploads\/sites\/7\/2024\/09\/SAP_logo-1.svg","width":4096,"height":1300,"caption":"Scandinavian Academic Press"},"image":{"@id":"https:\/\/staging.forenteforlag.no\/scandinavian\/#\/schema\/logo\/image\/"},"sameAs":["https:\/\/www.facebook.com\/ScandinavianAcademicPress"]}]}},"_links":{"self":[{"href":"https:\/\/staging.forenteforlag.no\/scandinavian\/wp-json\/wp\/v2\/product\/20531","targetHints":{"allow":["GET"]}}],"collection":[{"href":"https:\/\/staging.forenteforlag.no\/scandinavian\/wp-json\/wp\/v2\/product"}],"about":[{"href":"https:\/\/staging.forenteforlag.no\/scandinavian\/wp-json\/wp\/v2\/types\/product"}],"wp:featuredmedia":[{"embeddable":true,"href":"https:\/\/staging.forenteforlag.no\/scandinavian\/wp-json\/wp\/v2\/media\/22638"}],"wp:attachment":[{"href":"https:\/\/staging.forenteforlag.no\/scandinavian\/wp-json\/wp\/v2\/media?parent=20531"}],"wp:term":[{"taxonomy":"product_brand","embeddable":true,"href":"https:\/\/staging.forenteforlag.no\/scandinavian\/wp-json\/wp\/v2\/product_brand?post=20531"},{"taxonomy":"product_cat","embeddable":true,"href":"https:\/\/staging.forenteforlag.no\/scandinavian\/wp-json\/wp\/v2\/product_cat?post=20531"},{"taxonomy":"product_tag","embeddable":true,"href":"https:\/\/staging.forenteforlag.no\/scandinavian\/wp-json\/wp\/v2\/product_tag?post=20531"}],"curies":[{"name":"wp","href":"https:\/\/api.w.org\/{rel}","templated":true}]}}

<p>Her offentliggjøres for første gang to sentrale dokumenter om norsk okkupasjonshistorie, ført i pennen av generalmajor Odd Lindbäck-Larsen.   Lindbäck-Larsen var stabssjef under general Fleischer ved krigsutbruddet og spilte en nøkkelrolle ved felttoget i Nord-Norge og i månedene etterpå. Senere satt han i tysk fangenskap i Møllergata, på Grini og i Sachsenhausen.  I disse etterlatte dokumentene gir han sitt syn på det som skjedde i Nord-Norge, og forteller usentimentalt om tilværelsen som politisk fange.  Dokumentene kaster nytt og ikke alltid smigrende lys over en rekke krigshistoriske forhold som hittil har ligget i halvskyggen. Det gjelder forsvarssjef Otto Ruges disposisjoner, selve kapitulasjonsavtalene og dessuten samrøret mellom norske og tyske militære i Finnmark sommeren 1940.  Boken har en introduksjon av historiker Lars Borgersrud og generalmajor Torkel Hovland. Her settes Lindbäck-Larsens liv, virke og forfatterskap inn i en større sammenheng.</p>

<p>Her offentliggjøres for første gang to sentrale dokumenter om norsk okkupasjonshistorie, ført i pennen av generalmajor Odd Lindbäck-Larsen. Lindbäck-Larsen var stabssjef under general Fleischer ved krigsutbruddet og spilte en nøkkelrolle ved felttoget i Nord-Norge og i månedene etterpå. Senere satt han i tysk fangenskap i Møllergata, på Grini og i Sachsenhausen. I disse etterlatte dokumentene [&hellip;]</p>

<!-- This site is optimized with the Yoast SEO plugin v26.6 - https://yoast.com/wordpress/plugins/seo/ -->
<title>Generalen og hans testamente - Scandinavian Academic Press</title>
<meta name="robots" content="noindex, follow, max-snippet:-1, max-image-preview:large, max-video-preview:-1" />
<meta property="og:locale" content="nb_NO" />
<meta property="og:type" content="article" />
<meta property="og:title" content="Generalen og hans testamente - Scandinavian Academic Press" />
<meta property="og:description" content="Her offentliggjøres for første gang to sentrale dokumenter om norsk okkupasjonshistorie, ført i pennen av generalmajor Odd Lindbäck-Larsen. Lindbäck-Larsen var stabssjef under general Fleischer ved krigsutbruddet og spilte en nøkkelrolle ved felttoget i Nord-Norge og i månedene etterpå. Senere satt han i tysk fangenskap i Møllergata, på Grini og i Sachsenhausen. I disse etterlatte dokumentene [&hellip;]" />
<meta property="og:url" content="https://staging.forenteforlag.no/scandinavian/produkt/generalen-og-hans-testamente/" />
<meta property="og:site_name" content="Scandinavian Academic Press" />
<meta property="article:publisher" content="https://www.facebook.com/ScandinavianAcademicPress" />
<meta property="article:modified_time" content="2026-03-04T11:20:15+00:00" />
<meta property="og:image" content="https://staging.forenteforlag.no/scandinavian/wp-content/uploads/sites/7/2026/02/9788230400456.jpg" />
	<meta property="og:image:width" content="720" />
	<meta property="og:image:height" content="1106" />
	<meta property="og:image:type" content="image/jpeg" />
<meta name="twitter:card" content="summary_large_image" />
<meta name="twitter:label1" content="Ansl. lesetid" />
	<meta name="twitter:data1" content="1 minutt" />
<script type="application/ld+json" class="yoast-schema-graph">{"@context":"https://schema.org","@graph":[{"@type":"WebPage","@id":"https://staging.forenteforlag.no/scandinavian/produkt/generalen-og-hans-testamente/","url":"https://staging.forenteforlag.no/scandinavian/produkt/generalen-og-hans-testamente/","name":"Generalen og hans testamente - Scandinavian Academic Press","isPartOf":{"@id":"https://staging.forenteforlag.no/scandinavian/#website"},"primaryImageOfPage":{"@id":"https://staging.forenteforlag.no/scandinavian/produkt/generalen-og-hans-testamente/#primaryimage"},"image":{"@id":"https://staging.forenteforlag.no/scandinavian/produkt/generalen-og-hans-testamente/#primaryimage"},"thumbnailUrl":"https://staging.forenteforlag.no/scandinavian/wp-content/uploads/sites/7/2026/02/9788230400456.jpg","datePublished":"2009-03-31T00:00:00+00:00","dateModified":"2026-03-04T11:20:15+00:00","breadcrumb":{"@id":"https://staging.forenteforlag.no/scandinavian/produkt/generalen-og-hans-testamente/#breadcrumb"},"inLanguage":"nb-NO","potentialAction":[{"@type":"ReadAction","target":["https://staging.forenteforlag.no/scandinavian/produkt/generalen-og-hans-testamente/"]}]},{"@type":"ImageObject","inLanguage":"nb-NO","@id":"https://staging.forenteforlag.no/scandinavian/produkt/generalen-og-hans-testamente/#primaryimage","url":"https://staging.forenteforlag.no/scandinavian/wp-content/uploads/sites/7/2026/02/9788230400456.jpg","contentUrl":"https://staging.forenteforlag.no/scandinavian/wp-content/uploads/sites/7/2026/02/9788230400456.jpg","width":720,"height":1106},{"@type":"BreadcrumbList","@id":"https://staging.forenteforlag.no/scandinavian/produkt/generalen-og-hans-testamente/#breadcrumb","itemListElement":[{"@type":"ListItem","position":1,"name":"Hjem","item":"https://staging.forenteforlag.no/scandinavian/"},{"@type":"ListItem","position":2,"name":"Alle bøker","item":"https://staging.forenteforlag.no/scandinavian/butikk/"},{"@type":"ListItem","position":3,"name":"Generalen og hans testamente"}]},{"@type":"WebSite","@id":"https://staging.forenteforlag.no/scandinavian/#website","url":"https://staging.forenteforlag.no/scandinavian/","name":"Scandinavian Academic Press","description":"","publisher":{"@id":"https://staging.forenteforlag.no/scandinavian/#organization"},"potentialAction":[{"@type":"SearchAction","target":{"@type":"EntryPoint","urlTemplate":"https://staging.forenteforlag.no/scandinavian/?s={search_term_string}"},"query-input":{"@type":"PropertyValueSpecification","valueRequired":true,"valueName":"search_term_string"}}],"inLanguage":"nb-NO"},{"@type":"Organization","@id":"https://staging.forenteforlag.no/scandinavian/#organization","name":"Scandinavian Academic Press","url":"https://staging.forenteforlag.no/scandinavian/","logo":{"@type":"ImageObject","inLanguage":"nb-NO","@id":"https://staging.forenteforlag.no/scandinavian/#/schema/logo/image/","url":"https://staging.forenteforlag.no/scandinavian/wp-content/uploads/sites/7/2024/09/SAP_logo-1.svg","contentUrl":"https://staging.forenteforlag.no/scandinavian/wp-content/uploads/sites/7/2024/09/SAP_logo-1.svg","width":4096,"height":1300,"caption":"Scandinavian Academic Press"},"image":{"@id":"https://staging.forenteforlag.no/scandinavian/#/schema/logo/image/"},"sameAs":["https://www.facebook.com/ScandinavianAcademicPress"]}]}</script>
<!-- / Yoast SEO plugin. -->

Her offentliggjøres for første gang to sentrale dokumenter om norsk okkupasjonshistorie, ført i pennen av generalmajor Odd Lindbäck-Larsen. Lindbäck-Larsen var stabssjef under general Fleischer ved krigsutbruddet og spilte en nøkkelrolle ved felttoget i Nord-Norge og i månedene etterpå. Senere satt han i tysk fangenskap i Møllergata, på Grini og i Sachsenhausen. I disse etterlatte dokumentene [&hellip;]

Alle bøker
