{"id":20481,"date":"2017-12-12T01:00:00","date_gmt":"2017-12-12T00:00:00","guid":{"rendered":"https:\/\/scandinavianacademicpress.forenteforlag.no\/produkt\/trangen-til-a-telle\/"},"modified":"2026-03-04T09:27:03","modified_gmt":"2026-03-04T08:27:03","slug":"trangen-til-a-telle","status":"publish","type":"product","link":"https:\/\/staging.forenteforlag.no\/scandinavian\/produkt\/trangen-til-a-telle\/","title":{"rendered":"Trangen til \u00e5 telle"},"content":{"rendered":"<p>V\u00e5r samtid er i \u00f8kende grad preget av trangen til \u00e5 telle. Vi kvantifiserer, m\u00e5ler, standardiserer og evaluerer.  <br \/>Slike m\u00e5ter \u00e5 systematisere virkeligheten p\u00e5 er ogs\u00e5 med p\u00e5 \u00e5 skape den, og de henger sammen med v\u00e5r tids styringsformer og disiplineringsteknikker. Vi ser det for eksempel i arbeidslivet og i spr\u00e5k og kulturuttrykk, men hva gj\u00f8r det med oss?  <br \/>I Trangen til \u00e5 telle. Objektivering, m\u00e5ling og standardisering som samfunnspraksis \u00f8nsker forfatterne \u00e5 diskutere et mangfold av slike prosesser for \u00e5 unders\u00f8ke hvordan de former sosialt liv, og v\u00e5r forst\u00e5else av oss selv og verden omkring oss.<\/p>\n","protected":false},"excerpt":{"rendered":"<p>V\u00e5r samtid er i \u00f8kende grad preget av trangen til \u00e5 telle. Vi kvantifiserer, m\u00e5ler, standardiserer og evaluerer. Slike m\u00e5ter \u00e5 systematisere virkeligheten p\u00e5 er ogs\u00e5 med p\u00e5 \u00e5 skape den, og de henger sammen med v\u00e5r tids styringsformer og disiplineringsteknikker. Vi ser det for eksempel i arbeidslivet og i spr\u00e5k og kulturuttrykk, men hva [&hellip;]<\/p>\n","protected":false},"featured_media":22728,"template":"","meta":{"_acf_changed":false,"inline_featured_image":false},"product_brand":[],"product_cat":[1775],"product_tag":[362,502],"class_list":{"0":"post-20481","1":"product","2":"type-product","3":"status-publish","4":"has-post-thumbnail","6":"product_cat-rabattkodekampanje","7":"product_tag-faglitteratur","8":"product_tag-laereboker-hoyere-utd","10":"first","11":"instock","12":"shipping-taxable","13":"purchasable","14":"product-type-simple"},"acf":{"anmeldelse":null},"yoast_head":"<!-- This site is optimized with the Yoast SEO plugin v26.6 - https:\/\/yoast.com\/wordpress\/plugins\/seo\/ -->\n<title>Trangen til \u00e5 telle - Scandinavian Academic Press<\/title>\n<meta name=\"robots\" content=\"noindex, follow, max-snippet:-1, max-image-preview:large, max-video-preview:-1\" \/>\n<meta property=\"og:locale\" content=\"nb_NO\" \/>\n<meta property=\"og:type\" content=\"article\" \/>\n<meta property=\"og:title\" content=\"Trangen til \u00e5 telle - Scandinavian Academic Press\" \/>\n<meta property=\"og:description\" content=\"V\u00e5r samtid er i \u00f8kende grad preget av trangen til \u00e5 telle. Vi kvantifiserer, m\u00e5ler, standardiserer og evaluerer. Slike m\u00e5ter \u00e5 systematisere virkeligheten p\u00e5 er ogs\u00e5 med p\u00e5 \u00e5 skape den, og de henger sammen med v\u00e5r tids styringsformer og disiplineringsteknikker. Vi ser det for eksempel i arbeidslivet og i spr\u00e5k og kulturuttrykk, men hva [&hellip;]\" \/>\n<meta property=\"og:url\" content=\"https:\/\/staging.forenteforlag.no\/scandinavian\/produkt\/trangen-til-a-telle\/\" \/>\n<meta property=\"og:site_name\" content=\"Scandinavian Academic Press\" \/>\n<meta property=\"article:publisher\" content=\"https:\/\/www.facebook.com\/ScandinavianAcademicPress\" \/>\n<meta property=\"article:modified_time\" content=\"2026-03-04T08:27:03+00:00\" \/>\n<meta property=\"og:image\" content=\"https:\/\/staging.forenteforlag.no\/scandinavian\/wp-content\/uploads\/sites\/7\/2026\/02\/9788230402139.jpg\" \/>\n\t<meta property=\"og:image:width\" content=\"720\" \/>\n\t<meta property=\"og:image:height\" content=\"1116\" \/>\n\t<meta property=\"og:image:type\" content=\"image\/jpeg\" \/>\n<meta name=\"twitter:card\" content=\"summary_large_image\" \/>\n<meta name=\"twitter:label1\" content=\"Ansl. lesetid\" \/>\n\t<meta name=\"twitter:data1\" content=\"1 minutt\" \/>\n<script type=\"application\/ld+json\" class=\"yoast-schema-graph\">{\"@context\":\"https:\/\/schema.org\",\"@graph\":[{\"@type\":\"WebPage\",\"@id\":\"https:\/\/staging.forenteforlag.no\/scandinavian\/produkt\/trangen-til-a-telle\/\",\"url\":\"https:\/\/staging.forenteforlag.no\/scandinavian\/produkt\/trangen-til-a-telle\/\",\"name\":\"Trangen til \u00e5 telle - Scandinavian Academic Press\",\"isPartOf\":{\"@id\":\"https:\/\/staging.forenteforlag.no\/scandinavian\/#website\"},\"primaryImageOfPage\":{\"@id\":\"https:\/\/staging.forenteforlag.no\/scandinavian\/produkt\/trangen-til-a-telle\/#primaryimage\"},\"image\":{\"@id\":\"https:\/\/staging.forenteforlag.no\/scandinavian\/produkt\/trangen-til-a-telle\/#primaryimage\"},\"thumbnailUrl\":\"https:\/\/staging.forenteforlag.no\/scandinavian\/wp-content\/uploads\/sites\/7\/2026\/02\/9788230402139.jpg\",\"datePublished\":\"2017-12-12T00:00:00+00:00\",\"dateModified\":\"2026-03-04T08:27:03+00:00\",\"breadcrumb\":{\"@id\":\"https:\/\/staging.forenteforlag.no\/scandinavian\/produkt\/trangen-til-a-telle\/#breadcrumb\"},\"inLanguage\":\"nb-NO\",\"potentialAction\":[{\"@type\":\"ReadAction\",\"target\":[\"https:\/\/staging.forenteforlag.no\/scandinavian\/produkt\/trangen-til-a-telle\/\"]}]},{\"@type\":\"ImageObject\",\"inLanguage\":\"nb-NO\",\"@id\":\"https:\/\/staging.forenteforlag.no\/scandinavian\/produkt\/trangen-til-a-telle\/#primaryimage\",\"url\":\"https:\/\/staging.forenteforlag.no\/scandinavian\/wp-content\/uploads\/sites\/7\/2026\/02\/9788230402139.jpg\",\"contentUrl\":\"https:\/\/staging.forenteforlag.no\/scandinavian\/wp-content\/uploads\/sites\/7\/2026\/02\/9788230402139.jpg\",\"width\":720,\"height\":1116},{\"@type\":\"BreadcrumbList\",\"@id\":\"https:\/\/staging.forenteforlag.no\/scandinavian\/produkt\/trangen-til-a-telle\/#breadcrumb\",\"itemListElement\":[{\"@type\":\"ListItem\",\"position\":1,\"name\":\"Hjem\",\"item\":\"https:\/\/staging.forenteforlag.no\/scandinavian\/\"},{\"@type\":\"ListItem\",\"position\":2,\"name\":\"Alle b\u00f8ker\",\"item\":\"https:\/\/staging.forenteforlag.no\/scandinavian\/butikk\/\"},{\"@type\":\"ListItem\",\"position\":3,\"name\":\"Trangen til \u00e5 telle\"}]},{\"@type\":\"WebSite\",\"@id\":\"https:\/\/staging.forenteforlag.no\/scandinavian\/#website\",\"url\":\"https:\/\/staging.forenteforlag.no\/scandinavian\/\",\"name\":\"Scandinavian Academic Press\",\"description\":\"\",\"publisher\":{\"@id\":\"https:\/\/staging.forenteforlag.no\/scandinavian\/#organization\"},\"potentialAction\":[{\"@type\":\"SearchAction\",\"target\":{\"@type\":\"EntryPoint\",\"urlTemplate\":\"https:\/\/staging.forenteforlag.no\/scandinavian\/?s={search_term_string}\"},\"query-input\":{\"@type\":\"PropertyValueSpecification\",\"valueRequired\":true,\"valueName\":\"search_term_string\"}}],\"inLanguage\":\"nb-NO\"},{\"@type\":\"Organization\",\"@id\":\"https:\/\/staging.forenteforlag.no\/scandinavian\/#organization\",\"name\":\"Scandinavian Academic Press\",\"url\":\"https:\/\/staging.forenteforlag.no\/scandinavian\/\",\"logo\":{\"@type\":\"ImageObject\",\"inLanguage\":\"nb-NO\",\"@id\":\"https:\/\/staging.forenteforlag.no\/scandinavian\/#\/schema\/logo\/image\/\",\"url\":\"https:\/\/staging.forenteforlag.no\/scandinavian\/wp-content\/uploads\/sites\/7\/2024\/09\/SAP_logo-1.svg\",\"contentUrl\":\"https:\/\/staging.forenteforlag.no\/scandinavian\/wp-content\/uploads\/sites\/7\/2024\/09\/SAP_logo-1.svg\",\"width\":4096,\"height\":1300,\"caption\":\"Scandinavian Academic Press\"},\"image\":{\"@id\":\"https:\/\/staging.forenteforlag.no\/scandinavian\/#\/schema\/logo\/image\/\"},\"sameAs\":[\"https:\/\/www.facebook.com\/ScandinavianAcademicPress\"]}]}<\/script>\n<!-- \/ Yoast SEO plugin. -->","yoast_head_json":{"title":"Trangen til \u00e5 telle - Scandinavian Academic Press","robots":{"index":"noindex","follow":"follow","max-snippet":"max-snippet:-1","max-image-preview":"max-image-preview:large","max-video-preview":"max-video-preview:-1"},"og_locale":"nb_NO","og_type":"article","og_title":"Trangen til \u00e5 telle - Scandinavian Academic Press","og_description":"V\u00e5r samtid er i \u00f8kende grad preget av trangen til \u00e5 telle. Vi kvantifiserer, m\u00e5ler, standardiserer og evaluerer. Slike m\u00e5ter \u00e5 systematisere virkeligheten p\u00e5 er ogs\u00e5 med p\u00e5 \u00e5 skape den, og de henger sammen med v\u00e5r tids styringsformer og disiplineringsteknikker. Vi ser det for eksempel i arbeidslivet og i spr\u00e5k og kulturuttrykk, men hva [&hellip;]","og_url":"https:\/\/staging.forenteforlag.no\/scandinavian\/produkt\/trangen-til-a-telle\/","og_site_name":"Scandinavian Academic Press","article_publisher":"https:\/\/www.facebook.com\/ScandinavianAcademicPress","article_modified_time":"2026-03-04T08:27:03+00:00","og_image":[{"width":720,"height":1116,"url":"https:\/\/staging.forenteforlag.no\/scandinavian\/wp-content\/uploads\/sites\/7\/2026\/02\/9788230402139.jpg","type":"image\/jpeg"}],"twitter_card":"summary_large_image","twitter_misc":{"Ansl. lesetid":"1 minutt"},"schema":{"@context":"https:\/\/schema.org","@graph":[{"@type":"WebPage","@id":"https:\/\/staging.forenteforlag.no\/scandinavian\/produkt\/trangen-til-a-telle\/","url":"https:\/\/staging.forenteforlag.no\/scandinavian\/produkt\/trangen-til-a-telle\/","name":"Trangen til \u00e5 telle - Scandinavian Academic Press","isPartOf":{"@id":"https:\/\/staging.forenteforlag.no\/scandinavian\/#website"},"primaryImageOfPage":{"@id":"https:\/\/staging.forenteforlag.no\/scandinavian\/produkt\/trangen-til-a-telle\/#primaryimage"},"image":{"@id":"https:\/\/staging.forenteforlag.no\/scandinavian\/produkt\/trangen-til-a-telle\/#primaryimage"},"thumbnailUrl":"https:\/\/staging.forenteforlag.no\/scandinavian\/wp-content\/uploads\/sites\/7\/2026\/02\/9788230402139.jpg","datePublished":"2017-12-12T00:00:00+00:00","dateModified":"2026-03-04T08:27:03+00:00","breadcrumb":{"@id":"https:\/\/staging.forenteforlag.no\/scandinavian\/produkt\/trangen-til-a-telle\/#breadcrumb"},"inLanguage":"nb-NO","potentialAction":[{"@type":"ReadAction","target":["https:\/\/staging.forenteforlag.no\/scandinavian\/produkt\/trangen-til-a-telle\/"]}]},{"@type":"ImageObject","inLanguage":"nb-NO","@id":"https:\/\/staging.forenteforlag.no\/scandinavian\/produkt\/trangen-til-a-telle\/#primaryimage","url":"https:\/\/staging.forenteforlag.no\/scandinavian\/wp-content\/uploads\/sites\/7\/2026\/02\/9788230402139.jpg","contentUrl":"https:\/\/staging.forenteforlag.no\/scandinavian\/wp-content\/uploads\/sites\/7\/2026\/02\/9788230402139.jpg","width":720,"height":1116},{"@type":"BreadcrumbList","@id":"https:\/\/staging.forenteforlag.no\/scandinavian\/produkt\/trangen-til-a-telle\/#breadcrumb","itemListElement":[{"@type":"ListItem","position":1,"name":"Hjem","item":"https:\/\/staging.forenteforlag.no\/scandinavian\/"},{"@type":"ListItem","position":2,"name":"Alle b\u00f8ker","item":"https:\/\/staging.forenteforlag.no\/scandinavian\/butikk\/"},{"@type":"ListItem","position":3,"name":"Trangen til \u00e5 telle"}]},{"@type":"WebSite","@id":"https:\/\/staging.forenteforlag.no\/scandinavian\/#website","url":"https:\/\/staging.forenteforlag.no\/scandinavian\/","name":"Scandinavian Academic Press","description":"","publisher":{"@id":"https:\/\/staging.forenteforlag.no\/scandinavian\/#organization"},"potentialAction":[{"@type":"SearchAction","target":{"@type":"EntryPoint","urlTemplate":"https:\/\/staging.forenteforlag.no\/scandinavian\/?s={search_term_string}"},"query-input":{"@type":"PropertyValueSpecification","valueRequired":true,"valueName":"search_term_string"}}],"inLanguage":"nb-NO"},{"@type":"Organization","@id":"https:\/\/staging.forenteforlag.no\/scandinavian\/#organization","name":"Scandinavian Academic Press","url":"https:\/\/staging.forenteforlag.no\/scandinavian\/","logo":{"@type":"ImageObject","inLanguage":"nb-NO","@id":"https:\/\/staging.forenteforlag.no\/scandinavian\/#\/schema\/logo\/image\/","url":"https:\/\/staging.forenteforlag.no\/scandinavian\/wp-content\/uploads\/sites\/7\/2024\/09\/SAP_logo-1.svg","contentUrl":"https:\/\/staging.forenteforlag.no\/scandinavian\/wp-content\/uploads\/sites\/7\/2024\/09\/SAP_logo-1.svg","width":4096,"height":1300,"caption":"Scandinavian Academic Press"},"image":{"@id":"https:\/\/staging.forenteforlag.no\/scandinavian\/#\/schema\/logo\/image\/"},"sameAs":["https:\/\/www.facebook.com\/ScandinavianAcademicPress"]}]}},"_links":{"self":[{"href":"https:\/\/staging.forenteforlag.no\/scandinavian\/wp-json\/wp\/v2\/product\/20481","targetHints":{"allow":["GET"]}}],"collection":[{"href":"https:\/\/staging.forenteforlag.no\/scandinavian\/wp-json\/wp\/v2\/product"}],"about":[{"href":"https:\/\/staging.forenteforlag.no\/scandinavian\/wp-json\/wp\/v2\/types\/product"}],"wp:featuredmedia":[{"embeddable":true,"href":"https:\/\/staging.forenteforlag.no\/scandinavian\/wp-json\/wp\/v2\/media\/22728"}],"wp:attachment":[{"href":"https:\/\/staging.forenteforlag.no\/scandinavian\/wp-json\/wp\/v2\/media?parent=20481"}],"wp:term":[{"taxonomy":"product_brand","embeddable":true,"href":"https:\/\/staging.forenteforlag.no\/scandinavian\/wp-json\/wp\/v2\/product_brand?post=20481"},{"taxonomy":"product_cat","embeddable":true,"href":"https:\/\/staging.forenteforlag.no\/scandinavian\/wp-json\/wp\/v2\/product_cat?post=20481"},{"taxonomy":"product_tag","embeddable":true,"href":"https:\/\/staging.forenteforlag.no\/scandinavian\/wp-json\/wp\/v2\/product_tag?post=20481"}],"curies":[{"name":"wp","href":"https:\/\/api.w.org\/{rel}","templated":true}]}}

Trangen til å telle

<p>Vår samtid er i økende grad preget av trangen til å telle. Vi kvantifiserer, måler, standardiserer og evaluerer.  <br />Slike måter å systematisere virkeligheten på er også med på å skape den, og de henger sammen med vår tids styringsformer og disiplineringsteknikker. Vi ser det for eksempel i arbeidslivet og i språk og kulturuttrykk, men hva gjør det med oss?  <br />I Trangen til å telle. Objektivering, måling og standardisering som samfunnspraksis ønsker forfatterne å diskutere et mangfold av slike prosesser for å undersøke hvordan de former sosialt liv, og vår forståelse av oss selv og verden omkring oss.</p>

<p>Vår samtid er i økende grad preget av trangen til å telle. Vi kvantifiserer, måler, standardiserer og evaluerer. Slike måter å systematisere virkeligheten på er også med på å skape den, og de henger sammen med vår tids styringsformer og disiplineringsteknikker. Vi ser det for eksempel i arbeidslivet og i språk og kulturuttrykk, men hva [&hellip;]</p>

<!-- This site is optimized with the Yoast SEO plugin v26.6 - https://yoast.com/wordpress/plugins/seo/ -->
<title>Trangen til å telle - Scandinavian Academic Press</title>
<meta name="robots" content="noindex, follow, max-snippet:-1, max-image-preview:large, max-video-preview:-1" />
<meta property="og:locale" content="nb_NO" />
<meta property="og:type" content="article" />
<meta property="og:title" content="Trangen til å telle - Scandinavian Academic Press" />
<meta property="og:description" content="Vår samtid er i økende grad preget av trangen til å telle. Vi kvantifiserer, måler, standardiserer og evaluerer. Slike måter å systematisere virkeligheten på er også med på å skape den, og de henger sammen med vår tids styringsformer og disiplineringsteknikker. Vi ser det for eksempel i arbeidslivet og i språk og kulturuttrykk, men hva [&hellip;]" />
<meta property="og:url" content="https://staging.forenteforlag.no/scandinavian/produkt/trangen-til-a-telle/" />
<meta property="og:site_name" content="Scandinavian Academic Press" />
<meta property="article:publisher" content="https://www.facebook.com/ScandinavianAcademicPress" />
<meta property="article:modified_time" content="2026-03-04T08:27:03+00:00" />
<meta property="og:image" content="https://staging.forenteforlag.no/scandinavian/wp-content/uploads/sites/7/2026/02/9788230402139.jpg" />
	<meta property="og:image:width" content="720" />
	<meta property="og:image:height" content="1116" />
	<meta property="og:image:type" content="image/jpeg" />
<meta name="twitter:card" content="summary_large_image" />
<meta name="twitter:label1" content="Ansl. lesetid" />
	<meta name="twitter:data1" content="1 minutt" />
<script type="application/ld+json" class="yoast-schema-graph">{"@context":"https://schema.org","@graph":[{"@type":"WebPage","@id":"https://staging.forenteforlag.no/scandinavian/produkt/trangen-til-a-telle/","url":"https://staging.forenteforlag.no/scandinavian/produkt/trangen-til-a-telle/","name":"Trangen til å telle - Scandinavian Academic Press","isPartOf":{"@id":"https://staging.forenteforlag.no/scandinavian/#website"},"primaryImageOfPage":{"@id":"https://staging.forenteforlag.no/scandinavian/produkt/trangen-til-a-telle/#primaryimage"},"image":{"@id":"https://staging.forenteforlag.no/scandinavian/produkt/trangen-til-a-telle/#primaryimage"},"thumbnailUrl":"https://staging.forenteforlag.no/scandinavian/wp-content/uploads/sites/7/2026/02/9788230402139.jpg","datePublished":"2017-12-12T00:00:00+00:00","dateModified":"2026-03-04T08:27:03+00:00","breadcrumb":{"@id":"https://staging.forenteforlag.no/scandinavian/produkt/trangen-til-a-telle/#breadcrumb"},"inLanguage":"nb-NO","potentialAction":[{"@type":"ReadAction","target":["https://staging.forenteforlag.no/scandinavian/produkt/trangen-til-a-telle/"]}]},{"@type":"ImageObject","inLanguage":"nb-NO","@id":"https://staging.forenteforlag.no/scandinavian/produkt/trangen-til-a-telle/#primaryimage","url":"https://staging.forenteforlag.no/scandinavian/wp-content/uploads/sites/7/2026/02/9788230402139.jpg","contentUrl":"https://staging.forenteforlag.no/scandinavian/wp-content/uploads/sites/7/2026/02/9788230402139.jpg","width":720,"height":1116},{"@type":"BreadcrumbList","@id":"https://staging.forenteforlag.no/scandinavian/produkt/trangen-til-a-telle/#breadcrumb","itemListElement":[{"@type":"ListItem","position":1,"name":"Hjem","item":"https://staging.forenteforlag.no/scandinavian/"},{"@type":"ListItem","position":2,"name":"Alle bøker","item":"https://staging.forenteforlag.no/scandinavian/butikk/"},{"@type":"ListItem","position":3,"name":"Trangen til å telle"}]},{"@type":"WebSite","@id":"https://staging.forenteforlag.no/scandinavian/#website","url":"https://staging.forenteforlag.no/scandinavian/","name":"Scandinavian Academic Press","description":"","publisher":{"@id":"https://staging.forenteforlag.no/scandinavian/#organization"},"potentialAction":[{"@type":"SearchAction","target":{"@type":"EntryPoint","urlTemplate":"https://staging.forenteforlag.no/scandinavian/?s={search_term_string}"},"query-input":{"@type":"PropertyValueSpecification","valueRequired":true,"valueName":"search_term_string"}}],"inLanguage":"nb-NO"},{"@type":"Organization","@id":"https://staging.forenteforlag.no/scandinavian/#organization","name":"Scandinavian Academic Press","url":"https://staging.forenteforlag.no/scandinavian/","logo":{"@type":"ImageObject","inLanguage":"nb-NO","@id":"https://staging.forenteforlag.no/scandinavian/#/schema/logo/image/","url":"https://staging.forenteforlag.no/scandinavian/wp-content/uploads/sites/7/2024/09/SAP_logo-1.svg","contentUrl":"https://staging.forenteforlag.no/scandinavian/wp-content/uploads/sites/7/2024/09/SAP_logo-1.svg","width":4096,"height":1300,"caption":"Scandinavian Academic Press"},"image":{"@id":"https://staging.forenteforlag.no/scandinavian/#/schema/logo/image/"},"sameAs":["https://www.facebook.com/ScandinavianAcademicPress"]}]}</script>
<!-- / Yoast SEO plugin. -->

Trangen til å telle - Scandinavian Academic Press

Vår samtid er i økende grad preget av trangen til å telle. Vi kvantifiserer, måler, standardiserer og evaluerer. Slike måter å systematisere virkeligheten på er også med på å skape den, og de henger sammen med vår tids styringsformer og disiplineringsteknikker. Vi ser det for eksempel i arbeidslivet og i språk og kulturuttrykk, men hva [&hellip;]

Alle bøker
