{"id":20465,"date":"2022-08-31T02:00:00","date_gmt":"2022-08-31T00:00:00","guid":{"rendered":"https:\/\/scandinavianacademicpress.forenteforlag.no\/produkt\/fremtiden-er-na-2\/"},"modified":"2026-03-04T12:26:11","modified_gmt":"2026-03-04T11:26:11","slug":"fremtiden-er-na-2","status":"publish","type":"product","link":"https:\/\/staging.forenteforlag.no\/scandinavian\/produkt\/fremtiden-er-na-2\/","title":{"rendered":"Fremtiden er n\u00e5"},"content":{"rendered":"<p>Klimaendringer handler om utslipp og t\u00f8rke, om smeltende is og voldsomme stormer. Men n\u00e5r utslippene \u00f8ker, er det mer enn bare klimaet som endres. Det gj\u00f8r ogs\u00e5 v\u00e5r forst\u00e5else av tid. N\u00e5r klimaforskere bruker kunnskap fra geologisk fortid til \u00e5 modellere fremtidens klima, politikere vedtar utslippsreduksjoner for \u00e5 trygge v\u00e5re barn og barnebarns fremtid og klimaaksjonister roper p\u00e5 \u00f8yeblikkelig handling, blir det tydelig at det inng\u00e5r ulike tidsforst\u00e5elser i hvordan vi snakker om, forholder oss til og fors\u00f8ker \u00e5 h\u00e5ndtere klimaendringene. <\/p>\n<p>Fremtiden er n\u00e5 unders\u00f8ker noen av klimaendringenes rytmer, tempoer, tidsrammer og tidsskalaer. Boken tar ogs\u00e5 opp hvordan forestillinger om en klimaendret fremtid endrer forholdet v\u00e5rt til n\u00e5tid og fortid, og hvordan ulike tidsforst\u00e5elser kan p\u00e5virke hvordan vi forholder oss til klimaendringene.<\/p>\n","protected":false},"excerpt":{"rendered":"<p>Klimaendringer handler om utslipp og t\u00f8rke, om smeltende is og voldsomme stormer. Men n\u00e5r utslippene \u00f8ker, er det mer enn bare klimaet som endres. Det gj\u00f8r ogs\u00e5 v\u00e5r forst\u00e5else av tid. N\u00e5r klimaforskere bruker kunnskap fra geologisk fortid til \u00e5 modellere fremtidens klima, politikere vedtar utslippsreduksjoner for \u00e5 trygge v\u00e5re barn og barnebarns fremtid og [&hellip;]<\/p>\n","protected":false},"featured_media":22778,"template":"","meta":{"_acf_changed":false,"inline_featured_image":false},"product_brand":[],"product_cat":[1775],"product_tag":[362,676],"class_list":{"0":"post-20465","1":"product","2":"type-product","3":"status-publish","4":"has-post-thumbnail","6":"product_cat-rabattkodekampanje","7":"product_tag-faglitteratur","8":"product_tag-klimaendringer","10":"first","11":"instock","12":"shipping-taxable","13":"purchasable","14":"product-type-simple"},"acf":{"anmeldelse":null},"yoast_head":"<!-- This site is optimized with the Yoast SEO plugin v26.6 - https:\/\/yoast.com\/wordpress\/plugins\/seo\/ -->\n<title>Fremtiden er n\u00e5 - Scandinavian Academic Press<\/title>\n<meta name=\"robots\" content=\"noindex, follow, max-snippet:-1, max-image-preview:large, max-video-preview:-1\" \/>\n<meta property=\"og:locale\" content=\"nb_NO\" \/>\n<meta property=\"og:type\" content=\"article\" \/>\n<meta property=\"og:title\" content=\"Fremtiden er n\u00e5 - Scandinavian Academic Press\" \/>\n<meta property=\"og:description\" content=\"Klimaendringer handler om utslipp og t\u00f8rke, om smeltende is og voldsomme stormer. Men n\u00e5r utslippene \u00f8ker, er det mer enn bare klimaet som endres. Det gj\u00f8r ogs\u00e5 v\u00e5r forst\u00e5else av tid. N\u00e5r klimaforskere bruker kunnskap fra geologisk fortid til \u00e5 modellere fremtidens klima, politikere vedtar utslippsreduksjoner for \u00e5 trygge v\u00e5re barn og barnebarns fremtid og [&hellip;]\" \/>\n<meta property=\"og:url\" content=\"https:\/\/staging.forenteforlag.no\/scandinavian\/produkt\/fremtiden-er-na-2\/\" \/>\n<meta property=\"og:site_name\" content=\"Scandinavian Academic Press\" \/>\n<meta property=\"article:publisher\" content=\"https:\/\/www.facebook.com\/ScandinavianAcademicPress\" \/>\n<meta property=\"article:modified_time\" content=\"2026-03-04T11:26:11+00:00\" \/>\n<meta property=\"og:image\" content=\"https:\/\/staging.forenteforlag.no\/scandinavian\/wp-content\/uploads\/sites\/7\/2026\/02\/9788230402962.jpg\" \/>\n\t<meta property=\"og:image:width\" content=\"720\" \/>\n\t<meta property=\"og:image:height\" content=\"1095\" \/>\n\t<meta property=\"og:image:type\" content=\"image\/jpeg\" \/>\n<meta name=\"twitter:card\" content=\"summary_large_image\" \/>\n<meta name=\"twitter:label1\" content=\"Ansl. lesetid\" \/>\n\t<meta name=\"twitter:data1\" content=\"1 minutt\" \/>\n<script type=\"application\/ld+json\" class=\"yoast-schema-graph\">{\"@context\":\"https:\/\/schema.org\",\"@graph\":[{\"@type\":\"WebPage\",\"@id\":\"https:\/\/staging.forenteforlag.no\/scandinavian\/produkt\/fremtiden-er-na-2\/\",\"url\":\"https:\/\/staging.forenteforlag.no\/scandinavian\/produkt\/fremtiden-er-na-2\/\",\"name\":\"Fremtiden er n\u00e5 - Scandinavian Academic Press\",\"isPartOf\":{\"@id\":\"https:\/\/staging.forenteforlag.no\/scandinavian\/#website\"},\"primaryImageOfPage\":{\"@id\":\"https:\/\/staging.forenteforlag.no\/scandinavian\/produkt\/fremtiden-er-na-2\/#primaryimage\"},\"image\":{\"@id\":\"https:\/\/staging.forenteforlag.no\/scandinavian\/produkt\/fremtiden-er-na-2\/#primaryimage\"},\"thumbnailUrl\":\"https:\/\/staging.forenteforlag.no\/scandinavian\/wp-content\/uploads\/sites\/7\/2026\/02\/9788230402962.jpg\",\"datePublished\":\"2022-08-31T00:00:00+00:00\",\"dateModified\":\"2026-03-04T11:26:11+00:00\",\"breadcrumb\":{\"@id\":\"https:\/\/staging.forenteforlag.no\/scandinavian\/produkt\/fremtiden-er-na-2\/#breadcrumb\"},\"inLanguage\":\"nb-NO\",\"potentialAction\":[{\"@type\":\"ReadAction\",\"target\":[\"https:\/\/staging.forenteforlag.no\/scandinavian\/produkt\/fremtiden-er-na-2\/\"]}]},{\"@type\":\"ImageObject\",\"inLanguage\":\"nb-NO\",\"@id\":\"https:\/\/staging.forenteforlag.no\/scandinavian\/produkt\/fremtiden-er-na-2\/#primaryimage\",\"url\":\"https:\/\/staging.forenteforlag.no\/scandinavian\/wp-content\/uploads\/sites\/7\/2026\/02\/9788230402962.jpg\",\"contentUrl\":\"https:\/\/staging.forenteforlag.no\/scandinavian\/wp-content\/uploads\/sites\/7\/2026\/02\/9788230402962.jpg\",\"width\":720,\"height\":1095},{\"@type\":\"BreadcrumbList\",\"@id\":\"https:\/\/staging.forenteforlag.no\/scandinavian\/produkt\/fremtiden-er-na-2\/#breadcrumb\",\"itemListElement\":[{\"@type\":\"ListItem\",\"position\":1,\"name\":\"Hjem\",\"item\":\"https:\/\/staging.forenteforlag.no\/scandinavian\/\"},{\"@type\":\"ListItem\",\"position\":2,\"name\":\"Alle b\u00f8ker\",\"item\":\"https:\/\/staging.forenteforlag.no\/scandinavian\/butikk\/\"},{\"@type\":\"ListItem\",\"position\":3,\"name\":\"Fremtiden er n\u00e5\"}]},{\"@type\":\"WebSite\",\"@id\":\"https:\/\/staging.forenteforlag.no\/scandinavian\/#website\",\"url\":\"https:\/\/staging.forenteforlag.no\/scandinavian\/\",\"name\":\"Scandinavian Academic Press\",\"description\":\"\",\"publisher\":{\"@id\":\"https:\/\/staging.forenteforlag.no\/scandinavian\/#organization\"},\"potentialAction\":[{\"@type\":\"SearchAction\",\"target\":{\"@type\":\"EntryPoint\",\"urlTemplate\":\"https:\/\/staging.forenteforlag.no\/scandinavian\/?s={search_term_string}\"},\"query-input\":{\"@type\":\"PropertyValueSpecification\",\"valueRequired\":true,\"valueName\":\"search_term_string\"}}],\"inLanguage\":\"nb-NO\"},{\"@type\":\"Organization\",\"@id\":\"https:\/\/staging.forenteforlag.no\/scandinavian\/#organization\",\"name\":\"Scandinavian Academic Press\",\"url\":\"https:\/\/staging.forenteforlag.no\/scandinavian\/\",\"logo\":{\"@type\":\"ImageObject\",\"inLanguage\":\"nb-NO\",\"@id\":\"https:\/\/staging.forenteforlag.no\/scandinavian\/#\/schema\/logo\/image\/\",\"url\":\"https:\/\/staging.forenteforlag.no\/scandinavian\/wp-content\/uploads\/sites\/7\/2024\/09\/SAP_logo-1.svg\",\"contentUrl\":\"https:\/\/staging.forenteforlag.no\/scandinavian\/wp-content\/uploads\/sites\/7\/2024\/09\/SAP_logo-1.svg\",\"width\":4096,\"height\":1300,\"caption\":\"Scandinavian Academic Press\"},\"image\":{\"@id\":\"https:\/\/staging.forenteforlag.no\/scandinavian\/#\/schema\/logo\/image\/\"},\"sameAs\":[\"https:\/\/www.facebook.com\/ScandinavianAcademicPress\"]}]}<\/script>\n<!-- \/ Yoast SEO plugin. -->","yoast_head_json":{"title":"Fremtiden er n\u00e5 - Scandinavian Academic Press","robots":{"index":"noindex","follow":"follow","max-snippet":"max-snippet:-1","max-image-preview":"max-image-preview:large","max-video-preview":"max-video-preview:-1"},"og_locale":"nb_NO","og_type":"article","og_title":"Fremtiden er n\u00e5 - Scandinavian Academic Press","og_description":"Klimaendringer handler om utslipp og t\u00f8rke, om smeltende is og voldsomme stormer. Men n\u00e5r utslippene \u00f8ker, er det mer enn bare klimaet som endres. Det gj\u00f8r ogs\u00e5 v\u00e5r forst\u00e5else av tid. N\u00e5r klimaforskere bruker kunnskap fra geologisk fortid til \u00e5 modellere fremtidens klima, politikere vedtar utslippsreduksjoner for \u00e5 trygge v\u00e5re barn og barnebarns fremtid og [&hellip;]","og_url":"https:\/\/staging.forenteforlag.no\/scandinavian\/produkt\/fremtiden-er-na-2\/","og_site_name":"Scandinavian Academic Press","article_publisher":"https:\/\/www.facebook.com\/ScandinavianAcademicPress","article_modified_time":"2026-03-04T11:26:11+00:00","og_image":[{"width":720,"height":1095,"url":"https:\/\/staging.forenteforlag.no\/scandinavian\/wp-content\/uploads\/sites\/7\/2026\/02\/9788230402962.jpg","type":"image\/jpeg"}],"twitter_card":"summary_large_image","twitter_misc":{"Ansl. lesetid":"1 minutt"},"schema":{"@context":"https:\/\/schema.org","@graph":[{"@type":"WebPage","@id":"https:\/\/staging.forenteforlag.no\/scandinavian\/produkt\/fremtiden-er-na-2\/","url":"https:\/\/staging.forenteforlag.no\/scandinavian\/produkt\/fremtiden-er-na-2\/","name":"Fremtiden er n\u00e5 - Scandinavian Academic Press","isPartOf":{"@id":"https:\/\/staging.forenteforlag.no\/scandinavian\/#website"},"primaryImageOfPage":{"@id":"https:\/\/staging.forenteforlag.no\/scandinavian\/produkt\/fremtiden-er-na-2\/#primaryimage"},"image":{"@id":"https:\/\/staging.forenteforlag.no\/scandinavian\/produkt\/fremtiden-er-na-2\/#primaryimage"},"thumbnailUrl":"https:\/\/staging.forenteforlag.no\/scandinavian\/wp-content\/uploads\/sites\/7\/2026\/02\/9788230402962.jpg","datePublished":"2022-08-31T00:00:00+00:00","dateModified":"2026-03-04T11:26:11+00:00","breadcrumb":{"@id":"https:\/\/staging.forenteforlag.no\/scandinavian\/produkt\/fremtiden-er-na-2\/#breadcrumb"},"inLanguage":"nb-NO","potentialAction":[{"@type":"ReadAction","target":["https:\/\/staging.forenteforlag.no\/scandinavian\/produkt\/fremtiden-er-na-2\/"]}]},{"@type":"ImageObject","inLanguage":"nb-NO","@id":"https:\/\/staging.forenteforlag.no\/scandinavian\/produkt\/fremtiden-er-na-2\/#primaryimage","url":"https:\/\/staging.forenteforlag.no\/scandinavian\/wp-content\/uploads\/sites\/7\/2026\/02\/9788230402962.jpg","contentUrl":"https:\/\/staging.forenteforlag.no\/scandinavian\/wp-content\/uploads\/sites\/7\/2026\/02\/9788230402962.jpg","width":720,"height":1095},{"@type":"BreadcrumbList","@id":"https:\/\/staging.forenteforlag.no\/scandinavian\/produkt\/fremtiden-er-na-2\/#breadcrumb","itemListElement":[{"@type":"ListItem","position":1,"name":"Hjem","item":"https:\/\/staging.forenteforlag.no\/scandinavian\/"},{"@type":"ListItem","position":2,"name":"Alle b\u00f8ker","item":"https:\/\/staging.forenteforlag.no\/scandinavian\/butikk\/"},{"@type":"ListItem","position":3,"name":"Fremtiden er n\u00e5"}]},{"@type":"WebSite","@id":"https:\/\/staging.forenteforlag.no\/scandinavian\/#website","url":"https:\/\/staging.forenteforlag.no\/scandinavian\/","name":"Scandinavian Academic Press","description":"","publisher":{"@id":"https:\/\/staging.forenteforlag.no\/scandinavian\/#organization"},"potentialAction":[{"@type":"SearchAction","target":{"@type":"EntryPoint","urlTemplate":"https:\/\/staging.forenteforlag.no\/scandinavian\/?s={search_term_string}"},"query-input":{"@type":"PropertyValueSpecification","valueRequired":true,"valueName":"search_term_string"}}],"inLanguage":"nb-NO"},{"@type":"Organization","@id":"https:\/\/staging.forenteforlag.no\/scandinavian\/#organization","name":"Scandinavian Academic Press","url":"https:\/\/staging.forenteforlag.no\/scandinavian\/","logo":{"@type":"ImageObject","inLanguage":"nb-NO","@id":"https:\/\/staging.forenteforlag.no\/scandinavian\/#\/schema\/logo\/image\/","url":"https:\/\/staging.forenteforlag.no\/scandinavian\/wp-content\/uploads\/sites\/7\/2024\/09\/SAP_logo-1.svg","contentUrl":"https:\/\/staging.forenteforlag.no\/scandinavian\/wp-content\/uploads\/sites\/7\/2024\/09\/SAP_logo-1.svg","width":4096,"height":1300,"caption":"Scandinavian Academic Press"},"image":{"@id":"https:\/\/staging.forenteforlag.no\/scandinavian\/#\/schema\/logo\/image\/"},"sameAs":["https:\/\/www.facebook.com\/ScandinavianAcademicPress"]}]}},"_links":{"self":[{"href":"https:\/\/staging.forenteforlag.no\/scandinavian\/wp-json\/wp\/v2\/product\/20465","targetHints":{"allow":["GET"]}}],"collection":[{"href":"https:\/\/staging.forenteforlag.no\/scandinavian\/wp-json\/wp\/v2\/product"}],"about":[{"href":"https:\/\/staging.forenteforlag.no\/scandinavian\/wp-json\/wp\/v2\/types\/product"}],"wp:featuredmedia":[{"embeddable":true,"href":"https:\/\/staging.forenteforlag.no\/scandinavian\/wp-json\/wp\/v2\/media\/22778"}],"wp:attachment":[{"href":"https:\/\/staging.forenteforlag.no\/scandinavian\/wp-json\/wp\/v2\/media?parent=20465"}],"wp:term":[{"taxonomy":"product_brand","embeddable":true,"href":"https:\/\/staging.forenteforlag.no\/scandinavian\/wp-json\/wp\/v2\/product_brand?post=20465"},{"taxonomy":"product_cat","embeddable":true,"href":"https:\/\/staging.forenteforlag.no\/scandinavian\/wp-json\/wp\/v2\/product_cat?post=20465"},{"taxonomy":"product_tag","embeddable":true,"href":"https:\/\/staging.forenteforlag.no\/scandinavian\/wp-json\/wp\/v2\/product_tag?post=20465"}],"curies":[{"name":"wp","href":"https:\/\/api.w.org\/{rel}","templated":true}]}}

Fremtiden er nå

<p>Klimaendringer handler om utslipp og tørke, om smeltende is og voldsomme stormer. Men når utslippene øker, er det mer enn bare klimaet som endres. Det gjør også vår forståelse av tid. Når klimaforskere bruker kunnskap fra geologisk fortid til å modellere fremtidens klima, politikere vedtar utslippsreduksjoner for å trygge våre barn og barnebarns fremtid og klimaaksjonister roper på øyeblikkelig handling, blir det tydelig at det inngår ulike tidsforståelser i hvordan vi snakker om, forholder oss til og forsøker å håndtere klimaendringene. </p>
<p>Fremtiden er nå undersøker noen av klimaendringenes rytmer, tempoer, tidsrammer og tidsskalaer. Boken tar også opp hvordan forestillinger om en klimaendret fremtid endrer forholdet vårt til nåtid og fortid, og hvordan ulike tidsforståelser kan påvirke hvordan vi forholder oss til klimaendringene.</p>

<p>Klimaendringer handler om utslipp og tørke, om smeltende is og voldsomme stormer. Men når utslippene øker, er det mer enn bare klimaet som endres. Det gjør også vår forståelse av tid. Når klimaforskere bruker kunnskap fra geologisk fortid til å modellere fremtidens klima, politikere vedtar utslippsreduksjoner for å trygge våre barn og barnebarns fremtid og [&hellip;]</p>

<!-- This site is optimized with the Yoast SEO plugin v26.6 - https://yoast.com/wordpress/plugins/seo/ -->
<title>Fremtiden er nå - Scandinavian Academic Press</title>
<meta name="robots" content="noindex, follow, max-snippet:-1, max-image-preview:large, max-video-preview:-1" />
<meta property="og:locale" content="nb_NO" />
<meta property="og:type" content="article" />
<meta property="og:title" content="Fremtiden er nå - Scandinavian Academic Press" />
<meta property="og:description" content="Klimaendringer handler om utslipp og tørke, om smeltende is og voldsomme stormer. Men når utslippene øker, er det mer enn bare klimaet som endres. Det gjør også vår forståelse av tid. Når klimaforskere bruker kunnskap fra geologisk fortid til å modellere fremtidens klima, politikere vedtar utslippsreduksjoner for å trygge våre barn og barnebarns fremtid og [&hellip;]" />
<meta property="og:url" content="https://staging.forenteforlag.no/scandinavian/produkt/fremtiden-er-na-2/" />
<meta property="og:site_name" content="Scandinavian Academic Press" />
<meta property="article:publisher" content="https://www.facebook.com/ScandinavianAcademicPress" />
<meta property="article:modified_time" content="2026-03-04T11:26:11+00:00" />
<meta property="og:image" content="https://staging.forenteforlag.no/scandinavian/wp-content/uploads/sites/7/2026/02/9788230402962.jpg" />
	<meta property="og:image:width" content="720" />
	<meta property="og:image:height" content="1095" />
	<meta property="og:image:type" content="image/jpeg" />
<meta name="twitter:card" content="summary_large_image" />
<meta name="twitter:label1" content="Ansl. lesetid" />
	<meta name="twitter:data1" content="1 minutt" />
<script type="application/ld+json" class="yoast-schema-graph">{"@context":"https://schema.org","@graph":[{"@type":"WebPage","@id":"https://staging.forenteforlag.no/scandinavian/produkt/fremtiden-er-na-2/","url":"https://staging.forenteforlag.no/scandinavian/produkt/fremtiden-er-na-2/","name":"Fremtiden er nå - Scandinavian Academic Press","isPartOf":{"@id":"https://staging.forenteforlag.no/scandinavian/#website"},"primaryImageOfPage":{"@id":"https://staging.forenteforlag.no/scandinavian/produkt/fremtiden-er-na-2/#primaryimage"},"image":{"@id":"https://staging.forenteforlag.no/scandinavian/produkt/fremtiden-er-na-2/#primaryimage"},"thumbnailUrl":"https://staging.forenteforlag.no/scandinavian/wp-content/uploads/sites/7/2026/02/9788230402962.jpg","datePublished":"2022-08-31T00:00:00+00:00","dateModified":"2026-03-04T11:26:11+00:00","breadcrumb":{"@id":"https://staging.forenteforlag.no/scandinavian/produkt/fremtiden-er-na-2/#breadcrumb"},"inLanguage":"nb-NO","potentialAction":[{"@type":"ReadAction","target":["https://staging.forenteforlag.no/scandinavian/produkt/fremtiden-er-na-2/"]}]},{"@type":"ImageObject","inLanguage":"nb-NO","@id":"https://staging.forenteforlag.no/scandinavian/produkt/fremtiden-er-na-2/#primaryimage","url":"https://staging.forenteforlag.no/scandinavian/wp-content/uploads/sites/7/2026/02/9788230402962.jpg","contentUrl":"https://staging.forenteforlag.no/scandinavian/wp-content/uploads/sites/7/2026/02/9788230402962.jpg","width":720,"height":1095},{"@type":"BreadcrumbList","@id":"https://staging.forenteforlag.no/scandinavian/produkt/fremtiden-er-na-2/#breadcrumb","itemListElement":[{"@type":"ListItem","position":1,"name":"Hjem","item":"https://staging.forenteforlag.no/scandinavian/"},{"@type":"ListItem","position":2,"name":"Alle bøker","item":"https://staging.forenteforlag.no/scandinavian/butikk/"},{"@type":"ListItem","position":3,"name":"Fremtiden er nå"}]},{"@type":"WebSite","@id":"https://staging.forenteforlag.no/scandinavian/#website","url":"https://staging.forenteforlag.no/scandinavian/","name":"Scandinavian Academic Press","description":"","publisher":{"@id":"https://staging.forenteforlag.no/scandinavian/#organization"},"potentialAction":[{"@type":"SearchAction","target":{"@type":"EntryPoint","urlTemplate":"https://staging.forenteforlag.no/scandinavian/?s={search_term_string}"},"query-input":{"@type":"PropertyValueSpecification","valueRequired":true,"valueName":"search_term_string"}}],"inLanguage":"nb-NO"},{"@type":"Organization","@id":"https://staging.forenteforlag.no/scandinavian/#organization","name":"Scandinavian Academic Press","url":"https://staging.forenteforlag.no/scandinavian/","logo":{"@type":"ImageObject","inLanguage":"nb-NO","@id":"https://staging.forenteforlag.no/scandinavian/#/schema/logo/image/","url":"https://staging.forenteforlag.no/scandinavian/wp-content/uploads/sites/7/2024/09/SAP_logo-1.svg","contentUrl":"https://staging.forenteforlag.no/scandinavian/wp-content/uploads/sites/7/2024/09/SAP_logo-1.svg","width":4096,"height":1300,"caption":"Scandinavian Academic Press"},"image":{"@id":"https://staging.forenteforlag.no/scandinavian/#/schema/logo/image/"},"sameAs":["https://www.facebook.com/ScandinavianAcademicPress"]}]}</script>
<!-- / Yoast SEO plugin. -->

Fremtiden er nå - Scandinavian Academic Press

Klimaendringer handler om utslipp og tørke, om smeltende is og voldsomme stormer. Men når utslippene øker, er det mer enn bare klimaet som endres. Det gjør også vår forståelse av tid. Når klimaforskere bruker kunnskap fra geologisk fortid til å modellere fremtidens klima, politikere vedtar utslippsreduksjoner for å trygge våre barn og barnebarns fremtid og [&hellip;]

Alle bøker
