{"id":20401,"date":"2022-10-28T02:00:00","date_gmt":"2022-10-28T00:00:00","guid":{"rendered":"https:\/\/scandinavianacademicpress.forenteforlag.no\/produkt\/den-radikale-bob-dylan\/"},"modified":"2026-03-04T12:26:39","modified_gmt":"2026-03-04T11:26:39","slug":"den-radikale-bob-dylan","status":"publish","type":"product","link":"https:\/\/staging.forenteforlag.no\/scandinavian\/produkt\/den-radikale-bob-dylan\/","title":{"rendered":"Den radikale Bob Dylan"},"content":{"rendered":"<p>I l\u00f8pet av en karriere p\u00e5 snart 60 \u00e5r som artist og l\u00e5tskriver har Dylan g\u00e5tt igjennom en rekke kunstneriske hamskifter, ofte med en underliggende politisk eller religi\u00f8s tendens: fra venstreradikal protestsanger via individualistisk rockerebell til nyfrelst dommedagspoet &#8211; og s\u00e5 videre.  <\/p>\n<p>Mange oppfatter dagens Dylan som en kulturkonservativ tradisjonsformidler, som nok er opptatt av r\u00f8tter, men som ikke er \u00abradikal\u00bb i politisk eller kunstnerisk forstand. Men det bildet m\u00e5 nyanseres.  <\/p>\n<p>Dette er en tverrfaglig antologi hvor Bob Dylans radikalitet, i tekst, musikk og fremf\u00f8ring, st\u00e5r i sentrum.<\/p>\n","protected":false},"excerpt":{"rendered":"<p>I l\u00f8pet av en karriere p\u00e5 snart 60 \u00e5r som artist og l\u00e5tskriver har Dylan g\u00e5tt igjennom en rekke kunstneriske hamskifter, ofte med en underliggende politisk eller religi\u00f8s tendens: fra venstreradikal protestsanger via individualistisk rockerebell til nyfrelst dommedagspoet &#8211; og s\u00e5 videre. Mange oppfatter dagens Dylan som en kulturkonservativ tradisjonsformidler, som nok er opptatt av [&hellip;]<\/p>\n","protected":false},"featured_media":22787,"template":"","meta":{"_acf_changed":false,"inline_featured_image":false},"product_brand":[],"product_cat":[1775],"product_tag":[362,1213,1584],"class_list":{"0":"post-20401","1":"product","2":"type-product","3":"status-publish","4":"has-post-thumbnail","6":"product_cat-rabattkodekampanje","7":"product_tag-faglitteratur","8":"product_tag-litteraturformidling","9":"product_tag-populaermusikk","11":"first","12":"instock","13":"shipping-taxable","14":"purchasable","15":"product-type-simple"},"acf":{"anmeldelse":null},"yoast_head":"<!-- This site is optimized with the Yoast SEO plugin v26.6 - https:\/\/yoast.com\/wordpress\/plugins\/seo\/ -->\n<title>Den radikale Bob Dylan - Scandinavian Academic Press<\/title>\n<meta name=\"robots\" content=\"noindex, follow, max-snippet:-1, max-image-preview:large, max-video-preview:-1\" \/>\n<meta property=\"og:locale\" content=\"nb_NO\" \/>\n<meta property=\"og:type\" content=\"article\" \/>\n<meta property=\"og:title\" content=\"Den radikale Bob Dylan - Scandinavian Academic Press\" \/>\n<meta property=\"og:description\" content=\"I l\u00f8pet av en karriere p\u00e5 snart 60 \u00e5r som artist og l\u00e5tskriver har Dylan g\u00e5tt igjennom en rekke kunstneriske hamskifter, ofte med en underliggende politisk eller religi\u00f8s tendens: fra venstreradikal protestsanger via individualistisk rockerebell til nyfrelst dommedagspoet &#8211; og s\u00e5 videre. Mange oppfatter dagens Dylan som en kulturkonservativ tradisjonsformidler, som nok er opptatt av [&hellip;]\" \/>\n<meta property=\"og:url\" content=\"https:\/\/staging.forenteforlag.no\/scandinavian\/produkt\/den-radikale-bob-dylan\/\" \/>\n<meta property=\"og:site_name\" content=\"Scandinavian Academic Press\" \/>\n<meta property=\"article:publisher\" content=\"https:\/\/www.facebook.com\/ScandinavianAcademicPress\" \/>\n<meta property=\"article:modified_time\" content=\"2026-03-04T11:26:39+00:00\" \/>\n<meta property=\"og:image\" content=\"https:\/\/staging.forenteforlag.no\/scandinavian\/wp-content\/uploads\/sites\/7\/2026\/02\/9788230403174.jpg\" \/>\n\t<meta property=\"og:image:width\" content=\"720\" \/>\n\t<meta property=\"og:image:height\" content=\"1120\" \/>\n\t<meta property=\"og:image:type\" content=\"image\/jpeg\" \/>\n<meta name=\"twitter:card\" content=\"summary_large_image\" \/>\n<script type=\"application\/ld+json\" class=\"yoast-schema-graph\">{\"@context\":\"https:\/\/schema.org\",\"@graph\":[{\"@type\":\"WebPage\",\"@id\":\"https:\/\/staging.forenteforlag.no\/scandinavian\/produkt\/den-radikale-bob-dylan\/\",\"url\":\"https:\/\/staging.forenteforlag.no\/scandinavian\/produkt\/den-radikale-bob-dylan\/\",\"name\":\"Den radikale Bob Dylan - Scandinavian Academic Press\",\"isPartOf\":{\"@id\":\"https:\/\/staging.forenteforlag.no\/scandinavian\/#website\"},\"primaryImageOfPage\":{\"@id\":\"https:\/\/staging.forenteforlag.no\/scandinavian\/produkt\/den-radikale-bob-dylan\/#primaryimage\"},\"image\":{\"@id\":\"https:\/\/staging.forenteforlag.no\/scandinavian\/produkt\/den-radikale-bob-dylan\/#primaryimage\"},\"thumbnailUrl\":\"https:\/\/staging.forenteforlag.no\/scandinavian\/wp-content\/uploads\/sites\/7\/2026\/02\/9788230403174.jpg\",\"datePublished\":\"2022-10-28T00:00:00+00:00\",\"dateModified\":\"2026-03-04T11:26:39+00:00\",\"breadcrumb\":{\"@id\":\"https:\/\/staging.forenteforlag.no\/scandinavian\/produkt\/den-radikale-bob-dylan\/#breadcrumb\"},\"inLanguage\":\"nb-NO\",\"potentialAction\":[{\"@type\":\"ReadAction\",\"target\":[\"https:\/\/staging.forenteforlag.no\/scandinavian\/produkt\/den-radikale-bob-dylan\/\"]}]},{\"@type\":\"ImageObject\",\"inLanguage\":\"nb-NO\",\"@id\":\"https:\/\/staging.forenteforlag.no\/scandinavian\/produkt\/den-radikale-bob-dylan\/#primaryimage\",\"url\":\"https:\/\/staging.forenteforlag.no\/scandinavian\/wp-content\/uploads\/sites\/7\/2026\/02\/9788230403174.jpg\",\"contentUrl\":\"https:\/\/staging.forenteforlag.no\/scandinavian\/wp-content\/uploads\/sites\/7\/2026\/02\/9788230403174.jpg\",\"width\":720,\"height\":1120},{\"@type\":\"BreadcrumbList\",\"@id\":\"https:\/\/staging.forenteforlag.no\/scandinavian\/produkt\/den-radikale-bob-dylan\/#breadcrumb\",\"itemListElement\":[{\"@type\":\"ListItem\",\"position\":1,\"name\":\"Hjem\",\"item\":\"https:\/\/staging.forenteforlag.no\/scandinavian\/\"},{\"@type\":\"ListItem\",\"position\":2,\"name\":\"Alle b\u00f8ker\",\"item\":\"https:\/\/staging.forenteforlag.no\/scandinavian\/butikk\/\"},{\"@type\":\"ListItem\",\"position\":3,\"name\":\"Den radikale Bob Dylan\"}]},{\"@type\":\"WebSite\",\"@id\":\"https:\/\/staging.forenteforlag.no\/scandinavian\/#website\",\"url\":\"https:\/\/staging.forenteforlag.no\/scandinavian\/\",\"name\":\"Scandinavian Academic Press\",\"description\":\"\",\"publisher\":{\"@id\":\"https:\/\/staging.forenteforlag.no\/scandinavian\/#organization\"},\"potentialAction\":[{\"@type\":\"SearchAction\",\"target\":{\"@type\":\"EntryPoint\",\"urlTemplate\":\"https:\/\/staging.forenteforlag.no\/scandinavian\/?s={search_term_string}\"},\"query-input\":{\"@type\":\"PropertyValueSpecification\",\"valueRequired\":true,\"valueName\":\"search_term_string\"}}],\"inLanguage\":\"nb-NO\"},{\"@type\":\"Organization\",\"@id\":\"https:\/\/staging.forenteforlag.no\/scandinavian\/#organization\",\"name\":\"Scandinavian Academic Press\",\"url\":\"https:\/\/staging.forenteforlag.no\/scandinavian\/\",\"logo\":{\"@type\":\"ImageObject\",\"inLanguage\":\"nb-NO\",\"@id\":\"https:\/\/staging.forenteforlag.no\/scandinavian\/#\/schema\/logo\/image\/\",\"url\":\"https:\/\/staging.forenteforlag.no\/scandinavian\/wp-content\/uploads\/sites\/7\/2024\/09\/SAP_logo-1.svg\",\"contentUrl\":\"https:\/\/staging.forenteforlag.no\/scandinavian\/wp-content\/uploads\/sites\/7\/2024\/09\/SAP_logo-1.svg\",\"width\":4096,\"height\":1300,\"caption\":\"Scandinavian Academic Press\"},\"image\":{\"@id\":\"https:\/\/staging.forenteforlag.no\/scandinavian\/#\/schema\/logo\/image\/\"},\"sameAs\":[\"https:\/\/www.facebook.com\/ScandinavianAcademicPress\"]}]}<\/script>\n<!-- \/ Yoast SEO plugin. -->","yoast_head_json":{"title":"Den radikale Bob Dylan - Scandinavian Academic Press","robots":{"index":"noindex","follow":"follow","max-snippet":"max-snippet:-1","max-image-preview":"max-image-preview:large","max-video-preview":"max-video-preview:-1"},"og_locale":"nb_NO","og_type":"article","og_title":"Den radikale Bob Dylan - Scandinavian Academic Press","og_description":"I l\u00f8pet av en karriere p\u00e5 snart 60 \u00e5r som artist og l\u00e5tskriver har Dylan g\u00e5tt igjennom en rekke kunstneriske hamskifter, ofte med en underliggende politisk eller religi\u00f8s tendens: fra venstreradikal protestsanger via individualistisk rockerebell til nyfrelst dommedagspoet &#8211; og s\u00e5 videre. Mange oppfatter dagens Dylan som en kulturkonservativ tradisjonsformidler, som nok er opptatt av [&hellip;]","og_url":"https:\/\/staging.forenteforlag.no\/scandinavian\/produkt\/den-radikale-bob-dylan\/","og_site_name":"Scandinavian Academic Press","article_publisher":"https:\/\/www.facebook.com\/ScandinavianAcademicPress","article_modified_time":"2026-03-04T11:26:39+00:00","og_image":[{"width":720,"height":1120,"url":"https:\/\/staging.forenteforlag.no\/scandinavian\/wp-content\/uploads\/sites\/7\/2026\/02\/9788230403174.jpg","type":"image\/jpeg"}],"twitter_card":"summary_large_image","schema":{"@context":"https:\/\/schema.org","@graph":[{"@type":"WebPage","@id":"https:\/\/staging.forenteforlag.no\/scandinavian\/produkt\/den-radikale-bob-dylan\/","url":"https:\/\/staging.forenteforlag.no\/scandinavian\/produkt\/den-radikale-bob-dylan\/","name":"Den radikale Bob Dylan - Scandinavian Academic Press","isPartOf":{"@id":"https:\/\/staging.forenteforlag.no\/scandinavian\/#website"},"primaryImageOfPage":{"@id":"https:\/\/staging.forenteforlag.no\/scandinavian\/produkt\/den-radikale-bob-dylan\/#primaryimage"},"image":{"@id":"https:\/\/staging.forenteforlag.no\/scandinavian\/produkt\/den-radikale-bob-dylan\/#primaryimage"},"thumbnailUrl":"https:\/\/staging.forenteforlag.no\/scandinavian\/wp-content\/uploads\/sites\/7\/2026\/02\/9788230403174.jpg","datePublished":"2022-10-28T00:00:00+00:00","dateModified":"2026-03-04T11:26:39+00:00","breadcrumb":{"@id":"https:\/\/staging.forenteforlag.no\/scandinavian\/produkt\/den-radikale-bob-dylan\/#breadcrumb"},"inLanguage":"nb-NO","potentialAction":[{"@type":"ReadAction","target":["https:\/\/staging.forenteforlag.no\/scandinavian\/produkt\/den-radikale-bob-dylan\/"]}]},{"@type":"ImageObject","inLanguage":"nb-NO","@id":"https:\/\/staging.forenteforlag.no\/scandinavian\/produkt\/den-radikale-bob-dylan\/#primaryimage","url":"https:\/\/staging.forenteforlag.no\/scandinavian\/wp-content\/uploads\/sites\/7\/2026\/02\/9788230403174.jpg","contentUrl":"https:\/\/staging.forenteforlag.no\/scandinavian\/wp-content\/uploads\/sites\/7\/2026\/02\/9788230403174.jpg","width":720,"height":1120},{"@type":"BreadcrumbList","@id":"https:\/\/staging.forenteforlag.no\/scandinavian\/produkt\/den-radikale-bob-dylan\/#breadcrumb","itemListElement":[{"@type":"ListItem","position":1,"name":"Hjem","item":"https:\/\/staging.forenteforlag.no\/scandinavian\/"},{"@type":"ListItem","position":2,"name":"Alle b\u00f8ker","item":"https:\/\/staging.forenteforlag.no\/scandinavian\/butikk\/"},{"@type":"ListItem","position":3,"name":"Den radikale Bob Dylan"}]},{"@type":"WebSite","@id":"https:\/\/staging.forenteforlag.no\/scandinavian\/#website","url":"https:\/\/staging.forenteforlag.no\/scandinavian\/","name":"Scandinavian Academic Press","description":"","publisher":{"@id":"https:\/\/staging.forenteforlag.no\/scandinavian\/#organization"},"potentialAction":[{"@type":"SearchAction","target":{"@type":"EntryPoint","urlTemplate":"https:\/\/staging.forenteforlag.no\/scandinavian\/?s={search_term_string}"},"query-input":{"@type":"PropertyValueSpecification","valueRequired":true,"valueName":"search_term_string"}}],"inLanguage":"nb-NO"},{"@type":"Organization","@id":"https:\/\/staging.forenteforlag.no\/scandinavian\/#organization","name":"Scandinavian Academic Press","url":"https:\/\/staging.forenteforlag.no\/scandinavian\/","logo":{"@type":"ImageObject","inLanguage":"nb-NO","@id":"https:\/\/staging.forenteforlag.no\/scandinavian\/#\/schema\/logo\/image\/","url":"https:\/\/staging.forenteforlag.no\/scandinavian\/wp-content\/uploads\/sites\/7\/2024\/09\/SAP_logo-1.svg","contentUrl":"https:\/\/staging.forenteforlag.no\/scandinavian\/wp-content\/uploads\/sites\/7\/2024\/09\/SAP_logo-1.svg","width":4096,"height":1300,"caption":"Scandinavian Academic Press"},"image":{"@id":"https:\/\/staging.forenteforlag.no\/scandinavian\/#\/schema\/logo\/image\/"},"sameAs":["https:\/\/www.facebook.com\/ScandinavianAcademicPress"]}]}},"_links":{"self":[{"href":"https:\/\/staging.forenteforlag.no\/scandinavian\/wp-json\/wp\/v2\/product\/20401","targetHints":{"allow":["GET"]}}],"collection":[{"href":"https:\/\/staging.forenteforlag.no\/scandinavian\/wp-json\/wp\/v2\/product"}],"about":[{"href":"https:\/\/staging.forenteforlag.no\/scandinavian\/wp-json\/wp\/v2\/types\/product"}],"wp:featuredmedia":[{"embeddable":true,"href":"https:\/\/staging.forenteforlag.no\/scandinavian\/wp-json\/wp\/v2\/media\/22787"}],"wp:attachment":[{"href":"https:\/\/staging.forenteforlag.no\/scandinavian\/wp-json\/wp\/v2\/media?parent=20401"}],"wp:term":[{"taxonomy":"product_brand","embeddable":true,"href":"https:\/\/staging.forenteforlag.no\/scandinavian\/wp-json\/wp\/v2\/product_brand?post=20401"},{"taxonomy":"product_cat","embeddable":true,"href":"https:\/\/staging.forenteforlag.no\/scandinavian\/wp-json\/wp\/v2\/product_cat?post=20401"},{"taxonomy":"product_tag","embeddable":true,"href":"https:\/\/staging.forenteforlag.no\/scandinavian\/wp-json\/wp\/v2\/product_tag?post=20401"}],"curies":[{"name":"wp","href":"https:\/\/api.w.org\/{rel}","templated":true}]}}

<p>I løpet av en karriere på snart 60 år som artist og låtskriver har Dylan gått igjennom en rekke kunstneriske hamskifter, ofte med en underliggende politisk eller religiøs tendens: fra venstreradikal protestsanger via individualistisk rockerebell til nyfrelst dommedagspoet &#8211; og så videre.  </p>
<p>Mange oppfatter dagens Dylan som en kulturkonservativ tradisjonsformidler, som nok er opptatt av røtter, men som ikke er «radikal» i politisk eller kunstnerisk forstand. Men det bildet må nyanseres.  </p>
<p>Dette er en tverrfaglig antologi hvor Bob Dylans radikalitet, i tekst, musikk og fremføring, står i sentrum.</p>

<p>I løpet av en karriere på snart 60 år som artist og låtskriver har Dylan gått igjennom en rekke kunstneriske hamskifter, ofte med en underliggende politisk eller religiøs tendens: fra venstreradikal protestsanger via individualistisk rockerebell til nyfrelst dommedagspoet &#8211; og så videre. Mange oppfatter dagens Dylan som en kulturkonservativ tradisjonsformidler, som nok er opptatt av [&hellip;]</p>

<!-- This site is optimized with the Yoast SEO plugin v26.6 - https://yoast.com/wordpress/plugins/seo/ -->
<title>Den radikale Bob Dylan - Scandinavian Academic Press</title>
<meta name="robots" content="noindex, follow, max-snippet:-1, max-image-preview:large, max-video-preview:-1" />
<meta property="og:locale" content="nb_NO" />
<meta property="og:type" content="article" />
<meta property="og:title" content="Den radikale Bob Dylan - Scandinavian Academic Press" />
<meta property="og:description" content="I løpet av en karriere på snart 60 år som artist og låtskriver har Dylan gått igjennom en rekke kunstneriske hamskifter, ofte med en underliggende politisk eller religiøs tendens: fra venstreradikal protestsanger via individualistisk rockerebell til nyfrelst dommedagspoet &#8211; og så videre. Mange oppfatter dagens Dylan som en kulturkonservativ tradisjonsformidler, som nok er opptatt av [&hellip;]" />
<meta property="og:url" content="https://staging.forenteforlag.no/scandinavian/produkt/den-radikale-bob-dylan/" />
<meta property="og:site_name" content="Scandinavian Academic Press" />
<meta property="article:publisher" content="https://www.facebook.com/ScandinavianAcademicPress" />
<meta property="article:modified_time" content="2026-03-04T11:26:39+00:00" />
<meta property="og:image" content="https://staging.forenteforlag.no/scandinavian/wp-content/uploads/sites/7/2026/02/9788230403174.jpg" />
	<meta property="og:image:width" content="720" />
	<meta property="og:image:height" content="1120" />
	<meta property="og:image:type" content="image/jpeg" />
<meta name="twitter:card" content="summary_large_image" />
<script type="application/ld+json" class="yoast-schema-graph">{"@context":"https://schema.org","@graph":[{"@type":"WebPage","@id":"https://staging.forenteforlag.no/scandinavian/produkt/den-radikale-bob-dylan/","url":"https://staging.forenteforlag.no/scandinavian/produkt/den-radikale-bob-dylan/","name":"Den radikale Bob Dylan - Scandinavian Academic Press","isPartOf":{"@id":"https://staging.forenteforlag.no/scandinavian/#website"},"primaryImageOfPage":{"@id":"https://staging.forenteforlag.no/scandinavian/produkt/den-radikale-bob-dylan/#primaryimage"},"image":{"@id":"https://staging.forenteforlag.no/scandinavian/produkt/den-radikale-bob-dylan/#primaryimage"},"thumbnailUrl":"https://staging.forenteforlag.no/scandinavian/wp-content/uploads/sites/7/2026/02/9788230403174.jpg","datePublished":"2022-10-28T00:00:00+00:00","dateModified":"2026-03-04T11:26:39+00:00","breadcrumb":{"@id":"https://staging.forenteforlag.no/scandinavian/produkt/den-radikale-bob-dylan/#breadcrumb"},"inLanguage":"nb-NO","potentialAction":[{"@type":"ReadAction","target":["https://staging.forenteforlag.no/scandinavian/produkt/den-radikale-bob-dylan/"]}]},{"@type":"ImageObject","inLanguage":"nb-NO","@id":"https://staging.forenteforlag.no/scandinavian/produkt/den-radikale-bob-dylan/#primaryimage","url":"https://staging.forenteforlag.no/scandinavian/wp-content/uploads/sites/7/2026/02/9788230403174.jpg","contentUrl":"https://staging.forenteforlag.no/scandinavian/wp-content/uploads/sites/7/2026/02/9788230403174.jpg","width":720,"height":1120},{"@type":"BreadcrumbList","@id":"https://staging.forenteforlag.no/scandinavian/produkt/den-radikale-bob-dylan/#breadcrumb","itemListElement":[{"@type":"ListItem","position":1,"name":"Hjem","item":"https://staging.forenteforlag.no/scandinavian/"},{"@type":"ListItem","position":2,"name":"Alle bøker","item":"https://staging.forenteforlag.no/scandinavian/butikk/"},{"@type":"ListItem","position":3,"name":"Den radikale Bob Dylan"}]},{"@type":"WebSite","@id":"https://staging.forenteforlag.no/scandinavian/#website","url":"https://staging.forenteforlag.no/scandinavian/","name":"Scandinavian Academic Press","description":"","publisher":{"@id":"https://staging.forenteforlag.no/scandinavian/#organization"},"potentialAction":[{"@type":"SearchAction","target":{"@type":"EntryPoint","urlTemplate":"https://staging.forenteforlag.no/scandinavian/?s={search_term_string}"},"query-input":{"@type":"PropertyValueSpecification","valueRequired":true,"valueName":"search_term_string"}}],"inLanguage":"nb-NO"},{"@type":"Organization","@id":"https://staging.forenteforlag.no/scandinavian/#organization","name":"Scandinavian Academic Press","url":"https://staging.forenteforlag.no/scandinavian/","logo":{"@type":"ImageObject","inLanguage":"nb-NO","@id":"https://staging.forenteforlag.no/scandinavian/#/schema/logo/image/","url":"https://staging.forenteforlag.no/scandinavian/wp-content/uploads/sites/7/2024/09/SAP_logo-1.svg","contentUrl":"https://staging.forenteforlag.no/scandinavian/wp-content/uploads/sites/7/2024/09/SAP_logo-1.svg","width":4096,"height":1300,"caption":"Scandinavian Academic Press"},"image":{"@id":"https://staging.forenteforlag.no/scandinavian/#/schema/logo/image/"},"sameAs":["https://www.facebook.com/ScandinavianAcademicPress"]}]}</script>
<!-- / Yoast SEO plugin. -->

I løpet av en karriere på snart 60 år som artist og låtskriver har Dylan gått igjennom en rekke kunstneriske hamskifter, ofte med en underliggende politisk eller religiøs tendens: fra venstreradikal protestsanger via individualistisk rockerebell til nyfrelst dommedagspoet &#8211; og så videre. Mange oppfatter dagens Dylan som en kulturkonservativ tradisjonsformidler, som nok er opptatt av [&hellip;]

Alle bøker
