{"id":20381,"date":"2014-02-10T01:00:00","date_gmt":"2014-02-10T00:00:00","guid":{"rendered":"https:\/\/scandinavianacademicpress.forenteforlag.no\/produkt\/mellem-mennesker-og-magter-2\/"},"modified":"2026-03-04T12:23:33","modified_gmt":"2026-03-04T11:23:33","slug":"mellem-mennesker-og-magter-2","status":"publish","type":"product","link":"https:\/\/staging.forenteforlag.no\/scandinavian\/produkt\/mellem-mennesker-og-magter-2\/","title":{"rendered":"Mellem mennesker og magter"},"content":{"rendered":"<p>Denne bog handler om magi. Med udgangspunkt i 1500- og 1600-tallets norske trolddomsprocesser belyses magiens plads i sp\u00e6ndingsfeltet mellem elitens og det almindelige menneskes syn p\u00e5 magi. Den magtkamp, som disse sp\u00e6ndinger skabte, \u00e5bner for en bedre forst\u00e5else af hekseforf\u00f8lgelserne.<\/p>\n<p>Alver er optaget af betydningen af netv\u00e6rk og relationer mennesker imellem og mellem magter og mennesker. Forf\u00f8lgelserne var rettet mod dem, der t\u00e6nkte anderledes end eliten, og i udgangspunktet var det kirken, som stod bag ideen, om hvem heksen var.<\/p>\n<p>Men forf\u00f8lgelserne kan ikke bare ses som magt ud\u00f8vet ovenfra. De hentede meget af sin styrke og intensitet i rygtet og rygtespredningen. Det gjorde de mist\u00e6nktes naboer og undertiden n\u00e6re familie til vigtige akt\u00f8rer i trolddomsprocesserne. Netop erkendelsen af den magt, rygtet har som kollektivets stemme, \u00e5bner for en indsigt, der r\u00e6kker frem mod vor egen tid.<\/p>\n<p>Forf\u00f8lgelsen af den anderledes t\u00e6nkende sker stadig. Det er m\u00e5ske derfor hekseforf\u00f8lgelserne ogs\u00e5 i dag opleves som vedkommende og aktuelle.<\/p>\n","protected":false},"excerpt":{"rendered":"<p>Denne bog handler om magi. Med udgangspunkt i 1500- og 1600-tallets norske trolddomsprocesser belyses magiens plads i sp\u00e6ndingsfeltet mellem elitens og det almindelige menneskes syn p\u00e5 magi. Den magtkamp, som disse sp\u00e6ndinger skabte, \u00e5bner for en bedre forst\u00e5else af hekseforf\u00f8lgelserne. Alver er optaget af betydningen af netv\u00e6rk og relationer mennesker imellem og mellem magter og [&hellip;]<\/p>\n","protected":false},"featured_media":22697,"template":"","meta":{"_acf_changed":false,"inline_featured_image":false},"product_brand":[],"product_cat":[1775],"product_tag":[625,396,362,913,790],"class_list":{"0":"post-20381","1":"product","2":"type-product","3":"status-publish","4":"has-post-thumbnail","6":"product_cat-rabattkodekampanje","7":"product_tag-1500-tallet","8":"product_tag-1600-tallet","9":"product_tag-faglitteratur","10":"product_tag-magi","11":"product_tag-trolldomsprosesser","13":"first","14":"outofstock","15":"shipping-taxable","16":"purchasable","17":"product-type-simple"},"acf":{"anmeldelse":null},"yoast_head":"<!-- This site is optimized with the Yoast SEO plugin v26.6 - https:\/\/yoast.com\/wordpress\/plugins\/seo\/ -->\n<title>Mellem mennesker og magter - Scandinavian Academic Press<\/title>\n<meta name=\"robots\" content=\"noindex, follow, max-snippet:-1, max-image-preview:large, max-video-preview:-1\" \/>\n<meta property=\"og:locale\" content=\"nb_NO\" \/>\n<meta property=\"og:type\" content=\"article\" \/>\n<meta property=\"og:title\" content=\"Mellem mennesker og magter - Scandinavian Academic Press\" \/>\n<meta property=\"og:description\" content=\"Denne bog handler om magi. Med udgangspunkt i 1500- og 1600-tallets norske trolddomsprocesser belyses magiens plads i sp\u00e6ndingsfeltet mellem elitens og det almindelige menneskes syn p\u00e5 magi. Den magtkamp, som disse sp\u00e6ndinger skabte, \u00e5bner for en bedre forst\u00e5else af hekseforf\u00f8lgelserne. Alver er optaget af betydningen af netv\u00e6rk og relationer mennesker imellem og mellem magter og [&hellip;]\" \/>\n<meta property=\"og:url\" content=\"https:\/\/staging.forenteforlag.no\/scandinavian\/produkt\/mellem-mennesker-og-magter-2\/\" \/>\n<meta property=\"og:site_name\" content=\"Scandinavian Academic Press\" \/>\n<meta property=\"article:publisher\" content=\"https:\/\/www.facebook.com\/ScandinavianAcademicPress\" \/>\n<meta property=\"article:modified_time\" content=\"2026-03-04T11:23:33+00:00\" \/>\n<meta property=\"og:image\" content=\"https:\/\/staging.forenteforlag.no\/scandinavian\/wp-content\/uploads\/sites\/7\/2026\/02\/9788230401545.jpg\" \/>\n\t<meta property=\"og:image:width\" content=\"720\" \/>\n\t<meta property=\"og:image:height\" content=\"1036\" \/>\n\t<meta property=\"og:image:type\" content=\"image\/jpeg\" \/>\n<meta name=\"twitter:card\" content=\"summary_large_image\" \/>\n<meta name=\"twitter:label1\" content=\"Ansl. lesetid\" \/>\n\t<meta name=\"twitter:data1\" content=\"1 minutt\" \/>\n<script type=\"application\/ld+json\" class=\"yoast-schema-graph\">{\"@context\":\"https:\/\/schema.org\",\"@graph\":[{\"@type\":\"WebPage\",\"@id\":\"https:\/\/staging.forenteforlag.no\/scandinavian\/produkt\/mellem-mennesker-og-magter-2\/\",\"url\":\"https:\/\/staging.forenteforlag.no\/scandinavian\/produkt\/mellem-mennesker-og-magter-2\/\",\"name\":\"Mellem mennesker og magter - Scandinavian Academic Press\",\"isPartOf\":{\"@id\":\"https:\/\/staging.forenteforlag.no\/scandinavian\/#website\"},\"primaryImageOfPage\":{\"@id\":\"https:\/\/staging.forenteforlag.no\/scandinavian\/produkt\/mellem-mennesker-og-magter-2\/#primaryimage\"},\"image\":{\"@id\":\"https:\/\/staging.forenteforlag.no\/scandinavian\/produkt\/mellem-mennesker-og-magter-2\/#primaryimage\"},\"thumbnailUrl\":\"https:\/\/staging.forenteforlag.no\/scandinavian\/wp-content\/uploads\/sites\/7\/2026\/02\/9788230401545.jpg\",\"datePublished\":\"2014-02-10T00:00:00+00:00\",\"dateModified\":\"2026-03-04T11:23:33+00:00\",\"breadcrumb\":{\"@id\":\"https:\/\/staging.forenteforlag.no\/scandinavian\/produkt\/mellem-mennesker-og-magter-2\/#breadcrumb\"},\"inLanguage\":\"nb-NO\",\"potentialAction\":[{\"@type\":\"ReadAction\",\"target\":[\"https:\/\/staging.forenteforlag.no\/scandinavian\/produkt\/mellem-mennesker-og-magter-2\/\"]}]},{\"@type\":\"ImageObject\",\"inLanguage\":\"nb-NO\",\"@id\":\"https:\/\/staging.forenteforlag.no\/scandinavian\/produkt\/mellem-mennesker-og-magter-2\/#primaryimage\",\"url\":\"https:\/\/staging.forenteforlag.no\/scandinavian\/wp-content\/uploads\/sites\/7\/2026\/02\/9788230401545.jpg\",\"contentUrl\":\"https:\/\/staging.forenteforlag.no\/scandinavian\/wp-content\/uploads\/sites\/7\/2026\/02\/9788230401545.jpg\",\"width\":720,\"height\":1036},{\"@type\":\"BreadcrumbList\",\"@id\":\"https:\/\/staging.forenteforlag.no\/scandinavian\/produkt\/mellem-mennesker-og-magter-2\/#breadcrumb\",\"itemListElement\":[{\"@type\":\"ListItem\",\"position\":1,\"name\":\"Hjem\",\"item\":\"https:\/\/staging.forenteforlag.no\/scandinavian\/\"},{\"@type\":\"ListItem\",\"position\":2,\"name\":\"Alle b\u00f8ker\",\"item\":\"https:\/\/staging.forenteforlag.no\/scandinavian\/butikk\/\"},{\"@type\":\"ListItem\",\"position\":3,\"name\":\"Mellem mennesker og magter\"}]},{\"@type\":\"WebSite\",\"@id\":\"https:\/\/staging.forenteforlag.no\/scandinavian\/#website\",\"url\":\"https:\/\/staging.forenteforlag.no\/scandinavian\/\",\"name\":\"Scandinavian Academic Press\",\"description\":\"\",\"publisher\":{\"@id\":\"https:\/\/staging.forenteforlag.no\/scandinavian\/#organization\"},\"potentialAction\":[{\"@type\":\"SearchAction\",\"target\":{\"@type\":\"EntryPoint\",\"urlTemplate\":\"https:\/\/staging.forenteforlag.no\/scandinavian\/?s={search_term_string}\"},\"query-input\":{\"@type\":\"PropertyValueSpecification\",\"valueRequired\":true,\"valueName\":\"search_term_string\"}}],\"inLanguage\":\"nb-NO\"},{\"@type\":\"Organization\",\"@id\":\"https:\/\/staging.forenteforlag.no\/scandinavian\/#organization\",\"name\":\"Scandinavian Academic Press\",\"url\":\"https:\/\/staging.forenteforlag.no\/scandinavian\/\",\"logo\":{\"@type\":\"ImageObject\",\"inLanguage\":\"nb-NO\",\"@id\":\"https:\/\/staging.forenteforlag.no\/scandinavian\/#\/schema\/logo\/image\/\",\"url\":\"https:\/\/staging.forenteforlag.no\/scandinavian\/wp-content\/uploads\/sites\/7\/2024\/09\/SAP_logo-1.svg\",\"contentUrl\":\"https:\/\/staging.forenteforlag.no\/scandinavian\/wp-content\/uploads\/sites\/7\/2024\/09\/SAP_logo-1.svg\",\"width\":4096,\"height\":1300,\"caption\":\"Scandinavian Academic Press\"},\"image\":{\"@id\":\"https:\/\/staging.forenteforlag.no\/scandinavian\/#\/schema\/logo\/image\/\"},\"sameAs\":[\"https:\/\/www.facebook.com\/ScandinavianAcademicPress\"]}]}<\/script>\n<!-- \/ Yoast SEO plugin. -->","yoast_head_json":{"title":"Mellem mennesker og magter - Scandinavian Academic Press","robots":{"index":"noindex","follow":"follow","max-snippet":"max-snippet:-1","max-image-preview":"max-image-preview:large","max-video-preview":"max-video-preview:-1"},"og_locale":"nb_NO","og_type":"article","og_title":"Mellem mennesker og magter - Scandinavian Academic Press","og_description":"Denne bog handler om magi. Med udgangspunkt i 1500- og 1600-tallets norske trolddomsprocesser belyses magiens plads i sp\u00e6ndingsfeltet mellem elitens og det almindelige menneskes syn p\u00e5 magi. Den magtkamp, som disse sp\u00e6ndinger skabte, \u00e5bner for en bedre forst\u00e5else af hekseforf\u00f8lgelserne. Alver er optaget af betydningen af netv\u00e6rk og relationer mennesker imellem og mellem magter og [&hellip;]","og_url":"https:\/\/staging.forenteforlag.no\/scandinavian\/produkt\/mellem-mennesker-og-magter-2\/","og_site_name":"Scandinavian Academic Press","article_publisher":"https:\/\/www.facebook.com\/ScandinavianAcademicPress","article_modified_time":"2026-03-04T11:23:33+00:00","og_image":[{"width":720,"height":1036,"url":"https:\/\/staging.forenteforlag.no\/scandinavian\/wp-content\/uploads\/sites\/7\/2026\/02\/9788230401545.jpg","type":"image\/jpeg"}],"twitter_card":"summary_large_image","twitter_misc":{"Ansl. lesetid":"1 minutt"},"schema":{"@context":"https:\/\/schema.org","@graph":[{"@type":"WebPage","@id":"https:\/\/staging.forenteforlag.no\/scandinavian\/produkt\/mellem-mennesker-og-magter-2\/","url":"https:\/\/staging.forenteforlag.no\/scandinavian\/produkt\/mellem-mennesker-og-magter-2\/","name":"Mellem mennesker og magter - Scandinavian Academic Press","isPartOf":{"@id":"https:\/\/staging.forenteforlag.no\/scandinavian\/#website"},"primaryImageOfPage":{"@id":"https:\/\/staging.forenteforlag.no\/scandinavian\/produkt\/mellem-mennesker-og-magter-2\/#primaryimage"},"image":{"@id":"https:\/\/staging.forenteforlag.no\/scandinavian\/produkt\/mellem-mennesker-og-magter-2\/#primaryimage"},"thumbnailUrl":"https:\/\/staging.forenteforlag.no\/scandinavian\/wp-content\/uploads\/sites\/7\/2026\/02\/9788230401545.jpg","datePublished":"2014-02-10T00:00:00+00:00","dateModified":"2026-03-04T11:23:33+00:00","breadcrumb":{"@id":"https:\/\/staging.forenteforlag.no\/scandinavian\/produkt\/mellem-mennesker-og-magter-2\/#breadcrumb"},"inLanguage":"nb-NO","potentialAction":[{"@type":"ReadAction","target":["https:\/\/staging.forenteforlag.no\/scandinavian\/produkt\/mellem-mennesker-og-magter-2\/"]}]},{"@type":"ImageObject","inLanguage":"nb-NO","@id":"https:\/\/staging.forenteforlag.no\/scandinavian\/produkt\/mellem-mennesker-og-magter-2\/#primaryimage","url":"https:\/\/staging.forenteforlag.no\/scandinavian\/wp-content\/uploads\/sites\/7\/2026\/02\/9788230401545.jpg","contentUrl":"https:\/\/staging.forenteforlag.no\/scandinavian\/wp-content\/uploads\/sites\/7\/2026\/02\/9788230401545.jpg","width":720,"height":1036},{"@type":"BreadcrumbList","@id":"https:\/\/staging.forenteforlag.no\/scandinavian\/produkt\/mellem-mennesker-og-magter-2\/#breadcrumb","itemListElement":[{"@type":"ListItem","position":1,"name":"Hjem","item":"https:\/\/staging.forenteforlag.no\/scandinavian\/"},{"@type":"ListItem","position":2,"name":"Alle b\u00f8ker","item":"https:\/\/staging.forenteforlag.no\/scandinavian\/butikk\/"},{"@type":"ListItem","position":3,"name":"Mellem mennesker og magter"}]},{"@type":"WebSite","@id":"https:\/\/staging.forenteforlag.no\/scandinavian\/#website","url":"https:\/\/staging.forenteforlag.no\/scandinavian\/","name":"Scandinavian Academic Press","description":"","publisher":{"@id":"https:\/\/staging.forenteforlag.no\/scandinavian\/#organization"},"potentialAction":[{"@type":"SearchAction","target":{"@type":"EntryPoint","urlTemplate":"https:\/\/staging.forenteforlag.no\/scandinavian\/?s={search_term_string}"},"query-input":{"@type":"PropertyValueSpecification","valueRequired":true,"valueName":"search_term_string"}}],"inLanguage":"nb-NO"},{"@type":"Organization","@id":"https:\/\/staging.forenteforlag.no\/scandinavian\/#organization","name":"Scandinavian Academic Press","url":"https:\/\/staging.forenteforlag.no\/scandinavian\/","logo":{"@type":"ImageObject","inLanguage":"nb-NO","@id":"https:\/\/staging.forenteforlag.no\/scandinavian\/#\/schema\/logo\/image\/","url":"https:\/\/staging.forenteforlag.no\/scandinavian\/wp-content\/uploads\/sites\/7\/2024\/09\/SAP_logo-1.svg","contentUrl":"https:\/\/staging.forenteforlag.no\/scandinavian\/wp-content\/uploads\/sites\/7\/2024\/09\/SAP_logo-1.svg","width":4096,"height":1300,"caption":"Scandinavian Academic Press"},"image":{"@id":"https:\/\/staging.forenteforlag.no\/scandinavian\/#\/schema\/logo\/image\/"},"sameAs":["https:\/\/www.facebook.com\/ScandinavianAcademicPress"]}]}},"_links":{"self":[{"href":"https:\/\/staging.forenteforlag.no\/scandinavian\/wp-json\/wp\/v2\/product\/20381","targetHints":{"allow":["GET"]}}],"collection":[{"href":"https:\/\/staging.forenteforlag.no\/scandinavian\/wp-json\/wp\/v2\/product"}],"about":[{"href":"https:\/\/staging.forenteforlag.no\/scandinavian\/wp-json\/wp\/v2\/types\/product"}],"wp:featuredmedia":[{"embeddable":true,"href":"https:\/\/staging.forenteforlag.no\/scandinavian\/wp-json\/wp\/v2\/media\/22697"}],"wp:attachment":[{"href":"https:\/\/staging.forenteforlag.no\/scandinavian\/wp-json\/wp\/v2\/media?parent=20381"}],"wp:term":[{"taxonomy":"product_brand","embeddable":true,"href":"https:\/\/staging.forenteforlag.no\/scandinavian\/wp-json\/wp\/v2\/product_brand?post=20381"},{"taxonomy":"product_cat","embeddable":true,"href":"https:\/\/staging.forenteforlag.no\/scandinavian\/wp-json\/wp\/v2\/product_cat?post=20381"},{"taxonomy":"product_tag","embeddable":true,"href":"https:\/\/staging.forenteforlag.no\/scandinavian\/wp-json\/wp\/v2\/product_tag?post=20381"}],"curies":[{"name":"wp","href":"https:\/\/api.w.org\/{rel}","templated":true}]}}

<p>Denne bog handler om magi. Med udgangspunkt i 1500- og 1600-tallets norske trolddomsprocesser belyses magiens plads i spændingsfeltet mellem elitens og det almindelige menneskes syn på magi. Den magtkamp, som disse spændinger skabte, åbner for en bedre forståelse af hekseforfølgelserne.</p>
<p>Alver er optaget af betydningen af netværk og relationer mennesker imellem og mellem magter og mennesker. Forfølgelserne var rettet mod dem, der tænkte anderledes end eliten, og i udgangspunktet var det kirken, som stod bag ideen, om hvem heksen var.</p>
<p>Men forfølgelserne kan ikke bare ses som magt udøvet ovenfra. De hentede meget af sin styrke og intensitet i rygtet og rygtespredningen. Det gjorde de mistænktes naboer og undertiden nære familie til vigtige aktører i trolddomsprocesserne. Netop erkendelsen af den magt, rygtet har som kollektivets stemme, åbner for en indsigt, der rækker frem mod vor egen tid.</p>
<p>Forfølgelsen af den anderledes tænkende sker stadig. Det er måske derfor hekseforfølgelserne også i dag opleves som vedkommende og aktuelle.</p>

<p>Denne bog handler om magi. Med udgangspunkt i 1500- og 1600-tallets norske trolddomsprocesser belyses magiens plads i spændingsfeltet mellem elitens og det almindelige menneskes syn på magi. Den magtkamp, som disse spændinger skabte, åbner for en bedre forståelse af hekseforfølgelserne. Alver er optaget af betydningen af netværk og relationer mennesker imellem og mellem magter og [&hellip;]</p>

<!-- This site is optimized with the Yoast SEO plugin v26.6 - https://yoast.com/wordpress/plugins/seo/ -->
<title>Mellem mennesker og magter - Scandinavian Academic Press</title>
<meta name="robots" content="noindex, follow, max-snippet:-1, max-image-preview:large, max-video-preview:-1" />
<meta property="og:locale" content="nb_NO" />
<meta property="og:type" content="article" />
<meta property="og:title" content="Mellem mennesker og magter - Scandinavian Academic Press" />
<meta property="og:description" content="Denne bog handler om magi. Med udgangspunkt i 1500- og 1600-tallets norske trolddomsprocesser belyses magiens plads i spændingsfeltet mellem elitens og det almindelige menneskes syn på magi. Den magtkamp, som disse spændinger skabte, åbner for en bedre forståelse af hekseforfølgelserne. Alver er optaget af betydningen af netværk og relationer mennesker imellem og mellem magter og [&hellip;]" />
<meta property="og:url" content="https://staging.forenteforlag.no/scandinavian/produkt/mellem-mennesker-og-magter-2/" />
<meta property="og:site_name" content="Scandinavian Academic Press" />
<meta property="article:publisher" content="https://www.facebook.com/ScandinavianAcademicPress" />
<meta property="article:modified_time" content="2026-03-04T11:23:33+00:00" />
<meta property="og:image" content="https://staging.forenteforlag.no/scandinavian/wp-content/uploads/sites/7/2026/02/9788230401545.jpg" />
	<meta property="og:image:width" content="720" />
	<meta property="og:image:height" content="1036" />
	<meta property="og:image:type" content="image/jpeg" />
<meta name="twitter:card" content="summary_large_image" />
<meta name="twitter:label1" content="Ansl. lesetid" />
	<meta name="twitter:data1" content="1 minutt" />
<script type="application/ld+json" class="yoast-schema-graph">{"@context":"https://schema.org","@graph":[{"@type":"WebPage","@id":"https://staging.forenteforlag.no/scandinavian/produkt/mellem-mennesker-og-magter-2/","url":"https://staging.forenteforlag.no/scandinavian/produkt/mellem-mennesker-og-magter-2/","name":"Mellem mennesker og magter - Scandinavian Academic Press","isPartOf":{"@id":"https://staging.forenteforlag.no/scandinavian/#website"},"primaryImageOfPage":{"@id":"https://staging.forenteforlag.no/scandinavian/produkt/mellem-mennesker-og-magter-2/#primaryimage"},"image":{"@id":"https://staging.forenteforlag.no/scandinavian/produkt/mellem-mennesker-og-magter-2/#primaryimage"},"thumbnailUrl":"https://staging.forenteforlag.no/scandinavian/wp-content/uploads/sites/7/2026/02/9788230401545.jpg","datePublished":"2014-02-10T00:00:00+00:00","dateModified":"2026-03-04T11:23:33+00:00","breadcrumb":{"@id":"https://staging.forenteforlag.no/scandinavian/produkt/mellem-mennesker-og-magter-2/#breadcrumb"},"inLanguage":"nb-NO","potentialAction":[{"@type":"ReadAction","target":["https://staging.forenteforlag.no/scandinavian/produkt/mellem-mennesker-og-magter-2/"]}]},{"@type":"ImageObject","inLanguage":"nb-NO","@id":"https://staging.forenteforlag.no/scandinavian/produkt/mellem-mennesker-og-magter-2/#primaryimage","url":"https://staging.forenteforlag.no/scandinavian/wp-content/uploads/sites/7/2026/02/9788230401545.jpg","contentUrl":"https://staging.forenteforlag.no/scandinavian/wp-content/uploads/sites/7/2026/02/9788230401545.jpg","width":720,"height":1036},{"@type":"BreadcrumbList","@id":"https://staging.forenteforlag.no/scandinavian/produkt/mellem-mennesker-og-magter-2/#breadcrumb","itemListElement":[{"@type":"ListItem","position":1,"name":"Hjem","item":"https://staging.forenteforlag.no/scandinavian/"},{"@type":"ListItem","position":2,"name":"Alle bøker","item":"https://staging.forenteforlag.no/scandinavian/butikk/"},{"@type":"ListItem","position":3,"name":"Mellem mennesker og magter"}]},{"@type":"WebSite","@id":"https://staging.forenteforlag.no/scandinavian/#website","url":"https://staging.forenteforlag.no/scandinavian/","name":"Scandinavian Academic Press","description":"","publisher":{"@id":"https://staging.forenteforlag.no/scandinavian/#organization"},"potentialAction":[{"@type":"SearchAction","target":{"@type":"EntryPoint","urlTemplate":"https://staging.forenteforlag.no/scandinavian/?s={search_term_string}"},"query-input":{"@type":"PropertyValueSpecification","valueRequired":true,"valueName":"search_term_string"}}],"inLanguage":"nb-NO"},{"@type":"Organization","@id":"https://staging.forenteforlag.no/scandinavian/#organization","name":"Scandinavian Academic Press","url":"https://staging.forenteforlag.no/scandinavian/","logo":{"@type":"ImageObject","inLanguage":"nb-NO","@id":"https://staging.forenteforlag.no/scandinavian/#/schema/logo/image/","url":"https://staging.forenteforlag.no/scandinavian/wp-content/uploads/sites/7/2024/09/SAP_logo-1.svg","contentUrl":"https://staging.forenteforlag.no/scandinavian/wp-content/uploads/sites/7/2024/09/SAP_logo-1.svg","width":4096,"height":1300,"caption":"Scandinavian Academic Press"},"image":{"@id":"https://staging.forenteforlag.no/scandinavian/#/schema/logo/image/"},"sameAs":["https://www.facebook.com/ScandinavianAcademicPress"]}]}</script>
<!-- / Yoast SEO plugin. -->

Denne bog handler om magi. Med udgangspunkt i 1500- og 1600-tallets norske trolddomsprocesser belyses magiens plads i spændingsfeltet mellem elitens og det almindelige menneskes syn på magi. Den magtkamp, som disse spændinger skabte, åbner for en bedre forståelse af hekseforfølgelserne. Alver er optaget af betydningen af netværk og relationer mennesker imellem og mellem magter og [&hellip;]

Alle bøker
