{"id":20379,"date":"2012-08-14T02:00:00","date_gmt":"2012-08-14T00:00:00","guid":{"rendered":"https:\/\/scandinavianacademicpress.forenteforlag.no\/produkt\/virker-straff-2\/"},"modified":"2026-03-04T12:22:00","modified_gmt":"2026-03-04T11:22:00","slug":"virker-straff-2","status":"publish","type":"product","link":"https:\/\/staging.forenteforlag.no\/scandinavian\/produkt\/virker-straff-2\/","title":{"rendered":"Virker straff?"},"content":{"rendered":"<p>I denne boka gir en rekke fagfolk sine bidrag til en bredere forst\u00e5else av norsk kriminalomsorg. Kapitlene spenner fra hvordan arkitektur i fengselsbygg p\u00e5virkes av den til enhver tid r\u00e5dende ideologi innen kriminalomsorgen til betydningen av de tiltak som gis domfelte som gjennomf\u00f8rer straff &#8211; om dette er arbeid, undervisning eller andre tilbud. Dagens kriminalomsorgspolitikk har grunnlag i et stortingsdokument som kalles Straff som virker &#8211; mindre kriminalitet, tryggere samfunn. Denne boka er en gjennomgang av kriminalomsorgens ulike sider og stiller sp\u00f8rsm\u00e5l med om alle politikkomr\u00e5der er tilstrekkelig begrunnet, vitenskapelig holdbare og tar hensyn til de historiske erfaringer vi har med de ulike strafferegimer. Virker straff? er en viktig bok om utfordringene i dagens kriminalomsorg.<\/p>\n","protected":false},"excerpt":{"rendered":"<p>I denne boka gir en rekke fagfolk sine bidrag til en bredere forst\u00e5else av norsk kriminalomsorg. Kapitlene spenner fra hvordan arkitektur i fengselsbygg p\u00e5virkes av den til enhver tid r\u00e5dende ideologi innen kriminalomsorgen til betydningen av de tiltak som gis domfelte som gjennomf\u00f8rer straff &#8211; om dette er arbeid, undervisning eller andre tilbud. Dagens kriminalomsorgspolitikk [&hellip;]<\/p>\n","protected":false},"featured_media":22670,"template":"","meta":{"_acf_changed":false,"inline_featured_image":false},"product_brand":[],"product_cat":[1775],"product_tag":[994,362],"class_list":{"0":"post-20379","1":"product","2":"type-product","3":"status-publish","4":"has-post-thumbnail","6":"product_cat-rabattkodekampanje","7":"product_tag-dodsstraff","8":"product_tag-faglitteratur","10":"first","11":"outofstock","12":"shipping-taxable","13":"purchasable","14":"product-type-simple"},"acf":{"anmeldelse":null},"yoast_head":"<!-- This site is optimized with the Yoast SEO plugin v26.6 - https:\/\/yoast.com\/wordpress\/plugins\/seo\/ -->\n<title>Virker straff? - Scandinavian Academic Press<\/title>\n<meta name=\"robots\" content=\"noindex, follow, max-snippet:-1, max-image-preview:large, max-video-preview:-1\" \/>\n<meta property=\"og:locale\" content=\"nb_NO\" \/>\n<meta property=\"og:type\" content=\"article\" \/>\n<meta property=\"og:title\" content=\"Virker straff? - Scandinavian Academic Press\" \/>\n<meta property=\"og:description\" content=\"I denne boka gir en rekke fagfolk sine bidrag til en bredere forst\u00e5else av norsk kriminalomsorg. Kapitlene spenner fra hvordan arkitektur i fengselsbygg p\u00e5virkes av den til enhver tid r\u00e5dende ideologi innen kriminalomsorgen til betydningen av de tiltak som gis domfelte som gjennomf\u00f8rer straff &#8211; om dette er arbeid, undervisning eller andre tilbud. Dagens kriminalomsorgspolitikk [&hellip;]\" \/>\n<meta property=\"og:url\" content=\"https:\/\/staging.forenteforlag.no\/scandinavian\/produkt\/virker-straff-2\/\" \/>\n<meta property=\"og:site_name\" content=\"Scandinavian Academic Press\" \/>\n<meta property=\"article:publisher\" content=\"https:\/\/www.facebook.com\/ScandinavianAcademicPress\" \/>\n<meta property=\"article:modified_time\" content=\"2026-03-04T11:22:00+00:00\" \/>\n<meta property=\"og:image\" content=\"https:\/\/staging.forenteforlag.no\/scandinavian\/wp-content\/uploads\/sites\/7\/2026\/02\/9788230400883.jpg\" \/>\n\t<meta property=\"og:image:width\" content=\"720\" \/>\n\t<meta property=\"og:image:height\" content=\"1170\" \/>\n\t<meta property=\"og:image:type\" content=\"image\/jpeg\" \/>\n<meta name=\"twitter:card\" content=\"summary_large_image\" \/>\n<meta name=\"twitter:label1\" content=\"Ansl. lesetid\" \/>\n\t<meta name=\"twitter:data1\" content=\"1 minutt\" \/>\n<script type=\"application\/ld+json\" class=\"yoast-schema-graph\">{\"@context\":\"https:\/\/schema.org\",\"@graph\":[{\"@type\":\"WebPage\",\"@id\":\"https:\/\/staging.forenteforlag.no\/scandinavian\/produkt\/virker-straff-2\/\",\"url\":\"https:\/\/staging.forenteforlag.no\/scandinavian\/produkt\/virker-straff-2\/\",\"name\":\"Virker straff? - Scandinavian Academic Press\",\"isPartOf\":{\"@id\":\"https:\/\/staging.forenteforlag.no\/scandinavian\/#website\"},\"primaryImageOfPage\":{\"@id\":\"https:\/\/staging.forenteforlag.no\/scandinavian\/produkt\/virker-straff-2\/#primaryimage\"},\"image\":{\"@id\":\"https:\/\/staging.forenteforlag.no\/scandinavian\/produkt\/virker-straff-2\/#primaryimage\"},\"thumbnailUrl\":\"https:\/\/staging.forenteforlag.no\/scandinavian\/wp-content\/uploads\/sites\/7\/2026\/02\/9788230400883.jpg\",\"datePublished\":\"2012-08-14T00:00:00+00:00\",\"dateModified\":\"2026-03-04T11:22:00+00:00\",\"breadcrumb\":{\"@id\":\"https:\/\/staging.forenteforlag.no\/scandinavian\/produkt\/virker-straff-2\/#breadcrumb\"},\"inLanguage\":\"nb-NO\",\"potentialAction\":[{\"@type\":\"ReadAction\",\"target\":[\"https:\/\/staging.forenteforlag.no\/scandinavian\/produkt\/virker-straff-2\/\"]}]},{\"@type\":\"ImageObject\",\"inLanguage\":\"nb-NO\",\"@id\":\"https:\/\/staging.forenteforlag.no\/scandinavian\/produkt\/virker-straff-2\/#primaryimage\",\"url\":\"https:\/\/staging.forenteforlag.no\/scandinavian\/wp-content\/uploads\/sites\/7\/2026\/02\/9788230400883.jpg\",\"contentUrl\":\"https:\/\/staging.forenteforlag.no\/scandinavian\/wp-content\/uploads\/sites\/7\/2026\/02\/9788230400883.jpg\",\"width\":720,\"height\":1170},{\"@type\":\"BreadcrumbList\",\"@id\":\"https:\/\/staging.forenteforlag.no\/scandinavian\/produkt\/virker-straff-2\/#breadcrumb\",\"itemListElement\":[{\"@type\":\"ListItem\",\"position\":1,\"name\":\"Hjem\",\"item\":\"https:\/\/staging.forenteforlag.no\/scandinavian\/\"},{\"@type\":\"ListItem\",\"position\":2,\"name\":\"Alle b\u00f8ker\",\"item\":\"https:\/\/staging.forenteforlag.no\/scandinavian\/butikk\/\"},{\"@type\":\"ListItem\",\"position\":3,\"name\":\"Virker straff?\"}]},{\"@type\":\"WebSite\",\"@id\":\"https:\/\/staging.forenteforlag.no\/scandinavian\/#website\",\"url\":\"https:\/\/staging.forenteforlag.no\/scandinavian\/\",\"name\":\"Scandinavian Academic Press\",\"description\":\"\",\"publisher\":{\"@id\":\"https:\/\/staging.forenteforlag.no\/scandinavian\/#organization\"},\"potentialAction\":[{\"@type\":\"SearchAction\",\"target\":{\"@type\":\"EntryPoint\",\"urlTemplate\":\"https:\/\/staging.forenteforlag.no\/scandinavian\/?s={search_term_string}\"},\"query-input\":{\"@type\":\"PropertyValueSpecification\",\"valueRequired\":true,\"valueName\":\"search_term_string\"}}],\"inLanguage\":\"nb-NO\"},{\"@type\":\"Organization\",\"@id\":\"https:\/\/staging.forenteforlag.no\/scandinavian\/#organization\",\"name\":\"Scandinavian Academic Press\",\"url\":\"https:\/\/staging.forenteforlag.no\/scandinavian\/\",\"logo\":{\"@type\":\"ImageObject\",\"inLanguage\":\"nb-NO\",\"@id\":\"https:\/\/staging.forenteforlag.no\/scandinavian\/#\/schema\/logo\/image\/\",\"url\":\"https:\/\/staging.forenteforlag.no\/scandinavian\/wp-content\/uploads\/sites\/7\/2024\/09\/SAP_logo-1.svg\",\"contentUrl\":\"https:\/\/staging.forenteforlag.no\/scandinavian\/wp-content\/uploads\/sites\/7\/2024\/09\/SAP_logo-1.svg\",\"width\":4096,\"height\":1300,\"caption\":\"Scandinavian Academic Press\"},\"image\":{\"@id\":\"https:\/\/staging.forenteforlag.no\/scandinavian\/#\/schema\/logo\/image\/\"},\"sameAs\":[\"https:\/\/www.facebook.com\/ScandinavianAcademicPress\"]}]}<\/script>\n<!-- \/ Yoast SEO plugin. -->","yoast_head_json":{"title":"Virker straff? - Scandinavian Academic Press","robots":{"index":"noindex","follow":"follow","max-snippet":"max-snippet:-1","max-image-preview":"max-image-preview:large","max-video-preview":"max-video-preview:-1"},"og_locale":"nb_NO","og_type":"article","og_title":"Virker straff? - Scandinavian Academic Press","og_description":"I denne boka gir en rekke fagfolk sine bidrag til en bredere forst\u00e5else av norsk kriminalomsorg. Kapitlene spenner fra hvordan arkitektur i fengselsbygg p\u00e5virkes av den til enhver tid r\u00e5dende ideologi innen kriminalomsorgen til betydningen av de tiltak som gis domfelte som gjennomf\u00f8rer straff &#8211; om dette er arbeid, undervisning eller andre tilbud. Dagens kriminalomsorgspolitikk [&hellip;]","og_url":"https:\/\/staging.forenteforlag.no\/scandinavian\/produkt\/virker-straff-2\/","og_site_name":"Scandinavian Academic Press","article_publisher":"https:\/\/www.facebook.com\/ScandinavianAcademicPress","article_modified_time":"2026-03-04T11:22:00+00:00","og_image":[{"width":720,"height":1170,"url":"https:\/\/staging.forenteforlag.no\/scandinavian\/wp-content\/uploads\/sites\/7\/2026\/02\/9788230400883.jpg","type":"image\/jpeg"}],"twitter_card":"summary_large_image","twitter_misc":{"Ansl. lesetid":"1 minutt"},"schema":{"@context":"https:\/\/schema.org","@graph":[{"@type":"WebPage","@id":"https:\/\/staging.forenteforlag.no\/scandinavian\/produkt\/virker-straff-2\/","url":"https:\/\/staging.forenteforlag.no\/scandinavian\/produkt\/virker-straff-2\/","name":"Virker straff? - Scandinavian Academic Press","isPartOf":{"@id":"https:\/\/staging.forenteforlag.no\/scandinavian\/#website"},"primaryImageOfPage":{"@id":"https:\/\/staging.forenteforlag.no\/scandinavian\/produkt\/virker-straff-2\/#primaryimage"},"image":{"@id":"https:\/\/staging.forenteforlag.no\/scandinavian\/produkt\/virker-straff-2\/#primaryimage"},"thumbnailUrl":"https:\/\/staging.forenteforlag.no\/scandinavian\/wp-content\/uploads\/sites\/7\/2026\/02\/9788230400883.jpg","datePublished":"2012-08-14T00:00:00+00:00","dateModified":"2026-03-04T11:22:00+00:00","breadcrumb":{"@id":"https:\/\/staging.forenteforlag.no\/scandinavian\/produkt\/virker-straff-2\/#breadcrumb"},"inLanguage":"nb-NO","potentialAction":[{"@type":"ReadAction","target":["https:\/\/staging.forenteforlag.no\/scandinavian\/produkt\/virker-straff-2\/"]}]},{"@type":"ImageObject","inLanguage":"nb-NO","@id":"https:\/\/staging.forenteforlag.no\/scandinavian\/produkt\/virker-straff-2\/#primaryimage","url":"https:\/\/staging.forenteforlag.no\/scandinavian\/wp-content\/uploads\/sites\/7\/2026\/02\/9788230400883.jpg","contentUrl":"https:\/\/staging.forenteforlag.no\/scandinavian\/wp-content\/uploads\/sites\/7\/2026\/02\/9788230400883.jpg","width":720,"height":1170},{"@type":"BreadcrumbList","@id":"https:\/\/staging.forenteforlag.no\/scandinavian\/produkt\/virker-straff-2\/#breadcrumb","itemListElement":[{"@type":"ListItem","position":1,"name":"Hjem","item":"https:\/\/staging.forenteforlag.no\/scandinavian\/"},{"@type":"ListItem","position":2,"name":"Alle b\u00f8ker","item":"https:\/\/staging.forenteforlag.no\/scandinavian\/butikk\/"},{"@type":"ListItem","position":3,"name":"Virker straff?"}]},{"@type":"WebSite","@id":"https:\/\/staging.forenteforlag.no\/scandinavian\/#website","url":"https:\/\/staging.forenteforlag.no\/scandinavian\/","name":"Scandinavian Academic Press","description":"","publisher":{"@id":"https:\/\/staging.forenteforlag.no\/scandinavian\/#organization"},"potentialAction":[{"@type":"SearchAction","target":{"@type":"EntryPoint","urlTemplate":"https:\/\/staging.forenteforlag.no\/scandinavian\/?s={search_term_string}"},"query-input":{"@type":"PropertyValueSpecification","valueRequired":true,"valueName":"search_term_string"}}],"inLanguage":"nb-NO"},{"@type":"Organization","@id":"https:\/\/staging.forenteforlag.no\/scandinavian\/#organization","name":"Scandinavian Academic Press","url":"https:\/\/staging.forenteforlag.no\/scandinavian\/","logo":{"@type":"ImageObject","inLanguage":"nb-NO","@id":"https:\/\/staging.forenteforlag.no\/scandinavian\/#\/schema\/logo\/image\/","url":"https:\/\/staging.forenteforlag.no\/scandinavian\/wp-content\/uploads\/sites\/7\/2024\/09\/SAP_logo-1.svg","contentUrl":"https:\/\/staging.forenteforlag.no\/scandinavian\/wp-content\/uploads\/sites\/7\/2024\/09\/SAP_logo-1.svg","width":4096,"height":1300,"caption":"Scandinavian Academic Press"},"image":{"@id":"https:\/\/staging.forenteforlag.no\/scandinavian\/#\/schema\/logo\/image\/"},"sameAs":["https:\/\/www.facebook.com\/ScandinavianAcademicPress"]}]}},"_links":{"self":[{"href":"https:\/\/staging.forenteforlag.no\/scandinavian\/wp-json\/wp\/v2\/product\/20379","targetHints":{"allow":["GET"]}}],"collection":[{"href":"https:\/\/staging.forenteforlag.no\/scandinavian\/wp-json\/wp\/v2\/product"}],"about":[{"href":"https:\/\/staging.forenteforlag.no\/scandinavian\/wp-json\/wp\/v2\/types\/product"}],"wp:featuredmedia":[{"embeddable":true,"href":"https:\/\/staging.forenteforlag.no\/scandinavian\/wp-json\/wp\/v2\/media\/22670"}],"wp:attachment":[{"href":"https:\/\/staging.forenteforlag.no\/scandinavian\/wp-json\/wp\/v2\/media?parent=20379"}],"wp:term":[{"taxonomy":"product_brand","embeddable":true,"href":"https:\/\/staging.forenteforlag.no\/scandinavian\/wp-json\/wp\/v2\/product_brand?post=20379"},{"taxonomy":"product_cat","embeddable":true,"href":"https:\/\/staging.forenteforlag.no\/scandinavian\/wp-json\/wp\/v2\/product_cat?post=20379"},{"taxonomy":"product_tag","embeddable":true,"href":"https:\/\/staging.forenteforlag.no\/scandinavian\/wp-json\/wp\/v2\/product_tag?post=20379"}],"curies":[{"name":"wp","href":"https:\/\/api.w.org\/{rel}","templated":true}]}}

<p>I denne boka gir en rekke fagfolk sine bidrag til en bredere forståelse av norsk kriminalomsorg. Kapitlene spenner fra hvordan arkitektur i fengselsbygg påvirkes av den til enhver tid rådende ideologi innen kriminalomsorgen til betydningen av de tiltak som gis domfelte som gjennomfører straff &#8211; om dette er arbeid, undervisning eller andre tilbud. Dagens kriminalomsorgspolitikk har grunnlag i et stortingsdokument som kalles Straff som virker &#8211; mindre kriminalitet, tryggere samfunn. Denne boka er en gjennomgang av kriminalomsorgens ulike sider og stiller spørsmål med om alle politikkområder er tilstrekkelig begrunnet, vitenskapelig holdbare og tar hensyn til de historiske erfaringer vi har med de ulike strafferegimer. Virker straff? er en viktig bok om utfordringene i dagens kriminalomsorg.</p>

<p>I denne boka gir en rekke fagfolk sine bidrag til en bredere forståelse av norsk kriminalomsorg. Kapitlene spenner fra hvordan arkitektur i fengselsbygg påvirkes av den til enhver tid rådende ideologi innen kriminalomsorgen til betydningen av de tiltak som gis domfelte som gjennomfører straff &#8211; om dette er arbeid, undervisning eller andre tilbud. Dagens kriminalomsorgspolitikk [&hellip;]</p>

<!-- This site is optimized with the Yoast SEO plugin v26.6 - https://yoast.com/wordpress/plugins/seo/ -->
<title>Virker straff? - Scandinavian Academic Press</title>
<meta name="robots" content="noindex, follow, max-snippet:-1, max-image-preview:large, max-video-preview:-1" />
<meta property="og:locale" content="nb_NO" />
<meta property="og:type" content="article" />
<meta property="og:title" content="Virker straff? - Scandinavian Academic Press" />
<meta property="og:description" content="I denne boka gir en rekke fagfolk sine bidrag til en bredere forståelse av norsk kriminalomsorg. Kapitlene spenner fra hvordan arkitektur i fengselsbygg påvirkes av den til enhver tid rådende ideologi innen kriminalomsorgen til betydningen av de tiltak som gis domfelte som gjennomfører straff &#8211; om dette er arbeid, undervisning eller andre tilbud. Dagens kriminalomsorgspolitikk [&hellip;]" />
<meta property="og:url" content="https://staging.forenteforlag.no/scandinavian/produkt/virker-straff-2/" />
<meta property="og:site_name" content="Scandinavian Academic Press" />
<meta property="article:publisher" content="https://www.facebook.com/ScandinavianAcademicPress" />
<meta property="article:modified_time" content="2026-03-04T11:22:00+00:00" />
<meta property="og:image" content="https://staging.forenteforlag.no/scandinavian/wp-content/uploads/sites/7/2026/02/9788230400883.jpg" />
	<meta property="og:image:width" content="720" />
	<meta property="og:image:height" content="1170" />
	<meta property="og:image:type" content="image/jpeg" />
<meta name="twitter:card" content="summary_large_image" />
<meta name="twitter:label1" content="Ansl. lesetid" />
	<meta name="twitter:data1" content="1 minutt" />
<script type="application/ld+json" class="yoast-schema-graph">{"@context":"https://schema.org","@graph":[{"@type":"WebPage","@id":"https://staging.forenteforlag.no/scandinavian/produkt/virker-straff-2/","url":"https://staging.forenteforlag.no/scandinavian/produkt/virker-straff-2/","name":"Virker straff? - Scandinavian Academic Press","isPartOf":{"@id":"https://staging.forenteforlag.no/scandinavian/#website"},"primaryImageOfPage":{"@id":"https://staging.forenteforlag.no/scandinavian/produkt/virker-straff-2/#primaryimage"},"image":{"@id":"https://staging.forenteforlag.no/scandinavian/produkt/virker-straff-2/#primaryimage"},"thumbnailUrl":"https://staging.forenteforlag.no/scandinavian/wp-content/uploads/sites/7/2026/02/9788230400883.jpg","datePublished":"2012-08-14T00:00:00+00:00","dateModified":"2026-03-04T11:22:00+00:00","breadcrumb":{"@id":"https://staging.forenteforlag.no/scandinavian/produkt/virker-straff-2/#breadcrumb"},"inLanguage":"nb-NO","potentialAction":[{"@type":"ReadAction","target":["https://staging.forenteforlag.no/scandinavian/produkt/virker-straff-2/"]}]},{"@type":"ImageObject","inLanguage":"nb-NO","@id":"https://staging.forenteforlag.no/scandinavian/produkt/virker-straff-2/#primaryimage","url":"https://staging.forenteforlag.no/scandinavian/wp-content/uploads/sites/7/2026/02/9788230400883.jpg","contentUrl":"https://staging.forenteforlag.no/scandinavian/wp-content/uploads/sites/7/2026/02/9788230400883.jpg","width":720,"height":1170},{"@type":"BreadcrumbList","@id":"https://staging.forenteforlag.no/scandinavian/produkt/virker-straff-2/#breadcrumb","itemListElement":[{"@type":"ListItem","position":1,"name":"Hjem","item":"https://staging.forenteforlag.no/scandinavian/"},{"@type":"ListItem","position":2,"name":"Alle bøker","item":"https://staging.forenteforlag.no/scandinavian/butikk/"},{"@type":"ListItem","position":3,"name":"Virker straff?"}]},{"@type":"WebSite","@id":"https://staging.forenteforlag.no/scandinavian/#website","url":"https://staging.forenteforlag.no/scandinavian/","name":"Scandinavian Academic Press","description":"","publisher":{"@id":"https://staging.forenteforlag.no/scandinavian/#organization"},"potentialAction":[{"@type":"SearchAction","target":{"@type":"EntryPoint","urlTemplate":"https://staging.forenteforlag.no/scandinavian/?s={search_term_string}"},"query-input":{"@type":"PropertyValueSpecification","valueRequired":true,"valueName":"search_term_string"}}],"inLanguage":"nb-NO"},{"@type":"Organization","@id":"https://staging.forenteforlag.no/scandinavian/#organization","name":"Scandinavian Academic Press","url":"https://staging.forenteforlag.no/scandinavian/","logo":{"@type":"ImageObject","inLanguage":"nb-NO","@id":"https://staging.forenteforlag.no/scandinavian/#/schema/logo/image/","url":"https://staging.forenteforlag.no/scandinavian/wp-content/uploads/sites/7/2024/09/SAP_logo-1.svg","contentUrl":"https://staging.forenteforlag.no/scandinavian/wp-content/uploads/sites/7/2024/09/SAP_logo-1.svg","width":4096,"height":1300,"caption":"Scandinavian Academic Press"},"image":{"@id":"https://staging.forenteforlag.no/scandinavian/#/schema/logo/image/"},"sameAs":["https://www.facebook.com/ScandinavianAcademicPress"]}]}</script>
<!-- / Yoast SEO plugin. -->

I denne boka gir en rekke fagfolk sine bidrag til en bredere forståelse av norsk kriminalomsorg. Kapitlene spenner fra hvordan arkitektur i fengselsbygg påvirkes av den til enhver tid rådende ideologi innen kriminalomsorgen til betydningen av de tiltak som gis domfelte som gjennomfører straff &#8211; om dette er arbeid, undervisning eller andre tilbud. Dagens kriminalomsorgspolitikk [&hellip;]

Alle bøker
