{"id":20325,"date":"2018-12-11T01:00:00","date_gmt":"2018-12-11T00:00:00","guid":{"rendered":"https:\/\/scandinavianacademicpress.forenteforlag.no\/produkt\/sovjetiske-krigsfanger-i-norge-1941-1945\/"},"modified":"2026-03-04T12:24:57","modified_gmt":"2026-03-04T11:24:57","slug":"sovjetiske-krigsfanger-i-norge-1941-1945","status":"publish","type":"product","link":"https:\/\/staging.forenteforlag.no\/scandinavian\/produkt\/sovjetiske-krigsfanger-i-norge-1941-1945\/","title":{"rendered":"Sovjetiske krigsfanger i Norge 1941-1945"},"content":{"rendered":"<p>Denne boken gj\u00f8r historien om de sovjetiske krigsfangenes skjebne i Norge tilgjengelig for et bredere publikum. Forfatteren legger vekt p\u00e5 enkeltskjebner og andelen kvinner og barn blandt fangene. Nordmenns erindringer og m\u00f8te med krigsfangene st\u00e5r sentralt. <\/p>\n<p>Omlag 100 000 krigsfanger fra Sovjetunionen ble tvangssendt til Norge i 1941-1945. De ble satt inn i utbyggingen av Nordlandsbanen, riksvei 50 (E6) og tunnelbygg og brukt i etableringen av befestninger og flyplasser. Hvor kom de fra, hvor mange var de og hvilken skjebne m\u00f8tte dem under og etter krigen? <\/p>\n<p>Sovjetiske krigsfanger ytte en betydelig innsats i byggingen av infrastruktur i Norge under 2. verdenskrig. Norge mottok netto investeringer fra okkupasjonsmakten og en gratis arbeidsstokk p\u00e5 i alt 150 000. For nordmenn representerte overf\u00f8ringen av det store antallet sovjetiske krigsfanger et brutalt m\u00f8te med tysk krigsfangepolitikk. En krigshverdag som i utgangspunktet utviklet seg p\u00e5 \u00d8stfronten, med mishandling og utsulting av krigsfanger, ble overf\u00f8rt hit til landet. <\/p>\n<p>Boken trekker fram noen enkeltskjebner blant krigsfangene og de sivile tvangsarbeiderne. Den er basert p\u00e5 forfatterens doktoravhandling og er den grundigste framstillingen av de sovjetiske krigsfangene i Norge. Boken belyser ogs\u00e5 norsk erindringspolitikk i etterkrigs\u00e5rene og flytting av sovjetiske ofre til krigsgravstedet Tj\u00f8tta. <\/p>\n<p>K\u00e5ret til en av de 10 mest betydningsfulle b\u00f8ker om krigen av Norsk sakprosafestival 2015.<\/p>\n","protected":false},"excerpt":{"rendered":"<p>Denne boken gj\u00f8r historien om de sovjetiske krigsfangenes skjebne i Norge tilgjengelig for et bredere publikum. Forfatteren legger vekt p\u00e5 enkeltskjebner og andelen kvinner og barn blandt fangene. Nordmenns erindringer og m\u00f8te med krigsfangene st\u00e5r sentralt. Omlag 100 000 krigsfanger fra Sovjetunionen ble tvangssendt til Norge i 1941-1945. De ble satt inn i utbyggingen av [&hellip;]<\/p>\n","protected":false},"featured_media":22741,"template":"","meta":{"_acf_changed":false,"inline_featured_image":false},"product_brand":[],"product_cat":[1775],"product_tag":[407,405,362,477,502,439],"class_list":{"0":"post-20325","1":"product","2":"type-product","3":"status-publish","4":"has-post-thumbnail","6":"product_cat-rabattkodekampanje","7":"product_tag-1939-1945","8":"product_tag-andre-verdenskrig","9":"product_tag-faglitteratur","10":"product_tag-konsentrasjonsleirer","11":"product_tag-laereboker-hoyere-utd","12":"product_tag-nord-norge","14":"first","15":"instock","16":"shipping-taxable","17":"purchasable","18":"product-type-simple"},"acf":{"anmeldelse":null},"yoast_head":"<!-- This site is optimized with the Yoast SEO plugin v26.6 - https:\/\/yoast.com\/wordpress\/plugins\/seo\/ -->\n<title>Sovjetiske krigsfanger i Norge 1941-1945 - Scandinavian Academic Press<\/title>\n<meta name=\"robots\" content=\"noindex, follow, max-snippet:-1, max-image-preview:large, max-video-preview:-1\" \/>\n<meta property=\"og:locale\" content=\"nb_NO\" \/>\n<meta property=\"og:type\" content=\"article\" \/>\n<meta property=\"og:title\" content=\"Sovjetiske krigsfanger i Norge 1941-1945 - Scandinavian Academic Press\" \/>\n<meta property=\"og:description\" content=\"Denne boken gj\u00f8r historien om de sovjetiske krigsfangenes skjebne i Norge tilgjengelig for et bredere publikum. Forfatteren legger vekt p\u00e5 enkeltskjebner og andelen kvinner og barn blandt fangene. Nordmenns erindringer og m\u00f8te med krigsfangene st\u00e5r sentralt. Omlag 100 000 krigsfanger fra Sovjetunionen ble tvangssendt til Norge i 1941-1945. De ble satt inn i utbyggingen av [&hellip;]\" \/>\n<meta property=\"og:url\" content=\"https:\/\/staging.forenteforlag.no\/scandinavian\/produkt\/sovjetiske-krigsfanger-i-norge-1941-1945\/\" \/>\n<meta property=\"og:site_name\" content=\"Scandinavian Academic Press\" \/>\n<meta property=\"article:publisher\" content=\"https:\/\/www.facebook.com\/ScandinavianAcademicPress\" \/>\n<meta property=\"article:modified_time\" content=\"2026-03-04T11:24:57+00:00\" \/>\n<meta property=\"og:image\" content=\"https:\/\/staging.forenteforlag.no\/scandinavian\/wp-content\/uploads\/sites\/7\/2026\/02\/9788230402337.jpg\" \/>\n\t<meta property=\"og:image:width\" content=\"720\" \/>\n\t<meta property=\"og:image:height\" content=\"1024\" \/>\n\t<meta property=\"og:image:type\" content=\"image\/jpeg\" \/>\n<meta name=\"twitter:card\" content=\"summary_large_image\" \/>\n<meta name=\"twitter:label1\" content=\"Ansl. lesetid\" \/>\n\t<meta name=\"twitter:data1\" content=\"1 minutt\" \/>\n<script type=\"application\/ld+json\" class=\"yoast-schema-graph\">{\"@context\":\"https:\/\/schema.org\",\"@graph\":[{\"@type\":\"WebPage\",\"@id\":\"https:\/\/staging.forenteforlag.no\/scandinavian\/produkt\/sovjetiske-krigsfanger-i-norge-1941-1945\/\",\"url\":\"https:\/\/staging.forenteforlag.no\/scandinavian\/produkt\/sovjetiske-krigsfanger-i-norge-1941-1945\/\",\"name\":\"Sovjetiske krigsfanger i Norge 1941-1945 - Scandinavian Academic Press\",\"isPartOf\":{\"@id\":\"https:\/\/staging.forenteforlag.no\/scandinavian\/#website\"},\"primaryImageOfPage\":{\"@id\":\"https:\/\/staging.forenteforlag.no\/scandinavian\/produkt\/sovjetiske-krigsfanger-i-norge-1941-1945\/#primaryimage\"},\"image\":{\"@id\":\"https:\/\/staging.forenteforlag.no\/scandinavian\/produkt\/sovjetiske-krigsfanger-i-norge-1941-1945\/#primaryimage\"},\"thumbnailUrl\":\"https:\/\/staging.forenteforlag.no\/scandinavian\/wp-content\/uploads\/sites\/7\/2026\/02\/9788230402337.jpg\",\"datePublished\":\"2018-12-11T00:00:00+00:00\",\"dateModified\":\"2026-03-04T11:24:57+00:00\",\"breadcrumb\":{\"@id\":\"https:\/\/staging.forenteforlag.no\/scandinavian\/produkt\/sovjetiske-krigsfanger-i-norge-1941-1945\/#breadcrumb\"},\"inLanguage\":\"nb-NO\",\"potentialAction\":[{\"@type\":\"ReadAction\",\"target\":[\"https:\/\/staging.forenteforlag.no\/scandinavian\/produkt\/sovjetiske-krigsfanger-i-norge-1941-1945\/\"]}]},{\"@type\":\"ImageObject\",\"inLanguage\":\"nb-NO\",\"@id\":\"https:\/\/staging.forenteforlag.no\/scandinavian\/produkt\/sovjetiske-krigsfanger-i-norge-1941-1945\/#primaryimage\",\"url\":\"https:\/\/staging.forenteforlag.no\/scandinavian\/wp-content\/uploads\/sites\/7\/2026\/02\/9788230402337.jpg\",\"contentUrl\":\"https:\/\/staging.forenteforlag.no\/scandinavian\/wp-content\/uploads\/sites\/7\/2026\/02\/9788230402337.jpg\",\"width\":720,\"height\":1024},{\"@type\":\"BreadcrumbList\",\"@id\":\"https:\/\/staging.forenteforlag.no\/scandinavian\/produkt\/sovjetiske-krigsfanger-i-norge-1941-1945\/#breadcrumb\",\"itemListElement\":[{\"@type\":\"ListItem\",\"position\":1,\"name\":\"Hjem\",\"item\":\"https:\/\/staging.forenteforlag.no\/scandinavian\/\"},{\"@type\":\"ListItem\",\"position\":2,\"name\":\"Alle b\u00f8ker\",\"item\":\"https:\/\/staging.forenteforlag.no\/scandinavian\/butikk\/\"},{\"@type\":\"ListItem\",\"position\":3,\"name\":\"Sovjetiske krigsfanger i Norge 1941-1945\"}]},{\"@type\":\"WebSite\",\"@id\":\"https:\/\/staging.forenteforlag.no\/scandinavian\/#website\",\"url\":\"https:\/\/staging.forenteforlag.no\/scandinavian\/\",\"name\":\"Scandinavian Academic Press\",\"description\":\"\",\"publisher\":{\"@id\":\"https:\/\/staging.forenteforlag.no\/scandinavian\/#organization\"},\"potentialAction\":[{\"@type\":\"SearchAction\",\"target\":{\"@type\":\"EntryPoint\",\"urlTemplate\":\"https:\/\/staging.forenteforlag.no\/scandinavian\/?s={search_term_string}\"},\"query-input\":{\"@type\":\"PropertyValueSpecification\",\"valueRequired\":true,\"valueName\":\"search_term_string\"}}],\"inLanguage\":\"nb-NO\"},{\"@type\":\"Organization\",\"@id\":\"https:\/\/staging.forenteforlag.no\/scandinavian\/#organization\",\"name\":\"Scandinavian Academic Press\",\"url\":\"https:\/\/staging.forenteforlag.no\/scandinavian\/\",\"logo\":{\"@type\":\"ImageObject\",\"inLanguage\":\"nb-NO\",\"@id\":\"https:\/\/staging.forenteforlag.no\/scandinavian\/#\/schema\/logo\/image\/\",\"url\":\"https:\/\/staging.forenteforlag.no\/scandinavian\/wp-content\/uploads\/sites\/7\/2024\/09\/SAP_logo-1.svg\",\"contentUrl\":\"https:\/\/staging.forenteforlag.no\/scandinavian\/wp-content\/uploads\/sites\/7\/2024\/09\/SAP_logo-1.svg\",\"width\":4096,\"height\":1300,\"caption\":\"Scandinavian Academic Press\"},\"image\":{\"@id\":\"https:\/\/staging.forenteforlag.no\/scandinavian\/#\/schema\/logo\/image\/\"},\"sameAs\":[\"https:\/\/www.facebook.com\/ScandinavianAcademicPress\"]}]}<\/script>\n<!-- \/ Yoast SEO plugin. -->","yoast_head_json":{"title":"Sovjetiske krigsfanger i Norge 1941-1945 - Scandinavian Academic Press","robots":{"index":"noindex","follow":"follow","max-snippet":"max-snippet:-1","max-image-preview":"max-image-preview:large","max-video-preview":"max-video-preview:-1"},"og_locale":"nb_NO","og_type":"article","og_title":"Sovjetiske krigsfanger i Norge 1941-1945 - Scandinavian Academic Press","og_description":"Denne boken gj\u00f8r historien om de sovjetiske krigsfangenes skjebne i Norge tilgjengelig for et bredere publikum. Forfatteren legger vekt p\u00e5 enkeltskjebner og andelen kvinner og barn blandt fangene. Nordmenns erindringer og m\u00f8te med krigsfangene st\u00e5r sentralt. Omlag 100 000 krigsfanger fra Sovjetunionen ble tvangssendt til Norge i 1941-1945. De ble satt inn i utbyggingen av [&hellip;]","og_url":"https:\/\/staging.forenteforlag.no\/scandinavian\/produkt\/sovjetiske-krigsfanger-i-norge-1941-1945\/","og_site_name":"Scandinavian Academic Press","article_publisher":"https:\/\/www.facebook.com\/ScandinavianAcademicPress","article_modified_time":"2026-03-04T11:24:57+00:00","og_image":[{"width":720,"height":1024,"url":"https:\/\/staging.forenteforlag.no\/scandinavian\/wp-content\/uploads\/sites\/7\/2026\/02\/9788230402337.jpg","type":"image\/jpeg"}],"twitter_card":"summary_large_image","twitter_misc":{"Ansl. lesetid":"1 minutt"},"schema":{"@context":"https:\/\/schema.org","@graph":[{"@type":"WebPage","@id":"https:\/\/staging.forenteforlag.no\/scandinavian\/produkt\/sovjetiske-krigsfanger-i-norge-1941-1945\/","url":"https:\/\/staging.forenteforlag.no\/scandinavian\/produkt\/sovjetiske-krigsfanger-i-norge-1941-1945\/","name":"Sovjetiske krigsfanger i Norge 1941-1945 - Scandinavian Academic Press","isPartOf":{"@id":"https:\/\/staging.forenteforlag.no\/scandinavian\/#website"},"primaryImageOfPage":{"@id":"https:\/\/staging.forenteforlag.no\/scandinavian\/produkt\/sovjetiske-krigsfanger-i-norge-1941-1945\/#primaryimage"},"image":{"@id":"https:\/\/staging.forenteforlag.no\/scandinavian\/produkt\/sovjetiske-krigsfanger-i-norge-1941-1945\/#primaryimage"},"thumbnailUrl":"https:\/\/staging.forenteforlag.no\/scandinavian\/wp-content\/uploads\/sites\/7\/2026\/02\/9788230402337.jpg","datePublished":"2018-12-11T00:00:00+00:00","dateModified":"2026-03-04T11:24:57+00:00","breadcrumb":{"@id":"https:\/\/staging.forenteforlag.no\/scandinavian\/produkt\/sovjetiske-krigsfanger-i-norge-1941-1945\/#breadcrumb"},"inLanguage":"nb-NO","potentialAction":[{"@type":"ReadAction","target":["https:\/\/staging.forenteforlag.no\/scandinavian\/produkt\/sovjetiske-krigsfanger-i-norge-1941-1945\/"]}]},{"@type":"ImageObject","inLanguage":"nb-NO","@id":"https:\/\/staging.forenteforlag.no\/scandinavian\/produkt\/sovjetiske-krigsfanger-i-norge-1941-1945\/#primaryimage","url":"https:\/\/staging.forenteforlag.no\/scandinavian\/wp-content\/uploads\/sites\/7\/2026\/02\/9788230402337.jpg","contentUrl":"https:\/\/staging.forenteforlag.no\/scandinavian\/wp-content\/uploads\/sites\/7\/2026\/02\/9788230402337.jpg","width":720,"height":1024},{"@type":"BreadcrumbList","@id":"https:\/\/staging.forenteforlag.no\/scandinavian\/produkt\/sovjetiske-krigsfanger-i-norge-1941-1945\/#breadcrumb","itemListElement":[{"@type":"ListItem","position":1,"name":"Hjem","item":"https:\/\/staging.forenteforlag.no\/scandinavian\/"},{"@type":"ListItem","position":2,"name":"Alle b\u00f8ker","item":"https:\/\/staging.forenteforlag.no\/scandinavian\/butikk\/"},{"@type":"ListItem","position":3,"name":"Sovjetiske krigsfanger i Norge 1941-1945"}]},{"@type":"WebSite","@id":"https:\/\/staging.forenteforlag.no\/scandinavian\/#website","url":"https:\/\/staging.forenteforlag.no\/scandinavian\/","name":"Scandinavian Academic Press","description":"","publisher":{"@id":"https:\/\/staging.forenteforlag.no\/scandinavian\/#organization"},"potentialAction":[{"@type":"SearchAction","target":{"@type":"EntryPoint","urlTemplate":"https:\/\/staging.forenteforlag.no\/scandinavian\/?s={search_term_string}"},"query-input":{"@type":"PropertyValueSpecification","valueRequired":true,"valueName":"search_term_string"}}],"inLanguage":"nb-NO"},{"@type":"Organization","@id":"https:\/\/staging.forenteforlag.no\/scandinavian\/#organization","name":"Scandinavian Academic Press","url":"https:\/\/staging.forenteforlag.no\/scandinavian\/","logo":{"@type":"ImageObject","inLanguage":"nb-NO","@id":"https:\/\/staging.forenteforlag.no\/scandinavian\/#\/schema\/logo\/image\/","url":"https:\/\/staging.forenteforlag.no\/scandinavian\/wp-content\/uploads\/sites\/7\/2024\/09\/SAP_logo-1.svg","contentUrl":"https:\/\/staging.forenteforlag.no\/scandinavian\/wp-content\/uploads\/sites\/7\/2024\/09\/SAP_logo-1.svg","width":4096,"height":1300,"caption":"Scandinavian Academic Press"},"image":{"@id":"https:\/\/staging.forenteforlag.no\/scandinavian\/#\/schema\/logo\/image\/"},"sameAs":["https:\/\/www.facebook.com\/ScandinavianAcademicPress"]}]}},"_links":{"self":[{"href":"https:\/\/staging.forenteforlag.no\/scandinavian\/wp-json\/wp\/v2\/product\/20325","targetHints":{"allow":["GET"]}}],"collection":[{"href":"https:\/\/staging.forenteforlag.no\/scandinavian\/wp-json\/wp\/v2\/product"}],"about":[{"href":"https:\/\/staging.forenteforlag.no\/scandinavian\/wp-json\/wp\/v2\/types\/product"}],"wp:featuredmedia":[{"embeddable":true,"href":"https:\/\/staging.forenteforlag.no\/scandinavian\/wp-json\/wp\/v2\/media\/22741"}],"wp:attachment":[{"href":"https:\/\/staging.forenteforlag.no\/scandinavian\/wp-json\/wp\/v2\/media?parent=20325"}],"wp:term":[{"taxonomy":"product_brand","embeddable":true,"href":"https:\/\/staging.forenteforlag.no\/scandinavian\/wp-json\/wp\/v2\/product_brand?post=20325"},{"taxonomy":"product_cat","embeddable":true,"href":"https:\/\/staging.forenteforlag.no\/scandinavian\/wp-json\/wp\/v2\/product_cat?post=20325"},{"taxonomy":"product_tag","embeddable":true,"href":"https:\/\/staging.forenteforlag.no\/scandinavian\/wp-json\/wp\/v2\/product_tag?post=20325"}],"curies":[{"name":"wp","href":"https:\/\/api.w.org\/{rel}","templated":true}]}}