{"id":20319,"date":"2012-05-08T02:00:00","date_gmt":"2012-05-08T00:00:00","guid":{"rendered":"https:\/\/scandinavianacademicpress.forenteforlag.no\/produkt\/vi-kalte-dem-tyskertoser-2\/"},"modified":"2026-03-04T12:21:58","modified_gmt":"2026-03-04T11:21:58","slug":"vi-kalte-dem-tyskertoser-2","status":"publish","type":"product","link":"https:\/\/staging.forenteforlag.no\/scandinavian\/produkt\/vi-kalte-dem-tyskertoser-2\/","title":{"rendered":"Vi kalte dem tyskert\u00f8ser"},"content":{"rendered":"<p>Vi  har alle h\u00f8rt uttrykket, men hva vet vi egentlig om dem, jentene som ble kalt &laquo;tyskert\u00f8ser&raquo;? I Vi  kalte dem tyskert\u00f8ser har historiker Terje Andreas Pedersen brukt et rikt kildemateriale for \u00e5 gi oss innblikk i tyskerjentenes skjebner. Han tar for seg tiden under og etter okkupasjonen, og gir svar p\u00e5 hvem disse jentene var, hva som l\u00e5 til grunn for de valgene de gjorde og hvordan de ble behandlet av myndighetene og av befolkningen for \u00f8vrig. Pedersen belyser sider ved tyskerjentenes historie som er ukjente for de fleste av oss. Ved \u00e5 b\u00e5de presentere statistikk og \u00e5 trekke frem en rekke enkeltskjebner, viser han oss hvor sammensatt denne gruppen egentlig var. Vi kalte dem tyskert\u00f8ser er inndelt i sm\u00e5kapitler, formulert som sp\u00f8rsm\u00e5l og svar.<\/p>\n","protected":false},"excerpt":{"rendered":"<p>Vi har alle h\u00f8rt uttrykket, men hva vet vi egentlig om dem, jentene som ble kalt &laquo;tyskert\u00f8ser&raquo;? I Vi kalte dem tyskert\u00f8ser har historiker Terje Andreas Pedersen brukt et rikt kildemateriale for \u00e5 gi oss innblikk i tyskerjentenes skjebner. Han tar for seg tiden under og etter okkupasjonen, og gir svar p\u00e5 hvem disse jentene [&hellip;]<\/p>\n","protected":false},"featured_media":22668,"template":"","meta":{"_acf_changed":false,"inline_featured_image":false},"product_brand":[],"product_cat":[1775],"product_tag":[405,362,504,380,439],"class_list":{"0":"post-20319","1":"product","2":"type-product","3":"status-publish","4":"has-post-thumbnail","6":"product_cat-rabattkodekampanje","7":"product_tag-andre-verdenskrig","8":"product_tag-faglitteratur","9":"product_tag-krigens-rett","10":"product_tag-kvinner","11":"product_tag-nord-norge","13":"first","14":"instock","15":"shipping-taxable","16":"purchasable","17":"product-type-simple"},"acf":{"anmeldelse":null},"yoast_head":"<!-- This site is optimized with the Yoast SEO plugin v26.6 - https:\/\/yoast.com\/wordpress\/plugins\/seo\/ -->\n<title>Vi kalte dem tyskert\u00f8ser - Scandinavian Academic Press<\/title>\n<meta name=\"robots\" content=\"noindex, follow, max-snippet:-1, max-image-preview:large, max-video-preview:-1\" \/>\n<meta property=\"og:locale\" content=\"nb_NO\" \/>\n<meta property=\"og:type\" content=\"article\" \/>\n<meta property=\"og:title\" content=\"Vi kalte dem tyskert\u00f8ser - Scandinavian Academic Press\" \/>\n<meta property=\"og:description\" content=\"Vi har alle h\u00f8rt uttrykket, men hva vet vi egentlig om dem, jentene som ble kalt &laquo;tyskert\u00f8ser&raquo;? I Vi kalte dem tyskert\u00f8ser har historiker Terje Andreas Pedersen brukt et rikt kildemateriale for \u00e5 gi oss innblikk i tyskerjentenes skjebner. Han tar for seg tiden under og etter okkupasjonen, og gir svar p\u00e5 hvem disse jentene [&hellip;]\" \/>\n<meta property=\"og:url\" content=\"https:\/\/staging.forenteforlag.no\/scandinavian\/produkt\/vi-kalte-dem-tyskertoser-2\/\" \/>\n<meta property=\"og:site_name\" content=\"Scandinavian Academic Press\" \/>\n<meta property=\"article:publisher\" content=\"https:\/\/www.facebook.com\/ScandinavianAcademicPress\" \/>\n<meta property=\"article:modified_time\" content=\"2026-03-04T11:21:58+00:00\" \/>\n<meta property=\"og:image\" content=\"https:\/\/staging.forenteforlag.no\/scandinavian\/wp-content\/uploads\/sites\/7\/2026\/02\/9788230400869.jpg\" \/>\n\t<meta property=\"og:image:width\" content=\"720\" \/>\n\t<meta property=\"og:image:height\" content=\"1084\" \/>\n\t<meta property=\"og:image:type\" content=\"image\/jpeg\" \/>\n<meta name=\"twitter:card\" content=\"summary_large_image\" \/>\n<meta name=\"twitter:label1\" content=\"Ansl. lesetid\" \/>\n\t<meta name=\"twitter:data1\" content=\"1 minutt\" \/>\n<script type=\"application\/ld+json\" class=\"yoast-schema-graph\">{\"@context\":\"https:\/\/schema.org\",\"@graph\":[{\"@type\":\"WebPage\",\"@id\":\"https:\/\/staging.forenteforlag.no\/scandinavian\/produkt\/vi-kalte-dem-tyskertoser-2\/\",\"url\":\"https:\/\/staging.forenteforlag.no\/scandinavian\/produkt\/vi-kalte-dem-tyskertoser-2\/\",\"name\":\"Vi kalte dem tyskert\u00f8ser - Scandinavian Academic Press\",\"isPartOf\":{\"@id\":\"https:\/\/staging.forenteforlag.no\/scandinavian\/#website\"},\"primaryImageOfPage\":{\"@id\":\"https:\/\/staging.forenteforlag.no\/scandinavian\/produkt\/vi-kalte-dem-tyskertoser-2\/#primaryimage\"},\"image\":{\"@id\":\"https:\/\/staging.forenteforlag.no\/scandinavian\/produkt\/vi-kalte-dem-tyskertoser-2\/#primaryimage\"},\"thumbnailUrl\":\"https:\/\/staging.forenteforlag.no\/scandinavian\/wp-content\/uploads\/sites\/7\/2026\/02\/9788230400869.jpg\",\"datePublished\":\"2012-05-08T00:00:00+00:00\",\"dateModified\":\"2026-03-04T11:21:58+00:00\",\"breadcrumb\":{\"@id\":\"https:\/\/staging.forenteforlag.no\/scandinavian\/produkt\/vi-kalte-dem-tyskertoser-2\/#breadcrumb\"},\"inLanguage\":\"nb-NO\",\"potentialAction\":[{\"@type\":\"ReadAction\",\"target\":[\"https:\/\/staging.forenteforlag.no\/scandinavian\/produkt\/vi-kalte-dem-tyskertoser-2\/\"]}]},{\"@type\":\"ImageObject\",\"inLanguage\":\"nb-NO\",\"@id\":\"https:\/\/staging.forenteforlag.no\/scandinavian\/produkt\/vi-kalte-dem-tyskertoser-2\/#primaryimage\",\"url\":\"https:\/\/staging.forenteforlag.no\/scandinavian\/wp-content\/uploads\/sites\/7\/2026\/02\/9788230400869.jpg\",\"contentUrl\":\"https:\/\/staging.forenteforlag.no\/scandinavian\/wp-content\/uploads\/sites\/7\/2026\/02\/9788230400869.jpg\",\"width\":720,\"height\":1084},{\"@type\":\"BreadcrumbList\",\"@id\":\"https:\/\/staging.forenteforlag.no\/scandinavian\/produkt\/vi-kalte-dem-tyskertoser-2\/#breadcrumb\",\"itemListElement\":[{\"@type\":\"ListItem\",\"position\":1,\"name\":\"Hjem\",\"item\":\"https:\/\/staging.forenteforlag.no\/scandinavian\/\"},{\"@type\":\"ListItem\",\"position\":2,\"name\":\"Alle b\u00f8ker\",\"item\":\"https:\/\/staging.forenteforlag.no\/scandinavian\/butikk\/\"},{\"@type\":\"ListItem\",\"position\":3,\"name\":\"Vi kalte dem tyskert\u00f8ser\"}]},{\"@type\":\"WebSite\",\"@id\":\"https:\/\/staging.forenteforlag.no\/scandinavian\/#website\",\"url\":\"https:\/\/staging.forenteforlag.no\/scandinavian\/\",\"name\":\"Scandinavian Academic Press\",\"description\":\"\",\"publisher\":{\"@id\":\"https:\/\/staging.forenteforlag.no\/scandinavian\/#organization\"},\"potentialAction\":[{\"@type\":\"SearchAction\",\"target\":{\"@type\":\"EntryPoint\",\"urlTemplate\":\"https:\/\/staging.forenteforlag.no\/scandinavian\/?s={search_term_string}\"},\"query-input\":{\"@type\":\"PropertyValueSpecification\",\"valueRequired\":true,\"valueName\":\"search_term_string\"}}],\"inLanguage\":\"nb-NO\"},{\"@type\":\"Organization\",\"@id\":\"https:\/\/staging.forenteforlag.no\/scandinavian\/#organization\",\"name\":\"Scandinavian Academic Press\",\"url\":\"https:\/\/staging.forenteforlag.no\/scandinavian\/\",\"logo\":{\"@type\":\"ImageObject\",\"inLanguage\":\"nb-NO\",\"@id\":\"https:\/\/staging.forenteforlag.no\/scandinavian\/#\/schema\/logo\/image\/\",\"url\":\"https:\/\/staging.forenteforlag.no\/scandinavian\/wp-content\/uploads\/sites\/7\/2024\/09\/SAP_logo-1.svg\",\"contentUrl\":\"https:\/\/staging.forenteforlag.no\/scandinavian\/wp-content\/uploads\/sites\/7\/2024\/09\/SAP_logo-1.svg\",\"width\":4096,\"height\":1300,\"caption\":\"Scandinavian Academic Press\"},\"image\":{\"@id\":\"https:\/\/staging.forenteforlag.no\/scandinavian\/#\/schema\/logo\/image\/\"},\"sameAs\":[\"https:\/\/www.facebook.com\/ScandinavianAcademicPress\"]}]}<\/script>\n<!-- \/ Yoast SEO plugin. -->","yoast_head_json":{"title":"Vi kalte dem tyskert\u00f8ser - Scandinavian Academic Press","robots":{"index":"noindex","follow":"follow","max-snippet":"max-snippet:-1","max-image-preview":"max-image-preview:large","max-video-preview":"max-video-preview:-1"},"og_locale":"nb_NO","og_type":"article","og_title":"Vi kalte dem tyskert\u00f8ser - Scandinavian Academic Press","og_description":"Vi har alle h\u00f8rt uttrykket, men hva vet vi egentlig om dem, jentene som ble kalt &laquo;tyskert\u00f8ser&raquo;? I Vi kalte dem tyskert\u00f8ser har historiker Terje Andreas Pedersen brukt et rikt kildemateriale for \u00e5 gi oss innblikk i tyskerjentenes skjebner. Han tar for seg tiden under og etter okkupasjonen, og gir svar p\u00e5 hvem disse jentene [&hellip;]","og_url":"https:\/\/staging.forenteforlag.no\/scandinavian\/produkt\/vi-kalte-dem-tyskertoser-2\/","og_site_name":"Scandinavian Academic Press","article_publisher":"https:\/\/www.facebook.com\/ScandinavianAcademicPress","article_modified_time":"2026-03-04T11:21:58+00:00","og_image":[{"width":720,"height":1084,"url":"https:\/\/staging.forenteforlag.no\/scandinavian\/wp-content\/uploads\/sites\/7\/2026\/02\/9788230400869.jpg","type":"image\/jpeg"}],"twitter_card":"summary_large_image","twitter_misc":{"Ansl. lesetid":"1 minutt"},"schema":{"@context":"https:\/\/schema.org","@graph":[{"@type":"WebPage","@id":"https:\/\/staging.forenteforlag.no\/scandinavian\/produkt\/vi-kalte-dem-tyskertoser-2\/","url":"https:\/\/staging.forenteforlag.no\/scandinavian\/produkt\/vi-kalte-dem-tyskertoser-2\/","name":"Vi kalte dem tyskert\u00f8ser - Scandinavian Academic Press","isPartOf":{"@id":"https:\/\/staging.forenteforlag.no\/scandinavian\/#website"},"primaryImageOfPage":{"@id":"https:\/\/staging.forenteforlag.no\/scandinavian\/produkt\/vi-kalte-dem-tyskertoser-2\/#primaryimage"},"image":{"@id":"https:\/\/staging.forenteforlag.no\/scandinavian\/produkt\/vi-kalte-dem-tyskertoser-2\/#primaryimage"},"thumbnailUrl":"https:\/\/staging.forenteforlag.no\/scandinavian\/wp-content\/uploads\/sites\/7\/2026\/02\/9788230400869.jpg","datePublished":"2012-05-08T00:00:00+00:00","dateModified":"2026-03-04T11:21:58+00:00","breadcrumb":{"@id":"https:\/\/staging.forenteforlag.no\/scandinavian\/produkt\/vi-kalte-dem-tyskertoser-2\/#breadcrumb"},"inLanguage":"nb-NO","potentialAction":[{"@type":"ReadAction","target":["https:\/\/staging.forenteforlag.no\/scandinavian\/produkt\/vi-kalte-dem-tyskertoser-2\/"]}]},{"@type":"ImageObject","inLanguage":"nb-NO","@id":"https:\/\/staging.forenteforlag.no\/scandinavian\/produkt\/vi-kalte-dem-tyskertoser-2\/#primaryimage","url":"https:\/\/staging.forenteforlag.no\/scandinavian\/wp-content\/uploads\/sites\/7\/2026\/02\/9788230400869.jpg","contentUrl":"https:\/\/staging.forenteforlag.no\/scandinavian\/wp-content\/uploads\/sites\/7\/2026\/02\/9788230400869.jpg","width":720,"height":1084},{"@type":"BreadcrumbList","@id":"https:\/\/staging.forenteforlag.no\/scandinavian\/produkt\/vi-kalte-dem-tyskertoser-2\/#breadcrumb","itemListElement":[{"@type":"ListItem","position":1,"name":"Hjem","item":"https:\/\/staging.forenteforlag.no\/scandinavian\/"},{"@type":"ListItem","position":2,"name":"Alle b\u00f8ker","item":"https:\/\/staging.forenteforlag.no\/scandinavian\/butikk\/"},{"@type":"ListItem","position":3,"name":"Vi kalte dem tyskert\u00f8ser"}]},{"@type":"WebSite","@id":"https:\/\/staging.forenteforlag.no\/scandinavian\/#website","url":"https:\/\/staging.forenteforlag.no\/scandinavian\/","name":"Scandinavian Academic Press","description":"","publisher":{"@id":"https:\/\/staging.forenteforlag.no\/scandinavian\/#organization"},"potentialAction":[{"@type":"SearchAction","target":{"@type":"EntryPoint","urlTemplate":"https:\/\/staging.forenteforlag.no\/scandinavian\/?s={search_term_string}"},"query-input":{"@type":"PropertyValueSpecification","valueRequired":true,"valueName":"search_term_string"}}],"inLanguage":"nb-NO"},{"@type":"Organization","@id":"https:\/\/staging.forenteforlag.no\/scandinavian\/#organization","name":"Scandinavian Academic Press","url":"https:\/\/staging.forenteforlag.no\/scandinavian\/","logo":{"@type":"ImageObject","inLanguage":"nb-NO","@id":"https:\/\/staging.forenteforlag.no\/scandinavian\/#\/schema\/logo\/image\/","url":"https:\/\/staging.forenteforlag.no\/scandinavian\/wp-content\/uploads\/sites\/7\/2024\/09\/SAP_logo-1.svg","contentUrl":"https:\/\/staging.forenteforlag.no\/scandinavian\/wp-content\/uploads\/sites\/7\/2024\/09\/SAP_logo-1.svg","width":4096,"height":1300,"caption":"Scandinavian Academic Press"},"image":{"@id":"https:\/\/staging.forenteforlag.no\/scandinavian\/#\/schema\/logo\/image\/"},"sameAs":["https:\/\/www.facebook.com\/ScandinavianAcademicPress"]}]}},"_links":{"self":[{"href":"https:\/\/staging.forenteforlag.no\/scandinavian\/wp-json\/wp\/v2\/product\/20319","targetHints":{"allow":["GET"]}}],"collection":[{"href":"https:\/\/staging.forenteforlag.no\/scandinavian\/wp-json\/wp\/v2\/product"}],"about":[{"href":"https:\/\/staging.forenteforlag.no\/scandinavian\/wp-json\/wp\/v2\/types\/product"}],"wp:featuredmedia":[{"embeddable":true,"href":"https:\/\/staging.forenteforlag.no\/scandinavian\/wp-json\/wp\/v2\/media\/22668"}],"wp:attachment":[{"href":"https:\/\/staging.forenteforlag.no\/scandinavian\/wp-json\/wp\/v2\/media?parent=20319"}],"wp:term":[{"taxonomy":"product_brand","embeddable":true,"href":"https:\/\/staging.forenteforlag.no\/scandinavian\/wp-json\/wp\/v2\/product_brand?post=20319"},{"taxonomy":"product_cat","embeddable":true,"href":"https:\/\/staging.forenteforlag.no\/scandinavian\/wp-json\/wp\/v2\/product_cat?post=20319"},{"taxonomy":"product_tag","embeddable":true,"href":"https:\/\/staging.forenteforlag.no\/scandinavian\/wp-json\/wp\/v2\/product_tag?post=20319"}],"curies":[{"name":"wp","href":"https:\/\/api.w.org\/{rel}","templated":true}]}}

Vi kalte dem tyskertøser

<p>Vi  har alle hørt uttrykket, men hva vet vi egentlig om dem, jentene som ble kalt &laquo;tyskertøser&raquo;? I Vi  kalte dem tyskertøser har historiker Terje Andreas Pedersen brukt et rikt kildemateriale for å gi oss innblikk i tyskerjentenes skjebner. Han tar for seg tiden under og etter okkupasjonen, og gir svar på hvem disse jentene var, hva som lå til grunn for de valgene de gjorde og hvordan de ble behandlet av myndighetene og av befolkningen for øvrig. Pedersen belyser sider ved tyskerjentenes historie som er ukjente for de fleste av oss. Ved å både presentere statistikk og å trekke frem en rekke enkeltskjebner, viser han oss hvor sammensatt denne gruppen egentlig var. Vi kalte dem tyskertøser er inndelt i småkapitler, formulert som spørsmål og svar.</p>

<p>Vi har alle hørt uttrykket, men hva vet vi egentlig om dem, jentene som ble kalt &laquo;tyskertøser&raquo;? I Vi kalte dem tyskertøser har historiker Terje Andreas Pedersen brukt et rikt kildemateriale for å gi oss innblikk i tyskerjentenes skjebner. Han tar for seg tiden under og etter okkupasjonen, og gir svar på hvem disse jentene [&hellip;]</p>

<!-- This site is optimized with the Yoast SEO plugin v26.6 - https://yoast.com/wordpress/plugins/seo/ -->
<title>Vi kalte dem tyskertøser - Scandinavian Academic Press</title>
<meta name="robots" content="noindex, follow, max-snippet:-1, max-image-preview:large, max-video-preview:-1" />
<meta property="og:locale" content="nb_NO" />
<meta property="og:type" content="article" />
<meta property="og:title" content="Vi kalte dem tyskertøser - Scandinavian Academic Press" />
<meta property="og:description" content="Vi har alle hørt uttrykket, men hva vet vi egentlig om dem, jentene som ble kalt &laquo;tyskertøser&raquo;? I Vi kalte dem tyskertøser har historiker Terje Andreas Pedersen brukt et rikt kildemateriale for å gi oss innblikk i tyskerjentenes skjebner. Han tar for seg tiden under og etter okkupasjonen, og gir svar på hvem disse jentene [&hellip;]" />
<meta property="og:url" content="https://staging.forenteforlag.no/scandinavian/produkt/vi-kalte-dem-tyskertoser-2/" />
<meta property="og:site_name" content="Scandinavian Academic Press" />
<meta property="article:publisher" content="https://www.facebook.com/ScandinavianAcademicPress" />
<meta property="article:modified_time" content="2026-03-04T11:21:58+00:00" />
<meta property="og:image" content="https://staging.forenteforlag.no/scandinavian/wp-content/uploads/sites/7/2026/02/9788230400869.jpg" />
	<meta property="og:image:width" content="720" />
	<meta property="og:image:height" content="1084" />
	<meta property="og:image:type" content="image/jpeg" />
<meta name="twitter:card" content="summary_large_image" />
<meta name="twitter:label1" content="Ansl. lesetid" />
	<meta name="twitter:data1" content="1 minutt" />
<script type="application/ld+json" class="yoast-schema-graph">{"@context":"https://schema.org","@graph":[{"@type":"WebPage","@id":"https://staging.forenteforlag.no/scandinavian/produkt/vi-kalte-dem-tyskertoser-2/","url":"https://staging.forenteforlag.no/scandinavian/produkt/vi-kalte-dem-tyskertoser-2/","name":"Vi kalte dem tyskertøser - Scandinavian Academic Press","isPartOf":{"@id":"https://staging.forenteforlag.no/scandinavian/#website"},"primaryImageOfPage":{"@id":"https://staging.forenteforlag.no/scandinavian/produkt/vi-kalte-dem-tyskertoser-2/#primaryimage"},"image":{"@id":"https://staging.forenteforlag.no/scandinavian/produkt/vi-kalte-dem-tyskertoser-2/#primaryimage"},"thumbnailUrl":"https://staging.forenteforlag.no/scandinavian/wp-content/uploads/sites/7/2026/02/9788230400869.jpg","datePublished":"2012-05-08T00:00:00+00:00","dateModified":"2026-03-04T11:21:58+00:00","breadcrumb":{"@id":"https://staging.forenteforlag.no/scandinavian/produkt/vi-kalte-dem-tyskertoser-2/#breadcrumb"},"inLanguage":"nb-NO","potentialAction":[{"@type":"ReadAction","target":["https://staging.forenteforlag.no/scandinavian/produkt/vi-kalte-dem-tyskertoser-2/"]}]},{"@type":"ImageObject","inLanguage":"nb-NO","@id":"https://staging.forenteforlag.no/scandinavian/produkt/vi-kalte-dem-tyskertoser-2/#primaryimage","url":"https://staging.forenteforlag.no/scandinavian/wp-content/uploads/sites/7/2026/02/9788230400869.jpg","contentUrl":"https://staging.forenteforlag.no/scandinavian/wp-content/uploads/sites/7/2026/02/9788230400869.jpg","width":720,"height":1084},{"@type":"BreadcrumbList","@id":"https://staging.forenteforlag.no/scandinavian/produkt/vi-kalte-dem-tyskertoser-2/#breadcrumb","itemListElement":[{"@type":"ListItem","position":1,"name":"Hjem","item":"https://staging.forenteforlag.no/scandinavian/"},{"@type":"ListItem","position":2,"name":"Alle bøker","item":"https://staging.forenteforlag.no/scandinavian/butikk/"},{"@type":"ListItem","position":3,"name":"Vi kalte dem tyskertøser"}]},{"@type":"WebSite","@id":"https://staging.forenteforlag.no/scandinavian/#website","url":"https://staging.forenteforlag.no/scandinavian/","name":"Scandinavian Academic Press","description":"","publisher":{"@id":"https://staging.forenteforlag.no/scandinavian/#organization"},"potentialAction":[{"@type":"SearchAction","target":{"@type":"EntryPoint","urlTemplate":"https://staging.forenteforlag.no/scandinavian/?s={search_term_string}"},"query-input":{"@type":"PropertyValueSpecification","valueRequired":true,"valueName":"search_term_string"}}],"inLanguage":"nb-NO"},{"@type":"Organization","@id":"https://staging.forenteforlag.no/scandinavian/#organization","name":"Scandinavian Academic Press","url":"https://staging.forenteforlag.no/scandinavian/","logo":{"@type":"ImageObject","inLanguage":"nb-NO","@id":"https://staging.forenteforlag.no/scandinavian/#/schema/logo/image/","url":"https://staging.forenteforlag.no/scandinavian/wp-content/uploads/sites/7/2024/09/SAP_logo-1.svg","contentUrl":"https://staging.forenteforlag.no/scandinavian/wp-content/uploads/sites/7/2024/09/SAP_logo-1.svg","width":4096,"height":1300,"caption":"Scandinavian Academic Press"},"image":{"@id":"https://staging.forenteforlag.no/scandinavian/#/schema/logo/image/"},"sameAs":["https://www.facebook.com/ScandinavianAcademicPress"]}]}</script>
<!-- / Yoast SEO plugin. -->

Vi kalte dem tyskertøser - Scandinavian Academic Press

Vi har alle hørt uttrykket, men hva vet vi egentlig om dem, jentene som ble kalt &laquo;tyskertøser&raquo;? I Vi kalte dem tyskertøser har historiker Terje Andreas Pedersen brukt et rikt kildemateriale for å gi oss innblikk i tyskerjentenes skjebner. Han tar for seg tiden under og etter okkupasjonen, og gir svar på hvem disse jentene [&hellip;]

Alle bøker
