{"id":20300,"date":"2019-12-17T01:00:00","date_gmt":"2019-12-17T00:00:00","guid":{"rendered":"https:\/\/scandinavianacademicpress.forenteforlag.no\/produkt\/smakens-politikk\/"},"modified":"2026-03-04T12:24:33","modified_gmt":"2026-03-04T11:24:33","slug":"smakens-politikk","status":"publish","type":"product","link":"https:\/\/staging.forenteforlag.no\/scandinavian\/produkt\/smakens-politikk\/","title":{"rendered":"Smakens politikk"},"content":{"rendered":"<p>I v\u00e5re dager er mat, ern\u00e6ring og m\u00e5ltidskultur en viktig del av kulturen og kan knyttes til ulike sider ved samfunnet v\u00e5rt: helse, \u00f8konomi, \u00f8kologi, fordelingspolitikk, nasjonal tilh\u00f8righet og sosial identitet. Vi er det vi spiser. Men smak handler ogs\u00e5 om v\u00e5re preferanser blant annet n\u00e5r det gjelder litteratur, kunst og film. <\/p>\n<p>I Smakens politikk utforsker Knut Stene-Johansen hva smaksbegrepet betyr, b\u00e5de p\u00e5 et filosofisk og estetisk plan, men ogs\u00e5 p\u00e5 et fysiologisk. <\/p>\n<p>Hvilke relasjoner har smaken til fornuft, f\u00f8lelser og moral, hvordan lar smaken seg p\u00e5virke og endres, finnes det noen standard for smaken, kan smak l\u00e6res, eller er den naturlig nedarvet? Og videre, er smaken en skjult og bestemmende forstandskategori, eller er den simpelthen skapt ut fra sosiale betingelser? Finnes det noen \u00abfelles smak\u00bb? <\/p>\n<p>Dette er bare noen av sp\u00f8rsm\u00e5lene forfatteren n\u00e6rmer seg i denne boken, som strekker seg fra myten om Adam og Eva til v\u00e5r n\u00e6re samtid og Jan Erik Volds smak av loff.<\/p>\n","protected":false},"excerpt":{"rendered":"<p>I v\u00e5re dager er mat, ern\u00e6ring og m\u00e5ltidskultur en viktig del av kulturen og kan knyttes til ulike sider ved samfunnet v\u00e5rt: helse, \u00f8konomi, \u00f8kologi, fordelingspolitikk, nasjonal tilh\u00f8righet og sosial identitet. Vi er det vi spiser. Men smak handler ogs\u00e5 om v\u00e5re preferanser blant annet n\u00e5r det gjelder litteratur, kunst og film. I Smakens politikk [&hellip;]<\/p>\n","protected":false},"featured_media":22734,"template":"","meta":{"_acf_changed":false,"inline_featured_image":false},"product_brand":[],"product_cat":[1775],"product_tag":[495,362],"class_list":{"0":"post-20300","1":"product","2":"type-product","3":"status-publish","4":"has-post-thumbnail","6":"product_cat-rabattkodekampanje","7":"product_tag-estetikk","8":"product_tag-faglitteratur","10":"first","11":"instock","12":"shipping-taxable","13":"purchasable","14":"product-type-simple"},"acf":{"anmeldelse":null},"yoast_head":"<!-- This site is optimized with the Yoast SEO plugin v26.6 - https:\/\/yoast.com\/wordpress\/plugins\/seo\/ -->\n<title>Smakens politikk - Scandinavian Academic Press<\/title>\n<meta name=\"robots\" content=\"noindex, follow, max-snippet:-1, max-image-preview:large, max-video-preview:-1\" \/>\n<meta property=\"og:locale\" content=\"nb_NO\" \/>\n<meta property=\"og:type\" content=\"article\" \/>\n<meta property=\"og:title\" content=\"Smakens politikk - Scandinavian Academic Press\" \/>\n<meta property=\"og:description\" content=\"I v\u00e5re dager er mat, ern\u00e6ring og m\u00e5ltidskultur en viktig del av kulturen og kan knyttes til ulike sider ved samfunnet v\u00e5rt: helse, \u00f8konomi, \u00f8kologi, fordelingspolitikk, nasjonal tilh\u00f8righet og sosial identitet. Vi er det vi spiser. Men smak handler ogs\u00e5 om v\u00e5re preferanser blant annet n\u00e5r det gjelder litteratur, kunst og film. I Smakens politikk [&hellip;]\" \/>\n<meta property=\"og:url\" content=\"https:\/\/staging.forenteforlag.no\/scandinavian\/produkt\/smakens-politikk\/\" \/>\n<meta property=\"og:site_name\" content=\"Scandinavian Academic Press\" \/>\n<meta property=\"article:publisher\" content=\"https:\/\/www.facebook.com\/ScandinavianAcademicPress\" \/>\n<meta property=\"article:modified_time\" content=\"2026-03-04T11:24:33+00:00\" \/>\n<meta property=\"og:image\" content=\"https:\/\/staging.forenteforlag.no\/scandinavian\/wp-content\/uploads\/sites\/7\/2026\/02\/9788230402221.jpg\" \/>\n\t<meta property=\"og:image:width\" content=\"720\" \/>\n\t<meta property=\"og:image:height\" content=\"1093\" \/>\n\t<meta property=\"og:image:type\" content=\"image\/jpeg\" \/>\n<meta name=\"twitter:card\" content=\"summary_large_image\" \/>\n<meta name=\"twitter:label1\" content=\"Ansl. lesetid\" \/>\n\t<meta name=\"twitter:data1\" content=\"1 minutt\" \/>\n<script type=\"application\/ld+json\" class=\"yoast-schema-graph\">{\"@context\":\"https:\/\/schema.org\",\"@graph\":[{\"@type\":\"WebPage\",\"@id\":\"https:\/\/staging.forenteforlag.no\/scandinavian\/produkt\/smakens-politikk\/\",\"url\":\"https:\/\/staging.forenteforlag.no\/scandinavian\/produkt\/smakens-politikk\/\",\"name\":\"Smakens politikk - Scandinavian Academic Press\",\"isPartOf\":{\"@id\":\"https:\/\/staging.forenteforlag.no\/scandinavian\/#website\"},\"primaryImageOfPage\":{\"@id\":\"https:\/\/staging.forenteforlag.no\/scandinavian\/produkt\/smakens-politikk\/#primaryimage\"},\"image\":{\"@id\":\"https:\/\/staging.forenteforlag.no\/scandinavian\/produkt\/smakens-politikk\/#primaryimage\"},\"thumbnailUrl\":\"https:\/\/staging.forenteforlag.no\/scandinavian\/wp-content\/uploads\/sites\/7\/2026\/02\/9788230402221.jpg\",\"datePublished\":\"2019-12-17T00:00:00+00:00\",\"dateModified\":\"2026-03-04T11:24:33+00:00\",\"breadcrumb\":{\"@id\":\"https:\/\/staging.forenteforlag.no\/scandinavian\/produkt\/smakens-politikk\/#breadcrumb\"},\"inLanguage\":\"nb-NO\",\"potentialAction\":[{\"@type\":\"ReadAction\",\"target\":[\"https:\/\/staging.forenteforlag.no\/scandinavian\/produkt\/smakens-politikk\/\"]}]},{\"@type\":\"ImageObject\",\"inLanguage\":\"nb-NO\",\"@id\":\"https:\/\/staging.forenteforlag.no\/scandinavian\/produkt\/smakens-politikk\/#primaryimage\",\"url\":\"https:\/\/staging.forenteforlag.no\/scandinavian\/wp-content\/uploads\/sites\/7\/2026\/02\/9788230402221.jpg\",\"contentUrl\":\"https:\/\/staging.forenteforlag.no\/scandinavian\/wp-content\/uploads\/sites\/7\/2026\/02\/9788230402221.jpg\",\"width\":720,\"height\":1093},{\"@type\":\"BreadcrumbList\",\"@id\":\"https:\/\/staging.forenteforlag.no\/scandinavian\/produkt\/smakens-politikk\/#breadcrumb\",\"itemListElement\":[{\"@type\":\"ListItem\",\"position\":1,\"name\":\"Hjem\",\"item\":\"https:\/\/staging.forenteforlag.no\/scandinavian\/\"},{\"@type\":\"ListItem\",\"position\":2,\"name\":\"Alle b\u00f8ker\",\"item\":\"https:\/\/staging.forenteforlag.no\/scandinavian\/butikk\/\"},{\"@type\":\"ListItem\",\"position\":3,\"name\":\"Smakens politikk\"}]},{\"@type\":\"WebSite\",\"@id\":\"https:\/\/staging.forenteforlag.no\/scandinavian\/#website\",\"url\":\"https:\/\/staging.forenteforlag.no\/scandinavian\/\",\"name\":\"Scandinavian Academic Press\",\"description\":\"\",\"publisher\":{\"@id\":\"https:\/\/staging.forenteforlag.no\/scandinavian\/#organization\"},\"potentialAction\":[{\"@type\":\"SearchAction\",\"target\":{\"@type\":\"EntryPoint\",\"urlTemplate\":\"https:\/\/staging.forenteforlag.no\/scandinavian\/?s={search_term_string}\"},\"query-input\":{\"@type\":\"PropertyValueSpecification\",\"valueRequired\":true,\"valueName\":\"search_term_string\"}}],\"inLanguage\":\"nb-NO\"},{\"@type\":\"Organization\",\"@id\":\"https:\/\/staging.forenteforlag.no\/scandinavian\/#organization\",\"name\":\"Scandinavian Academic Press\",\"url\":\"https:\/\/staging.forenteforlag.no\/scandinavian\/\",\"logo\":{\"@type\":\"ImageObject\",\"inLanguage\":\"nb-NO\",\"@id\":\"https:\/\/staging.forenteforlag.no\/scandinavian\/#\/schema\/logo\/image\/\",\"url\":\"https:\/\/staging.forenteforlag.no\/scandinavian\/wp-content\/uploads\/sites\/7\/2024\/09\/SAP_logo-1.svg\",\"contentUrl\":\"https:\/\/staging.forenteforlag.no\/scandinavian\/wp-content\/uploads\/sites\/7\/2024\/09\/SAP_logo-1.svg\",\"width\":4096,\"height\":1300,\"caption\":\"Scandinavian Academic Press\"},\"image\":{\"@id\":\"https:\/\/staging.forenteforlag.no\/scandinavian\/#\/schema\/logo\/image\/\"},\"sameAs\":[\"https:\/\/www.facebook.com\/ScandinavianAcademicPress\"]}]}<\/script>\n<!-- \/ Yoast SEO plugin. -->","yoast_head_json":{"title":"Smakens politikk - Scandinavian Academic Press","robots":{"index":"noindex","follow":"follow","max-snippet":"max-snippet:-1","max-image-preview":"max-image-preview:large","max-video-preview":"max-video-preview:-1"},"og_locale":"nb_NO","og_type":"article","og_title":"Smakens politikk - Scandinavian Academic Press","og_description":"I v\u00e5re dager er mat, ern\u00e6ring og m\u00e5ltidskultur en viktig del av kulturen og kan knyttes til ulike sider ved samfunnet v\u00e5rt: helse, \u00f8konomi, \u00f8kologi, fordelingspolitikk, nasjonal tilh\u00f8righet og sosial identitet. Vi er det vi spiser. Men smak handler ogs\u00e5 om v\u00e5re preferanser blant annet n\u00e5r det gjelder litteratur, kunst og film. I Smakens politikk [&hellip;]","og_url":"https:\/\/staging.forenteforlag.no\/scandinavian\/produkt\/smakens-politikk\/","og_site_name":"Scandinavian Academic Press","article_publisher":"https:\/\/www.facebook.com\/ScandinavianAcademicPress","article_modified_time":"2026-03-04T11:24:33+00:00","og_image":[{"width":720,"height":1093,"url":"https:\/\/staging.forenteforlag.no\/scandinavian\/wp-content\/uploads\/sites\/7\/2026\/02\/9788230402221.jpg","type":"image\/jpeg"}],"twitter_card":"summary_large_image","twitter_misc":{"Ansl. lesetid":"1 minutt"},"schema":{"@context":"https:\/\/schema.org","@graph":[{"@type":"WebPage","@id":"https:\/\/staging.forenteforlag.no\/scandinavian\/produkt\/smakens-politikk\/","url":"https:\/\/staging.forenteforlag.no\/scandinavian\/produkt\/smakens-politikk\/","name":"Smakens politikk - Scandinavian Academic Press","isPartOf":{"@id":"https:\/\/staging.forenteforlag.no\/scandinavian\/#website"},"primaryImageOfPage":{"@id":"https:\/\/staging.forenteforlag.no\/scandinavian\/produkt\/smakens-politikk\/#primaryimage"},"image":{"@id":"https:\/\/staging.forenteforlag.no\/scandinavian\/produkt\/smakens-politikk\/#primaryimage"},"thumbnailUrl":"https:\/\/staging.forenteforlag.no\/scandinavian\/wp-content\/uploads\/sites\/7\/2026\/02\/9788230402221.jpg","datePublished":"2019-12-17T00:00:00+00:00","dateModified":"2026-03-04T11:24:33+00:00","breadcrumb":{"@id":"https:\/\/staging.forenteforlag.no\/scandinavian\/produkt\/smakens-politikk\/#breadcrumb"},"inLanguage":"nb-NO","potentialAction":[{"@type":"ReadAction","target":["https:\/\/staging.forenteforlag.no\/scandinavian\/produkt\/smakens-politikk\/"]}]},{"@type":"ImageObject","inLanguage":"nb-NO","@id":"https:\/\/staging.forenteforlag.no\/scandinavian\/produkt\/smakens-politikk\/#primaryimage","url":"https:\/\/staging.forenteforlag.no\/scandinavian\/wp-content\/uploads\/sites\/7\/2026\/02\/9788230402221.jpg","contentUrl":"https:\/\/staging.forenteforlag.no\/scandinavian\/wp-content\/uploads\/sites\/7\/2026\/02\/9788230402221.jpg","width":720,"height":1093},{"@type":"BreadcrumbList","@id":"https:\/\/staging.forenteforlag.no\/scandinavian\/produkt\/smakens-politikk\/#breadcrumb","itemListElement":[{"@type":"ListItem","position":1,"name":"Hjem","item":"https:\/\/staging.forenteforlag.no\/scandinavian\/"},{"@type":"ListItem","position":2,"name":"Alle b\u00f8ker","item":"https:\/\/staging.forenteforlag.no\/scandinavian\/butikk\/"},{"@type":"ListItem","position":3,"name":"Smakens politikk"}]},{"@type":"WebSite","@id":"https:\/\/staging.forenteforlag.no\/scandinavian\/#website","url":"https:\/\/staging.forenteforlag.no\/scandinavian\/","name":"Scandinavian Academic Press","description":"","publisher":{"@id":"https:\/\/staging.forenteforlag.no\/scandinavian\/#organization"},"potentialAction":[{"@type":"SearchAction","target":{"@type":"EntryPoint","urlTemplate":"https:\/\/staging.forenteforlag.no\/scandinavian\/?s={search_term_string}"},"query-input":{"@type":"PropertyValueSpecification","valueRequired":true,"valueName":"search_term_string"}}],"inLanguage":"nb-NO"},{"@type":"Organization","@id":"https:\/\/staging.forenteforlag.no\/scandinavian\/#organization","name":"Scandinavian Academic Press","url":"https:\/\/staging.forenteforlag.no\/scandinavian\/","logo":{"@type":"ImageObject","inLanguage":"nb-NO","@id":"https:\/\/staging.forenteforlag.no\/scandinavian\/#\/schema\/logo\/image\/","url":"https:\/\/staging.forenteforlag.no\/scandinavian\/wp-content\/uploads\/sites\/7\/2024\/09\/SAP_logo-1.svg","contentUrl":"https:\/\/staging.forenteforlag.no\/scandinavian\/wp-content\/uploads\/sites\/7\/2024\/09\/SAP_logo-1.svg","width":4096,"height":1300,"caption":"Scandinavian Academic Press"},"image":{"@id":"https:\/\/staging.forenteforlag.no\/scandinavian\/#\/schema\/logo\/image\/"},"sameAs":["https:\/\/www.facebook.com\/ScandinavianAcademicPress"]}]}},"_links":{"self":[{"href":"https:\/\/staging.forenteforlag.no\/scandinavian\/wp-json\/wp\/v2\/product\/20300","targetHints":{"allow":["GET"]}}],"collection":[{"href":"https:\/\/staging.forenteforlag.no\/scandinavian\/wp-json\/wp\/v2\/product"}],"about":[{"href":"https:\/\/staging.forenteforlag.no\/scandinavian\/wp-json\/wp\/v2\/types\/product"}],"wp:featuredmedia":[{"embeddable":true,"href":"https:\/\/staging.forenteforlag.no\/scandinavian\/wp-json\/wp\/v2\/media\/22734"}],"wp:attachment":[{"href":"https:\/\/staging.forenteforlag.no\/scandinavian\/wp-json\/wp\/v2\/media?parent=20300"}],"wp:term":[{"taxonomy":"product_brand","embeddable":true,"href":"https:\/\/staging.forenteforlag.no\/scandinavian\/wp-json\/wp\/v2\/product_brand?post=20300"},{"taxonomy":"product_cat","embeddable":true,"href":"https:\/\/staging.forenteforlag.no\/scandinavian\/wp-json\/wp\/v2\/product_cat?post=20300"},{"taxonomy":"product_tag","embeddable":true,"href":"https:\/\/staging.forenteforlag.no\/scandinavian\/wp-json\/wp\/v2\/product_tag?post=20300"}],"curies":[{"name":"wp","href":"https:\/\/api.w.org\/{rel}","templated":true}]}}

<p>I våre dager er mat, ernæring og måltidskultur en viktig del av kulturen og kan knyttes til ulike sider ved samfunnet vårt: helse, økonomi, økologi, fordelingspolitikk, nasjonal tilhørighet og sosial identitet. Vi er det vi spiser. Men smak handler også om våre preferanser blant annet når det gjelder litteratur, kunst og film. </p>
<p>I Smakens politikk utforsker Knut Stene-Johansen hva smaksbegrepet betyr, både på et filosofisk og estetisk plan, men også på et fysiologisk. </p>
<p>Hvilke relasjoner har smaken til fornuft, følelser og moral, hvordan lar smaken seg påvirke og endres, finnes det noen standard for smaken, kan smak læres, eller er den naturlig nedarvet? Og videre, er smaken en skjult og bestemmende forstandskategori, eller er den simpelthen skapt ut fra sosiale betingelser? Finnes det noen «felles smak»? </p>
<p>Dette er bare noen av spørsmålene forfatteren nærmer seg i denne boken, som strekker seg fra myten om Adam og Eva til vår nære samtid og Jan Erik Volds smak av loff.</p>

<p>I våre dager er mat, ernæring og måltidskultur en viktig del av kulturen og kan knyttes til ulike sider ved samfunnet vårt: helse, økonomi, økologi, fordelingspolitikk, nasjonal tilhørighet og sosial identitet. Vi er det vi spiser. Men smak handler også om våre preferanser blant annet når det gjelder litteratur, kunst og film. I Smakens politikk [&hellip;]</p>

<!-- This site is optimized with the Yoast SEO plugin v26.6 - https://yoast.com/wordpress/plugins/seo/ -->
<title>Smakens politikk - Scandinavian Academic Press</title>
<meta name="robots" content="noindex, follow, max-snippet:-1, max-image-preview:large, max-video-preview:-1" />
<meta property="og:locale" content="nb_NO" />
<meta property="og:type" content="article" />
<meta property="og:title" content="Smakens politikk - Scandinavian Academic Press" />
<meta property="og:description" content="I våre dager er mat, ernæring og måltidskultur en viktig del av kulturen og kan knyttes til ulike sider ved samfunnet vårt: helse, økonomi, økologi, fordelingspolitikk, nasjonal tilhørighet og sosial identitet. Vi er det vi spiser. Men smak handler også om våre preferanser blant annet når det gjelder litteratur, kunst og film. I Smakens politikk [&hellip;]" />
<meta property="og:url" content="https://staging.forenteforlag.no/scandinavian/produkt/smakens-politikk/" />
<meta property="og:site_name" content="Scandinavian Academic Press" />
<meta property="article:publisher" content="https://www.facebook.com/ScandinavianAcademicPress" />
<meta property="article:modified_time" content="2026-03-04T11:24:33+00:00" />
<meta property="og:image" content="https://staging.forenteforlag.no/scandinavian/wp-content/uploads/sites/7/2026/02/9788230402221.jpg" />
	<meta property="og:image:width" content="720" />
	<meta property="og:image:height" content="1093" />
	<meta property="og:image:type" content="image/jpeg" />
<meta name="twitter:card" content="summary_large_image" />
<meta name="twitter:label1" content="Ansl. lesetid" />
	<meta name="twitter:data1" content="1 minutt" />
<script type="application/ld+json" class="yoast-schema-graph">{"@context":"https://schema.org","@graph":[{"@type":"WebPage","@id":"https://staging.forenteforlag.no/scandinavian/produkt/smakens-politikk/","url":"https://staging.forenteforlag.no/scandinavian/produkt/smakens-politikk/","name":"Smakens politikk - Scandinavian Academic Press","isPartOf":{"@id":"https://staging.forenteforlag.no/scandinavian/#website"},"primaryImageOfPage":{"@id":"https://staging.forenteforlag.no/scandinavian/produkt/smakens-politikk/#primaryimage"},"image":{"@id":"https://staging.forenteforlag.no/scandinavian/produkt/smakens-politikk/#primaryimage"},"thumbnailUrl":"https://staging.forenteforlag.no/scandinavian/wp-content/uploads/sites/7/2026/02/9788230402221.jpg","datePublished":"2019-12-17T00:00:00+00:00","dateModified":"2026-03-04T11:24:33+00:00","breadcrumb":{"@id":"https://staging.forenteforlag.no/scandinavian/produkt/smakens-politikk/#breadcrumb"},"inLanguage":"nb-NO","potentialAction":[{"@type":"ReadAction","target":["https://staging.forenteforlag.no/scandinavian/produkt/smakens-politikk/"]}]},{"@type":"ImageObject","inLanguage":"nb-NO","@id":"https://staging.forenteforlag.no/scandinavian/produkt/smakens-politikk/#primaryimage","url":"https://staging.forenteforlag.no/scandinavian/wp-content/uploads/sites/7/2026/02/9788230402221.jpg","contentUrl":"https://staging.forenteforlag.no/scandinavian/wp-content/uploads/sites/7/2026/02/9788230402221.jpg","width":720,"height":1093},{"@type":"BreadcrumbList","@id":"https://staging.forenteforlag.no/scandinavian/produkt/smakens-politikk/#breadcrumb","itemListElement":[{"@type":"ListItem","position":1,"name":"Hjem","item":"https://staging.forenteforlag.no/scandinavian/"},{"@type":"ListItem","position":2,"name":"Alle bøker","item":"https://staging.forenteforlag.no/scandinavian/butikk/"},{"@type":"ListItem","position":3,"name":"Smakens politikk"}]},{"@type":"WebSite","@id":"https://staging.forenteforlag.no/scandinavian/#website","url":"https://staging.forenteforlag.no/scandinavian/","name":"Scandinavian Academic Press","description":"","publisher":{"@id":"https://staging.forenteforlag.no/scandinavian/#organization"},"potentialAction":[{"@type":"SearchAction","target":{"@type":"EntryPoint","urlTemplate":"https://staging.forenteforlag.no/scandinavian/?s={search_term_string}"},"query-input":{"@type":"PropertyValueSpecification","valueRequired":true,"valueName":"search_term_string"}}],"inLanguage":"nb-NO"},{"@type":"Organization","@id":"https://staging.forenteforlag.no/scandinavian/#organization","name":"Scandinavian Academic Press","url":"https://staging.forenteforlag.no/scandinavian/","logo":{"@type":"ImageObject","inLanguage":"nb-NO","@id":"https://staging.forenteforlag.no/scandinavian/#/schema/logo/image/","url":"https://staging.forenteforlag.no/scandinavian/wp-content/uploads/sites/7/2024/09/SAP_logo-1.svg","contentUrl":"https://staging.forenteforlag.no/scandinavian/wp-content/uploads/sites/7/2024/09/SAP_logo-1.svg","width":4096,"height":1300,"caption":"Scandinavian Academic Press"},"image":{"@id":"https://staging.forenteforlag.no/scandinavian/#/schema/logo/image/"},"sameAs":["https://www.facebook.com/ScandinavianAcademicPress"]}]}</script>
<!-- / Yoast SEO plugin. -->

I våre dager er mat, ernæring og måltidskultur en viktig del av kulturen og kan knyttes til ulike sider ved samfunnet vårt: helse, økonomi, økologi, fordelingspolitikk, nasjonal tilhørighet og sosial identitet. Vi er det vi spiser. Men smak handler også om våre preferanser blant annet når det gjelder litteratur, kunst og film. I Smakens politikk [&hellip;]

Alle bøker
