{"id":21779,"date":"2025-03-18T17:42:29","date_gmt":"2025-03-18T16:42:29","guid":{"rendered":"https:\/\/scandinavianacademicpress.no\/?post_type=open_access&#038;p=21779"},"modified":"2025-09-10T10:54:23","modified_gmt":"2025-09-10T08:54:23","slug":"a-hore-hjemme-i-verden-open-access","status":"publish","type":"open_access","link":"https:\/\/staging.forenteforlag.no\/scandinavian\/open_access\/a-hore-hjemme-i-verden-open-access\/","title":{"rendered":"\u00c5 h\u00f8re hjemme i verden"},"content":{"rendered":"<p>Hva vil det si \u00e5 h\u00f8re hjemme i verden, og hvilken plass har hjemstedet, tilh\u00f8righet og mangel p\u00e5 tilh\u00f8righet hatt i skole og utdanning? Denne antologien tar opp spenningen mellom det hjemlige og det ukjente, mellom skole og utdanning og forestillinger om hjemstedet. \u00c5 h\u00f8re hjemme i verden er ikke det samme som \u00e5 v\u00e6re p\u00e5 et sted rent fysisk. \u00c5 h\u00f8re hjemme kan oppleves som en frihet til \u00e5 forlate noe &#8211; eller til \u00e5 bli v\u00e6rende. Samtidig er hjemmet en skj\u00f8r plass hvor man kan f\u00f8le seg hjemme til tross for opplevelse av urett.<\/p>\n<p>Sp\u00f8rsm\u00e5lene forfatterne stiller i denne boka, er mange. Inneb\u00e6rer mangel p\u00e5 hjemf\u00f8lelse ogs\u00e5 tap av tilh\u00f8righet til en identitet, til stedet, til naturen? Tilh\u00f8righet til akkurat dette hjemstedet, denne plassen \u00e5 h\u00f8re hjemme i verden p\u00e5, kommer til uttrykk i litteratur, musikk, leseb\u00f8ker, skolefag, fysiske omgivelser, reiser og oppfinnsomme refleksjoner. Tematikkene i boka kretser rundt hjemmet og stedet som metafor og som begrep i pedagogikken, og tekstene belyser p\u00e5 hvert sitt vis hva det betyr \u00e5 befinne seg mellom sentrum og periferi, mellom hjemme og ute, eller p\u00e5 det stedet der du blir h\u00f8rt og sett.<\/p>\n","protected":false},"featured_media":20394,"template":"","fagomrade":[],"class_list":["post-21779","open_access","type-open_access","status-publish","has-post-thumbnail","hentry"],"acf":[],"yoast_head":"<!-- This site is optimized with the Yoast SEO plugin v26.6 - https:\/\/yoast.com\/wordpress\/plugins\/seo\/ -->\n<title>\u00c5 h\u00f8re hjemme i verden - Scandinavian Academic Press<\/title>\n<meta name=\"robots\" content=\"noindex, follow, max-snippet:-1, max-image-preview:large, max-video-preview:-1\" \/>\n<meta property=\"og:locale\" content=\"nb_NO\" \/>\n<meta property=\"og:type\" content=\"article\" \/>\n<meta property=\"og:title\" content=\"\u00c5 h\u00f8re hjemme i verden - Scandinavian Academic Press\" \/>\n<meta property=\"og:description\" content=\"Hva vil det si \u00e5 h\u00f8re hjemme i verden, og hvilken plass har hjemstedet, tilh\u00f8righet og mangel p\u00e5 tilh\u00f8righet hatt i skole og utdanning? Denne antologien tar opp spenningen mellom det hjemlige og det ukjente, mellom skole og utdanning og forestillinger om hjemstedet. \u00c5 h\u00f8re hjemme i verden er ikke det samme som \u00e5 v\u00e6re [&hellip;]\" \/>\n<meta property=\"og:url\" content=\"https:\/\/staging.forenteforlag.no\/scandinavian\/open_access\/a-hore-hjemme-i-verden-open-access\/\" \/>\n<meta property=\"og:site_name\" content=\"Scandinavian Academic Press\" \/>\n<meta property=\"article:publisher\" content=\"https:\/\/www.facebook.com\/ScandinavianAcademicPress\" \/>\n<meta property=\"article:modified_time\" content=\"2025-09-10T08:54:23+00:00\" \/>\n<meta property=\"og:image\" content=\"https:\/\/staging.forenteforlag.no\/scandinavian\/wp-content\/uploads\/sites\/7\/2025\/01\/jpg-4992-scaled-1.jpg\" \/>\n\t<meta property=\"og:image:width\" content=\"841\" \/>\n\t<meta property=\"og:image:height\" content=\"1280\" \/>\n\t<meta property=\"og:image:type\" content=\"image\/jpeg\" \/>\n<meta name=\"twitter:card\" content=\"summary_large_image\" \/>\n<meta name=\"twitter:label1\" content=\"Ansl. lesetid\" \/>\n\t<meta name=\"twitter:data1\" content=\"2 minutter\" \/>\n<script type=\"application\/ld+json\" class=\"yoast-schema-graph\">{\"@context\":\"https:\/\/schema.org\",\"@graph\":[{\"@type\":\"WebPage\",\"@id\":\"https:\/\/staging.forenteforlag.no\/scandinavian\/open_access\/a-hore-hjemme-i-verden-open-access\/\",\"url\":\"https:\/\/staging.forenteforlag.no\/scandinavian\/open_access\/a-hore-hjemme-i-verden-open-access\/\",\"name\":\"\u00c5 h\u00f8re hjemme i verden - Scandinavian Academic Press\",\"isPartOf\":{\"@id\":\"https:\/\/staging.forenteforlag.no\/scandinavian\/#website\"},\"primaryImageOfPage\":{\"@id\":\"https:\/\/staging.forenteforlag.no\/scandinavian\/open_access\/a-hore-hjemme-i-verden-open-access\/#primaryimage\"},\"image\":{\"@id\":\"https:\/\/staging.forenteforlag.no\/scandinavian\/open_access\/a-hore-hjemme-i-verden-open-access\/#primaryimage\"},\"thumbnailUrl\":\"https:\/\/staging.forenteforlag.no\/scandinavian\/wp-content\/uploads\/sites\/7\/2025\/01\/jpg-4992-scaled-1.jpg\",\"datePublished\":\"2025-03-18T16:42:29+00:00\",\"dateModified\":\"2025-09-10T08:54:23+00:00\",\"breadcrumb\":{\"@id\":\"https:\/\/staging.forenteforlag.no\/scandinavian\/open_access\/a-hore-hjemme-i-verden-open-access\/#breadcrumb\"},\"inLanguage\":\"nb-NO\",\"potentialAction\":[{\"@type\":\"ReadAction\",\"target\":[\"https:\/\/staging.forenteforlag.no\/scandinavian\/open_access\/a-hore-hjemme-i-verden-open-access\/\"]}]},{\"@type\":\"ImageObject\",\"inLanguage\":\"nb-NO\",\"@id\":\"https:\/\/staging.forenteforlag.no\/scandinavian\/open_access\/a-hore-hjemme-i-verden-open-access\/#primaryimage\",\"url\":\"https:\/\/staging.forenteforlag.no\/scandinavian\/wp-content\/uploads\/sites\/7\/2025\/01\/jpg-4992-scaled-1.jpg\",\"contentUrl\":\"https:\/\/staging.forenteforlag.no\/scandinavian\/wp-content\/uploads\/sites\/7\/2025\/01\/jpg-4992-scaled-1.jpg\",\"width\":841,\"height\":1280},{\"@type\":\"BreadcrumbList\",\"@id\":\"https:\/\/staging.forenteforlag.no\/scandinavian\/open_access\/a-hore-hjemme-i-verden-open-access\/#breadcrumb\",\"itemListElement\":[{\"@type\":\"ListItem\",\"position\":1,\"name\":\"Hjem\",\"item\":\"https:\/\/staging.forenteforlag.no\/scandinavian\/\"},{\"@type\":\"ListItem\",\"position\":2,\"name\":\"\u00c5 h\u00f8re hjemme i verden\"}]},{\"@type\":\"WebSite\",\"@id\":\"https:\/\/staging.forenteforlag.no\/scandinavian\/#website\",\"url\":\"https:\/\/staging.forenteforlag.no\/scandinavian\/\",\"name\":\"Scandinavian Academic Press\",\"description\":\"\",\"publisher\":{\"@id\":\"https:\/\/staging.forenteforlag.no\/scandinavian\/#organization\"},\"potentialAction\":[{\"@type\":\"SearchAction\",\"target\":{\"@type\":\"EntryPoint\",\"urlTemplate\":\"https:\/\/staging.forenteforlag.no\/scandinavian\/?s={search_term_string}\"},\"query-input\":{\"@type\":\"PropertyValueSpecification\",\"valueRequired\":true,\"valueName\":\"search_term_string\"}}],\"inLanguage\":\"nb-NO\"},{\"@type\":\"Organization\",\"@id\":\"https:\/\/staging.forenteforlag.no\/scandinavian\/#organization\",\"name\":\"Scandinavian Academic Press\",\"url\":\"https:\/\/staging.forenteforlag.no\/scandinavian\/\",\"logo\":{\"@type\":\"ImageObject\",\"inLanguage\":\"nb-NO\",\"@id\":\"https:\/\/staging.forenteforlag.no\/scandinavian\/#\/schema\/logo\/image\/\",\"url\":\"https:\/\/staging.forenteforlag.no\/scandinavian\/wp-content\/uploads\/sites\/7\/2024\/09\/SAP_logo-1.svg\",\"contentUrl\":\"https:\/\/staging.forenteforlag.no\/scandinavian\/wp-content\/uploads\/sites\/7\/2024\/09\/SAP_logo-1.svg\",\"width\":4096,\"height\":1300,\"caption\":\"Scandinavian Academic Press\"},\"image\":{\"@id\":\"https:\/\/staging.forenteforlag.no\/scandinavian\/#\/schema\/logo\/image\/\"},\"sameAs\":[\"https:\/\/www.facebook.com\/ScandinavianAcademicPress\"]}]}<\/script>\n<!-- \/ Yoast SEO plugin. -->","yoast_head_json":{"title":"\u00c5 h\u00f8re hjemme i verden - Scandinavian Academic Press","robots":{"index":"noindex","follow":"follow","max-snippet":"max-snippet:-1","max-image-preview":"max-image-preview:large","max-video-preview":"max-video-preview:-1"},"og_locale":"nb_NO","og_type":"article","og_title":"\u00c5 h\u00f8re hjemme i verden - Scandinavian Academic Press","og_description":"Hva vil det si \u00e5 h\u00f8re hjemme i verden, og hvilken plass har hjemstedet, tilh\u00f8righet og mangel p\u00e5 tilh\u00f8righet hatt i skole og utdanning? Denne antologien tar opp spenningen mellom det hjemlige og det ukjente, mellom skole og utdanning og forestillinger om hjemstedet. \u00c5 h\u00f8re hjemme i verden er ikke det samme som \u00e5 v\u00e6re [&hellip;]","og_url":"https:\/\/staging.forenteforlag.no\/scandinavian\/open_access\/a-hore-hjemme-i-verden-open-access\/","og_site_name":"Scandinavian Academic Press","article_publisher":"https:\/\/www.facebook.com\/ScandinavianAcademicPress","article_modified_time":"2025-09-10T08:54:23+00:00","og_image":[{"width":841,"height":1280,"url":"https:\/\/staging.forenteforlag.no\/scandinavian\/wp-content\/uploads\/sites\/7\/2025\/01\/jpg-4992-scaled-1.jpg","type":"image\/jpeg"}],"twitter_card":"summary_large_image","twitter_misc":{"Ansl. lesetid":"2 minutter"},"schema":{"@context":"https:\/\/schema.org","@graph":[{"@type":"WebPage","@id":"https:\/\/staging.forenteforlag.no\/scandinavian\/open_access\/a-hore-hjemme-i-verden-open-access\/","url":"https:\/\/staging.forenteforlag.no\/scandinavian\/open_access\/a-hore-hjemme-i-verden-open-access\/","name":"\u00c5 h\u00f8re hjemme i verden - Scandinavian Academic Press","isPartOf":{"@id":"https:\/\/staging.forenteforlag.no\/scandinavian\/#website"},"primaryImageOfPage":{"@id":"https:\/\/staging.forenteforlag.no\/scandinavian\/open_access\/a-hore-hjemme-i-verden-open-access\/#primaryimage"},"image":{"@id":"https:\/\/staging.forenteforlag.no\/scandinavian\/open_access\/a-hore-hjemme-i-verden-open-access\/#primaryimage"},"thumbnailUrl":"https:\/\/staging.forenteforlag.no\/scandinavian\/wp-content\/uploads\/sites\/7\/2025\/01\/jpg-4992-scaled-1.jpg","datePublished":"2025-03-18T16:42:29+00:00","dateModified":"2025-09-10T08:54:23+00:00","breadcrumb":{"@id":"https:\/\/staging.forenteforlag.no\/scandinavian\/open_access\/a-hore-hjemme-i-verden-open-access\/#breadcrumb"},"inLanguage":"nb-NO","potentialAction":[{"@type":"ReadAction","target":["https:\/\/staging.forenteforlag.no\/scandinavian\/open_access\/a-hore-hjemme-i-verden-open-access\/"]}]},{"@type":"ImageObject","inLanguage":"nb-NO","@id":"https:\/\/staging.forenteforlag.no\/scandinavian\/open_access\/a-hore-hjemme-i-verden-open-access\/#primaryimage","url":"https:\/\/staging.forenteforlag.no\/scandinavian\/wp-content\/uploads\/sites\/7\/2025\/01\/jpg-4992-scaled-1.jpg","contentUrl":"https:\/\/staging.forenteforlag.no\/scandinavian\/wp-content\/uploads\/sites\/7\/2025\/01\/jpg-4992-scaled-1.jpg","width":841,"height":1280},{"@type":"BreadcrumbList","@id":"https:\/\/staging.forenteforlag.no\/scandinavian\/open_access\/a-hore-hjemme-i-verden-open-access\/#breadcrumb","itemListElement":[{"@type":"ListItem","position":1,"name":"Hjem","item":"https:\/\/staging.forenteforlag.no\/scandinavian\/"},{"@type":"ListItem","position":2,"name":"\u00c5 h\u00f8re hjemme i verden"}]},{"@type":"WebSite","@id":"https:\/\/staging.forenteforlag.no\/scandinavian\/#website","url":"https:\/\/staging.forenteforlag.no\/scandinavian\/","name":"Scandinavian Academic Press","description":"","publisher":{"@id":"https:\/\/staging.forenteforlag.no\/scandinavian\/#organization"},"potentialAction":[{"@type":"SearchAction","target":{"@type":"EntryPoint","urlTemplate":"https:\/\/staging.forenteforlag.no\/scandinavian\/?s={search_term_string}"},"query-input":{"@type":"PropertyValueSpecification","valueRequired":true,"valueName":"search_term_string"}}],"inLanguage":"nb-NO"},{"@type":"Organization","@id":"https:\/\/staging.forenteforlag.no\/scandinavian\/#organization","name":"Scandinavian Academic Press","url":"https:\/\/staging.forenteforlag.no\/scandinavian\/","logo":{"@type":"ImageObject","inLanguage":"nb-NO","@id":"https:\/\/staging.forenteforlag.no\/scandinavian\/#\/schema\/logo\/image\/","url":"https:\/\/staging.forenteforlag.no\/scandinavian\/wp-content\/uploads\/sites\/7\/2024\/09\/SAP_logo-1.svg","contentUrl":"https:\/\/staging.forenteforlag.no\/scandinavian\/wp-content\/uploads\/sites\/7\/2024\/09\/SAP_logo-1.svg","width":4096,"height":1300,"caption":"Scandinavian Academic Press"},"image":{"@id":"https:\/\/staging.forenteforlag.no\/scandinavian\/#\/schema\/logo\/image\/"},"sameAs":["https:\/\/www.facebook.com\/ScandinavianAcademicPress"]}]}},"_links":{"self":[{"href":"https:\/\/staging.forenteforlag.no\/scandinavian\/wp-json\/wp\/v2\/open_access\/21779","targetHints":{"allow":["GET"]}}],"collection":[{"href":"https:\/\/staging.forenteforlag.no\/scandinavian\/wp-json\/wp\/v2\/open_access"}],"about":[{"href":"https:\/\/staging.forenteforlag.no\/scandinavian\/wp-json\/wp\/v2\/types\/open_access"}],"version-history":[{"count":9,"href":"https:\/\/staging.forenteforlag.no\/scandinavian\/wp-json\/wp\/v2\/open_access\/21779\/revisions"}],"predecessor-version":[{"id":22502,"href":"https:\/\/staging.forenteforlag.no\/scandinavian\/wp-json\/wp\/v2\/open_access\/21779\/revisions\/22502"}],"wp:featuredmedia":[{"embeddable":true,"href":"https:\/\/staging.forenteforlag.no\/scandinavian\/wp-json\/wp\/v2\/media\/20394"}],"wp:attachment":[{"href":"https:\/\/staging.forenteforlag.no\/scandinavian\/wp-json\/wp\/v2\/media?parent=21779"}],"wp:term":[{"taxonomy":"fagomrade","embeddable":true,"href":"https:\/\/staging.forenteforlag.no\/scandinavian\/wp-json\/wp\/v2\/fagomrade?post=21779"}],"curies":[{"name":"wp","href":"https:\/\/api.w.org\/{rel}","templated":true}]}}

Å høre hjemme i verden

<p>Hva vil det si å høre hjemme i verden, og hvilken plass har hjemstedet, tilhørighet og mangel på tilhørighet hatt i skole og utdanning? Denne antologien tar opp spenningen mellom det hjemlige og det ukjente, mellom skole og utdanning og forestillinger om hjemstedet. Å høre hjemme i verden er ikke det samme som å være på et sted rent fysisk. Å høre hjemme kan oppleves som en frihet til å forlate noe &#8211; eller til å bli værende. Samtidig er hjemmet en skjør plass hvor man kan føle seg hjemme til tross for opplevelse av urett.</p>
<p>Spørsmålene forfatterne stiller i denne boka, er mange. Innebærer mangel på hjemfølelse også tap av tilhørighet til en identitet, til stedet, til naturen? Tilhørighet til akkurat dette hjemstedet, denne plassen å høre hjemme i verden på, kommer til uttrykk i litteratur, musikk, lesebøker, skolefag, fysiske omgivelser, reiser og oppfinnsomme refleksjoner. Tematikkene i boka kretser rundt hjemmet og stedet som metafor og som begrep i pedagogikken, og tekstene belyser på hvert sitt vis hva det betyr å befinne seg mellom sentrum og periferi, mellom hjemme og ute, eller på det stedet der du blir hørt og sett.</p>

<!-- This site is optimized with the Yoast SEO plugin v26.6 - https://yoast.com/wordpress/plugins/seo/ -->
<title>Å høre hjemme i verden - Scandinavian Academic Press</title>
<meta name="robots" content="noindex, follow, max-snippet:-1, max-image-preview:large, max-video-preview:-1" />
<meta property="og:locale" content="nb_NO" />
<meta property="og:type" content="article" />
<meta property="og:title" content="Å høre hjemme i verden - Scandinavian Academic Press" />
<meta property="og:description" content="Hva vil det si å høre hjemme i verden, og hvilken plass har hjemstedet, tilhørighet og mangel på tilhørighet hatt i skole og utdanning? Denne antologien tar opp spenningen mellom det hjemlige og det ukjente, mellom skole og utdanning og forestillinger om hjemstedet. Å høre hjemme i verden er ikke det samme som å være [&hellip;]" />
<meta property="og:url" content="https://staging.forenteforlag.no/scandinavian/open_access/a-hore-hjemme-i-verden-open-access/" />
<meta property="og:site_name" content="Scandinavian Academic Press" />
<meta property="article:publisher" content="https://www.facebook.com/ScandinavianAcademicPress" />
<meta property="article:modified_time" content="2025-09-10T08:54:23+00:00" />
<meta property="og:image" content="https://staging.forenteforlag.no/scandinavian/wp-content/uploads/sites/7/2025/01/jpg-4992-scaled-1.jpg" />
	<meta property="og:image:width" content="841" />
	<meta property="og:image:height" content="1280" />
	<meta property="og:image:type" content="image/jpeg" />
<meta name="twitter:card" content="summary_large_image" />
<meta name="twitter:label1" content="Ansl. lesetid" />
	<meta name="twitter:data1" content="2 minutter" />
<script type="application/ld+json" class="yoast-schema-graph">{"@context":"https://schema.org","@graph":[{"@type":"WebPage","@id":"https://staging.forenteforlag.no/scandinavian/open_access/a-hore-hjemme-i-verden-open-access/","url":"https://staging.forenteforlag.no/scandinavian/open_access/a-hore-hjemme-i-verden-open-access/","name":"Å høre hjemme i verden - Scandinavian Academic Press","isPartOf":{"@id":"https://staging.forenteforlag.no/scandinavian/#website"},"primaryImageOfPage":{"@id":"https://staging.forenteforlag.no/scandinavian/open_access/a-hore-hjemme-i-verden-open-access/#primaryimage"},"image":{"@id":"https://staging.forenteforlag.no/scandinavian/open_access/a-hore-hjemme-i-verden-open-access/#primaryimage"},"thumbnailUrl":"https://staging.forenteforlag.no/scandinavian/wp-content/uploads/sites/7/2025/01/jpg-4992-scaled-1.jpg","datePublished":"2025-03-18T16:42:29+00:00","dateModified":"2025-09-10T08:54:23+00:00","breadcrumb":{"@id":"https://staging.forenteforlag.no/scandinavian/open_access/a-hore-hjemme-i-verden-open-access/#breadcrumb"},"inLanguage":"nb-NO","potentialAction":[{"@type":"ReadAction","target":["https://staging.forenteforlag.no/scandinavian/open_access/a-hore-hjemme-i-verden-open-access/"]}]},{"@type":"ImageObject","inLanguage":"nb-NO","@id":"https://staging.forenteforlag.no/scandinavian/open_access/a-hore-hjemme-i-verden-open-access/#primaryimage","url":"https://staging.forenteforlag.no/scandinavian/wp-content/uploads/sites/7/2025/01/jpg-4992-scaled-1.jpg","contentUrl":"https://staging.forenteforlag.no/scandinavian/wp-content/uploads/sites/7/2025/01/jpg-4992-scaled-1.jpg","width":841,"height":1280},{"@type":"BreadcrumbList","@id":"https://staging.forenteforlag.no/scandinavian/open_access/a-hore-hjemme-i-verden-open-access/#breadcrumb","itemListElement":[{"@type":"ListItem","position":1,"name":"Hjem","item":"https://staging.forenteforlag.no/scandinavian/"},{"@type":"ListItem","position":2,"name":"Å høre hjemme i verden"}]},{"@type":"WebSite","@id":"https://staging.forenteforlag.no/scandinavian/#website","url":"https://staging.forenteforlag.no/scandinavian/","name":"Scandinavian Academic Press","description":"","publisher":{"@id":"https://staging.forenteforlag.no/scandinavian/#organization"},"potentialAction":[{"@type":"SearchAction","target":{"@type":"EntryPoint","urlTemplate":"https://staging.forenteforlag.no/scandinavian/?s={search_term_string}"},"query-input":{"@type":"PropertyValueSpecification","valueRequired":true,"valueName":"search_term_string"}}],"inLanguage":"nb-NO"},{"@type":"Organization","@id":"https://staging.forenteforlag.no/scandinavian/#organization","name":"Scandinavian Academic Press","url":"https://staging.forenteforlag.no/scandinavian/","logo":{"@type":"ImageObject","inLanguage":"nb-NO","@id":"https://staging.forenteforlag.no/scandinavian/#/schema/logo/image/","url":"https://staging.forenteforlag.no/scandinavian/wp-content/uploads/sites/7/2024/09/SAP_logo-1.svg","contentUrl":"https://staging.forenteforlag.no/scandinavian/wp-content/uploads/sites/7/2024/09/SAP_logo-1.svg","width":4096,"height":1300,"caption":"Scandinavian Academic Press"},"image":{"@id":"https://staging.forenteforlag.no/scandinavian/#/schema/logo/image/"},"sameAs":["https://www.facebook.com/ScandinavianAcademicPress"]}]}</script>
<!-- / Yoast SEO plugin. -->

Å høre hjemme i verden - Scandinavian Academic Press

Hva vil det si å høre hjemme i verden, og hvilken plass har hjemstedet, tilhørighet og mangel på tilhørighet hatt i skole og utdanning? Denne antologien tar opp spenningen mellom det hjemlige og det ukjente, mellom skole og utdanning og forestillinger om hjemstedet. Å høre hjemme i verden er ikke det samme som å være [&hellip;]
