{"id":29958,"date":"2024-02-05T11:36:20","date_gmt":"2024-02-05T10:36:20","guid":{"rendered":"https:\/\/pax.no\/produkt\/gatelangs-i-bergen-i-1865\/"},"modified":"2024-02-05T11:36:20","modified_gmt":"2024-02-05T10:36:20","slug":"gatelangs-i-bergen-i-1865","status":"publish","type":"product","link":"https:\/\/staging.forenteforlag.no\/pax\/produkt\/gatelangs-i-bergen-i-1865\/","title":{"rendered":"Gatelangs i Bergen i 1865"},"content":{"rendered":"<p><strong>Bli med p\u00e5 en byvandring i Bergen for dr\u00f8yt 150 \u00e5r siden.&nbsp;<\/strong><br \/>I 1865 utkom den f\u00f8rste egentlige turistguiden for Bergen \u2013 <em>En Bergensk Cicerone<\/em>&nbsp;\u2013 skrevet av \u00abEn Anonym\u00bb. Boken utkom som en veileder \u2013 bokstavelig talt \u2013 for alle de de tilreisende i forbindelse med den store internasjonale fiskeriutstillingen i Bergen dette \u00e5ret.<br \/>Den anonyme ciceronen \u2013 som viste seg \u00e5 v\u00e6re jusstudenten og senere fiskeridirekt\u00f8r Fredrik Meltzer Wallem \u2013 loser sine lesere fra Holbergsalmenningen \u2013 hvor den ett \u00e5r gamle Ludvig Holberg ble reddet under den store brannen i 1686 \u2013 via Engen \u2013 der kong Sverre og birkebeinerne drev baglerne foran seg over Jonsvoldene. Derfra g\u00e5r turen videre rundt i byen, og v\u00e5r cicerone forteller spennende byhistorie p\u00e5 hvert hj\u00f8rne.<br \/>Underveis f\u00e5r leserne ogs\u00e5 vite mye nyttig om bergenserne. Som at de er ualminnelig begavet med smak og sans for de skj\u00f8nne kunster, har et avslappet forhold til regnv\u00e6r, er utrolig gjestfrie, har et anstrengt forhold til aviser, men elsker renslighet og blomster. Og 17. mai. Wallem var i besittelse av omfattende kunnskaper om sin f\u00f8deby, sterk patriotisme og glimt i \u00f8yet. Denne boken vil forn\u00f8ye enhver bergenser, mange striler og ganske sikkert flere tilreisende.<br \/><em>Boken er redigert og utstyrt med forklarende tekster for dagens lesere av Arve Torkelsen, forfatteren av&nbsp;Det gamle Christiania i bilder og tekst.<\/em><\/p>\n","protected":false},"excerpt":{"rendered":"<p>Bli med p\u00e5 en byvandring i Bergen for dr\u00f8yt 150 \u00e5r siden.&nbsp;I 1865 utkom den f\u00f8rste egentlige turistguiden for Bergen \u2013 En Bergensk Cicerone&nbsp;\u2013 skrevet av \u00abEn Anonym\u00bb. Boken utkom som en veileder \u2013 bokstavelig talt \u2013 for alle de de tilreisende i forbindelse med den store internasjonale fiskeriutstillingen i Bergen dette \u00e5ret.Den anonyme ciceronen [&hellip;]<\/p>\n","protected":false},"featured_media":29957,"template":"","meta":{"_acf_changed":false,"inline_featured_image":false},"product_brand":[],"product_cat":[16],"product_tag":[362],"class_list":{"0":"post-29958","1":"product","2":"type-product","3":"status-publish","4":"has-post-thumbnail","6":"product_cat-ukategorisert","7":"product_tag-faglitteratur","8":"pa_format-innbundet","10":"first","11":"instock","12":"purchasable","13":"product-type-simple"},"acf":{"anmeldelse":null},"yoast_head":"<!-- This site is optimized with the Yoast SEO plugin v26.6 - https:\/\/yoast.com\/wordpress\/plugins\/seo\/ -->\n<title>Gatelangs i Bergen i 1865 - Pax<\/title>\n<meta name=\"robots\" content=\"noindex, follow, max-snippet:-1, max-image-preview:large, max-video-preview:-1\" \/>\n<meta property=\"og:locale\" content=\"nb_NO\" \/>\n<meta property=\"og:type\" content=\"article\" \/>\n<meta property=\"og:title\" content=\"Gatelangs i Bergen i 1865 - Pax\" \/>\n<meta property=\"og:description\" content=\"Bli med p\u00e5 en byvandring i Bergen for dr\u00f8yt 150 \u00e5r siden.&nbsp;I 1865 utkom den f\u00f8rste egentlige turistguiden for Bergen \u2013 En Bergensk Cicerone&nbsp;\u2013 skrevet av \u00abEn Anonym\u00bb. Boken utkom som en veileder \u2013 bokstavelig talt \u2013 for alle de de tilreisende i forbindelse med den store internasjonale fiskeriutstillingen i Bergen dette \u00e5ret.Den anonyme ciceronen [&hellip;]\" \/>\n<meta property=\"og:url\" content=\"https:\/\/staging.forenteforlag.no\/pax\/produkt\/gatelangs-i-bergen-i-1865\/\" \/>\n<meta property=\"og:site_name\" content=\"Pax\" \/>\n<meta property=\"og:image\" content=\"https:\/\/staging.forenteforlag.no\/pax\/wp-content\/uploads\/sites\/5\/2026\/02\/jpg-7-1-scaled.jpg\" \/>\n\t<meta property=\"og:image:width\" content=\"1741\" \/>\n\t<meta property=\"og:image:height\" content=\"1920\" \/>\n\t<meta property=\"og:image:type\" content=\"image\/jpeg\" \/>\n<meta name=\"twitter:card\" content=\"summary_large_image\" \/>\n<meta name=\"twitter:label1\" content=\"Ansl. lesetid\" \/>\n\t<meta name=\"twitter:data1\" content=\"1 minutt\" \/>\n<script type=\"application\/ld+json\" class=\"yoast-schema-graph\">{\"@context\":\"https:\/\/schema.org\",\"@graph\":[{\"@type\":\"WebPage\",\"@id\":\"https:\/\/staging.forenteforlag.no\/pax\/produkt\/gatelangs-i-bergen-i-1865\/\",\"url\":\"https:\/\/staging.forenteforlag.no\/pax\/produkt\/gatelangs-i-bergen-i-1865\/\",\"name\":\"Gatelangs i Bergen i 1865 - Pax\",\"isPartOf\":{\"@id\":\"https:\/\/staging.forenteforlag.no\/pax\/#website\"},\"primaryImageOfPage\":{\"@id\":\"https:\/\/staging.forenteforlag.no\/pax\/produkt\/gatelangs-i-bergen-i-1865\/#primaryimage\"},\"image\":{\"@id\":\"https:\/\/staging.forenteforlag.no\/pax\/produkt\/gatelangs-i-bergen-i-1865\/#primaryimage\"},\"thumbnailUrl\":\"https:\/\/staging.forenteforlag.no\/pax\/wp-content\/uploads\/sites\/5\/2026\/02\/jpg-7-1-scaled.jpg\",\"datePublished\":\"2024-02-05T10:36:20+00:00\",\"breadcrumb\":{\"@id\":\"https:\/\/staging.forenteforlag.no\/pax\/produkt\/gatelangs-i-bergen-i-1865\/#breadcrumb\"},\"inLanguage\":\"nb-NO\",\"potentialAction\":[{\"@type\":\"ReadAction\",\"target\":[\"https:\/\/staging.forenteforlag.no\/pax\/produkt\/gatelangs-i-bergen-i-1865\/\"]}]},{\"@type\":\"ImageObject\",\"inLanguage\":\"nb-NO\",\"@id\":\"https:\/\/staging.forenteforlag.no\/pax\/produkt\/gatelangs-i-bergen-i-1865\/#primaryimage\",\"url\":\"https:\/\/staging.forenteforlag.no\/pax\/wp-content\/uploads\/sites\/5\/2026\/02\/jpg-7-1-scaled.jpg\",\"contentUrl\":\"https:\/\/staging.forenteforlag.no\/pax\/wp-content\/uploads\/sites\/5\/2026\/02\/jpg-7-1-scaled.jpg\",\"width\":1741,\"height\":1920},{\"@type\":\"BreadcrumbList\",\"@id\":\"https:\/\/staging.forenteforlag.no\/pax\/produkt\/gatelangs-i-bergen-i-1865\/#breadcrumb\",\"itemListElement\":[{\"@type\":\"ListItem\",\"position\":1,\"name\":\"Hjem\",\"item\":\"https:\/\/staging.forenteforlag.no\/pax\/\"},{\"@type\":\"ListItem\",\"position\":2,\"name\":\"Alle b\u00f8ker\",\"item\":\"https:\/\/staging.forenteforlag.no\/pax\/butikk\/\"},{\"@type\":\"ListItem\",\"position\":3,\"name\":\"Gatelangs i Bergen i 1865\"}]},{\"@type\":\"WebSite\",\"@id\":\"https:\/\/staging.forenteforlag.no\/pax\/#website\",\"url\":\"https:\/\/staging.forenteforlag.no\/pax\/\",\"name\":\"Pax\",\"description\":\"\",\"potentialAction\":[{\"@type\":\"SearchAction\",\"target\":{\"@type\":\"EntryPoint\",\"urlTemplate\":\"https:\/\/staging.forenteforlag.no\/pax\/?s={search_term_string}\"},\"query-input\":{\"@type\":\"PropertyValueSpecification\",\"valueRequired\":true,\"valueName\":\"search_term_string\"}}],\"inLanguage\":\"nb-NO\"}]}<\/script>\n<!-- \/ Yoast SEO plugin. -->","yoast_head_json":{"title":"Gatelangs i Bergen i 1865 - Pax","robots":{"index":"noindex","follow":"follow","max-snippet":"max-snippet:-1","max-image-preview":"max-image-preview:large","max-video-preview":"max-video-preview:-1"},"og_locale":"nb_NO","og_type":"article","og_title":"Gatelangs i Bergen i 1865 - Pax","og_description":"Bli med p\u00e5 en byvandring i Bergen for dr\u00f8yt 150 \u00e5r siden.&nbsp;I 1865 utkom den f\u00f8rste egentlige turistguiden for Bergen \u2013 En Bergensk Cicerone&nbsp;\u2013 skrevet av \u00abEn Anonym\u00bb. Boken utkom som en veileder \u2013 bokstavelig talt \u2013 for alle de de tilreisende i forbindelse med den store internasjonale fiskeriutstillingen i Bergen dette \u00e5ret.Den anonyme ciceronen [&hellip;]","og_url":"https:\/\/staging.forenteforlag.no\/pax\/produkt\/gatelangs-i-bergen-i-1865\/","og_site_name":"Pax","og_image":[{"width":1741,"height":1920,"url":"https:\/\/staging.forenteforlag.no\/pax\/wp-content\/uploads\/sites\/5\/2026\/02\/jpg-7-1-scaled.jpg","type":"image\/jpeg"}],"twitter_card":"summary_large_image","twitter_misc":{"Ansl. lesetid":"1 minutt"},"schema":{"@context":"https:\/\/schema.org","@graph":[{"@type":"WebPage","@id":"https:\/\/staging.forenteforlag.no\/pax\/produkt\/gatelangs-i-bergen-i-1865\/","url":"https:\/\/staging.forenteforlag.no\/pax\/produkt\/gatelangs-i-bergen-i-1865\/","name":"Gatelangs i Bergen i 1865 - Pax","isPartOf":{"@id":"https:\/\/staging.forenteforlag.no\/pax\/#website"},"primaryImageOfPage":{"@id":"https:\/\/staging.forenteforlag.no\/pax\/produkt\/gatelangs-i-bergen-i-1865\/#primaryimage"},"image":{"@id":"https:\/\/staging.forenteforlag.no\/pax\/produkt\/gatelangs-i-bergen-i-1865\/#primaryimage"},"thumbnailUrl":"https:\/\/staging.forenteforlag.no\/pax\/wp-content\/uploads\/sites\/5\/2026\/02\/jpg-7-1-scaled.jpg","datePublished":"2024-02-05T10:36:20+00:00","breadcrumb":{"@id":"https:\/\/staging.forenteforlag.no\/pax\/produkt\/gatelangs-i-bergen-i-1865\/#breadcrumb"},"inLanguage":"nb-NO","potentialAction":[{"@type":"ReadAction","target":["https:\/\/staging.forenteforlag.no\/pax\/produkt\/gatelangs-i-bergen-i-1865\/"]}]},{"@type":"ImageObject","inLanguage":"nb-NO","@id":"https:\/\/staging.forenteforlag.no\/pax\/produkt\/gatelangs-i-bergen-i-1865\/#primaryimage","url":"https:\/\/staging.forenteforlag.no\/pax\/wp-content\/uploads\/sites\/5\/2026\/02\/jpg-7-1-scaled.jpg","contentUrl":"https:\/\/staging.forenteforlag.no\/pax\/wp-content\/uploads\/sites\/5\/2026\/02\/jpg-7-1-scaled.jpg","width":1741,"height":1920},{"@type":"BreadcrumbList","@id":"https:\/\/staging.forenteforlag.no\/pax\/produkt\/gatelangs-i-bergen-i-1865\/#breadcrumb","itemListElement":[{"@type":"ListItem","position":1,"name":"Hjem","item":"https:\/\/staging.forenteforlag.no\/pax\/"},{"@type":"ListItem","position":2,"name":"Alle b\u00f8ker","item":"https:\/\/staging.forenteforlag.no\/pax\/butikk\/"},{"@type":"ListItem","position":3,"name":"Gatelangs i Bergen i 1865"}]},{"@type":"WebSite","@id":"https:\/\/staging.forenteforlag.no\/pax\/#website","url":"https:\/\/staging.forenteforlag.no\/pax\/","name":"Pax","description":"","potentialAction":[{"@type":"SearchAction","target":{"@type":"EntryPoint","urlTemplate":"https:\/\/staging.forenteforlag.no\/pax\/?s={search_term_string}"},"query-input":{"@type":"PropertyValueSpecification","valueRequired":true,"valueName":"search_term_string"}}],"inLanguage":"nb-NO"}]}},"_links":{"self":[{"href":"https:\/\/staging.forenteforlag.no\/pax\/wp-json\/wp\/v2\/product\/29958","targetHints":{"allow":["GET"]}}],"collection":[{"href":"https:\/\/staging.forenteforlag.no\/pax\/wp-json\/wp\/v2\/product"}],"about":[{"href":"https:\/\/staging.forenteforlag.no\/pax\/wp-json\/wp\/v2\/types\/product"}],"wp:featuredmedia":[{"embeddable":true,"href":"https:\/\/staging.forenteforlag.no\/pax\/wp-json\/wp\/v2\/media\/29957"}],"wp:attachment":[{"href":"https:\/\/staging.forenteforlag.no\/pax\/wp-json\/wp\/v2\/media?parent=29958"}],"wp:term":[{"taxonomy":"product_brand","embeddable":true,"href":"https:\/\/staging.forenteforlag.no\/pax\/wp-json\/wp\/v2\/product_brand?post=29958"},{"taxonomy":"product_cat","embeddable":true,"href":"https:\/\/staging.forenteforlag.no\/pax\/wp-json\/wp\/v2\/product_cat?post=29958"},{"taxonomy":"product_tag","embeddable":true,"href":"https:\/\/staging.forenteforlag.no\/pax\/wp-json\/wp\/v2\/product_tag?post=29958"}],"curies":[{"name":"wp","href":"https:\/\/api.w.org\/{rel}","templated":true}]}}