{"id":29807,"date":"2026-02-05T05:09:06","date_gmt":"2026-02-05T04:09:06","guid":{"rendered":"https:\/\/pax.no\/produkt\/det-gar-over\/"},"modified":"2026-03-03T23:21:01","modified_gmt":"2026-03-03T22:21:01","slug":"det-gar-over","status":"publish","type":"product","link":"https:\/\/staging.forenteforlag.no\/pax\/produkt\/det-gar-over\/","title":{"rendered":"Det g\u00e5r over"},"content":{"rendered":"<p>Psykologisk thriller om hvordan traumer kan p\u00e5virke familierelasjoner i generasjoner. Ekteparet Ana og Pedro har nettopp f\u00e5tt bes\u00f8k av Anas nev\u00f8 Vicente i sitt hjem ved foten av Andesfjellene. De har aldri m\u00f8tt ham f\u00f8r. Vicente vokste opp i Paris, dit bestefaren hans dro i eksil etter statskuppet til Pinochet i 1973. Da en storm bryter ut, blir veien stengt, og de treblir isolert. Sammen med dem er ogs\u00e5 Pedros datter, 16 \u00e5r gamle Rebeca. En urovekkende f\u00f8lelse av at ting ikke er som de skal v\u00e6re, brer seg i huset. Har Vicente skjulte motiver for bes\u00f8ket? Og har den dramatiske oppveksten til Ana p\u00e5virket virkelighetsforst\u00e5elsen hennes? Snart stiger dystre familiehemmeligheter til overflaten.<\/p>\n","protected":false},"excerpt":{"rendered":"<p>Psykologisk thriller om hvordan traumer kan p\u00e5virke familierelasjoner i generasjoner. Ekteparet Ana og Pedro har nettopp f\u00e5tt bes\u00f8k av Anas nev\u00f8 Vicente i sitt hjem ved foten av Andesfjellene. De har aldri m\u00f8tt ham f\u00f8r. Vicente vokste opp i Paris, dit bestefaren hans dro i eksil etter statskuppet til Pinochet i 1973. Da en storm [&hellip;]<\/p>\n","protected":false},"featured_media":29806,"template":"","meta":{"_acf_changed":false,"inline_featured_image":false},"product_brand":[],"product_cat":[1778],"product_tag":[370],"class_list":{"0":"post-29807","1":"product","2":"type-product","3":"status-publish","4":"has-post-thumbnail","6":"product_cat-fastpris","7":"product_tag-skjonnlitteratur","9":"first","10":"instock","11":"purchasable","12":"product-type-simple"},"acf":{"anmeldelse":[{"tekst_anmeldelser":"\"Det psykologiske portrettet av Ana er n\u00e6rg\u00e5ende og komplekst, med et skjult aspekt som mot slutten av romanen setter hele handlingen i et nytt lys. Det viser en dyp innsikt i traumepsykologi og inviterer til \u00e5 bla bakover, lese partier igjen, forst\u00e5 p\u00e5 nytt. ... 'Det g\u00e5r over' er en klok bok.\"","av_anmeldelser":"Silje Bekeng-Flemmen","terningkast":false,"kilde":"Klassekampen"},{"tekst_anmeldelser":"\"Carrascos psykologiske roman (framst\u00e5r) som eit viktig p\u00e5minning og bodskap til alle dei av oss som i ei mangfaldig, traumatisk og kompleks samtid, slit med \u00e5 vere seg sj\u00f8lv.\"","av_anmeldelser":"Rolv N\u00f8tvik Jakobsen","terningkast":false,"kilde":"V\u00e5rt Land"},{"tekst_anmeldelser":"\u00abEn fortelling om \u00e5 leve i eksil som dykker ned i begj\u00e6ret og uroen til karakterene p\u00e5 poetisk vis\u00bb","av_anmeldelser":"El Mostrador Cultura","terningkast":false,"kilde":"El Mostrador Cultura"},{"tekst_anmeldelser":"\u00abs\u00e5 gripende at ord som tilgivelse, glemsel og forsoning mister all mening. Forfatteren vever historie, minner og levd liv sammen p\u00e5 effektivt vis. ... I dag er en roman som dette essensiell lesning.\u00bb","av_anmeldelser":"Las \u00daltimas Noticias","terningkast":false,"kilde":"Las \u00daltimas Noticias"},{"tekst_anmeldelser":"\u00abDen siste boka til Paula Carrasco kjennes n\u00f8dvendig. Den f\u00e5r oss til \u00e5 reflektere, til \u00e5 stille sp\u00f8rsm\u00e5l, til \u00e5 bli mer medf\u00f8lende og empatiske.\u00bb","av_anmeldelser":"Radio B\u00edo-B\u00edo","terningkast":false,"kilde":"Radio B\u00edo-B\u00edo"},{"tekst_anmeldelser":"\u00abEt halvt hundre\u00e5r etter kuppet (til Pinochet) gir Paula Carrasco oss et unikt og n\u00f8dvendig blikk p\u00e5 det nasjonale minnearbeidet.\u00bb","av_anmeldelser":"Zancada Magazine","terningkast":false,"kilde":"Zancada Magazine"},{"tekst_anmeldelser":"\u00abEn rik, modig og verdifull roman\u00bb","av_anmeldelser":"Radio Duns","terningkast":false,"kilde":"Radio Duns"}]},"yoast_head":"<!-- This site is optimized with the Yoast SEO plugin v26.6 - https:\/\/yoast.com\/wordpress\/plugins\/seo\/ -->\n<title>Det g\u00e5r over - Pax<\/title>\n<meta name=\"robots\" content=\"noindex, follow, max-snippet:-1, max-image-preview:large, max-video-preview:-1\" \/>\n<meta property=\"og:locale\" content=\"nb_NO\" \/>\n<meta property=\"og:type\" content=\"article\" \/>\n<meta property=\"og:title\" content=\"Det g\u00e5r over - Pax\" \/>\n<meta property=\"og:description\" content=\"Psykologisk thriller om hvordan traumer kan p\u00e5virke familierelasjoner i generasjoner. Ekteparet Ana og Pedro har nettopp f\u00e5tt bes\u00f8k av Anas nev\u00f8 Vicente i sitt hjem ved foten av Andesfjellene. De har aldri m\u00f8tt ham f\u00f8r. Vicente vokste opp i Paris, dit bestefaren hans dro i eksil etter statskuppet til Pinochet i 1973. Da en storm [&hellip;]\" \/>\n<meta property=\"og:url\" content=\"https:\/\/staging.forenteforlag.no\/pax\/produkt\/det-gar-over\/\" \/>\n<meta property=\"og:site_name\" content=\"Pax\" \/>\n<meta property=\"article:modified_time\" content=\"2026-03-03T22:21:01+00:00\" \/>\n<meta property=\"og:image\" content=\"https:\/\/staging.forenteforlag.no\/pax\/wp-content\/uploads\/sites\/5\/2026\/01\/jpg-5-scaled.jpg\" \/>\n\t<meta property=\"og:image:width\" content=\"1228\" \/>\n\t<meta property=\"og:image:height\" content=\"1920\" \/>\n\t<meta property=\"og:image:type\" content=\"image\/jpeg\" \/>\n<meta name=\"twitter:card\" content=\"summary_large_image\" \/>\n<meta name=\"twitter:label1\" content=\"Ansl. lesetid\" \/>\n\t<meta name=\"twitter:data1\" content=\"2 minutter\" \/>\n<script type=\"application\/ld+json\" class=\"yoast-schema-graph\">{\"@context\":\"https:\/\/schema.org\",\"@graph\":[{\"@type\":\"WebPage\",\"@id\":\"https:\/\/staging.forenteforlag.no\/pax\/produkt\/det-gar-over\/\",\"url\":\"https:\/\/staging.forenteforlag.no\/pax\/produkt\/det-gar-over\/\",\"name\":\"Det g\u00e5r over - Pax\",\"isPartOf\":{\"@id\":\"https:\/\/staging.forenteforlag.no\/pax\/#website\"},\"primaryImageOfPage\":{\"@id\":\"https:\/\/staging.forenteforlag.no\/pax\/produkt\/det-gar-over\/#primaryimage\"},\"image\":{\"@id\":\"https:\/\/staging.forenteforlag.no\/pax\/produkt\/det-gar-over\/#primaryimage\"},\"thumbnailUrl\":\"https:\/\/staging.forenteforlag.no\/pax\/wp-content\/uploads\/sites\/5\/2026\/01\/jpg-5-scaled.jpg\",\"datePublished\":\"2026-02-05T04:09:06+00:00\",\"dateModified\":\"2026-03-03T22:21:01+00:00\",\"breadcrumb\":{\"@id\":\"https:\/\/staging.forenteforlag.no\/pax\/produkt\/det-gar-over\/#breadcrumb\"},\"inLanguage\":\"nb-NO\",\"potentialAction\":[{\"@type\":\"ReadAction\",\"target\":[\"https:\/\/staging.forenteforlag.no\/pax\/produkt\/det-gar-over\/\"]}]},{\"@type\":\"ImageObject\",\"inLanguage\":\"nb-NO\",\"@id\":\"https:\/\/staging.forenteforlag.no\/pax\/produkt\/det-gar-over\/#primaryimage\",\"url\":\"https:\/\/staging.forenteforlag.no\/pax\/wp-content\/uploads\/sites\/5\/2026\/01\/jpg-5-scaled.jpg\",\"contentUrl\":\"https:\/\/staging.forenteforlag.no\/pax\/wp-content\/uploads\/sites\/5\/2026\/01\/jpg-5-scaled.jpg\",\"width\":1228,\"height\":1920},{\"@type\":\"BreadcrumbList\",\"@id\":\"https:\/\/staging.forenteforlag.no\/pax\/produkt\/det-gar-over\/#breadcrumb\",\"itemListElement\":[{\"@type\":\"ListItem\",\"position\":1,\"name\":\"Hjem\",\"item\":\"https:\/\/staging.forenteforlag.no\/pax\/\"},{\"@type\":\"ListItem\",\"position\":2,\"name\":\"Alle b\u00f8ker\",\"item\":\"https:\/\/staging.forenteforlag.no\/pax\/butikk\/\"},{\"@type\":\"ListItem\",\"position\":3,\"name\":\"Det g\u00e5r over\"}]},{\"@type\":\"WebSite\",\"@id\":\"https:\/\/staging.forenteforlag.no\/pax\/#website\",\"url\":\"https:\/\/staging.forenteforlag.no\/pax\/\",\"name\":\"Pax\",\"description\":\"\",\"potentialAction\":[{\"@type\":\"SearchAction\",\"target\":{\"@type\":\"EntryPoint\",\"urlTemplate\":\"https:\/\/staging.forenteforlag.no\/pax\/?s={search_term_string}\"},\"query-input\":{\"@type\":\"PropertyValueSpecification\",\"valueRequired\":true,\"valueName\":\"search_term_string\"}}],\"inLanguage\":\"nb-NO\"}]}<\/script>\n<!-- \/ Yoast SEO plugin. -->","yoast_head_json":{"title":"Det g\u00e5r over - Pax","robots":{"index":"noindex","follow":"follow","max-snippet":"max-snippet:-1","max-image-preview":"max-image-preview:large","max-video-preview":"max-video-preview:-1"},"og_locale":"nb_NO","og_type":"article","og_title":"Det g\u00e5r over - Pax","og_description":"Psykologisk thriller om hvordan traumer kan p\u00e5virke familierelasjoner i generasjoner. Ekteparet Ana og Pedro har nettopp f\u00e5tt bes\u00f8k av Anas nev\u00f8 Vicente i sitt hjem ved foten av Andesfjellene. De har aldri m\u00f8tt ham f\u00f8r. Vicente vokste opp i Paris, dit bestefaren hans dro i eksil etter statskuppet til Pinochet i 1973. Da en storm [&hellip;]","og_url":"https:\/\/staging.forenteforlag.no\/pax\/produkt\/det-gar-over\/","og_site_name":"Pax","article_modified_time":"2026-03-03T22:21:01+00:00","og_image":[{"width":1228,"height":1920,"url":"https:\/\/staging.forenteforlag.no\/pax\/wp-content\/uploads\/sites\/5\/2026\/01\/jpg-5-scaled.jpg","type":"image\/jpeg"}],"twitter_card":"summary_large_image","twitter_misc":{"Ansl. lesetid":"2 minutter"},"schema":{"@context":"https:\/\/schema.org","@graph":[{"@type":"WebPage","@id":"https:\/\/staging.forenteforlag.no\/pax\/produkt\/det-gar-over\/","url":"https:\/\/staging.forenteforlag.no\/pax\/produkt\/det-gar-over\/","name":"Det g\u00e5r over - Pax","isPartOf":{"@id":"https:\/\/staging.forenteforlag.no\/pax\/#website"},"primaryImageOfPage":{"@id":"https:\/\/staging.forenteforlag.no\/pax\/produkt\/det-gar-over\/#primaryimage"},"image":{"@id":"https:\/\/staging.forenteforlag.no\/pax\/produkt\/det-gar-over\/#primaryimage"},"thumbnailUrl":"https:\/\/staging.forenteforlag.no\/pax\/wp-content\/uploads\/sites\/5\/2026\/01\/jpg-5-scaled.jpg","datePublished":"2026-02-05T04:09:06+00:00","dateModified":"2026-03-03T22:21:01+00:00","breadcrumb":{"@id":"https:\/\/staging.forenteforlag.no\/pax\/produkt\/det-gar-over\/#breadcrumb"},"inLanguage":"nb-NO","potentialAction":[{"@type":"ReadAction","target":["https:\/\/staging.forenteforlag.no\/pax\/produkt\/det-gar-over\/"]}]},{"@type":"ImageObject","inLanguage":"nb-NO","@id":"https:\/\/staging.forenteforlag.no\/pax\/produkt\/det-gar-over\/#primaryimage","url":"https:\/\/staging.forenteforlag.no\/pax\/wp-content\/uploads\/sites\/5\/2026\/01\/jpg-5-scaled.jpg","contentUrl":"https:\/\/staging.forenteforlag.no\/pax\/wp-content\/uploads\/sites\/5\/2026\/01\/jpg-5-scaled.jpg","width":1228,"height":1920},{"@type":"BreadcrumbList","@id":"https:\/\/staging.forenteforlag.no\/pax\/produkt\/det-gar-over\/#breadcrumb","itemListElement":[{"@type":"ListItem","position":1,"name":"Hjem","item":"https:\/\/staging.forenteforlag.no\/pax\/"},{"@type":"ListItem","position":2,"name":"Alle b\u00f8ker","item":"https:\/\/staging.forenteforlag.no\/pax\/butikk\/"},{"@type":"ListItem","position":3,"name":"Det g\u00e5r over"}]},{"@type":"WebSite","@id":"https:\/\/staging.forenteforlag.no\/pax\/#website","url":"https:\/\/staging.forenteforlag.no\/pax\/","name":"Pax","description":"","potentialAction":[{"@type":"SearchAction","target":{"@type":"EntryPoint","urlTemplate":"https:\/\/staging.forenteforlag.no\/pax\/?s={search_term_string}"},"query-input":{"@type":"PropertyValueSpecification","valueRequired":true,"valueName":"search_term_string"}}],"inLanguage":"nb-NO"}]}},"_links":{"self":[{"href":"https:\/\/staging.forenteforlag.no\/pax\/wp-json\/wp\/v2\/product\/29807","targetHints":{"allow":["GET"]}}],"collection":[{"href":"https:\/\/staging.forenteforlag.no\/pax\/wp-json\/wp\/v2\/product"}],"about":[{"href":"https:\/\/staging.forenteforlag.no\/pax\/wp-json\/wp\/v2\/types\/product"}],"wp:featuredmedia":[{"embeddable":true,"href":"https:\/\/staging.forenteforlag.no\/pax\/wp-json\/wp\/v2\/media\/29806"}],"wp:attachment":[{"href":"https:\/\/staging.forenteforlag.no\/pax\/wp-json\/wp\/v2\/media?parent=29807"}],"wp:term":[{"taxonomy":"product_brand","embeddable":true,"href":"https:\/\/staging.forenteforlag.no\/pax\/wp-json\/wp\/v2\/product_brand?post=29807"},{"taxonomy":"product_cat","embeddable":true,"href":"https:\/\/staging.forenteforlag.no\/pax\/wp-json\/wp\/v2\/product_cat?post=29807"},{"taxonomy":"product_tag","embeddable":true,"href":"https:\/\/staging.forenteforlag.no\/pax\/wp-json\/wp\/v2\/product_tag?post=29807"}],"curies":[{"name":"wp","href":"https:\/\/api.w.org\/{rel}","templated":true}]}}

Det går over

<p>Psykologisk thriller om hvordan traumer kan påvirke familierelasjoner i generasjoner. Ekteparet Ana og Pedro har nettopp fått besøk av Anas nevø Vicente i sitt hjem ved foten av Andesfjellene. De har aldri møtt ham før. Vicente vokste opp i Paris, dit bestefaren hans dro i eksil etter statskuppet til Pinochet i 1973. Da en storm bryter ut, blir veien stengt, og de treblir isolert. Sammen med dem er også Pedros datter, 16 år gamle Rebeca. En urovekkende følelse av at ting ikke er som de skal være, brer seg i huset. Har Vicente skjulte motiver for besøket? Og har den dramatiske oppveksten til Ana påvirket virkelighetsforståelsen hennes? Snart stiger dystre familiehemmeligheter til overflaten.</p>

<p>Psykologisk thriller om hvordan traumer kan påvirke familierelasjoner i generasjoner. Ekteparet Ana og Pedro har nettopp fått besøk av Anas nevø Vicente i sitt hjem ved foten av Andesfjellene. De har aldri møtt ham før. Vicente vokste opp i Paris, dit bestefaren hans dro i eksil etter statskuppet til Pinochet i 1973. Da en storm [&hellip;]</p>

"Det psykologiske portrettet av Ana er nærgående og komplekst, med et skjult aspekt som mot slutten av romanen setter hele handlingen i et nytt lys. Det viser en dyp innsikt i traumepsykologi og inviterer til å bla bakover, lese partier igjen, forstå på nytt. ... 'Det går over' er en klok bok."

"Carrascos psykologiske roman (framstår) som eit viktig påminning og bodskap til alle dei av oss som i ei mangfaldig, traumatisk og kompleks samtid, slit med å vere seg sjølv."

Rolv Nøtvik Jakobsen

Vårt Land

«En fortelling om å leve i eksil som dykker ned i begjæret og uroen til karakterene på poetisk vis»

«så gripende at ord som tilgivelse, glemsel og forsoning mister all mening. Forfatteren vever historie, minner og levd liv sammen på effektivt vis. ... I dag er en roman som dette essensiell lesning.»

Las Últimas Noticias

«Den siste boka til Paula Carrasco kjennes nødvendig. Den får oss til å reflektere, til å stille spørsmål, til å bli mer medfølende og empatiske.»

Radio Bío-Bío

«Et halvt hundreår etter kuppet (til Pinochet) gir Paula Carrasco oss et unikt og nødvendig blikk på det nasjonale minnearbeidet.»

<!-- This site is optimized with the Yoast SEO plugin v26.6 - https://yoast.com/wordpress/plugins/seo/ -->
<title>Det går over - Pax</title>
<meta name="robots" content="noindex, follow, max-snippet:-1, max-image-preview:large, max-video-preview:-1" />
<meta property="og:locale" content="nb_NO" />
<meta property="og:type" content="article" />
<meta property="og:title" content="Det går over - Pax" />
<meta property="og:description" content="Psykologisk thriller om hvordan traumer kan påvirke familierelasjoner i generasjoner. Ekteparet Ana og Pedro har nettopp fått besøk av Anas nevø Vicente i sitt hjem ved foten av Andesfjellene. De har aldri møtt ham før. Vicente vokste opp i Paris, dit bestefaren hans dro i eksil etter statskuppet til Pinochet i 1973. Da en storm [&hellip;]" />
<meta property="og:url" content="https://staging.forenteforlag.no/pax/produkt/det-gar-over/" />
<meta property="og:site_name" content="Pax" />
<meta property="article:modified_time" content="2026-03-03T22:21:01+00:00" />
<meta property="og:image" content="https://staging.forenteforlag.no/pax/wp-content/uploads/sites/5/2026/01/jpg-5-scaled.jpg" />
	<meta property="og:image:width" content="1228" />
	<meta property="og:image:height" content="1920" />
	<meta property="og:image:type" content="image/jpeg" />
<meta name="twitter:card" content="summary_large_image" />
<meta name="twitter:label1" content="Ansl. lesetid" />
	<meta name="twitter:data1" content="2 minutter" />
<script type="application/ld+json" class="yoast-schema-graph">{"@context":"https://schema.org","@graph":[{"@type":"WebPage","@id":"https://staging.forenteforlag.no/pax/produkt/det-gar-over/","url":"https://staging.forenteforlag.no/pax/produkt/det-gar-over/","name":"Det går over - Pax","isPartOf":{"@id":"https://staging.forenteforlag.no/pax/#website"},"primaryImageOfPage":{"@id":"https://staging.forenteforlag.no/pax/produkt/det-gar-over/#primaryimage"},"image":{"@id":"https://staging.forenteforlag.no/pax/produkt/det-gar-over/#primaryimage"},"thumbnailUrl":"https://staging.forenteforlag.no/pax/wp-content/uploads/sites/5/2026/01/jpg-5-scaled.jpg","datePublished":"2026-02-05T04:09:06+00:00","dateModified":"2026-03-03T22:21:01+00:00","breadcrumb":{"@id":"https://staging.forenteforlag.no/pax/produkt/det-gar-over/#breadcrumb"},"inLanguage":"nb-NO","potentialAction":[{"@type":"ReadAction","target":["https://staging.forenteforlag.no/pax/produkt/det-gar-over/"]}]},{"@type":"ImageObject","inLanguage":"nb-NO","@id":"https://staging.forenteforlag.no/pax/produkt/det-gar-over/#primaryimage","url":"https://staging.forenteforlag.no/pax/wp-content/uploads/sites/5/2026/01/jpg-5-scaled.jpg","contentUrl":"https://staging.forenteforlag.no/pax/wp-content/uploads/sites/5/2026/01/jpg-5-scaled.jpg","width":1228,"height":1920},{"@type":"BreadcrumbList","@id":"https://staging.forenteforlag.no/pax/produkt/det-gar-over/#breadcrumb","itemListElement":[{"@type":"ListItem","position":1,"name":"Hjem","item":"https://staging.forenteforlag.no/pax/"},{"@type":"ListItem","position":2,"name":"Alle bøker","item":"https://staging.forenteforlag.no/pax/butikk/"},{"@type":"ListItem","position":3,"name":"Det går over"}]},{"@type":"WebSite","@id":"https://staging.forenteforlag.no/pax/#website","url":"https://staging.forenteforlag.no/pax/","name":"Pax","description":"","potentialAction":[{"@type":"SearchAction","target":{"@type":"EntryPoint","urlTemplate":"https://staging.forenteforlag.no/pax/?s={search_term_string}"},"query-input":{"@type":"PropertyValueSpecification","valueRequired":true,"valueName":"search_term_string"}}],"inLanguage":"nb-NO"}]}</script>
<!-- / Yoast SEO plugin. -->

Det går over - Pax

Psykologisk thriller om hvordan traumer kan påvirke familierelasjoner i generasjoner. Ekteparet Ana og Pedro har nettopp fått besøk av Anas nevø Vicente i sitt hjem ved foten av Andesfjellene. De har aldri møtt ham før. Vicente vokste opp i Paris, dit bestefaren hans dro i eksil etter statskuppet til Pinochet i 1973. Da en storm [&hellip;]

Alle bøker
