{"id":27165,"date":"2023-01-11T02:10:54","date_gmt":"2023-01-11T01:10:54","guid":{"rendered":"https:\/\/pax.no\/produkt\/yrke-forfatter-3\/"},"modified":"2026-03-03T23:12:02","modified_gmt":"2026-03-03T22:12:02","slug":"yrke-forfatter-3","status":"publish","type":"product","link":"https:\/\/staging.forenteforlag.no\/pax\/produkt\/yrke-forfatter-3\/","title":{"rendered":"Yrke forfatter"},"content":{"rendered":"<p>Hvordan skaper Haruki Murakami magi? I Yrke forfatter trer den personlige Murakami frem og forteller om sin vei inn i diktningen og hvordan han klarte \u00e5 utvikle et skj\u00f8nnlitter\u00e6rt forfatterskap som har blitt et av verdens mest anerkjente. Her kan du blant annet lese om da Murakami bes\u00f8kte Oslo i 2010 og hans arbeid med \u00e5 oversette Dag Solstad til japansk. <\/p>\n<p>&laquo;N\u00e5r jeg f\u00e5r sp\u00f8rsm\u00e5l fra unge mennesker, lurer de ofte p\u00e5 hva som kreves for \u00e5 bli forfatter, hva slags utdannelse man b\u00f8r velge og hvilke erfaringer man b\u00f8r ha. De samme sp\u00f8rsm\u00e5lene gjentar seg uansett hvor i verden jeg m\u00e5tte befinne meg. <\/p>\n<p>N\u00e5r jeg m\u00f8ter disse unge menneskene som \u00f8nsker r\u00e5d for \u00e5 l\u00e6re seg \u00e5 bli forfatter, s\u00e5 kan jeg bare gi dem det samme svaret: Jeg har ingen anelse. Og nettopp derfor har jeg fors\u00f8kt \u00e5 n\u00e6rme meg sp\u00f8rsm\u00e5let p\u00e5 en slik m\u00e5te at jeg kan komme med et svar. <\/p>\n<p>Her er svaret. &laquo;<\/p>\n","protected":false},"excerpt":{"rendered":"<p>Hvordan skaper Haruki Murakami magi? I Yrke forfatter trer den personlige Murakami frem og forteller om sin vei inn i diktningen og hvordan han klarte \u00e5 utvikle et skj\u00f8nnlitter\u00e6rt forfatterskap som har blitt et av verdens mest anerkjente. Her kan du blant annet lese om da Murakami bes\u00f8kte Oslo i 2010 og hans arbeid med [&hellip;]<\/p>\n","protected":false},"featured_media":28938,"template":"","meta":{"_acf_changed":false,"inline_featured_image":false},"product_brand":[],"product_cat":[1782],"product_tag":[362,413,1740,383],"class_list":{"0":"post-27165","1":"product","2":"type-product","3":"status-publish","4":"has-post-thumbnail","6":"product_cat-fripris","7":"product_tag-faglitteratur","8":"product_tag-forfattere","9":"product_tag-hverdagsbetraktninger","10":"product_tag-personlige-beretninger","12":"first","13":"instock","14":"shipping-taxable","15":"purchasable","16":"product-type-simple"},"acf":{"anmeldelse":[{"tekst_anmeldelser":"\u00abHaruki Murakami gir bedre r\u00e5d for skrivende enn de mest sylskarpe litteraturkritikere . Boka er b\u00e5de sv\u00e6rt underholdende og l\u00e6rerik . Murakamis upretensi\u00f8se og lavskuldrede r\u00e5d til andre skrivende er, vil jeg tro, langt mer verdt enn et bibliotek av h\u00f8yt","av_anmeldelser":"Kjetil R\u00f8ed","terningkast":false,"kilde":"V\u00e5rt Land"},{"tekst_anmeldelser":"\u00abHan byr p\u00e5 kostelige anekdoter og skriver om rutiner, om film, l\u00f8ping, lesing, originalitet, musikk og improvisasjon . Det er ikke altfor ofte at en forfatter av Murakamis format i detalj utbroderer metoder og tanker p\u00e5 en s\u00e5 upretensi\u00f8s og rett frem m\u00e5t","av_anmeldelser":"Erlend Loe","terningkast":false,"kilde":"Aftenposten"}]},"yoast_head":"<!-- This site is optimized with the Yoast SEO plugin v26.6 - https:\/\/yoast.com\/wordpress\/plugins\/seo\/ -->\n<title>Yrke forfatter - Pax<\/title>\n<meta name=\"robots\" content=\"noindex, follow, max-snippet:-1, max-image-preview:large, max-video-preview:-1\" \/>\n<meta property=\"og:locale\" content=\"nb_NO\" \/>\n<meta property=\"og:type\" content=\"article\" \/>\n<meta property=\"og:title\" content=\"Yrke forfatter - Pax\" \/>\n<meta property=\"og:description\" content=\"Hvordan skaper Haruki Murakami magi? I Yrke forfatter trer den personlige Murakami frem og forteller om sin vei inn i diktningen og hvordan han klarte \u00e5 utvikle et skj\u00f8nnlitter\u00e6rt forfatterskap som har blitt et av verdens mest anerkjente. Her kan du blant annet lese om da Murakami bes\u00f8kte Oslo i 2010 og hans arbeid med [&hellip;]\" \/>\n<meta property=\"og:url\" content=\"https:\/\/staging.forenteforlag.no\/pax\/produkt\/yrke-forfatter-3\/\" \/>\n<meta property=\"og:site_name\" content=\"Pax\" \/>\n<meta property=\"article:modified_time\" content=\"2026-03-03T22:12:02+00:00\" \/>\n<meta property=\"og:image\" content=\"https:\/\/staging.forenteforlag.no\/pax\/wp-content\/uploads\/sites\/5\/2025\/08\/jpg-8406-scaled.jpg\" \/>\n\t<meta property=\"og:image:width\" content=\"1230\" \/>\n\t<meta property=\"og:image:height\" content=\"1920\" \/>\n\t<meta property=\"og:image:type\" content=\"image\/jpeg\" \/>\n<meta name=\"twitter:card\" content=\"summary_large_image\" \/>\n<meta name=\"twitter:label1\" content=\"Ansl. lesetid\" \/>\n\t<meta name=\"twitter:data1\" content=\"1 minutt\" \/>\n<script type=\"application\/ld+json\" class=\"yoast-schema-graph\">{\"@context\":\"https:\/\/schema.org\",\"@graph\":[{\"@type\":\"WebPage\",\"@id\":\"https:\/\/staging.forenteforlag.no\/pax\/produkt\/yrke-forfatter-3\/\",\"url\":\"https:\/\/staging.forenteforlag.no\/pax\/produkt\/yrke-forfatter-3\/\",\"name\":\"Yrke forfatter - Pax\",\"isPartOf\":{\"@id\":\"https:\/\/staging.forenteforlag.no\/pax\/#website\"},\"primaryImageOfPage\":{\"@id\":\"https:\/\/staging.forenteforlag.no\/pax\/produkt\/yrke-forfatter-3\/#primaryimage\"},\"image\":{\"@id\":\"https:\/\/staging.forenteforlag.no\/pax\/produkt\/yrke-forfatter-3\/#primaryimage\"},\"thumbnailUrl\":\"https:\/\/staging.forenteforlag.no\/pax\/wp-content\/uploads\/sites\/5\/2025\/08\/jpg-8406-scaled.jpg\",\"datePublished\":\"2023-01-11T01:10:54+00:00\",\"dateModified\":\"2026-03-03T22:12:02+00:00\",\"breadcrumb\":{\"@id\":\"https:\/\/staging.forenteforlag.no\/pax\/produkt\/yrke-forfatter-3\/#breadcrumb\"},\"inLanguage\":\"nb-NO\",\"potentialAction\":[{\"@type\":\"ReadAction\",\"target\":[\"https:\/\/staging.forenteforlag.no\/pax\/produkt\/yrke-forfatter-3\/\"]}]},{\"@type\":\"ImageObject\",\"inLanguage\":\"nb-NO\",\"@id\":\"https:\/\/staging.forenteforlag.no\/pax\/produkt\/yrke-forfatter-3\/#primaryimage\",\"url\":\"https:\/\/staging.forenteforlag.no\/pax\/wp-content\/uploads\/sites\/5\/2025\/08\/jpg-8406-scaled.jpg\",\"contentUrl\":\"https:\/\/staging.forenteforlag.no\/pax\/wp-content\/uploads\/sites\/5\/2025\/08\/jpg-8406-scaled.jpg\",\"width\":1230,\"height\":1920},{\"@type\":\"BreadcrumbList\",\"@id\":\"https:\/\/staging.forenteforlag.no\/pax\/produkt\/yrke-forfatter-3\/#breadcrumb\",\"itemListElement\":[{\"@type\":\"ListItem\",\"position\":1,\"name\":\"Hjem\",\"item\":\"https:\/\/staging.forenteforlag.no\/pax\/\"},{\"@type\":\"ListItem\",\"position\":2,\"name\":\"Alle b\u00f8ker\",\"item\":\"https:\/\/staging.forenteforlag.no\/pax\/butikk\/\"},{\"@type\":\"ListItem\",\"position\":3,\"name\":\"Yrke forfatter\"}]},{\"@type\":\"WebSite\",\"@id\":\"https:\/\/staging.forenteforlag.no\/pax\/#website\",\"url\":\"https:\/\/staging.forenteforlag.no\/pax\/\",\"name\":\"Pax\",\"description\":\"\",\"potentialAction\":[{\"@type\":\"SearchAction\",\"target\":{\"@type\":\"EntryPoint\",\"urlTemplate\":\"https:\/\/staging.forenteforlag.no\/pax\/?s={search_term_string}\"},\"query-input\":{\"@type\":\"PropertyValueSpecification\",\"valueRequired\":true,\"valueName\":\"search_term_string\"}}],\"inLanguage\":\"nb-NO\"}]}<\/script>\n<!-- \/ Yoast SEO plugin. -->","yoast_head_json":{"title":"Yrke forfatter - Pax","robots":{"index":"noindex","follow":"follow","max-snippet":"max-snippet:-1","max-image-preview":"max-image-preview:large","max-video-preview":"max-video-preview:-1"},"og_locale":"nb_NO","og_type":"article","og_title":"Yrke forfatter - Pax","og_description":"Hvordan skaper Haruki Murakami magi? I Yrke forfatter trer den personlige Murakami frem og forteller om sin vei inn i diktningen og hvordan han klarte \u00e5 utvikle et skj\u00f8nnlitter\u00e6rt forfatterskap som har blitt et av verdens mest anerkjente. Her kan du blant annet lese om da Murakami bes\u00f8kte Oslo i 2010 og hans arbeid med [&hellip;]","og_url":"https:\/\/staging.forenteforlag.no\/pax\/produkt\/yrke-forfatter-3\/","og_site_name":"Pax","article_modified_time":"2026-03-03T22:12:02+00:00","og_image":[{"width":1230,"height":1920,"url":"https:\/\/staging.forenteforlag.no\/pax\/wp-content\/uploads\/sites\/5\/2025\/08\/jpg-8406-scaled.jpg","type":"image\/jpeg"}],"twitter_card":"summary_large_image","twitter_misc":{"Ansl. lesetid":"1 minutt"},"schema":{"@context":"https:\/\/schema.org","@graph":[{"@type":"WebPage","@id":"https:\/\/staging.forenteforlag.no\/pax\/produkt\/yrke-forfatter-3\/","url":"https:\/\/staging.forenteforlag.no\/pax\/produkt\/yrke-forfatter-3\/","name":"Yrke forfatter - Pax","isPartOf":{"@id":"https:\/\/staging.forenteforlag.no\/pax\/#website"},"primaryImageOfPage":{"@id":"https:\/\/staging.forenteforlag.no\/pax\/produkt\/yrke-forfatter-3\/#primaryimage"},"image":{"@id":"https:\/\/staging.forenteforlag.no\/pax\/produkt\/yrke-forfatter-3\/#primaryimage"},"thumbnailUrl":"https:\/\/staging.forenteforlag.no\/pax\/wp-content\/uploads\/sites\/5\/2025\/08\/jpg-8406-scaled.jpg","datePublished":"2023-01-11T01:10:54+00:00","dateModified":"2026-03-03T22:12:02+00:00","breadcrumb":{"@id":"https:\/\/staging.forenteforlag.no\/pax\/produkt\/yrke-forfatter-3\/#breadcrumb"},"inLanguage":"nb-NO","potentialAction":[{"@type":"ReadAction","target":["https:\/\/staging.forenteforlag.no\/pax\/produkt\/yrke-forfatter-3\/"]}]},{"@type":"ImageObject","inLanguage":"nb-NO","@id":"https:\/\/staging.forenteforlag.no\/pax\/produkt\/yrke-forfatter-3\/#primaryimage","url":"https:\/\/staging.forenteforlag.no\/pax\/wp-content\/uploads\/sites\/5\/2025\/08\/jpg-8406-scaled.jpg","contentUrl":"https:\/\/staging.forenteforlag.no\/pax\/wp-content\/uploads\/sites\/5\/2025\/08\/jpg-8406-scaled.jpg","width":1230,"height":1920},{"@type":"BreadcrumbList","@id":"https:\/\/staging.forenteforlag.no\/pax\/produkt\/yrke-forfatter-3\/#breadcrumb","itemListElement":[{"@type":"ListItem","position":1,"name":"Hjem","item":"https:\/\/staging.forenteforlag.no\/pax\/"},{"@type":"ListItem","position":2,"name":"Alle b\u00f8ker","item":"https:\/\/staging.forenteforlag.no\/pax\/butikk\/"},{"@type":"ListItem","position":3,"name":"Yrke forfatter"}]},{"@type":"WebSite","@id":"https:\/\/staging.forenteforlag.no\/pax\/#website","url":"https:\/\/staging.forenteforlag.no\/pax\/","name":"Pax","description":"","potentialAction":[{"@type":"SearchAction","target":{"@type":"EntryPoint","urlTemplate":"https:\/\/staging.forenteforlag.no\/pax\/?s={search_term_string}"},"query-input":{"@type":"PropertyValueSpecification","valueRequired":true,"valueName":"search_term_string"}}],"inLanguage":"nb-NO"}]}},"_links":{"self":[{"href":"https:\/\/staging.forenteforlag.no\/pax\/wp-json\/wp\/v2\/product\/27165","targetHints":{"allow":["GET"]}}],"collection":[{"href":"https:\/\/staging.forenteforlag.no\/pax\/wp-json\/wp\/v2\/product"}],"about":[{"href":"https:\/\/staging.forenteforlag.no\/pax\/wp-json\/wp\/v2\/types\/product"}],"wp:featuredmedia":[{"embeddable":true,"href":"https:\/\/staging.forenteforlag.no\/pax\/wp-json\/wp\/v2\/media\/28938"}],"wp:attachment":[{"href":"https:\/\/staging.forenteforlag.no\/pax\/wp-json\/wp\/v2\/media?parent=27165"}],"wp:term":[{"taxonomy":"product_brand","embeddable":true,"href":"https:\/\/staging.forenteforlag.no\/pax\/wp-json\/wp\/v2\/product_brand?post=27165"},{"taxonomy":"product_cat","embeddable":true,"href":"https:\/\/staging.forenteforlag.no\/pax\/wp-json\/wp\/v2\/product_cat?post=27165"},{"taxonomy":"product_tag","embeddable":true,"href":"https:\/\/staging.forenteforlag.no\/pax\/wp-json\/wp\/v2\/product_tag?post=27165"}],"curies":[{"name":"wp","href":"https:\/\/api.w.org\/{rel}","templated":true}]}}