{"id":25952,"date":"2025-12-08T08:24:24","date_gmt":"2025-12-08T07:24:24","guid":{"rendered":"https:\/\/pax.no\/produkt\/hva-skjer-med-verden\/"},"modified":"2026-02-09T05:36:47","modified_gmt":"2026-02-09T04:36:47","slug":"hva-skjer-med-verden","status":"publish","type":"product","link":"https:\/\/staging.forenteforlag.no\/pax\/produkt\/hva-skjer-med-verden\/","title":{"rendered":"Hva skjer med verden?"},"content":{"rendered":"<p>\u00abVi har mistet den sikkerhetsgarantien som l\u00e5 i kraftig amerikansk n\u00e6rv\u00e6r i Europa. Den kommer ikke igjen\u00bb, skriver Neumann i <em>Hva skjer med verden? Norge mellom stormaktene<\/em>. Br\u00e5tt st\u00e5r vi overfor en ny verdensorden, og det vil koste dyrt \u00e5 forsvare de liberale verdiene som demokrati og frihandel fremover. Denne boka gir deg innsikt i hvordan stormaktene tenker og handler og Norges rolle mellom USA, Russland, Kina og EU. Hva kan og b\u00f8r Norge gj\u00f8re?<br \/>&nbsp;<\/p>\n","protected":false},"excerpt":{"rendered":"<p>\u00abVi har mistet den sikkerhetsgarantien som l\u00e5 i kraftig amerikansk n\u00e6rv\u00e6r i Europa. Den kommer ikke igjen\u00bb, skriver Neumann i Hva skjer med verden? Norge mellom stormaktene. Br\u00e5tt st\u00e5r vi overfor en ny verdensorden, og det vil koste dyrt \u00e5 forsvare de liberale verdiene som demokrati og frihandel fremover. Denne boka gir deg innsikt i [&hellip;]<\/p>\n","protected":false},"featured_media":29557,"template":"","meta":{"_acf_changed":false,"inline_featured_image":false},"product_brand":[],"product_cat":[32],"product_tag":[362],"class_list":{"0":"post-25952","1":"product","2":"type-product","3":"status-publish","4":"has-post-thumbnail","6":"product_cat-samfunn-og-politikk","7":"product_tag-faglitteratur","8":"pa_format-innbundet","10":"first","11":"instock","12":"shipping-taxable","13":"purchasable","14":"product-type-simple"},"acf":{"anmeldelse":[{"tekst_anmeldelser":"\u00abGlimrende oppspill til viktig debatt ... M\u00e5ten Iver B. Neumann med noen f\u00e5 streker trekker opp sitt bilde av den internasjonale situasjonen imponerer.\u00bb","av_anmeldelser":"Andreas Wiese","terningkast":"<i class=\"fa-solid fa-dice-five\"><\/i>","kilde":"Dagbladet"},{"tekst_anmeldelser":"\u00abEn rett frem og kunnskapsrik beskrivelse av verdens skjeve gang ... et viktig bidrag til skikkelige utenrikspolitiske diskusjoner om de dilemmaene og kryssende hensynene Norge vil m\u00f8te i \u00e5rene fremover.\u00bb","av_anmeldelser":"Marte Heian-Engdal","terningkast":false,"kilde":"Morgenbladet"},{"tekst_anmeldelser":"\u00abensidigheten, der skillet mellom kunnskapsbasert opplysning og politisk selvmarkering demonstrativt oppheves, (er) ogs\u00e5 bokas forfriskende styrke.\u00bb","av_anmeldelser":"Geir Pollen","terningkast":false,"kilde":"Klassekampen "},{"tekst_anmeldelser":"\u00abNeumann gjev svar som ikkje alltid gjer lesarane rolegare, men dei vert mykje klokare.\u00bb","av_anmeldelser":"Torbj\u00f8rn L. Knutsen","terningkast":false,"kilde":"Dag og Tid"},{"tekst_anmeldelser":"\"en skremmende, god og viktig liten bok ... et utmerket stykke n\u00f8dvendig folkeopplysningslitteratur\"","av_anmeldelser":"B\u00e5rd Larsen","terningkast":false,"kilde":"Civita"},{"tekst_anmeldelser":"\u00aben b\u00e5de nyttig og betimelig bok som ikke b\u00f8r trette ut noen lesere, enten de er skoleelever eller ei. Toneleiet i boka er alvorlig, som den verdenspolitiske situasjonen i disse dager ogs\u00e5 er. Men det er likevel ingen syte-og-klage-bok. Neumanns siste setning er: 'Ingen grunn til \u00e5 gi opp n\u00e5'. Og det har jo aldri v\u00e6rt noe d\u00e5rlig r\u00e5d.\u00bb\u00a0","av_anmeldelser":"Jan-Erik \u00d8stlie","terningkast":false,"kilde":"Fri Fagbevegelse"},{"tekst_anmeldelser":"\"Detaljniv\u00e5et i samtidsanalysen er, til tross for bokens begrensede omfang, sv\u00e6rt godt, og gir oss et behersket overblikk over tingenes tilstand, hva det er som 'skjer med verden'. ... Boken gir et velinformert oppspark til nye m\u00e5ter \u00e5 snakke om Norges samtid og fremtid p\u00e5.\u00bb","av_anmeldelser":"Kjetil Vikene","terningkast":false,"kilde":"Forskerforum"}]},"yoast_head":"<!-- This site is optimized with the Yoast SEO plugin v26.6 - https:\/\/yoast.com\/wordpress\/plugins\/seo\/ -->\n<title>Hva skjer med verden? - Pax<\/title>\n<meta name=\"robots\" content=\"noindex, follow, max-snippet:-1, max-image-preview:large, max-video-preview:-1\" \/>\n<meta property=\"og:locale\" content=\"nb_NO\" \/>\n<meta property=\"og:type\" content=\"article\" \/>\n<meta property=\"og:title\" content=\"Hva skjer med verden? - Pax\" \/>\n<meta property=\"og:description\" content=\"\u00abVi har mistet den sikkerhetsgarantien som l\u00e5 i kraftig amerikansk n\u00e6rv\u00e6r i Europa. Den kommer ikke igjen\u00bb, skriver Neumann i Hva skjer med verden? Norge mellom stormaktene. Br\u00e5tt st\u00e5r vi overfor en ny verdensorden, og det vil koste dyrt \u00e5 forsvare de liberale verdiene som demokrati og frihandel fremover. Denne boka gir deg innsikt i [&hellip;]\" \/>\n<meta property=\"og:url\" content=\"https:\/\/staging.forenteforlag.no\/pax\/produkt\/hva-skjer-med-verden\/\" \/>\n<meta property=\"og:site_name\" content=\"Pax\" \/>\n<meta property=\"article:modified_time\" content=\"2026-02-09T04:36:47+00:00\" \/>\n<meta property=\"og:image\" content=\"https:\/\/staging.forenteforlag.no\/pax\/wp-content\/uploads\/sites\/5\/2025\/08\/Unknown-1-scaled.jpeg\" \/>\n\t<meta property=\"og:image:width\" content=\"1235\" \/>\n\t<meta property=\"og:image:height\" content=\"1920\" \/>\n\t<meta property=\"og:image:type\" content=\"image\/jpeg\" \/>\n<meta name=\"twitter:card\" content=\"summary_large_image\" \/>\n<meta name=\"twitter:label1\" content=\"Ansl. lesetid\" \/>\n\t<meta name=\"twitter:data1\" content=\"1 minutt\" \/>\n<script type=\"application\/ld+json\" class=\"yoast-schema-graph\">{\"@context\":\"https:\/\/schema.org\",\"@graph\":[{\"@type\":\"WebPage\",\"@id\":\"https:\/\/staging.forenteforlag.no\/pax\/produkt\/hva-skjer-med-verden\/\",\"url\":\"https:\/\/staging.forenteforlag.no\/pax\/produkt\/hva-skjer-med-verden\/\",\"name\":\"Hva skjer med verden? - Pax\",\"isPartOf\":{\"@id\":\"https:\/\/staging.forenteforlag.no\/pax\/#website\"},\"primaryImageOfPage\":{\"@id\":\"https:\/\/staging.forenteforlag.no\/pax\/produkt\/hva-skjer-med-verden\/#primaryimage\"},\"image\":{\"@id\":\"https:\/\/staging.forenteforlag.no\/pax\/produkt\/hva-skjer-med-verden\/#primaryimage\"},\"thumbnailUrl\":\"https:\/\/staging.forenteforlag.no\/pax\/wp-content\/uploads\/sites\/5\/2025\/08\/Unknown-1-scaled.jpeg\",\"datePublished\":\"2025-12-08T07:24:24+00:00\",\"dateModified\":\"2026-02-09T04:36:47+00:00\",\"breadcrumb\":{\"@id\":\"https:\/\/staging.forenteforlag.no\/pax\/produkt\/hva-skjer-med-verden\/#breadcrumb\"},\"inLanguage\":\"nb-NO\",\"potentialAction\":[{\"@type\":\"ReadAction\",\"target\":[\"https:\/\/staging.forenteforlag.no\/pax\/produkt\/hva-skjer-med-verden\/\"]}]},{\"@type\":\"ImageObject\",\"inLanguage\":\"nb-NO\",\"@id\":\"https:\/\/staging.forenteforlag.no\/pax\/produkt\/hva-skjer-med-verden\/#primaryimage\",\"url\":\"https:\/\/staging.forenteforlag.no\/pax\/wp-content\/uploads\/sites\/5\/2025\/08\/Unknown-1-scaled.jpeg\",\"contentUrl\":\"https:\/\/staging.forenteforlag.no\/pax\/wp-content\/uploads\/sites\/5\/2025\/08\/Unknown-1-scaled.jpeg\",\"width\":1235,\"height\":1920},{\"@type\":\"BreadcrumbList\",\"@id\":\"https:\/\/staging.forenteforlag.no\/pax\/produkt\/hva-skjer-med-verden\/#breadcrumb\",\"itemListElement\":[{\"@type\":\"ListItem\",\"position\":1,\"name\":\"Hjem\",\"item\":\"https:\/\/staging.forenteforlag.no\/pax\/\"},{\"@type\":\"ListItem\",\"position\":2,\"name\":\"Alle b\u00f8ker\",\"item\":\"https:\/\/staging.forenteforlag.no\/pax\/butikk\/\"},{\"@type\":\"ListItem\",\"position\":3,\"name\":\"Hva skjer med verden?\"}]},{\"@type\":\"WebSite\",\"@id\":\"https:\/\/staging.forenteforlag.no\/pax\/#website\",\"url\":\"https:\/\/staging.forenteforlag.no\/pax\/\",\"name\":\"Pax\",\"description\":\"\",\"potentialAction\":[{\"@type\":\"SearchAction\",\"target\":{\"@type\":\"EntryPoint\",\"urlTemplate\":\"https:\/\/staging.forenteforlag.no\/pax\/?s={search_term_string}\"},\"query-input\":{\"@type\":\"PropertyValueSpecification\",\"valueRequired\":true,\"valueName\":\"search_term_string\"}}],\"inLanguage\":\"nb-NO\"}]}<\/script>\n<!-- \/ Yoast SEO plugin. -->","yoast_head_json":{"title":"Hva skjer med verden? - Pax","robots":{"index":"noindex","follow":"follow","max-snippet":"max-snippet:-1","max-image-preview":"max-image-preview:large","max-video-preview":"max-video-preview:-1"},"og_locale":"nb_NO","og_type":"article","og_title":"Hva skjer med verden? - Pax","og_description":"\u00abVi har mistet den sikkerhetsgarantien som l\u00e5 i kraftig amerikansk n\u00e6rv\u00e6r i Europa. Den kommer ikke igjen\u00bb, skriver Neumann i Hva skjer med verden? Norge mellom stormaktene. Br\u00e5tt st\u00e5r vi overfor en ny verdensorden, og det vil koste dyrt \u00e5 forsvare de liberale verdiene som demokrati og frihandel fremover. Denne boka gir deg innsikt i [&hellip;]","og_url":"https:\/\/staging.forenteforlag.no\/pax\/produkt\/hva-skjer-med-verden\/","og_site_name":"Pax","article_modified_time":"2026-02-09T04:36:47+00:00","og_image":[{"width":1235,"height":1920,"url":"https:\/\/staging.forenteforlag.no\/pax\/wp-content\/uploads\/sites\/5\/2025\/08\/Unknown-1-scaled.jpeg","type":"image\/jpeg"}],"twitter_card":"summary_large_image","twitter_misc":{"Ansl. lesetid":"1 minutt"},"schema":{"@context":"https:\/\/schema.org","@graph":[{"@type":"WebPage","@id":"https:\/\/staging.forenteforlag.no\/pax\/produkt\/hva-skjer-med-verden\/","url":"https:\/\/staging.forenteforlag.no\/pax\/produkt\/hva-skjer-med-verden\/","name":"Hva skjer med verden? - Pax","isPartOf":{"@id":"https:\/\/staging.forenteforlag.no\/pax\/#website"},"primaryImageOfPage":{"@id":"https:\/\/staging.forenteforlag.no\/pax\/produkt\/hva-skjer-med-verden\/#primaryimage"},"image":{"@id":"https:\/\/staging.forenteforlag.no\/pax\/produkt\/hva-skjer-med-verden\/#primaryimage"},"thumbnailUrl":"https:\/\/staging.forenteforlag.no\/pax\/wp-content\/uploads\/sites\/5\/2025\/08\/Unknown-1-scaled.jpeg","datePublished":"2025-12-08T07:24:24+00:00","dateModified":"2026-02-09T04:36:47+00:00","breadcrumb":{"@id":"https:\/\/staging.forenteforlag.no\/pax\/produkt\/hva-skjer-med-verden\/#breadcrumb"},"inLanguage":"nb-NO","potentialAction":[{"@type":"ReadAction","target":["https:\/\/staging.forenteforlag.no\/pax\/produkt\/hva-skjer-med-verden\/"]}]},{"@type":"ImageObject","inLanguage":"nb-NO","@id":"https:\/\/staging.forenteforlag.no\/pax\/produkt\/hva-skjer-med-verden\/#primaryimage","url":"https:\/\/staging.forenteforlag.no\/pax\/wp-content\/uploads\/sites\/5\/2025\/08\/Unknown-1-scaled.jpeg","contentUrl":"https:\/\/staging.forenteforlag.no\/pax\/wp-content\/uploads\/sites\/5\/2025\/08\/Unknown-1-scaled.jpeg","width":1235,"height":1920},{"@type":"BreadcrumbList","@id":"https:\/\/staging.forenteforlag.no\/pax\/produkt\/hva-skjer-med-verden\/#breadcrumb","itemListElement":[{"@type":"ListItem","position":1,"name":"Hjem","item":"https:\/\/staging.forenteforlag.no\/pax\/"},{"@type":"ListItem","position":2,"name":"Alle b\u00f8ker","item":"https:\/\/staging.forenteforlag.no\/pax\/butikk\/"},{"@type":"ListItem","position":3,"name":"Hva skjer med verden?"}]},{"@type":"WebSite","@id":"https:\/\/staging.forenteforlag.no\/pax\/#website","url":"https:\/\/staging.forenteforlag.no\/pax\/","name":"Pax","description":"","potentialAction":[{"@type":"SearchAction","target":{"@type":"EntryPoint","urlTemplate":"https:\/\/staging.forenteforlag.no\/pax\/?s={search_term_string}"},"query-input":{"@type":"PropertyValueSpecification","valueRequired":true,"valueName":"search_term_string"}}],"inLanguage":"nb-NO"}]}},"_links":{"self":[{"href":"https:\/\/staging.forenteforlag.no\/pax\/wp-json\/wp\/v2\/product\/25952","targetHints":{"allow":["GET"]}}],"collection":[{"href":"https:\/\/staging.forenteforlag.no\/pax\/wp-json\/wp\/v2\/product"}],"about":[{"href":"https:\/\/staging.forenteforlag.no\/pax\/wp-json\/wp\/v2\/types\/product"}],"wp:featuredmedia":[{"embeddable":true,"href":"https:\/\/staging.forenteforlag.no\/pax\/wp-json\/wp\/v2\/media\/29557"}],"wp:attachment":[{"href":"https:\/\/staging.forenteforlag.no\/pax\/wp-json\/wp\/v2\/media?parent=25952"}],"wp:term":[{"taxonomy":"product_brand","embeddable":true,"href":"https:\/\/staging.forenteforlag.no\/pax\/wp-json\/wp\/v2\/product_brand?post=25952"},{"taxonomy":"product_cat","embeddable":true,"href":"https:\/\/staging.forenteforlag.no\/pax\/wp-json\/wp\/v2\/product_cat?post=25952"},{"taxonomy":"product_tag","embeddable":true,"href":"https:\/\/staging.forenteforlag.no\/pax\/wp-json\/wp\/v2\/product_tag?post=25952"}],"curies":[{"name":"wp","href":"https:\/\/api.w.org\/{rel}","templated":true}]}}

<p>«Vi har mistet den sikkerhetsgarantien som lå i kraftig amerikansk nærvær i Europa. Den kommer ikke igjen», skriver Neumann i <em>Hva skjer med verden? Norge mellom stormaktene</em>. Brått står vi overfor en ny verdensorden, og det vil koste dyrt å forsvare de liberale verdiene som demokrati og frihandel fremover. Denne boka gir deg innsikt i hvordan stormaktene tenker og handler og Norges rolle mellom USA, Russland, Kina og EU. Hva kan og bør Norge gjøre?<br />&nbsp;</p>

<p>«Vi har mistet den sikkerhetsgarantien som lå i kraftig amerikansk nærvær i Europa. Den kommer ikke igjen», skriver Neumann i Hva skjer med verden? Norge mellom stormaktene. Brått står vi overfor en ny verdensorden, og det vil koste dyrt å forsvare de liberale verdiene som demokrati og frihandel fremover. Denne boka gir deg innsikt i [&hellip;]</p>

«Glimrende oppspill til viktig debatt ... Måten Iver B. Neumann med noen få streker trekker opp sitt bilde av den internasjonale situasjonen imponerer.»

«En rett frem og kunnskapsrik beskrivelse av verdens skjeve gang ... et viktig bidrag til skikkelige utenrikspolitiske diskusjoner om de dilemmaene og kryssende hensynene Norge vil møte i årene fremover.»

«ensidigheten, der skillet mellom kunnskapsbasert opplysning og politisk selvmarkering demonstrativt oppheves, (er) også bokas forfriskende styrke.»

Torbjørn L. Knutsen

"en skremmende, god og viktig liten bok ... et utmerket stykke nødvendig folkeopplysningslitteratur"

Bård Larsen

«en både nyttig og betimelig bok som ikke bør trette ut noen lesere, enten de er skoleelever eller ei. Toneleiet i boka er alvorlig, som den verdenspolitiske situasjonen i disse dager også er. Men det er likevel ingen syte-og-klage-bok. Neumanns siste setning er: 'Ingen grunn til å gi opp nå'. Og det har jo aldri vært noe dårlig råd.»

Jan-Erik Østlie

"Detaljnivået i samtidsanalysen er, til tross for bokens begrensede omfang, svært godt, og gir oss et behersket overblikk over tingenes tilstand, hva det er som 'skjer med verden'. ... Boken gir et velinformert oppspark til nye måter å snakke om Norges samtid og fremtid på.»

<!-- This site is optimized with the Yoast SEO plugin v26.6 - https://yoast.com/wordpress/plugins/seo/ -->
<title>Hva skjer med verden? - Pax</title>
<meta name="robots" content="noindex, follow, max-snippet:-1, max-image-preview:large, max-video-preview:-1" />
<meta property="og:locale" content="nb_NO" />
<meta property="og:type" content="article" />
<meta property="og:title" content="Hva skjer med verden? - Pax" />
<meta property="og:description" content="«Vi har mistet den sikkerhetsgarantien som lå i kraftig amerikansk nærvær i Europa. Den kommer ikke igjen», skriver Neumann i Hva skjer med verden? Norge mellom stormaktene. Brått står vi overfor en ny verdensorden, og det vil koste dyrt å forsvare de liberale verdiene som demokrati og frihandel fremover. Denne boka gir deg innsikt i [&hellip;]" />
<meta property="og:url" content="https://staging.forenteforlag.no/pax/produkt/hva-skjer-med-verden/" />
<meta property="og:site_name" content="Pax" />
<meta property="article:modified_time" content="2026-02-09T04:36:47+00:00" />
<meta property="og:image" content="https://staging.forenteforlag.no/pax/wp-content/uploads/sites/5/2025/08/Unknown-1-scaled.jpeg" />
	<meta property="og:image:width" content="1235" />
	<meta property="og:image:height" content="1920" />
	<meta property="og:image:type" content="image/jpeg" />
<meta name="twitter:card" content="summary_large_image" />
<meta name="twitter:label1" content="Ansl. lesetid" />
	<meta name="twitter:data1" content="1 minutt" />
<script type="application/ld+json" class="yoast-schema-graph">{"@context":"https://schema.org","@graph":[{"@type":"WebPage","@id":"https://staging.forenteforlag.no/pax/produkt/hva-skjer-med-verden/","url":"https://staging.forenteforlag.no/pax/produkt/hva-skjer-med-verden/","name":"Hva skjer med verden? - Pax","isPartOf":{"@id":"https://staging.forenteforlag.no/pax/#website"},"primaryImageOfPage":{"@id":"https://staging.forenteforlag.no/pax/produkt/hva-skjer-med-verden/#primaryimage"},"image":{"@id":"https://staging.forenteforlag.no/pax/produkt/hva-skjer-med-verden/#primaryimage"},"thumbnailUrl":"https://staging.forenteforlag.no/pax/wp-content/uploads/sites/5/2025/08/Unknown-1-scaled.jpeg","datePublished":"2025-12-08T07:24:24+00:00","dateModified":"2026-02-09T04:36:47+00:00","breadcrumb":{"@id":"https://staging.forenteforlag.no/pax/produkt/hva-skjer-med-verden/#breadcrumb"},"inLanguage":"nb-NO","potentialAction":[{"@type":"ReadAction","target":["https://staging.forenteforlag.no/pax/produkt/hva-skjer-med-verden/"]}]},{"@type":"ImageObject","inLanguage":"nb-NO","@id":"https://staging.forenteforlag.no/pax/produkt/hva-skjer-med-verden/#primaryimage","url":"https://staging.forenteforlag.no/pax/wp-content/uploads/sites/5/2025/08/Unknown-1-scaled.jpeg","contentUrl":"https://staging.forenteforlag.no/pax/wp-content/uploads/sites/5/2025/08/Unknown-1-scaled.jpeg","width":1235,"height":1920},{"@type":"BreadcrumbList","@id":"https://staging.forenteforlag.no/pax/produkt/hva-skjer-med-verden/#breadcrumb","itemListElement":[{"@type":"ListItem","position":1,"name":"Hjem","item":"https://staging.forenteforlag.no/pax/"},{"@type":"ListItem","position":2,"name":"Alle bøker","item":"https://staging.forenteforlag.no/pax/butikk/"},{"@type":"ListItem","position":3,"name":"Hva skjer med verden?"}]},{"@type":"WebSite","@id":"https://staging.forenteforlag.no/pax/#website","url":"https://staging.forenteforlag.no/pax/","name":"Pax","description":"","potentialAction":[{"@type":"SearchAction","target":{"@type":"EntryPoint","urlTemplate":"https://staging.forenteforlag.no/pax/?s={search_term_string}"},"query-input":{"@type":"PropertyValueSpecification","valueRequired":true,"valueName":"search_term_string"}}],"inLanguage":"nb-NO"}]}</script>
<!-- / Yoast SEO plugin. -->

«Vi har mistet den sikkerhetsgarantien som lå i kraftig amerikansk nærvær i Europa. Den kommer ikke igjen», skriver Neumann i Hva skjer med verden? Norge mellom stormaktene. Brått står vi overfor en ny verdensorden, og det vil koste dyrt å forsvare de liberale verdiene som demokrati og frihandel fremover. Denne boka gir deg innsikt i [&hellip;]

Alle bøker
