{"id":25590,"date":"2025-04-11T08:24:50","date_gmt":"2025-04-11T06:24:50","guid":{"rendered":"https:\/\/pax.no\/produkt\/dans-dans-dans\/"},"modified":"2025-04-11T13:53:30","modified_gmt":"2025-04-11T11:53:30","slug":"dans-dans-dans","status":"publish","type":"product","link":"https:\/\/staging.forenteforlag.no\/pax\/produkt\/dans-dans-dans\/","title":{"rendered":"Dans dans dans"},"content":{"rendered":"<p>En mann leter etter en kvinne han ikke kan glemme. Det f\u00f8rer ham tilbake til Hotell Delfinen, som har blitt revet og erstattet av et internasjonalt kjedehotell. Men midt i denne nye skyskraperen oppdager han et annet sted \u2013 m\u00f8rkt og med lukt av noe gammelt. Her m\u00f8ter han den mystiske Sauemannen, som har en viktig melding til ham: Dans!<br \/>\nDet er en kald, glatt verden v\u00e5r mann m\u00e5 danse i. Han treffer p\u00e5 en gammel venn, som er blitt filmindustriens superstjerne og har f\u00e5tt livet sitt t\u00f8mt for mening. Han blir kjent med en tretten\u00e5rig jente som stadig glemmes \u2013 og gjenglemmes \u2013 av sine kunstnerforeldre. Han f\u00e5r flere varsler om d\u00f8d, og blir selv mistenkt for mord.<\/p>\n","protected":false},"excerpt":{"rendered":"<p>En mann leter etter en kvinne han ikke kan glemme. Det f\u00f8rer ham tilbake til Hotell Delfinen, som har blitt revet og erstattet av et internasjonalt kjedehotell. Men midt i denne nye skyskraperen oppdager han et annet sted \u2013 m\u00f8rkt og med lukt av noe gammelt. Her m\u00f8ter han den mystiske Sauemannen, som har en [&hellip;]<\/p>\n","protected":false},"featured_media":25585,"template":"","meta":{"_acf_changed":false,"inline_featured_image":false},"product_brand":[],"product_cat":[352,40],"product_tag":[461,1237,370],"class_list":{"0":"post-25590","1":"product","2":"type-product","3":"status-publish","4":"has-post-thumbnail","6":"product_cat-arets-boker","7":"product_cat-romaner","8":"product_tag-japan","9":"product_tag-magisk-realistisk-litteratur","10":"product_tag-skjonnlitteratur","11":"pa_format-pocket","13":"first","14":"instock","15":"shipping-taxable","16":"purchasable","17":"product-type-simple"},"acf":{"anmeldelse":null},"yoast_head":"<!-- This site is optimized with the Yoast SEO plugin v26.6 - https:\/\/yoast.com\/wordpress\/plugins\/seo\/ -->\n<title>Dans dans dans - Pax<\/title>\n<meta name=\"robots\" content=\"noindex, follow, max-snippet:-1, max-image-preview:large, max-video-preview:-1\" \/>\n<meta property=\"og:locale\" content=\"nb_NO\" \/>\n<meta property=\"og:type\" content=\"article\" \/>\n<meta property=\"og:title\" content=\"Dans dans dans - Pax\" \/>\n<meta property=\"og:description\" content=\"En mann leter etter en kvinne han ikke kan glemme. Det f\u00f8rer ham tilbake til Hotell Delfinen, som har blitt revet og erstattet av et internasjonalt kjedehotell. Men midt i denne nye skyskraperen oppdager han et annet sted \u2013 m\u00f8rkt og med lukt av noe gammelt. Her m\u00f8ter han den mystiske Sauemannen, som har en [&hellip;]\" \/>\n<meta property=\"og:url\" content=\"https:\/\/staging.forenteforlag.no\/pax\/produkt\/dans-dans-dans\/\" \/>\n<meta property=\"og:site_name\" content=\"Pax\" \/>\n<meta property=\"article:modified_time\" content=\"2025-04-11T11:53:30+00:00\" \/>\n<meta property=\"og:image\" content=\"https:\/\/staging.forenteforlag.no\/pax\/wp-content\/uploads\/sites\/5\/2025\/04\/jpg-212-scaled-1.jpg\" \/>\n\t<meta property=\"og:image:width\" content=\"1200\" \/>\n\t<meta property=\"og:image:height\" content=\"1920\" \/>\n\t<meta property=\"og:image:type\" content=\"image\/jpeg\" \/>\n<meta name=\"twitter:card\" content=\"summary_large_image\" \/>\n<meta name=\"twitter:label1\" content=\"Ansl. lesetid\" \/>\n\t<meta name=\"twitter:data1\" content=\"1 minutt\" \/>\n<script type=\"application\/ld+json\" class=\"yoast-schema-graph\">{\"@context\":\"https:\/\/schema.org\",\"@graph\":[{\"@type\":\"WebPage\",\"@id\":\"https:\/\/staging.forenteforlag.no\/pax\/produkt\/dans-dans-dans\/\",\"url\":\"https:\/\/staging.forenteforlag.no\/pax\/produkt\/dans-dans-dans\/\",\"name\":\"Dans dans dans - Pax\",\"isPartOf\":{\"@id\":\"https:\/\/staging.forenteforlag.no\/pax\/#website\"},\"primaryImageOfPage\":{\"@id\":\"https:\/\/staging.forenteforlag.no\/pax\/produkt\/dans-dans-dans\/#primaryimage\"},\"image\":{\"@id\":\"https:\/\/staging.forenteforlag.no\/pax\/produkt\/dans-dans-dans\/#primaryimage\"},\"thumbnailUrl\":\"https:\/\/staging.forenteforlag.no\/pax\/wp-content\/uploads\/sites\/5\/2025\/04\/jpg-212-scaled-1.jpg\",\"datePublished\":\"2025-04-11T06:24:50+00:00\",\"dateModified\":\"2025-04-11T11:53:30+00:00\",\"breadcrumb\":{\"@id\":\"https:\/\/staging.forenteforlag.no\/pax\/produkt\/dans-dans-dans\/#breadcrumb\"},\"inLanguage\":\"nb-NO\",\"potentialAction\":[{\"@type\":\"ReadAction\",\"target\":[\"https:\/\/staging.forenteforlag.no\/pax\/produkt\/dans-dans-dans\/\"]}]},{\"@type\":\"ImageObject\",\"inLanguage\":\"nb-NO\",\"@id\":\"https:\/\/staging.forenteforlag.no\/pax\/produkt\/dans-dans-dans\/#primaryimage\",\"url\":\"https:\/\/staging.forenteforlag.no\/pax\/wp-content\/uploads\/sites\/5\/2025\/04\/jpg-212-scaled-1.jpg\",\"contentUrl\":\"https:\/\/staging.forenteforlag.no\/pax\/wp-content\/uploads\/sites\/5\/2025\/04\/jpg-212-scaled-1.jpg\",\"width\":1200,\"height\":1920},{\"@type\":\"BreadcrumbList\",\"@id\":\"https:\/\/staging.forenteforlag.no\/pax\/produkt\/dans-dans-dans\/#breadcrumb\",\"itemListElement\":[{\"@type\":\"ListItem\",\"position\":1,\"name\":\"Hjem\",\"item\":\"https:\/\/staging.forenteforlag.no\/pax\/\"},{\"@type\":\"ListItem\",\"position\":2,\"name\":\"Alle b\u00f8ker\",\"item\":\"https:\/\/staging.forenteforlag.no\/pax\/butikk\/\"},{\"@type\":\"ListItem\",\"position\":3,\"name\":\"Dans dans dans\"}]},{\"@type\":\"WebSite\",\"@id\":\"https:\/\/staging.forenteforlag.no\/pax\/#website\",\"url\":\"https:\/\/staging.forenteforlag.no\/pax\/\",\"name\":\"Pax\",\"description\":\"\",\"potentialAction\":[{\"@type\":\"SearchAction\",\"target\":{\"@type\":\"EntryPoint\",\"urlTemplate\":\"https:\/\/staging.forenteforlag.no\/pax\/?s={search_term_string}\"},\"query-input\":{\"@type\":\"PropertyValueSpecification\",\"valueRequired\":true,\"valueName\":\"search_term_string\"}}],\"inLanguage\":\"nb-NO\"}]}<\/script>\n<!-- \/ Yoast SEO plugin. -->","yoast_head_json":{"title":"Dans dans dans - Pax","robots":{"index":"noindex","follow":"follow","max-snippet":"max-snippet:-1","max-image-preview":"max-image-preview:large","max-video-preview":"max-video-preview:-1"},"og_locale":"nb_NO","og_type":"article","og_title":"Dans dans dans - Pax","og_description":"En mann leter etter en kvinne han ikke kan glemme. Det f\u00f8rer ham tilbake til Hotell Delfinen, som har blitt revet og erstattet av et internasjonalt kjedehotell. Men midt i denne nye skyskraperen oppdager han et annet sted \u2013 m\u00f8rkt og med lukt av noe gammelt. Her m\u00f8ter han den mystiske Sauemannen, som har en [&hellip;]","og_url":"https:\/\/staging.forenteforlag.no\/pax\/produkt\/dans-dans-dans\/","og_site_name":"Pax","article_modified_time":"2025-04-11T11:53:30+00:00","og_image":[{"width":1200,"height":1920,"url":"https:\/\/staging.forenteforlag.no\/pax\/wp-content\/uploads\/sites\/5\/2025\/04\/jpg-212-scaled-1.jpg","type":"image\/jpeg"}],"twitter_card":"summary_large_image","twitter_misc":{"Ansl. lesetid":"1 minutt"},"schema":{"@context":"https:\/\/schema.org","@graph":[{"@type":"WebPage","@id":"https:\/\/staging.forenteforlag.no\/pax\/produkt\/dans-dans-dans\/","url":"https:\/\/staging.forenteforlag.no\/pax\/produkt\/dans-dans-dans\/","name":"Dans dans dans - Pax","isPartOf":{"@id":"https:\/\/staging.forenteforlag.no\/pax\/#website"},"primaryImageOfPage":{"@id":"https:\/\/staging.forenteforlag.no\/pax\/produkt\/dans-dans-dans\/#primaryimage"},"image":{"@id":"https:\/\/staging.forenteforlag.no\/pax\/produkt\/dans-dans-dans\/#primaryimage"},"thumbnailUrl":"https:\/\/staging.forenteforlag.no\/pax\/wp-content\/uploads\/sites\/5\/2025\/04\/jpg-212-scaled-1.jpg","datePublished":"2025-04-11T06:24:50+00:00","dateModified":"2025-04-11T11:53:30+00:00","breadcrumb":{"@id":"https:\/\/staging.forenteforlag.no\/pax\/produkt\/dans-dans-dans\/#breadcrumb"},"inLanguage":"nb-NO","potentialAction":[{"@type":"ReadAction","target":["https:\/\/staging.forenteforlag.no\/pax\/produkt\/dans-dans-dans\/"]}]},{"@type":"ImageObject","inLanguage":"nb-NO","@id":"https:\/\/staging.forenteforlag.no\/pax\/produkt\/dans-dans-dans\/#primaryimage","url":"https:\/\/staging.forenteforlag.no\/pax\/wp-content\/uploads\/sites\/5\/2025\/04\/jpg-212-scaled-1.jpg","contentUrl":"https:\/\/staging.forenteforlag.no\/pax\/wp-content\/uploads\/sites\/5\/2025\/04\/jpg-212-scaled-1.jpg","width":1200,"height":1920},{"@type":"BreadcrumbList","@id":"https:\/\/staging.forenteforlag.no\/pax\/produkt\/dans-dans-dans\/#breadcrumb","itemListElement":[{"@type":"ListItem","position":1,"name":"Hjem","item":"https:\/\/staging.forenteforlag.no\/pax\/"},{"@type":"ListItem","position":2,"name":"Alle b\u00f8ker","item":"https:\/\/staging.forenteforlag.no\/pax\/butikk\/"},{"@type":"ListItem","position":3,"name":"Dans dans dans"}]},{"@type":"WebSite","@id":"https:\/\/staging.forenteforlag.no\/pax\/#website","url":"https:\/\/staging.forenteforlag.no\/pax\/","name":"Pax","description":"","potentialAction":[{"@type":"SearchAction","target":{"@type":"EntryPoint","urlTemplate":"https:\/\/staging.forenteforlag.no\/pax\/?s={search_term_string}"},"query-input":{"@type":"PropertyValueSpecification","valueRequired":true,"valueName":"search_term_string"}}],"inLanguage":"nb-NO"}]}},"_links":{"self":[{"href":"https:\/\/staging.forenteforlag.no\/pax\/wp-json\/wp\/v2\/product\/25590","targetHints":{"allow":["GET"]}}],"collection":[{"href":"https:\/\/staging.forenteforlag.no\/pax\/wp-json\/wp\/v2\/product"}],"about":[{"href":"https:\/\/staging.forenteforlag.no\/pax\/wp-json\/wp\/v2\/types\/product"}],"wp:featuredmedia":[{"embeddable":true,"href":"https:\/\/staging.forenteforlag.no\/pax\/wp-json\/wp\/v2\/media\/25585"}],"wp:attachment":[{"href":"https:\/\/staging.forenteforlag.no\/pax\/wp-json\/wp\/v2\/media?parent=25590"}],"wp:term":[{"taxonomy":"product_brand","embeddable":true,"href":"https:\/\/staging.forenteforlag.no\/pax\/wp-json\/wp\/v2\/product_brand?post=25590"},{"taxonomy":"product_cat","embeddable":true,"href":"https:\/\/staging.forenteforlag.no\/pax\/wp-json\/wp\/v2\/product_cat?post=25590"},{"taxonomy":"product_tag","embeddable":true,"href":"https:\/\/staging.forenteforlag.no\/pax\/wp-json\/wp\/v2\/product_tag?post=25590"}],"curies":[{"name":"wp","href":"https:\/\/api.w.org\/{rel}","templated":true}]}}