{"id":24617,"date":"2022-08-01T02:00:00","date_gmt":"2022-08-01T00:00:00","guid":{"rendered":"https:\/\/pax.forenteforlag.no\/produkt\/bittas-gavestrikk\/"},"modified":"2026-02-09T05:38:20","modified_gmt":"2026-02-09T04:38:20","slug":"bittas-gavestrikk","status":"publish","type":"product","link":"https:\/\/staging.forenteforlag.no\/pax\/produkt\/bittas-gavestrikk\/","title":{"rendered":"Bittas gavestrikk"},"content":{"rendered":"<p>Flotte gaver du strikker i en fei! <\/p>\n<p>I boka Bittas gavestrikk. Kjappstrikka gaver har Bitta Mikkelborg designet forslag til en rekke flotte og personlige gaver som du strikker i en fei. Her er en trendy strikkeveske og hjertesokker til bestevenninna, et frukt- og gr\u00f8nnsaksnett til den milj\u00f8bevisste, deilige luer og halser til frysepinnen, et delikat babysett til den nyf\u00f8dte, et r\u00f8ft sitteunderlag til friluftsentusiasten, fargerike Pride-sokker, flere fine julegaver, en h\u00e5ndfull hyggelige vertinnegaver og enda mye mer.  <\/p>\n<p>Ulike garntyper er i bruk, tykt og tynt, ull og bomull. Alle gavene er strikket i garn som er lett \u00e5 f\u00e5 tak i, eller har enkle garnalternativer. Og alle m\u00f8nstrene er kvalitetssikret av Bittas faste teststrikkere. I tillegg til de instruktive diagrammene er boka rikt illustrert ved fotograf Kjersti Binh Hegna. <\/p>\n","protected":false},"excerpt":{"rendered":"<p>Flotte gaver du strikker i en fei! I boka Bittas gavestrikk. Kjappstrikka gaver har Bitta Mikkelborg designet forslag til en rekke flotte og personlige gaver som du strikker i en fei. Her er en trendy strikkeveske og hjertesokker til bestevenninna, et frukt- og gr\u00f8nnsaksnett til den milj\u00f8bevisste, deilige luer og halser til frysepinnen, et delikat [&hellip;]<\/p>\n","protected":false},"featured_media":29313,"template":"","meta":{"_acf_changed":false,"inline_featured_image":false},"product_brand":[],"product_cat":[1782,24],"product_tag":[362],"class_list":{"0":"post-24617","1":"product","2":"type-product","3":"status-publish","4":"has-post-thumbnail","6":"product_cat-fripris","7":"product_cat-hobby","8":"product_tag-faglitteratur","9":"pa_format-innbundet","11":"first","12":"instock","13":"shipping-taxable","14":"purchasable","15":"product-type-simple"},"acf":{"anmeldelse":null},"yoast_head":"<!-- This site is optimized with the Yoast SEO plugin v26.6 - https:\/\/yoast.com\/wordpress\/plugins\/seo\/ -->\n<title>Bittas gavestrikk - Pax<\/title>\n<meta name=\"robots\" content=\"noindex, follow, max-snippet:-1, max-image-preview:large, max-video-preview:-1\" \/>\n<meta property=\"og:locale\" content=\"nb_NO\" \/>\n<meta property=\"og:type\" content=\"article\" \/>\n<meta property=\"og:title\" content=\"Bittas gavestrikk - Pax\" \/>\n<meta property=\"og:description\" content=\"Flotte gaver du strikker i en fei! I boka Bittas gavestrikk. Kjappstrikka gaver har Bitta Mikkelborg designet forslag til en rekke flotte og personlige gaver som du strikker i en fei. Her er en trendy strikkeveske og hjertesokker til bestevenninna, et frukt- og gr\u00f8nnsaksnett til den milj\u00f8bevisste, deilige luer og halser til frysepinnen, et delikat [&hellip;]\" \/>\n<meta property=\"og:url\" content=\"https:\/\/staging.forenteforlag.no\/pax\/produkt\/bittas-gavestrikk\/\" \/>\n<meta property=\"og:site_name\" content=\"Pax\" \/>\n<meta property=\"article:modified_time\" content=\"2026-02-09T04:38:20+00:00\" \/>\n<meta property=\"og:image\" content=\"https:\/\/staging.forenteforlag.no\/pax\/wp-content\/uploads\/sites\/5\/2025\/08\/jpg-9592-scaled-1-scaled.jpg\" \/>\n\t<meta property=\"og:image:width\" content=\"1920\" \/>\n\t<meta property=\"og:image:height\" content=\"1847\" \/>\n\t<meta property=\"og:image:type\" content=\"image\/jpeg\" \/>\n<meta name=\"twitter:card\" content=\"summary_large_image\" \/>\n<meta name=\"twitter:label1\" content=\"Ansl. lesetid\" \/>\n\t<meta name=\"twitter:data1\" content=\"1 minutt\" \/>\n<script type=\"application\/ld+json\" class=\"yoast-schema-graph\">{\"@context\":\"https:\/\/schema.org\",\"@graph\":[{\"@type\":\"WebPage\",\"@id\":\"https:\/\/staging.forenteforlag.no\/pax\/produkt\/bittas-gavestrikk\/\",\"url\":\"https:\/\/staging.forenteforlag.no\/pax\/produkt\/bittas-gavestrikk\/\",\"name\":\"Bittas gavestrikk - Pax\",\"isPartOf\":{\"@id\":\"https:\/\/staging.forenteforlag.no\/pax\/#website\"},\"primaryImageOfPage\":{\"@id\":\"https:\/\/staging.forenteforlag.no\/pax\/produkt\/bittas-gavestrikk\/#primaryimage\"},\"image\":{\"@id\":\"https:\/\/staging.forenteforlag.no\/pax\/produkt\/bittas-gavestrikk\/#primaryimage\"},\"thumbnailUrl\":\"https:\/\/staging.forenteforlag.no\/pax\/wp-content\/uploads\/sites\/5\/2025\/08\/jpg-9592-scaled-1-scaled.jpg\",\"datePublished\":\"2022-08-01T00:00:00+00:00\",\"dateModified\":\"2026-02-09T04:38:20+00:00\",\"breadcrumb\":{\"@id\":\"https:\/\/staging.forenteforlag.no\/pax\/produkt\/bittas-gavestrikk\/#breadcrumb\"},\"inLanguage\":\"nb-NO\",\"potentialAction\":[{\"@type\":\"ReadAction\",\"target\":[\"https:\/\/staging.forenteforlag.no\/pax\/produkt\/bittas-gavestrikk\/\"]}]},{\"@type\":\"ImageObject\",\"inLanguage\":\"nb-NO\",\"@id\":\"https:\/\/staging.forenteforlag.no\/pax\/produkt\/bittas-gavestrikk\/#primaryimage\",\"url\":\"https:\/\/staging.forenteforlag.no\/pax\/wp-content\/uploads\/sites\/5\/2025\/08\/jpg-9592-scaled-1-scaled.jpg\",\"contentUrl\":\"https:\/\/staging.forenteforlag.no\/pax\/wp-content\/uploads\/sites\/5\/2025\/08\/jpg-9592-scaled-1-scaled.jpg\",\"width\":1920,\"height\":1847},{\"@type\":\"BreadcrumbList\",\"@id\":\"https:\/\/staging.forenteforlag.no\/pax\/produkt\/bittas-gavestrikk\/#breadcrumb\",\"itemListElement\":[{\"@type\":\"ListItem\",\"position\":1,\"name\":\"Hjem\",\"item\":\"https:\/\/staging.forenteforlag.no\/pax\/\"},{\"@type\":\"ListItem\",\"position\":2,\"name\":\"Alle b\u00f8ker\",\"item\":\"https:\/\/staging.forenteforlag.no\/pax\/butikk\/\"},{\"@type\":\"ListItem\",\"position\":3,\"name\":\"Bittas gavestrikk\"}]},{\"@type\":\"WebSite\",\"@id\":\"https:\/\/staging.forenteforlag.no\/pax\/#website\",\"url\":\"https:\/\/staging.forenteforlag.no\/pax\/\",\"name\":\"Pax\",\"description\":\"\",\"potentialAction\":[{\"@type\":\"SearchAction\",\"target\":{\"@type\":\"EntryPoint\",\"urlTemplate\":\"https:\/\/staging.forenteforlag.no\/pax\/?s={search_term_string}\"},\"query-input\":{\"@type\":\"PropertyValueSpecification\",\"valueRequired\":true,\"valueName\":\"search_term_string\"}}],\"inLanguage\":\"nb-NO\"}]}<\/script>\n<!-- \/ Yoast SEO plugin. -->","yoast_head_json":{"title":"Bittas gavestrikk - Pax","robots":{"index":"noindex","follow":"follow","max-snippet":"max-snippet:-1","max-image-preview":"max-image-preview:large","max-video-preview":"max-video-preview:-1"},"og_locale":"nb_NO","og_type":"article","og_title":"Bittas gavestrikk - Pax","og_description":"Flotte gaver du strikker i en fei! I boka Bittas gavestrikk. Kjappstrikka gaver har Bitta Mikkelborg designet forslag til en rekke flotte og personlige gaver som du strikker i en fei. Her er en trendy strikkeveske og hjertesokker til bestevenninna, et frukt- og gr\u00f8nnsaksnett til den milj\u00f8bevisste, deilige luer og halser til frysepinnen, et delikat [&hellip;]","og_url":"https:\/\/staging.forenteforlag.no\/pax\/produkt\/bittas-gavestrikk\/","og_site_name":"Pax","article_modified_time":"2026-02-09T04:38:20+00:00","og_image":[{"width":1920,"height":1847,"url":"https:\/\/staging.forenteforlag.no\/pax\/wp-content\/uploads\/sites\/5\/2025\/08\/jpg-9592-scaled-1-scaled.jpg","type":"image\/jpeg"}],"twitter_card":"summary_large_image","twitter_misc":{"Ansl. lesetid":"1 minutt"},"schema":{"@context":"https:\/\/schema.org","@graph":[{"@type":"WebPage","@id":"https:\/\/staging.forenteforlag.no\/pax\/produkt\/bittas-gavestrikk\/","url":"https:\/\/staging.forenteforlag.no\/pax\/produkt\/bittas-gavestrikk\/","name":"Bittas gavestrikk - Pax","isPartOf":{"@id":"https:\/\/staging.forenteforlag.no\/pax\/#website"},"primaryImageOfPage":{"@id":"https:\/\/staging.forenteforlag.no\/pax\/produkt\/bittas-gavestrikk\/#primaryimage"},"image":{"@id":"https:\/\/staging.forenteforlag.no\/pax\/produkt\/bittas-gavestrikk\/#primaryimage"},"thumbnailUrl":"https:\/\/staging.forenteforlag.no\/pax\/wp-content\/uploads\/sites\/5\/2025\/08\/jpg-9592-scaled-1-scaled.jpg","datePublished":"2022-08-01T00:00:00+00:00","dateModified":"2026-02-09T04:38:20+00:00","breadcrumb":{"@id":"https:\/\/staging.forenteforlag.no\/pax\/produkt\/bittas-gavestrikk\/#breadcrumb"},"inLanguage":"nb-NO","potentialAction":[{"@type":"ReadAction","target":["https:\/\/staging.forenteforlag.no\/pax\/produkt\/bittas-gavestrikk\/"]}]},{"@type":"ImageObject","inLanguage":"nb-NO","@id":"https:\/\/staging.forenteforlag.no\/pax\/produkt\/bittas-gavestrikk\/#primaryimage","url":"https:\/\/staging.forenteforlag.no\/pax\/wp-content\/uploads\/sites\/5\/2025\/08\/jpg-9592-scaled-1-scaled.jpg","contentUrl":"https:\/\/staging.forenteforlag.no\/pax\/wp-content\/uploads\/sites\/5\/2025\/08\/jpg-9592-scaled-1-scaled.jpg","width":1920,"height":1847},{"@type":"BreadcrumbList","@id":"https:\/\/staging.forenteforlag.no\/pax\/produkt\/bittas-gavestrikk\/#breadcrumb","itemListElement":[{"@type":"ListItem","position":1,"name":"Hjem","item":"https:\/\/staging.forenteforlag.no\/pax\/"},{"@type":"ListItem","position":2,"name":"Alle b\u00f8ker","item":"https:\/\/staging.forenteforlag.no\/pax\/butikk\/"},{"@type":"ListItem","position":3,"name":"Bittas gavestrikk"}]},{"@type":"WebSite","@id":"https:\/\/staging.forenteforlag.no\/pax\/#website","url":"https:\/\/staging.forenteforlag.no\/pax\/","name":"Pax","description":"","potentialAction":[{"@type":"SearchAction","target":{"@type":"EntryPoint","urlTemplate":"https:\/\/staging.forenteforlag.no\/pax\/?s={search_term_string}"},"query-input":{"@type":"PropertyValueSpecification","valueRequired":true,"valueName":"search_term_string"}}],"inLanguage":"nb-NO"}]}},"_links":{"self":[{"href":"https:\/\/staging.forenteforlag.no\/pax\/wp-json\/wp\/v2\/product\/24617","targetHints":{"allow":["GET"]}}],"collection":[{"href":"https:\/\/staging.forenteforlag.no\/pax\/wp-json\/wp\/v2\/product"}],"about":[{"href":"https:\/\/staging.forenteforlag.no\/pax\/wp-json\/wp\/v2\/types\/product"}],"wp:featuredmedia":[{"embeddable":true,"href":"https:\/\/staging.forenteforlag.no\/pax\/wp-json\/wp\/v2\/media\/29313"}],"wp:attachment":[{"href":"https:\/\/staging.forenteforlag.no\/pax\/wp-json\/wp\/v2\/media?parent=24617"}],"wp:term":[{"taxonomy":"product_brand","embeddable":true,"href":"https:\/\/staging.forenteforlag.no\/pax\/wp-json\/wp\/v2\/product_brand?post=24617"},{"taxonomy":"product_cat","embeddable":true,"href":"https:\/\/staging.forenteforlag.no\/pax\/wp-json\/wp\/v2\/product_cat?post=24617"},{"taxonomy":"product_tag","embeddable":true,"href":"https:\/\/staging.forenteforlag.no\/pax\/wp-json\/wp\/v2\/product_tag?post=24617"}],"curies":[{"name":"wp","href":"https:\/\/api.w.org\/{rel}","templated":true}]}}