{"id":24557,"date":"2019-08-06T02:00:00","date_gmt":"2019-08-06T00:00:00","guid":{"rendered":"https:\/\/pax.forenteforlag.no\/produkt\/constance-ring-4\/"},"modified":"2026-03-03T22:56:52","modified_gmt":"2026-03-03T21:56:52","slug":"constance-ring-4","status":"publish","type":"product","link":"https:\/\/staging.forenteforlag.no\/pax\/produkt\/constance-ring-4\/","title":{"rendered":"Constance Ring"},"content":{"rendered":"<p>&laquo;Constance Ring&raquo; er Amalie Skrams debutroman fra 1885. Den var en uh\u00f8rt krass kritikk av den \u00f8konomiske og seksuelle undertrykkingen i ekteskapet. Is\u00e6r provoserte hennes \u00e5penhjertige skildring av kvinnelig seksualitet og av dobbeltmoralen i det borgerlige ekteskapet. Helt uvitende om alt som har med erotikk \u00e5 gj\u00f8re, gifter embetsmannsdatteren Constance seg med den eldre forretningsmannen Ring. Hun reagerer med gru og et \u00f8nske om skilsmisse da ekteskapets realiteter og mannens trol\u00f8shet g\u00e5r opp for henne. Men samfunnets ford\u00f8mmelse tvinger henne til \u00e5 bli, og etter \u00e5 ha blitt enke, og l\u00e6rt flere menn \u00e5 kjenne, sitter hun igjen fullstendig desillusjonert. Amalie Skrams dyptloddende skildring av f\u00f8lelser, seksualitet og bevissthet har kraft og gir innsikt mer enn hundre \u00e5r etter at f\u00f8rsteutgaven utkom.<\/p>\n","protected":false},"excerpt":{"rendered":"<p>&laquo;Constance Ring&raquo; er Amalie Skrams debutroman fra 1885. Den var en uh\u00f8rt krass kritikk av den \u00f8konomiske og seksuelle undertrykkingen i ekteskapet. Is\u00e6r provoserte hennes \u00e5penhjertige skildring av kvinnelig seksualitet og av dobbeltmoralen i det borgerlige ekteskapet. Helt uvitende om alt som har med erotikk \u00e5 gj\u00f8re, gifter embetsmannsdatteren Constance seg med den eldre forretningsmannen [&hellip;]<\/p>\n","protected":false},"featured_media":28422,"template":"","meta":{"_acf_changed":false,"inline_featured_image":false},"product_brand":[],"product_cat":[1782],"product_tag":[453,391,470,1095,380,377,370],"class_list":{"0":"post-24557","1":"product","2":"type-product","3":"status-publish","4":"has-post-thumbnail","6":"product_cat-fripris","7":"product_tag-1850-1899","8":"product_tag-diskriminering","9":"product_tag-ekteskap-og-parforhold","10":"product_tag-grafiske-romaner","11":"product_tag-kvinner","12":"product_tag-oslo","13":"product_tag-skjonnlitteratur","15":"first","16":"instock","17":"shipping-taxable","18":"purchasable","19":"product-type-simple"},"acf":{"anmeldelse":null},"yoast_head":"<!-- This site is optimized with the Yoast SEO plugin v26.6 - https:\/\/yoast.com\/wordpress\/plugins\/seo\/ -->\n<title>Constance Ring - Pax<\/title>\n<meta name=\"robots\" content=\"noindex, follow, max-snippet:-1, max-image-preview:large, max-video-preview:-1\" \/>\n<meta property=\"og:locale\" content=\"nb_NO\" \/>\n<meta property=\"og:type\" content=\"article\" \/>\n<meta property=\"og:title\" content=\"Constance Ring - Pax\" \/>\n<meta property=\"og:description\" content=\"&laquo;Constance Ring&raquo; er Amalie Skrams debutroman fra 1885. Den var en uh\u00f8rt krass kritikk av den \u00f8konomiske og seksuelle undertrykkingen i ekteskapet. Is\u00e6r provoserte hennes \u00e5penhjertige skildring av kvinnelig seksualitet og av dobbeltmoralen i det borgerlige ekteskapet. Helt uvitende om alt som har med erotikk \u00e5 gj\u00f8re, gifter embetsmannsdatteren Constance seg med den eldre forretningsmannen [&hellip;]\" \/>\n<meta property=\"og:url\" content=\"https:\/\/staging.forenteforlag.no\/pax\/produkt\/constance-ring-4\/\" \/>\n<meta property=\"og:site_name\" content=\"Pax\" \/>\n<meta property=\"article:modified_time\" content=\"2026-03-03T21:56:52+00:00\" \/>\n<meta property=\"og:image\" content=\"https:\/\/staging.forenteforlag.no\/pax\/wp-content\/uploads\/sites\/5\/2025\/08\/jpg-6881.jpg\" \/>\n\t<meta property=\"og:image:width\" content=\"279\" \/>\n\t<meta property=\"og:image:height\" content=\"448\" \/>\n\t<meta property=\"og:image:type\" content=\"image\/jpeg\" \/>\n<meta name=\"twitter:card\" content=\"summary_large_image\" \/>\n<meta name=\"twitter:label1\" content=\"Ansl. lesetid\" \/>\n\t<meta name=\"twitter:data1\" content=\"1 minutt\" \/>\n<script type=\"application\/ld+json\" class=\"yoast-schema-graph\">{\"@context\":\"https:\/\/schema.org\",\"@graph\":[{\"@type\":\"WebPage\",\"@id\":\"https:\/\/staging.forenteforlag.no\/pax\/produkt\/constance-ring-4\/\",\"url\":\"https:\/\/staging.forenteforlag.no\/pax\/produkt\/constance-ring-4\/\",\"name\":\"Constance Ring - Pax\",\"isPartOf\":{\"@id\":\"https:\/\/staging.forenteforlag.no\/pax\/#website\"},\"primaryImageOfPage\":{\"@id\":\"https:\/\/staging.forenteforlag.no\/pax\/produkt\/constance-ring-4\/#primaryimage\"},\"image\":{\"@id\":\"https:\/\/staging.forenteforlag.no\/pax\/produkt\/constance-ring-4\/#primaryimage\"},\"thumbnailUrl\":\"https:\/\/staging.forenteforlag.no\/pax\/wp-content\/uploads\/sites\/5\/2025\/08\/jpg-6881.jpg\",\"datePublished\":\"2019-08-06T00:00:00+00:00\",\"dateModified\":\"2026-03-03T21:56:52+00:00\",\"breadcrumb\":{\"@id\":\"https:\/\/staging.forenteforlag.no\/pax\/produkt\/constance-ring-4\/#breadcrumb\"},\"inLanguage\":\"nb-NO\",\"potentialAction\":[{\"@type\":\"ReadAction\",\"target\":[\"https:\/\/staging.forenteforlag.no\/pax\/produkt\/constance-ring-4\/\"]}]},{\"@type\":\"ImageObject\",\"inLanguage\":\"nb-NO\",\"@id\":\"https:\/\/staging.forenteforlag.no\/pax\/produkt\/constance-ring-4\/#primaryimage\",\"url\":\"https:\/\/staging.forenteforlag.no\/pax\/wp-content\/uploads\/sites\/5\/2025\/08\/jpg-6881.jpg\",\"contentUrl\":\"https:\/\/staging.forenteforlag.no\/pax\/wp-content\/uploads\/sites\/5\/2025\/08\/jpg-6881.jpg\",\"width\":279,\"height\":448},{\"@type\":\"BreadcrumbList\",\"@id\":\"https:\/\/staging.forenteforlag.no\/pax\/produkt\/constance-ring-4\/#breadcrumb\",\"itemListElement\":[{\"@type\":\"ListItem\",\"position\":1,\"name\":\"Hjem\",\"item\":\"https:\/\/staging.forenteforlag.no\/pax\/\"},{\"@type\":\"ListItem\",\"position\":2,\"name\":\"Alle b\u00f8ker\",\"item\":\"https:\/\/staging.forenteforlag.no\/pax\/butikk\/\"},{\"@type\":\"ListItem\",\"position\":3,\"name\":\"Constance Ring\"}]},{\"@type\":\"WebSite\",\"@id\":\"https:\/\/staging.forenteforlag.no\/pax\/#website\",\"url\":\"https:\/\/staging.forenteforlag.no\/pax\/\",\"name\":\"Pax\",\"description\":\"\",\"potentialAction\":[{\"@type\":\"SearchAction\",\"target\":{\"@type\":\"EntryPoint\",\"urlTemplate\":\"https:\/\/staging.forenteforlag.no\/pax\/?s={search_term_string}\"},\"query-input\":{\"@type\":\"PropertyValueSpecification\",\"valueRequired\":true,\"valueName\":\"search_term_string\"}}],\"inLanguage\":\"nb-NO\"}]}<\/script>\n<!-- \/ Yoast SEO plugin. -->","yoast_head_json":{"title":"Constance Ring - Pax","robots":{"index":"noindex","follow":"follow","max-snippet":"max-snippet:-1","max-image-preview":"max-image-preview:large","max-video-preview":"max-video-preview:-1"},"og_locale":"nb_NO","og_type":"article","og_title":"Constance Ring - Pax","og_description":"&laquo;Constance Ring&raquo; er Amalie Skrams debutroman fra 1885. Den var en uh\u00f8rt krass kritikk av den \u00f8konomiske og seksuelle undertrykkingen i ekteskapet. Is\u00e6r provoserte hennes \u00e5penhjertige skildring av kvinnelig seksualitet og av dobbeltmoralen i det borgerlige ekteskapet. Helt uvitende om alt som har med erotikk \u00e5 gj\u00f8re, gifter embetsmannsdatteren Constance seg med den eldre forretningsmannen [&hellip;]","og_url":"https:\/\/staging.forenteforlag.no\/pax\/produkt\/constance-ring-4\/","og_site_name":"Pax","article_modified_time":"2026-03-03T21:56:52+00:00","og_image":[{"width":279,"height":448,"url":"https:\/\/staging.forenteforlag.no\/pax\/wp-content\/uploads\/sites\/5\/2025\/08\/jpg-6881.jpg","type":"image\/jpeg"}],"twitter_card":"summary_large_image","twitter_misc":{"Ansl. lesetid":"1 minutt"},"schema":{"@context":"https:\/\/schema.org","@graph":[{"@type":"WebPage","@id":"https:\/\/staging.forenteforlag.no\/pax\/produkt\/constance-ring-4\/","url":"https:\/\/staging.forenteforlag.no\/pax\/produkt\/constance-ring-4\/","name":"Constance Ring - Pax","isPartOf":{"@id":"https:\/\/staging.forenteforlag.no\/pax\/#website"},"primaryImageOfPage":{"@id":"https:\/\/staging.forenteforlag.no\/pax\/produkt\/constance-ring-4\/#primaryimage"},"image":{"@id":"https:\/\/staging.forenteforlag.no\/pax\/produkt\/constance-ring-4\/#primaryimage"},"thumbnailUrl":"https:\/\/staging.forenteforlag.no\/pax\/wp-content\/uploads\/sites\/5\/2025\/08\/jpg-6881.jpg","datePublished":"2019-08-06T00:00:00+00:00","dateModified":"2026-03-03T21:56:52+00:00","breadcrumb":{"@id":"https:\/\/staging.forenteforlag.no\/pax\/produkt\/constance-ring-4\/#breadcrumb"},"inLanguage":"nb-NO","potentialAction":[{"@type":"ReadAction","target":["https:\/\/staging.forenteforlag.no\/pax\/produkt\/constance-ring-4\/"]}]},{"@type":"ImageObject","inLanguage":"nb-NO","@id":"https:\/\/staging.forenteforlag.no\/pax\/produkt\/constance-ring-4\/#primaryimage","url":"https:\/\/staging.forenteforlag.no\/pax\/wp-content\/uploads\/sites\/5\/2025\/08\/jpg-6881.jpg","contentUrl":"https:\/\/staging.forenteforlag.no\/pax\/wp-content\/uploads\/sites\/5\/2025\/08\/jpg-6881.jpg","width":279,"height":448},{"@type":"BreadcrumbList","@id":"https:\/\/staging.forenteforlag.no\/pax\/produkt\/constance-ring-4\/#breadcrumb","itemListElement":[{"@type":"ListItem","position":1,"name":"Hjem","item":"https:\/\/staging.forenteforlag.no\/pax\/"},{"@type":"ListItem","position":2,"name":"Alle b\u00f8ker","item":"https:\/\/staging.forenteforlag.no\/pax\/butikk\/"},{"@type":"ListItem","position":3,"name":"Constance Ring"}]},{"@type":"WebSite","@id":"https:\/\/staging.forenteforlag.no\/pax\/#website","url":"https:\/\/staging.forenteforlag.no\/pax\/","name":"Pax","description":"","potentialAction":[{"@type":"SearchAction","target":{"@type":"EntryPoint","urlTemplate":"https:\/\/staging.forenteforlag.no\/pax\/?s={search_term_string}"},"query-input":{"@type":"PropertyValueSpecification","valueRequired":true,"valueName":"search_term_string"}}],"inLanguage":"nb-NO"}]}},"_links":{"self":[{"href":"https:\/\/staging.forenteforlag.no\/pax\/wp-json\/wp\/v2\/product\/24557","targetHints":{"allow":["GET"]}}],"collection":[{"href":"https:\/\/staging.forenteforlag.no\/pax\/wp-json\/wp\/v2\/product"}],"about":[{"href":"https:\/\/staging.forenteforlag.no\/pax\/wp-json\/wp\/v2\/types\/product"}],"wp:featuredmedia":[{"embeddable":true,"href":"https:\/\/staging.forenteforlag.no\/pax\/wp-json\/wp\/v2\/media\/28422"}],"wp:attachment":[{"href":"https:\/\/staging.forenteforlag.no\/pax\/wp-json\/wp\/v2\/media?parent=24557"}],"wp:term":[{"taxonomy":"product_brand","embeddable":true,"href":"https:\/\/staging.forenteforlag.no\/pax\/wp-json\/wp\/v2\/product_brand?post=24557"},{"taxonomy":"product_cat","embeddable":true,"href":"https:\/\/staging.forenteforlag.no\/pax\/wp-json\/wp\/v2\/product_cat?post=24557"},{"taxonomy":"product_tag","embeddable":true,"href":"https:\/\/staging.forenteforlag.no\/pax\/wp-json\/wp\/v2\/product_tag?post=24557"}],"curies":[{"name":"wp","href":"https:\/\/api.w.org\/{rel}","templated":true}]}}