{"id":24544,"date":"2015-05-20T02:00:00","date_gmt":"2015-05-20T00:00:00","guid":{"rendered":"https:\/\/pax.forenteforlag.no\/produkt\/fargelose-tsukuru-tazaki-og-hans-pilegrimsar-3\/"},"modified":"2026-03-03T22:39:42","modified_gmt":"2026-03-03T21:39:42","slug":"fargelose-tsukuru-tazaki-og-hans-pilegrimsar-3","status":"publish","type":"product","link":"https:\/\/staging.forenteforlag.no\/pax\/produkt\/fargelose-tsukuru-tazaki-og-hans-pilegrimsar-3\/","title":{"rendered":"Fargel\u00f8se Tsukuru Tazaki og hans pilegrims\u00e5r"},"content":{"rendered":"<p>N\u00e5r Tsukuru Tazaki drar hjem p\u00e5 ferie etter et halvt \u00e5r med universitetsstudier i Tokyo, oppdager han at de f\u00f8r s\u00e5 uatskillelige barndomsvennene hans br\u00e5tt har snudd ryggen til ham. Under oppveksten var de fem vennene sikre p\u00e5 at vennskapet ville vare evig. Men noe har forandret seg, og ingen vil si hva det er.   <\/p>\n<p>Flere \u00e5r senere er Tsukuru en vellykket ingeni\u00f8r og har innledet et forhold til den litt eldre Sara. N\u00e5r hun f\u00e5r h\u00f8re om barndomsvennenes svik og den skyggen det har kastet over Tsukurus liv, oppmuntrer hun ham til \u00e5 reise hjem og n\u00f8ste opp i det som skjedde. Tilbake i hjembyen opps\u00f8ker han de gamle vennene. Etter hvert m\u00e5 Tsukuru ta inn over seg alt det gruppen har undertrykt for \u00e5 kunne vedlikeholde idealet om det perfekte vennskapet. Kan skjulte f\u00f8lelser forbli skjult for alltid? Og kan det \u00e5 konfrontere fortiden gj\u00f8re det mulig \u00e5 \u00e5pne seg mot framtiden? <\/p>\n<p>Med &laquo;Fargel\u00f8se Tsukuru Tazaki og hans pilegrims\u00e5r&raquo; vender Murakami for f\u00f8rste gang p\u00e5 over 25 \u00e5r tilbake til den spesielle formen for realisme han er s\u00e5 kjent for fra &laquo;Norwegian Wood&raquo;. Romanen har blitt mottatt med enorm internasjonal entusiasme, og solgte 1 million eksemplarer i Japan bare i l\u00f8pet av den f\u00f8rste uken den var i salg.<\/p>\n","protected":false},"excerpt":{"rendered":"<p>N\u00e5r Tsukuru Tazaki drar hjem p\u00e5 ferie etter et halvt \u00e5r med universitetsstudier i Tokyo, oppdager han at de f\u00f8r s\u00e5 uatskillelige barndomsvennene hans br\u00e5tt har snudd ryggen til ham. Under oppveksten var de fem vennene sikre p\u00e5 at vennskapet ville vare evig. Men noe har forandret seg, og ingen vil si hva det er. [&hellip;]<\/p>\n","protected":false},"featured_media":28883,"template":"","meta":{"_acf_changed":false,"inline_featured_image":false},"product_brand":[],"product_cat":[1782],"product_tag":[370],"class_list":{"0":"post-24544","1":"product","2":"type-product","3":"status-publish","4":"has-post-thumbnail","6":"product_cat-fripris","7":"product_tag-skjonnlitteratur","9":"first","10":"instock","11":"shipping-taxable","12":"purchasable","13":"product-type-simple"},"acf":{"anmeldelse":[{"tekst_anmeldelser":"\u00abMurakamis verk har f\u00e5tt nok en fargenyanse.\u00bb","av_anmeldelser":"Knut Hoem","terningkast":false,"kilde":"NRK"},{"tekst_anmeldelser":"\u00abEn nytelse \u00e5 lese \u2026 Denne nye romanen [har] Haruki Murakamis solide stempel. Den lette flyten i spr\u00e5ket, og den sanselige, d\u00f8rmmeaktige, lyriske atmosf\u00e6ren, der smerte, sorg og lengsel ligger som usynlige byggesteiner i teksten.\u00bb","av_anmeldelser":"Turid Larsen","terningkast":false,"kilde":"Dagsavisen"},{"tekst_anmeldelser":"\u00abMurakamis evne til \u00e5 skrive frem en annen, mer fargesterk verden er [...] overbevisende ... Sikkert er det i alle fall at Murakami har skrevet nok en pageturner\u00bb","av_anmeldelser":"Frode Helmich Pedersen","terningkast":false,"kilde":"Morgenbladet"},{"tekst_anmeldelser":"\u00abEn fryd \u00e5 lese.\u00bb","av_anmeldelser":"Tommas Torgersen Skretting","terningkast":false,"kilde":"Stavanger Aftenblad"},{"tekst_anmeldelser":"\u00abMurakami er en original og egenr\u00e5dig forfatter som stadig utforsker romansjangerens muligheter p\u00e5 uventet vis. Slike forfattere trenger vi.\u00bb","av_anmeldelser":"Gro J\u00f8rstad Nilsen","terningkast":false,"kilde":"Bergens Tidende"},{"tekst_anmeldelser":"\u00ab[Fargel\u00f8se Tsukuru Tazaki og hans pilegrims\u00e5r] er gjenkjennelig. Hvordan p\u00e5virker valgene man tar andres liv? Murukami slenger ut et virvar av l\u00f8se tr\u00e5der i form av dr\u00f8mmer, sidehistorier og refleksjoner, og klarer \u00e5 knyte alt i hop. Akkurat slik Shinjuku stasjon gj\u00f8r med alle togsporene i Tokyo.\u00bb","av_anmeldelser":"Brynjulf Jung Tj\u00f8nn","terningkast":false,"kilde":"VG"},{"tekst_anmeldelser":"\u00abF\u00f8rst og fremst er Tazakis oppgj\u00f8r med seg selv et presist bilde p\u00e5 hvordan fortiden hjems\u00f8ker oss alle. S\u00e5 sterkt vektlagt er verdien av et oppgj\u00f8r med fortidens demoner, at vi skal v\u00e6re ganske blinde om vi ikke gjenkjenner oss selv i den.\u00bb","av_anmeldelser":"Kjetil R\u00f8ed","terningkast":false,"kilde":"Aftenposten"}]},"yoast_head":"<!-- This site is optimized with the Yoast SEO plugin v26.6 - https:\/\/yoast.com\/wordpress\/plugins\/seo\/ -->\n<title>Fargel\u00f8se Tsukuru Tazaki og hans pilegrims\u00e5r - Pax<\/title>\n<meta name=\"robots\" content=\"noindex, follow, max-snippet:-1, max-image-preview:large, max-video-preview:-1\" \/>\n<meta property=\"og:locale\" content=\"nb_NO\" \/>\n<meta property=\"og:type\" content=\"article\" \/>\n<meta property=\"og:title\" content=\"Fargel\u00f8se Tsukuru Tazaki og hans pilegrims\u00e5r - Pax\" \/>\n<meta property=\"og:description\" content=\"N\u00e5r Tsukuru Tazaki drar hjem p\u00e5 ferie etter et halvt \u00e5r med universitetsstudier i Tokyo, oppdager han at de f\u00f8r s\u00e5 uatskillelige barndomsvennene hans br\u00e5tt har snudd ryggen til ham. Under oppveksten var de fem vennene sikre p\u00e5 at vennskapet ville vare evig. Men noe har forandret seg, og ingen vil si hva det er. [&hellip;]\" \/>\n<meta property=\"og:url\" content=\"https:\/\/staging.forenteforlag.no\/pax\/produkt\/fargelose-tsukuru-tazaki-og-hans-pilegrimsar-3\/\" \/>\n<meta property=\"og:site_name\" content=\"Pax\" \/>\n<meta property=\"article:modified_time\" content=\"2026-03-03T21:39:42+00:00\" \/>\n<meta property=\"og:image\" content=\"https:\/\/staging.forenteforlag.no\/pax\/wp-content\/uploads\/sites\/5\/2025\/08\/jpg-8256-scaled.jpg\" \/>\n\t<meta property=\"og:image:width\" content=\"1201\" \/>\n\t<meta property=\"og:image:height\" content=\"1920\" \/>\n\t<meta property=\"og:image:type\" content=\"image\/jpeg\" \/>\n<meta name=\"twitter:card\" content=\"summary_large_image\" \/>\n<meta name=\"twitter:label1\" content=\"Ansl. lesetid\" \/>\n\t<meta name=\"twitter:data1\" content=\"1 minutt\" \/>\n<script type=\"application\/ld+json\" class=\"yoast-schema-graph\">{\"@context\":\"https:\/\/schema.org\",\"@graph\":[{\"@type\":\"WebPage\",\"@id\":\"https:\/\/staging.forenteforlag.no\/pax\/produkt\/fargelose-tsukuru-tazaki-og-hans-pilegrimsar-3\/\",\"url\":\"https:\/\/staging.forenteforlag.no\/pax\/produkt\/fargelose-tsukuru-tazaki-og-hans-pilegrimsar-3\/\",\"name\":\"Fargel\u00f8se Tsukuru Tazaki og hans pilegrims\u00e5r - Pax\",\"isPartOf\":{\"@id\":\"https:\/\/staging.forenteforlag.no\/pax\/#website\"},\"primaryImageOfPage\":{\"@id\":\"https:\/\/staging.forenteforlag.no\/pax\/produkt\/fargelose-tsukuru-tazaki-og-hans-pilegrimsar-3\/#primaryimage\"},\"image\":{\"@id\":\"https:\/\/staging.forenteforlag.no\/pax\/produkt\/fargelose-tsukuru-tazaki-og-hans-pilegrimsar-3\/#primaryimage\"},\"thumbnailUrl\":\"https:\/\/staging.forenteforlag.no\/pax\/wp-content\/uploads\/sites\/5\/2025\/08\/jpg-8256-scaled.jpg\",\"datePublished\":\"2015-05-20T00:00:00+00:00\",\"dateModified\":\"2026-03-03T21:39:42+00:00\",\"breadcrumb\":{\"@id\":\"https:\/\/staging.forenteforlag.no\/pax\/produkt\/fargelose-tsukuru-tazaki-og-hans-pilegrimsar-3\/#breadcrumb\"},\"inLanguage\":\"nb-NO\",\"potentialAction\":[{\"@type\":\"ReadAction\",\"target\":[\"https:\/\/staging.forenteforlag.no\/pax\/produkt\/fargelose-tsukuru-tazaki-og-hans-pilegrimsar-3\/\"]}]},{\"@type\":\"ImageObject\",\"inLanguage\":\"nb-NO\",\"@id\":\"https:\/\/staging.forenteforlag.no\/pax\/produkt\/fargelose-tsukuru-tazaki-og-hans-pilegrimsar-3\/#primaryimage\",\"url\":\"https:\/\/staging.forenteforlag.no\/pax\/wp-content\/uploads\/sites\/5\/2025\/08\/jpg-8256-scaled.jpg\",\"contentUrl\":\"https:\/\/staging.forenteforlag.no\/pax\/wp-content\/uploads\/sites\/5\/2025\/08\/jpg-8256-scaled.jpg\",\"width\":1201,\"height\":1920},{\"@type\":\"BreadcrumbList\",\"@id\":\"https:\/\/staging.forenteforlag.no\/pax\/produkt\/fargelose-tsukuru-tazaki-og-hans-pilegrimsar-3\/#breadcrumb\",\"itemListElement\":[{\"@type\":\"ListItem\",\"position\":1,\"name\":\"Hjem\",\"item\":\"https:\/\/staging.forenteforlag.no\/pax\/\"},{\"@type\":\"ListItem\",\"position\":2,\"name\":\"Alle b\u00f8ker\",\"item\":\"https:\/\/staging.forenteforlag.no\/pax\/butikk\/\"},{\"@type\":\"ListItem\",\"position\":3,\"name\":\"Fargel\u00f8se Tsukuru Tazaki og hans pilegrims\u00e5r\"}]},{\"@type\":\"WebSite\",\"@id\":\"https:\/\/staging.forenteforlag.no\/pax\/#website\",\"url\":\"https:\/\/staging.forenteforlag.no\/pax\/\",\"name\":\"Pax\",\"description\":\"\",\"potentialAction\":[{\"@type\":\"SearchAction\",\"target\":{\"@type\":\"EntryPoint\",\"urlTemplate\":\"https:\/\/staging.forenteforlag.no\/pax\/?s={search_term_string}\"},\"query-input\":{\"@type\":\"PropertyValueSpecification\",\"valueRequired\":true,\"valueName\":\"search_term_string\"}}],\"inLanguage\":\"nb-NO\"}]}<\/script>\n<!-- \/ Yoast SEO plugin. -->","yoast_head_json":{"title":"Fargel\u00f8se Tsukuru Tazaki og hans pilegrims\u00e5r - Pax","robots":{"index":"noindex","follow":"follow","max-snippet":"max-snippet:-1","max-image-preview":"max-image-preview:large","max-video-preview":"max-video-preview:-1"},"og_locale":"nb_NO","og_type":"article","og_title":"Fargel\u00f8se Tsukuru Tazaki og hans pilegrims\u00e5r - Pax","og_description":"N\u00e5r Tsukuru Tazaki drar hjem p\u00e5 ferie etter et halvt \u00e5r med universitetsstudier i Tokyo, oppdager han at de f\u00f8r s\u00e5 uatskillelige barndomsvennene hans br\u00e5tt har snudd ryggen til ham. Under oppveksten var de fem vennene sikre p\u00e5 at vennskapet ville vare evig. Men noe har forandret seg, og ingen vil si hva det er. [&hellip;]","og_url":"https:\/\/staging.forenteforlag.no\/pax\/produkt\/fargelose-tsukuru-tazaki-og-hans-pilegrimsar-3\/","og_site_name":"Pax","article_modified_time":"2026-03-03T21:39:42+00:00","og_image":[{"width":1201,"height":1920,"url":"https:\/\/staging.forenteforlag.no\/pax\/wp-content\/uploads\/sites\/5\/2025\/08\/jpg-8256-scaled.jpg","type":"image\/jpeg"}],"twitter_card":"summary_large_image","twitter_misc":{"Ansl. lesetid":"1 minutt"},"schema":{"@context":"https:\/\/schema.org","@graph":[{"@type":"WebPage","@id":"https:\/\/staging.forenteforlag.no\/pax\/produkt\/fargelose-tsukuru-tazaki-og-hans-pilegrimsar-3\/","url":"https:\/\/staging.forenteforlag.no\/pax\/produkt\/fargelose-tsukuru-tazaki-og-hans-pilegrimsar-3\/","name":"Fargel\u00f8se Tsukuru Tazaki og hans pilegrims\u00e5r - Pax","isPartOf":{"@id":"https:\/\/staging.forenteforlag.no\/pax\/#website"},"primaryImageOfPage":{"@id":"https:\/\/staging.forenteforlag.no\/pax\/produkt\/fargelose-tsukuru-tazaki-og-hans-pilegrimsar-3\/#primaryimage"},"image":{"@id":"https:\/\/staging.forenteforlag.no\/pax\/produkt\/fargelose-tsukuru-tazaki-og-hans-pilegrimsar-3\/#primaryimage"},"thumbnailUrl":"https:\/\/staging.forenteforlag.no\/pax\/wp-content\/uploads\/sites\/5\/2025\/08\/jpg-8256-scaled.jpg","datePublished":"2015-05-20T00:00:00+00:00","dateModified":"2026-03-03T21:39:42+00:00","breadcrumb":{"@id":"https:\/\/staging.forenteforlag.no\/pax\/produkt\/fargelose-tsukuru-tazaki-og-hans-pilegrimsar-3\/#breadcrumb"},"inLanguage":"nb-NO","potentialAction":[{"@type":"ReadAction","target":["https:\/\/staging.forenteforlag.no\/pax\/produkt\/fargelose-tsukuru-tazaki-og-hans-pilegrimsar-3\/"]}]},{"@type":"ImageObject","inLanguage":"nb-NO","@id":"https:\/\/staging.forenteforlag.no\/pax\/produkt\/fargelose-tsukuru-tazaki-og-hans-pilegrimsar-3\/#primaryimage","url":"https:\/\/staging.forenteforlag.no\/pax\/wp-content\/uploads\/sites\/5\/2025\/08\/jpg-8256-scaled.jpg","contentUrl":"https:\/\/staging.forenteforlag.no\/pax\/wp-content\/uploads\/sites\/5\/2025\/08\/jpg-8256-scaled.jpg","width":1201,"height":1920},{"@type":"BreadcrumbList","@id":"https:\/\/staging.forenteforlag.no\/pax\/produkt\/fargelose-tsukuru-tazaki-og-hans-pilegrimsar-3\/#breadcrumb","itemListElement":[{"@type":"ListItem","position":1,"name":"Hjem","item":"https:\/\/staging.forenteforlag.no\/pax\/"},{"@type":"ListItem","position":2,"name":"Alle b\u00f8ker","item":"https:\/\/staging.forenteforlag.no\/pax\/butikk\/"},{"@type":"ListItem","position":3,"name":"Fargel\u00f8se Tsukuru Tazaki og hans pilegrims\u00e5r"}]},{"@type":"WebSite","@id":"https:\/\/staging.forenteforlag.no\/pax\/#website","url":"https:\/\/staging.forenteforlag.no\/pax\/","name":"Pax","description":"","potentialAction":[{"@type":"SearchAction","target":{"@type":"EntryPoint","urlTemplate":"https:\/\/staging.forenteforlag.no\/pax\/?s={search_term_string}"},"query-input":{"@type":"PropertyValueSpecification","valueRequired":true,"valueName":"search_term_string"}}],"inLanguage":"nb-NO"}]}},"_links":{"self":[{"href":"https:\/\/staging.forenteforlag.no\/pax\/wp-json\/wp\/v2\/product\/24544","targetHints":{"allow":["GET"]}}],"collection":[{"href":"https:\/\/staging.forenteforlag.no\/pax\/wp-json\/wp\/v2\/product"}],"about":[{"href":"https:\/\/staging.forenteforlag.no\/pax\/wp-json\/wp\/v2\/types\/product"}],"wp:featuredmedia":[{"embeddable":true,"href":"https:\/\/staging.forenteforlag.no\/pax\/wp-json\/wp\/v2\/media\/28883"}],"wp:attachment":[{"href":"https:\/\/staging.forenteforlag.no\/pax\/wp-json\/wp\/v2\/media?parent=24544"}],"wp:term":[{"taxonomy":"product_brand","embeddable":true,"href":"https:\/\/staging.forenteforlag.no\/pax\/wp-json\/wp\/v2\/product_brand?post=24544"},{"taxonomy":"product_cat","embeddable":true,"href":"https:\/\/staging.forenteforlag.no\/pax\/wp-json\/wp\/v2\/product_cat?post=24544"},{"taxonomy":"product_tag","embeddable":true,"href":"https:\/\/staging.forenteforlag.no\/pax\/wp-json\/wp\/v2\/product_tag?post=24544"}],"curies":[{"name":"wp","href":"https:\/\/api.w.org\/{rel}","templated":true}]}}