{"id":24526,"date":"2022-10-12T02:00:00","date_gmt":"2022-10-12T00:00:00","guid":{"rendered":"https:\/\/pax.forenteforlag.no\/produkt\/dette-er-ikke-farvel\/"},"modified":"2026-02-09T06:04:42","modified_gmt":"2026-02-09T05:04:42","slug":"dette-er-ikke-farvel","status":"publish","type":"product","link":"https:\/\/staging.forenteforlag.no\/pax\/produkt\/dette-er-ikke-farvel\/","title":{"rendered":"Dette er ikke farvel"},"content":{"rendered":"<p><strong>Vinner av Nobelprisen i litteratur 2024!<\/strong><\/p>\n<p>Romanforfatteren Kyung-ha har en foruroligende dr\u00f8m. Tusenvis av svarte trestubber stikker opp av jorden, som gravst\u00f8tter. Kyung-ha lurer p\u00e5 hvorfor gravplassen ble bygd p\u00e5 et slikt sted og om beinrestene under gravene allerede har blitt skylt vekk av b\u00f8lgene fra havet. Hun v\u00e5kner opp mens hun l\u00f8per fortvilet rundt. En dag f\u00e5r Kyung-ha en telefon fra vennen Inseon som fortsatt bor p\u00e5 barndoms\u00f8ya Jeju. Hun har v\u00e6rt i en ulykke og har blitt fraktet til sykehus i Seoul. Inseon trygler Kyung-ha om \u00e5 reise hjem til Jeju for \u00e5 ta vare p\u00e5 fuglen hennes som er helt alene i et avsidesliggende hus i fjellregionen. P\u00e5 \u00f8ya konfronteres Kyung-ha med vennens smertefulle familiehistorie. Inseons mor har brukt flere ti\u00e5r p\u00e5 \u00e5 pr\u00f8ve \u00e5 finne broren som forsvant under massakren i 1948, hvor 30 000 sivile ble drept og hundretusenvis av hjem brent. I Dette er ikke farvel tar Han Kang opp den tematiske tr\u00e5den fra tidligere utgivelser med kollektive koreanske krigstraumer, og hun gj\u00f8r det med en s\u00e6rlig \u00f8mhet og stor psykologisk innsikt.<\/p>\n","protected":false},"excerpt":{"rendered":"<p>Vinner av Nobelprisen i litteratur 2024! Romanforfatteren Kyung-ha har en foruroligende dr\u00f8m. Tusenvis av svarte trestubber stikker opp av jorden, som gravst\u00f8tter. Kyung-ha lurer p\u00e5 hvorfor gravplassen ble bygd p\u00e5 et slikt sted og om beinrestene under gravene allerede har blitt skylt vekk av b\u00f8lgene fra havet. Hun v\u00e5kner opp mens hun l\u00f8per fortvilet rundt. [&hellip;]<\/p>\n","protected":false},"featured_media":29143,"template":"","meta":{"_acf_changed":false,"inline_featured_image":false},"product_brand":[],"product_cat":[1782,40],"product_tag":[370],"class_list":{"0":"post-24526","1":"product","2":"type-product","3":"status-publish","4":"has-post-thumbnail","6":"product_cat-fripris","7":"product_cat-romaner","8":"product_tag-skjonnlitteratur","9":"pa_format-innbundet","11":"first","12":"outofstock","13":"shipping-taxable","14":"purchasable","15":"product-type-simple"},"acf":{"anmeldelse":[{"tekst_anmeldelser":"\u00abHan Kang borer dypt i nasjonale traumer, helt inntil smertepunktet \u2026 Boka ber om \u00e5 leses langsomt.\u00bb","av_anmeldelser":"Even Teistung","terningkast":false,"kilde":"Klassekampen"}]},"yoast_head":"<!-- This site is optimized with the Yoast SEO plugin v26.6 - https:\/\/yoast.com\/wordpress\/plugins\/seo\/ -->\n<title>Dette er ikke farvel - Pax<\/title>\n<meta name=\"robots\" content=\"noindex, follow, max-snippet:-1, max-image-preview:large, max-video-preview:-1\" \/>\n<meta property=\"og:locale\" content=\"nb_NO\" \/>\n<meta property=\"og:type\" content=\"article\" \/>\n<meta property=\"og:title\" content=\"Dette er ikke farvel - Pax\" \/>\n<meta property=\"og:description\" content=\"Vinner av Nobelprisen i litteratur 2024! Romanforfatteren Kyung-ha har en foruroligende dr\u00f8m. Tusenvis av svarte trestubber stikker opp av jorden, som gravst\u00f8tter. Kyung-ha lurer p\u00e5 hvorfor gravplassen ble bygd p\u00e5 et slikt sted og om beinrestene under gravene allerede har blitt skylt vekk av b\u00f8lgene fra havet. Hun v\u00e5kner opp mens hun l\u00f8per fortvilet rundt. [&hellip;]\" \/>\n<meta property=\"og:url\" content=\"https:\/\/staging.forenteforlag.no\/pax\/produkt\/dette-er-ikke-farvel\/\" \/>\n<meta property=\"og:site_name\" content=\"Pax\" \/>\n<meta property=\"article:modified_time\" content=\"2026-02-09T05:04:42+00:00\" \/>\n<meta property=\"og:image\" content=\"https:\/\/staging.forenteforlag.no\/pax\/wp-content\/uploads\/sites\/5\/2025\/08\/jpg-9018-scaled.jpg\" \/>\n\t<meta property=\"og:image:width\" content=\"1211\" \/>\n\t<meta property=\"og:image:height\" content=\"1920\" \/>\n\t<meta property=\"og:image:type\" content=\"image\/jpeg\" \/>\n<meta name=\"twitter:card\" content=\"summary_large_image\" \/>\n<meta name=\"twitter:label1\" content=\"Ansl. lesetid\" \/>\n\t<meta name=\"twitter:data1\" content=\"1 minutt\" \/>\n<script type=\"application\/ld+json\" class=\"yoast-schema-graph\">{\"@context\":\"https:\/\/schema.org\",\"@graph\":[{\"@type\":\"WebPage\",\"@id\":\"https:\/\/staging.forenteforlag.no\/pax\/produkt\/dette-er-ikke-farvel\/\",\"url\":\"https:\/\/staging.forenteforlag.no\/pax\/produkt\/dette-er-ikke-farvel\/\",\"name\":\"Dette er ikke farvel - Pax\",\"isPartOf\":{\"@id\":\"https:\/\/staging.forenteforlag.no\/pax\/#website\"},\"primaryImageOfPage\":{\"@id\":\"https:\/\/staging.forenteforlag.no\/pax\/produkt\/dette-er-ikke-farvel\/#primaryimage\"},\"image\":{\"@id\":\"https:\/\/staging.forenteforlag.no\/pax\/produkt\/dette-er-ikke-farvel\/#primaryimage\"},\"thumbnailUrl\":\"https:\/\/staging.forenteforlag.no\/pax\/wp-content\/uploads\/sites\/5\/2025\/08\/jpg-9018-scaled.jpg\",\"datePublished\":\"2022-10-12T00:00:00+00:00\",\"dateModified\":\"2026-02-09T05:04:42+00:00\",\"breadcrumb\":{\"@id\":\"https:\/\/staging.forenteforlag.no\/pax\/produkt\/dette-er-ikke-farvel\/#breadcrumb\"},\"inLanguage\":\"nb-NO\",\"potentialAction\":[{\"@type\":\"ReadAction\",\"target\":[\"https:\/\/staging.forenteforlag.no\/pax\/produkt\/dette-er-ikke-farvel\/\"]}]},{\"@type\":\"ImageObject\",\"inLanguage\":\"nb-NO\",\"@id\":\"https:\/\/staging.forenteforlag.no\/pax\/produkt\/dette-er-ikke-farvel\/#primaryimage\",\"url\":\"https:\/\/staging.forenteforlag.no\/pax\/wp-content\/uploads\/sites\/5\/2025\/08\/jpg-9018-scaled.jpg\",\"contentUrl\":\"https:\/\/staging.forenteforlag.no\/pax\/wp-content\/uploads\/sites\/5\/2025\/08\/jpg-9018-scaled.jpg\",\"width\":1211,\"height\":1920},{\"@type\":\"BreadcrumbList\",\"@id\":\"https:\/\/staging.forenteforlag.no\/pax\/produkt\/dette-er-ikke-farvel\/#breadcrumb\",\"itemListElement\":[{\"@type\":\"ListItem\",\"position\":1,\"name\":\"Hjem\",\"item\":\"https:\/\/staging.forenteforlag.no\/pax\/\"},{\"@type\":\"ListItem\",\"position\":2,\"name\":\"Alle b\u00f8ker\",\"item\":\"https:\/\/staging.forenteforlag.no\/pax\/butikk\/\"},{\"@type\":\"ListItem\",\"position\":3,\"name\":\"Dette er ikke farvel\"}]},{\"@type\":\"WebSite\",\"@id\":\"https:\/\/staging.forenteforlag.no\/pax\/#website\",\"url\":\"https:\/\/staging.forenteforlag.no\/pax\/\",\"name\":\"Pax\",\"description\":\"\",\"potentialAction\":[{\"@type\":\"SearchAction\",\"target\":{\"@type\":\"EntryPoint\",\"urlTemplate\":\"https:\/\/staging.forenteforlag.no\/pax\/?s={search_term_string}\"},\"query-input\":{\"@type\":\"PropertyValueSpecification\",\"valueRequired\":true,\"valueName\":\"search_term_string\"}}],\"inLanguage\":\"nb-NO\"}]}<\/script>\n<!-- \/ Yoast SEO plugin. -->","yoast_head_json":{"title":"Dette er ikke farvel - Pax","robots":{"index":"noindex","follow":"follow","max-snippet":"max-snippet:-1","max-image-preview":"max-image-preview:large","max-video-preview":"max-video-preview:-1"},"og_locale":"nb_NO","og_type":"article","og_title":"Dette er ikke farvel - Pax","og_description":"Vinner av Nobelprisen i litteratur 2024! Romanforfatteren Kyung-ha har en foruroligende dr\u00f8m. Tusenvis av svarte trestubber stikker opp av jorden, som gravst\u00f8tter. Kyung-ha lurer p\u00e5 hvorfor gravplassen ble bygd p\u00e5 et slikt sted og om beinrestene under gravene allerede har blitt skylt vekk av b\u00f8lgene fra havet. Hun v\u00e5kner opp mens hun l\u00f8per fortvilet rundt. [&hellip;]","og_url":"https:\/\/staging.forenteforlag.no\/pax\/produkt\/dette-er-ikke-farvel\/","og_site_name":"Pax","article_modified_time":"2026-02-09T05:04:42+00:00","og_image":[{"width":1211,"height":1920,"url":"https:\/\/staging.forenteforlag.no\/pax\/wp-content\/uploads\/sites\/5\/2025\/08\/jpg-9018-scaled.jpg","type":"image\/jpeg"}],"twitter_card":"summary_large_image","twitter_misc":{"Ansl. lesetid":"1 minutt"},"schema":{"@context":"https:\/\/schema.org","@graph":[{"@type":"WebPage","@id":"https:\/\/staging.forenteforlag.no\/pax\/produkt\/dette-er-ikke-farvel\/","url":"https:\/\/staging.forenteforlag.no\/pax\/produkt\/dette-er-ikke-farvel\/","name":"Dette er ikke farvel - Pax","isPartOf":{"@id":"https:\/\/staging.forenteforlag.no\/pax\/#website"},"primaryImageOfPage":{"@id":"https:\/\/staging.forenteforlag.no\/pax\/produkt\/dette-er-ikke-farvel\/#primaryimage"},"image":{"@id":"https:\/\/staging.forenteforlag.no\/pax\/produkt\/dette-er-ikke-farvel\/#primaryimage"},"thumbnailUrl":"https:\/\/staging.forenteforlag.no\/pax\/wp-content\/uploads\/sites\/5\/2025\/08\/jpg-9018-scaled.jpg","datePublished":"2022-10-12T00:00:00+00:00","dateModified":"2026-02-09T05:04:42+00:00","breadcrumb":{"@id":"https:\/\/staging.forenteforlag.no\/pax\/produkt\/dette-er-ikke-farvel\/#breadcrumb"},"inLanguage":"nb-NO","potentialAction":[{"@type":"ReadAction","target":["https:\/\/staging.forenteforlag.no\/pax\/produkt\/dette-er-ikke-farvel\/"]}]},{"@type":"ImageObject","inLanguage":"nb-NO","@id":"https:\/\/staging.forenteforlag.no\/pax\/produkt\/dette-er-ikke-farvel\/#primaryimage","url":"https:\/\/staging.forenteforlag.no\/pax\/wp-content\/uploads\/sites\/5\/2025\/08\/jpg-9018-scaled.jpg","contentUrl":"https:\/\/staging.forenteforlag.no\/pax\/wp-content\/uploads\/sites\/5\/2025\/08\/jpg-9018-scaled.jpg","width":1211,"height":1920},{"@type":"BreadcrumbList","@id":"https:\/\/staging.forenteforlag.no\/pax\/produkt\/dette-er-ikke-farvel\/#breadcrumb","itemListElement":[{"@type":"ListItem","position":1,"name":"Hjem","item":"https:\/\/staging.forenteforlag.no\/pax\/"},{"@type":"ListItem","position":2,"name":"Alle b\u00f8ker","item":"https:\/\/staging.forenteforlag.no\/pax\/butikk\/"},{"@type":"ListItem","position":3,"name":"Dette er ikke farvel"}]},{"@type":"WebSite","@id":"https:\/\/staging.forenteforlag.no\/pax\/#website","url":"https:\/\/staging.forenteforlag.no\/pax\/","name":"Pax","description":"","potentialAction":[{"@type":"SearchAction","target":{"@type":"EntryPoint","urlTemplate":"https:\/\/staging.forenteforlag.no\/pax\/?s={search_term_string}"},"query-input":{"@type":"PropertyValueSpecification","valueRequired":true,"valueName":"search_term_string"}}],"inLanguage":"nb-NO"}]}},"_links":{"self":[{"href":"https:\/\/staging.forenteforlag.no\/pax\/wp-json\/wp\/v2\/product\/24526","targetHints":{"allow":["GET"]}}],"collection":[{"href":"https:\/\/staging.forenteforlag.no\/pax\/wp-json\/wp\/v2\/product"}],"about":[{"href":"https:\/\/staging.forenteforlag.no\/pax\/wp-json\/wp\/v2\/types\/product"}],"wp:featuredmedia":[{"embeddable":true,"href":"https:\/\/staging.forenteforlag.no\/pax\/wp-json\/wp\/v2\/media\/29143"}],"wp:attachment":[{"href":"https:\/\/staging.forenteforlag.no\/pax\/wp-json\/wp\/v2\/media?parent=24526"}],"wp:term":[{"taxonomy":"product_brand","embeddable":true,"href":"https:\/\/staging.forenteforlag.no\/pax\/wp-json\/wp\/v2\/product_brand?post=24526"},{"taxonomy":"product_cat","embeddable":true,"href":"https:\/\/staging.forenteforlag.no\/pax\/wp-json\/wp\/v2\/product_cat?post=24526"},{"taxonomy":"product_tag","embeddable":true,"href":"https:\/\/staging.forenteforlag.no\/pax\/wp-json\/wp\/v2\/product_tag?post=24526"}],"curies":[{"name":"wp","href":"https:\/\/api.w.org\/{rel}","templated":true}]}}

<p><strong>Vinner av Nobelprisen i litteratur 2024!</strong></p>
<p>Romanforfatteren Kyung-ha har en foruroligende drøm. Tusenvis av svarte trestubber stikker opp av jorden, som gravstøtter. Kyung-ha lurer på hvorfor gravplassen ble bygd på et slikt sted og om beinrestene under gravene allerede har blitt skylt vekk av bølgene fra havet. Hun våkner opp mens hun løper fortvilet rundt. En dag får Kyung-ha en telefon fra vennen Inseon som fortsatt bor på barndomsøya Jeju. Hun har vært i en ulykke og har blitt fraktet til sykehus i Seoul. Inseon trygler Kyung-ha om å reise hjem til Jeju for å ta vare på fuglen hennes som er helt alene i et avsidesliggende hus i fjellregionen. På øya konfronteres Kyung-ha med vennens smertefulle familiehistorie. Inseons mor har brukt flere tiår på å prøve å finne broren som forsvant under massakren i 1948, hvor 30 000 sivile ble drept og hundretusenvis av hjem brent. I Dette er ikke farvel tar Han Kang opp den tematiske tråden fra tidligere utgivelser med kollektive koreanske krigstraumer, og hun gjør det med en særlig ømhet og stor psykologisk innsikt.</p>

<p>Vinner av Nobelprisen i litteratur 2024! Romanforfatteren Kyung-ha har en foruroligende drøm. Tusenvis av svarte trestubber stikker opp av jorden, som gravstøtter. Kyung-ha lurer på hvorfor gravplassen ble bygd på et slikt sted og om beinrestene under gravene allerede har blitt skylt vekk av bølgene fra havet. Hun våkner opp mens hun løper fortvilet rundt. [&hellip;]</p>

«Han Kang borer dypt i nasjonale traumer, helt inntil smertepunktet … Boka ber om å leses langsomt.»

<!-- This site is optimized with the Yoast SEO plugin v26.6 - https://yoast.com/wordpress/plugins/seo/ -->
<title>Dette er ikke farvel - Pax</title>
<meta name="robots" content="noindex, follow, max-snippet:-1, max-image-preview:large, max-video-preview:-1" />
<meta property="og:locale" content="nb_NO" />
<meta property="og:type" content="article" />
<meta property="og:title" content="Dette er ikke farvel - Pax" />
<meta property="og:description" content="Vinner av Nobelprisen i litteratur 2024! Romanforfatteren Kyung-ha har en foruroligende drøm. Tusenvis av svarte trestubber stikker opp av jorden, som gravstøtter. Kyung-ha lurer på hvorfor gravplassen ble bygd på et slikt sted og om beinrestene under gravene allerede har blitt skylt vekk av bølgene fra havet. Hun våkner opp mens hun løper fortvilet rundt. [&hellip;]" />
<meta property="og:url" content="https://staging.forenteforlag.no/pax/produkt/dette-er-ikke-farvel/" />
<meta property="og:site_name" content="Pax" />
<meta property="article:modified_time" content="2026-02-09T05:04:42+00:00" />
<meta property="og:image" content="https://staging.forenteforlag.no/pax/wp-content/uploads/sites/5/2025/08/jpg-9018-scaled.jpg" />
	<meta property="og:image:width" content="1211" />
	<meta property="og:image:height" content="1920" />
	<meta property="og:image:type" content="image/jpeg" />
<meta name="twitter:card" content="summary_large_image" />
<meta name="twitter:label1" content="Ansl. lesetid" />
	<meta name="twitter:data1" content="1 minutt" />
<script type="application/ld+json" class="yoast-schema-graph">{"@context":"https://schema.org","@graph":[{"@type":"WebPage","@id":"https://staging.forenteforlag.no/pax/produkt/dette-er-ikke-farvel/","url":"https://staging.forenteforlag.no/pax/produkt/dette-er-ikke-farvel/","name":"Dette er ikke farvel - Pax","isPartOf":{"@id":"https://staging.forenteforlag.no/pax/#website"},"primaryImageOfPage":{"@id":"https://staging.forenteforlag.no/pax/produkt/dette-er-ikke-farvel/#primaryimage"},"image":{"@id":"https://staging.forenteforlag.no/pax/produkt/dette-er-ikke-farvel/#primaryimage"},"thumbnailUrl":"https://staging.forenteforlag.no/pax/wp-content/uploads/sites/5/2025/08/jpg-9018-scaled.jpg","datePublished":"2022-10-12T00:00:00+00:00","dateModified":"2026-02-09T05:04:42+00:00","breadcrumb":{"@id":"https://staging.forenteforlag.no/pax/produkt/dette-er-ikke-farvel/#breadcrumb"},"inLanguage":"nb-NO","potentialAction":[{"@type":"ReadAction","target":["https://staging.forenteforlag.no/pax/produkt/dette-er-ikke-farvel/"]}]},{"@type":"ImageObject","inLanguage":"nb-NO","@id":"https://staging.forenteforlag.no/pax/produkt/dette-er-ikke-farvel/#primaryimage","url":"https://staging.forenteforlag.no/pax/wp-content/uploads/sites/5/2025/08/jpg-9018-scaled.jpg","contentUrl":"https://staging.forenteforlag.no/pax/wp-content/uploads/sites/5/2025/08/jpg-9018-scaled.jpg","width":1211,"height":1920},{"@type":"BreadcrumbList","@id":"https://staging.forenteforlag.no/pax/produkt/dette-er-ikke-farvel/#breadcrumb","itemListElement":[{"@type":"ListItem","position":1,"name":"Hjem","item":"https://staging.forenteforlag.no/pax/"},{"@type":"ListItem","position":2,"name":"Alle bøker","item":"https://staging.forenteforlag.no/pax/butikk/"},{"@type":"ListItem","position":3,"name":"Dette er ikke farvel"}]},{"@type":"WebSite","@id":"https://staging.forenteforlag.no/pax/#website","url":"https://staging.forenteforlag.no/pax/","name":"Pax","description":"","potentialAction":[{"@type":"SearchAction","target":{"@type":"EntryPoint","urlTemplate":"https://staging.forenteforlag.no/pax/?s={search_term_string}"},"query-input":{"@type":"PropertyValueSpecification","valueRequired":true,"valueName":"search_term_string"}}],"inLanguage":"nb-NO"}]}</script>
<!-- / Yoast SEO plugin. -->

Vinner av Nobelprisen i litteratur 2024! Romanforfatteren Kyung-ha har en foruroligende drøm. Tusenvis av svarte trestubber stikker opp av jorden, som gravstøtter. Kyung-ha lurer på hvorfor gravplassen ble bygd på et slikt sted og om beinrestene under gravene allerede har blitt skylt vekk av bølgene fra havet. Hun våkner opp mens hun løper fortvilet rundt. [&hellip;]

Alle bøker
