{"id":24491,"date":"2024-12-11T01:00:51","date_gmt":"2024-12-11T00:00:51","guid":{"rendered":"https:\/\/pax.forenteforlag.no\/produkt\/schopenhauerkuren-2\/"},"modified":"2026-03-03T21:43:09","modified_gmt":"2026-03-03T20:43:09","slug":"schopenhauerkuren-2","status":"publish","type":"product","link":"https:\/\/staging.forenteforlag.no\/pax\/produkt\/schopenhauerkuren-2\/","title":{"rendered":"Schopenhauerkuren"},"content":{"rendered":"<p>Etter \u00e5 ha f\u00e5tt sjokkbudskapet om d\u00f8delig kreft etter en rutinesjekk, blir den anerkjente psykoterapeuten Julius Hertzfeld n\u00f8dt til \u00e5 g\u00e5 i seg selv, og se p\u00e5 livet sitt og p\u00e5 arbeidet han har gjort, med nye \u00f8yne.<\/p>\n<p>Psykiateren Irvin D. Yalom har vunnet et stort og hengivent publikum her i landet med sine romaner. Mens han i bestselgeren &laquo;Da Nietzsche gr\u00e5t&raquo; tok for seg psykoterapiens opprinnelse, f\u00e5r vi med &laquo;Schopenhauerkuren&raquo; verdens kanskje f\u00f8rste gruppeterapi-roman. Etter \u00e5 ha f\u00e5tt sjokkbudskapet om d\u00f8delig kreft etter en rutinesjekk, blir den anerkjente psykoterapeuten Julius Hertzfeld n\u00f8dt til \u00e5 g\u00e5 i seg selv, og se p\u00e5 livet sitt og p\u00e5 arbeidet han har gjort, med nye \u00f8yne. Har han utrettet noe godt, og har han hjulpet pasientene sine slik han burde? Og hva har skjedd med de pasientene han sviktet underveis? M\u00f8tet med den tidligere pasienten Philip viser seg \u00e5 bli helt annerledes enn Julius kunne ha forestilt seg. Med p\u00e5 kj\u00f8pet f\u00e5r han en uventet innf\u00f8ring i Schopenhauers filosofi.<\/p>\n","protected":false},"excerpt":{"rendered":"<p>Etter \u00e5 ha f\u00e5tt sjokkbudskapet om d\u00f8delig kreft etter en rutinesjekk, blir den anerkjente psykoterapeuten Julius Hertzfeld n\u00f8dt til \u00e5 g\u00e5 i seg selv, og se p\u00e5 livet sitt og p\u00e5 arbeidet han har gjort, med nye \u00f8yne. Psykiateren Irvin D. Yalom har vunnet et stort og hengivent publikum her i landet med sine romaner. [&hellip;]<\/p>\n","protected":false},"featured_media":29417,"template":"","meta":{"_acf_changed":false,"inline_featured_image":false},"product_brand":[],"product_cat":[1782],"product_tag":[1095,1181,370],"class_list":{"0":"post-24491","1":"product","2":"type-product","3":"status-publish","4":"has-post-thumbnail","6":"product_cat-fripris","7":"product_tag-grafiske-romaner","8":"product_tag-gruppeterapi","9":"product_tag-skjonnlitteratur","11":"first","12":"outofstock","13":"taxable","14":"shipping-taxable","15":"purchasable","16":"product-type-simple"},"acf":{"anmeldelse":null},"yoast_head":"<!-- This site is optimized with the Yoast SEO plugin v26.6 - https:\/\/yoast.com\/wordpress\/plugins\/seo\/ -->\n<title>Schopenhauerkuren - Pax<\/title>\n<meta name=\"robots\" content=\"noindex, follow, max-snippet:-1, max-image-preview:large, max-video-preview:-1\" \/>\n<meta property=\"og:locale\" content=\"nb_NO\" \/>\n<meta property=\"og:type\" content=\"article\" \/>\n<meta property=\"og:title\" content=\"Schopenhauerkuren - Pax\" \/>\n<meta property=\"og:description\" content=\"Etter \u00e5 ha f\u00e5tt sjokkbudskapet om d\u00f8delig kreft etter en rutinesjekk, blir den anerkjente psykoterapeuten Julius Hertzfeld n\u00f8dt til \u00e5 g\u00e5 i seg selv, og se p\u00e5 livet sitt og p\u00e5 arbeidet han har gjort, med nye \u00f8yne. Psykiateren Irvin D. Yalom har vunnet et stort og hengivent publikum her i landet med sine romaner. [&hellip;]\" \/>\n<meta property=\"og:url\" content=\"https:\/\/staging.forenteforlag.no\/pax\/produkt\/schopenhauerkuren-2\/\" \/>\n<meta property=\"og:site_name\" content=\"Pax\" \/>\n<meta property=\"article:modified_time\" content=\"2026-03-03T20:43:09+00:00\" \/>\n<meta property=\"og:image\" content=\"https:\/\/staging.forenteforlag.no\/pax\/wp-content\/uploads\/sites\/5\/2025\/08\/jpg-9884.jpg\" \/>\n\t<meta property=\"og:image:width\" content=\"270\" \/>\n\t<meta property=\"og:image:height\" content=\"450\" \/>\n\t<meta property=\"og:image:type\" content=\"image\/jpeg\" \/>\n<meta name=\"twitter:card\" content=\"summary_large_image\" \/>\n<meta name=\"twitter:label1\" content=\"Ansl. lesetid\" \/>\n\t<meta name=\"twitter:data1\" content=\"1 minutt\" \/>\n<script type=\"application\/ld+json\" class=\"yoast-schema-graph\">{\"@context\":\"https:\/\/schema.org\",\"@graph\":[{\"@type\":\"WebPage\",\"@id\":\"https:\/\/staging.forenteforlag.no\/pax\/produkt\/schopenhauerkuren-2\/\",\"url\":\"https:\/\/staging.forenteforlag.no\/pax\/produkt\/schopenhauerkuren-2\/\",\"name\":\"Schopenhauerkuren - Pax\",\"isPartOf\":{\"@id\":\"https:\/\/staging.forenteforlag.no\/pax\/#website\"},\"primaryImageOfPage\":{\"@id\":\"https:\/\/staging.forenteforlag.no\/pax\/produkt\/schopenhauerkuren-2\/#primaryimage\"},\"image\":{\"@id\":\"https:\/\/staging.forenteforlag.no\/pax\/produkt\/schopenhauerkuren-2\/#primaryimage\"},\"thumbnailUrl\":\"https:\/\/staging.forenteforlag.no\/pax\/wp-content\/uploads\/sites\/5\/2025\/08\/jpg-9884.jpg\",\"datePublished\":\"2024-12-11T00:00:51+00:00\",\"dateModified\":\"2026-03-03T20:43:09+00:00\",\"breadcrumb\":{\"@id\":\"https:\/\/staging.forenteforlag.no\/pax\/produkt\/schopenhauerkuren-2\/#breadcrumb\"},\"inLanguage\":\"nb-NO\",\"potentialAction\":[{\"@type\":\"ReadAction\",\"target\":[\"https:\/\/staging.forenteforlag.no\/pax\/produkt\/schopenhauerkuren-2\/\"]}]},{\"@type\":\"ImageObject\",\"inLanguage\":\"nb-NO\",\"@id\":\"https:\/\/staging.forenteforlag.no\/pax\/produkt\/schopenhauerkuren-2\/#primaryimage\",\"url\":\"https:\/\/staging.forenteforlag.no\/pax\/wp-content\/uploads\/sites\/5\/2025\/08\/jpg-9884.jpg\",\"contentUrl\":\"https:\/\/staging.forenteforlag.no\/pax\/wp-content\/uploads\/sites\/5\/2025\/08\/jpg-9884.jpg\",\"width\":270,\"height\":450},{\"@type\":\"BreadcrumbList\",\"@id\":\"https:\/\/staging.forenteforlag.no\/pax\/produkt\/schopenhauerkuren-2\/#breadcrumb\",\"itemListElement\":[{\"@type\":\"ListItem\",\"position\":1,\"name\":\"Hjem\",\"item\":\"https:\/\/staging.forenteforlag.no\/pax\/\"},{\"@type\":\"ListItem\",\"position\":2,\"name\":\"Alle b\u00f8ker\",\"item\":\"https:\/\/staging.forenteforlag.no\/pax\/butikk\/\"},{\"@type\":\"ListItem\",\"position\":3,\"name\":\"Schopenhauerkuren\"}]},{\"@type\":\"WebSite\",\"@id\":\"https:\/\/staging.forenteforlag.no\/pax\/#website\",\"url\":\"https:\/\/staging.forenteforlag.no\/pax\/\",\"name\":\"Pax\",\"description\":\"\",\"potentialAction\":[{\"@type\":\"SearchAction\",\"target\":{\"@type\":\"EntryPoint\",\"urlTemplate\":\"https:\/\/staging.forenteforlag.no\/pax\/?s={search_term_string}\"},\"query-input\":{\"@type\":\"PropertyValueSpecification\",\"valueRequired\":true,\"valueName\":\"search_term_string\"}}],\"inLanguage\":\"nb-NO\"}]}<\/script>\n<!-- \/ Yoast SEO plugin. -->","yoast_head_json":{"title":"Schopenhauerkuren - Pax","robots":{"index":"noindex","follow":"follow","max-snippet":"max-snippet:-1","max-image-preview":"max-image-preview:large","max-video-preview":"max-video-preview:-1"},"og_locale":"nb_NO","og_type":"article","og_title":"Schopenhauerkuren - Pax","og_description":"Etter \u00e5 ha f\u00e5tt sjokkbudskapet om d\u00f8delig kreft etter en rutinesjekk, blir den anerkjente psykoterapeuten Julius Hertzfeld n\u00f8dt til \u00e5 g\u00e5 i seg selv, og se p\u00e5 livet sitt og p\u00e5 arbeidet han har gjort, med nye \u00f8yne. Psykiateren Irvin D. Yalom har vunnet et stort og hengivent publikum her i landet med sine romaner. [&hellip;]","og_url":"https:\/\/staging.forenteforlag.no\/pax\/produkt\/schopenhauerkuren-2\/","og_site_name":"Pax","article_modified_time":"2026-03-03T20:43:09+00:00","og_image":[{"width":270,"height":450,"url":"https:\/\/staging.forenteforlag.no\/pax\/wp-content\/uploads\/sites\/5\/2025\/08\/jpg-9884.jpg","type":"image\/jpeg"}],"twitter_card":"summary_large_image","twitter_misc":{"Ansl. lesetid":"1 minutt"},"schema":{"@context":"https:\/\/schema.org","@graph":[{"@type":"WebPage","@id":"https:\/\/staging.forenteforlag.no\/pax\/produkt\/schopenhauerkuren-2\/","url":"https:\/\/staging.forenteforlag.no\/pax\/produkt\/schopenhauerkuren-2\/","name":"Schopenhauerkuren - Pax","isPartOf":{"@id":"https:\/\/staging.forenteforlag.no\/pax\/#website"},"primaryImageOfPage":{"@id":"https:\/\/staging.forenteforlag.no\/pax\/produkt\/schopenhauerkuren-2\/#primaryimage"},"image":{"@id":"https:\/\/staging.forenteforlag.no\/pax\/produkt\/schopenhauerkuren-2\/#primaryimage"},"thumbnailUrl":"https:\/\/staging.forenteforlag.no\/pax\/wp-content\/uploads\/sites\/5\/2025\/08\/jpg-9884.jpg","datePublished":"2024-12-11T00:00:51+00:00","dateModified":"2026-03-03T20:43:09+00:00","breadcrumb":{"@id":"https:\/\/staging.forenteforlag.no\/pax\/produkt\/schopenhauerkuren-2\/#breadcrumb"},"inLanguage":"nb-NO","potentialAction":[{"@type":"ReadAction","target":["https:\/\/staging.forenteforlag.no\/pax\/produkt\/schopenhauerkuren-2\/"]}]},{"@type":"ImageObject","inLanguage":"nb-NO","@id":"https:\/\/staging.forenteforlag.no\/pax\/produkt\/schopenhauerkuren-2\/#primaryimage","url":"https:\/\/staging.forenteforlag.no\/pax\/wp-content\/uploads\/sites\/5\/2025\/08\/jpg-9884.jpg","contentUrl":"https:\/\/staging.forenteforlag.no\/pax\/wp-content\/uploads\/sites\/5\/2025\/08\/jpg-9884.jpg","width":270,"height":450},{"@type":"BreadcrumbList","@id":"https:\/\/staging.forenteforlag.no\/pax\/produkt\/schopenhauerkuren-2\/#breadcrumb","itemListElement":[{"@type":"ListItem","position":1,"name":"Hjem","item":"https:\/\/staging.forenteforlag.no\/pax\/"},{"@type":"ListItem","position":2,"name":"Alle b\u00f8ker","item":"https:\/\/staging.forenteforlag.no\/pax\/butikk\/"},{"@type":"ListItem","position":3,"name":"Schopenhauerkuren"}]},{"@type":"WebSite","@id":"https:\/\/staging.forenteforlag.no\/pax\/#website","url":"https:\/\/staging.forenteforlag.no\/pax\/","name":"Pax","description":"","potentialAction":[{"@type":"SearchAction","target":{"@type":"EntryPoint","urlTemplate":"https:\/\/staging.forenteforlag.no\/pax\/?s={search_term_string}"},"query-input":{"@type":"PropertyValueSpecification","valueRequired":true,"valueName":"search_term_string"}}],"inLanguage":"nb-NO"}]}},"_links":{"self":[{"href":"https:\/\/staging.forenteforlag.no\/pax\/wp-json\/wp\/v2\/product\/24491","targetHints":{"allow":["GET"]}}],"collection":[{"href":"https:\/\/staging.forenteforlag.no\/pax\/wp-json\/wp\/v2\/product"}],"about":[{"href":"https:\/\/staging.forenteforlag.no\/pax\/wp-json\/wp\/v2\/types\/product"}],"wp:featuredmedia":[{"embeddable":true,"href":"https:\/\/staging.forenteforlag.no\/pax\/wp-json\/wp\/v2\/media\/29417"}],"wp:attachment":[{"href":"https:\/\/staging.forenteforlag.no\/pax\/wp-json\/wp\/v2\/media?parent=24491"}],"wp:term":[{"taxonomy":"product_brand","embeddable":true,"href":"https:\/\/staging.forenteforlag.no\/pax\/wp-json\/wp\/v2\/product_brand?post=24491"},{"taxonomy":"product_cat","embeddable":true,"href":"https:\/\/staging.forenteforlag.no\/pax\/wp-json\/wp\/v2\/product_cat?post=24491"},{"taxonomy":"product_tag","embeddable":true,"href":"https:\/\/staging.forenteforlag.no\/pax\/wp-json\/wp\/v2\/product_tag?post=24491"}],"curies":[{"name":"wp","href":"https:\/\/api.w.org\/{rel}","templated":true}]}}