{"id":24465,"date":"2009-11-24T01:00:00","date_gmt":"2009-11-24T00:00:00","guid":{"rendered":"https:\/\/pax.forenteforlag.no\/produkt\/den-norske-nasjonalsosialismen-3\/"},"modified":"2025-08-27T12:33:09","modified_gmt":"2025-08-27T10:33:09","slug":"den-norske-nasjonalsosialismen-3","status":"publish","type":"product","link":"https:\/\/staging.forenteforlag.no\/pax\/produkt\/den-norske-nasjonalsosialismen-3\/","title":{"rendered":"Den norske nasjonalsosialismen"},"content":{"rendered":"<p>Dette er historien om partiet som ble til en sekt og sekten som ble til et regime &#8211; p\u00e5 tyske bajonetter. Det er historien om en liten gruppe som startet som en ilter reaksjon mot Arbeiderpartiet, som s\u00e5 seg selv som den siste redningsplanken mot &laquo;trusselen fra \u00f8st&raquo; &#8211; og som var villige til \u00e5 g\u00e5 i en okkupasjonsmakts tjeneste for sine ideer. Boka er gjennomillustrert med et enest\u00e5ende foto- og billedmateriale.<\/p>\n","protected":false},"excerpt":{"rendered":"<p>Dette er historien om partiet som ble til en sekt og sekten som ble til et regime &#8211; p\u00e5 tyske bajonetter. Det er historien om en liten gruppe som startet som en ilter reaksjon mot Arbeiderpartiet, som s\u00e5 seg selv som den siste redningsplanken mot &laquo;trusselen fra \u00f8st&raquo; &#8211; og som var villige til \u00e5 [&hellip;]<\/p>\n","protected":false},"featured_media":29257,"template":"","meta":{"_acf_changed":false,"inline_featured_image":false},"product_brand":[],"product_cat":[23],"product_tag":[407,405,362,540,439],"class_list":{"0":"post-24465","1":"product","2":"type-product","3":"status-publish","4":"has-post-thumbnail","6":"product_cat-historie","7":"product_tag-1939-1945","8":"product_tag-andre-verdenskrig","9":"product_tag-faglitteratur","10":"product_tag-nazisme","11":"product_tag-nord-norge","12":"pa_format-innbundet","14":"first","15":"outofstock","16":"shipping-taxable","17":"purchasable","18":"product-type-simple"},"acf":{"anmeldelse":null},"yoast_head":"<!-- This site is optimized with the Yoast SEO plugin v26.6 - https:\/\/yoast.com\/wordpress\/plugins\/seo\/ -->\n<title>Den norske nasjonalsosialismen - Pax<\/title>\n<meta name=\"robots\" content=\"noindex, follow, max-snippet:-1, max-image-preview:large, max-video-preview:-1\" \/>\n<meta property=\"og:locale\" content=\"nb_NO\" \/>\n<meta property=\"og:type\" content=\"article\" \/>\n<meta property=\"og:title\" content=\"Den norske nasjonalsosialismen - Pax\" \/>\n<meta property=\"og:description\" content=\"Dette er historien om partiet som ble til en sekt og sekten som ble til et regime &#8211; p\u00e5 tyske bajonetter. Det er historien om en liten gruppe som startet som en ilter reaksjon mot Arbeiderpartiet, som s\u00e5 seg selv som den siste redningsplanken mot &laquo;trusselen fra \u00f8st&raquo; &#8211; og som var villige til \u00e5 [&hellip;]\" \/>\n<meta property=\"og:url\" content=\"https:\/\/staging.forenteforlag.no\/pax\/produkt\/den-norske-nasjonalsosialismen-3\/\" \/>\n<meta property=\"og:site_name\" content=\"Pax\" \/>\n<meta property=\"article:modified_time\" content=\"2025-08-27T10:33:09+00:00\" \/>\n<meta property=\"og:image\" content=\"https:\/\/staging.forenteforlag.no\/pax\/wp-content\/uploads\/sites\/5\/2025\/08\/jpg-9391.jpg\" \/>\n\t<meta property=\"og:image:width\" content=\"342\" \/>\n\t<meta property=\"og:image:height\" content=\"449\" \/>\n\t<meta property=\"og:image:type\" content=\"image\/jpeg\" \/>\n<meta name=\"twitter:card\" content=\"summary_large_image\" \/>\n<script type=\"application\/ld+json\" class=\"yoast-schema-graph\">{\"@context\":\"https:\/\/schema.org\",\"@graph\":[{\"@type\":\"WebPage\",\"@id\":\"https:\/\/staging.forenteforlag.no\/pax\/produkt\/den-norske-nasjonalsosialismen-3\/\",\"url\":\"https:\/\/staging.forenteforlag.no\/pax\/produkt\/den-norske-nasjonalsosialismen-3\/\",\"name\":\"Den norske nasjonalsosialismen - Pax\",\"isPartOf\":{\"@id\":\"https:\/\/staging.forenteforlag.no\/pax\/#website\"},\"primaryImageOfPage\":{\"@id\":\"https:\/\/staging.forenteforlag.no\/pax\/produkt\/den-norske-nasjonalsosialismen-3\/#primaryimage\"},\"image\":{\"@id\":\"https:\/\/staging.forenteforlag.no\/pax\/produkt\/den-norske-nasjonalsosialismen-3\/#primaryimage\"},\"thumbnailUrl\":\"https:\/\/staging.forenteforlag.no\/pax\/wp-content\/uploads\/sites\/5\/2025\/08\/jpg-9391.jpg\",\"datePublished\":\"2009-11-24T00:00:00+00:00\",\"dateModified\":\"2025-08-27T10:33:09+00:00\",\"breadcrumb\":{\"@id\":\"https:\/\/staging.forenteforlag.no\/pax\/produkt\/den-norske-nasjonalsosialismen-3\/#breadcrumb\"},\"inLanguage\":\"nb-NO\",\"potentialAction\":[{\"@type\":\"ReadAction\",\"target\":[\"https:\/\/staging.forenteforlag.no\/pax\/produkt\/den-norske-nasjonalsosialismen-3\/\"]}]},{\"@type\":\"ImageObject\",\"inLanguage\":\"nb-NO\",\"@id\":\"https:\/\/staging.forenteforlag.no\/pax\/produkt\/den-norske-nasjonalsosialismen-3\/#primaryimage\",\"url\":\"https:\/\/staging.forenteforlag.no\/pax\/wp-content\/uploads\/sites\/5\/2025\/08\/jpg-9391.jpg\",\"contentUrl\":\"https:\/\/staging.forenteforlag.no\/pax\/wp-content\/uploads\/sites\/5\/2025\/08\/jpg-9391.jpg\",\"width\":342,\"height\":449},{\"@type\":\"BreadcrumbList\",\"@id\":\"https:\/\/staging.forenteforlag.no\/pax\/produkt\/den-norske-nasjonalsosialismen-3\/#breadcrumb\",\"itemListElement\":[{\"@type\":\"ListItem\",\"position\":1,\"name\":\"Hjem\",\"item\":\"https:\/\/staging.forenteforlag.no\/pax\/\"},{\"@type\":\"ListItem\",\"position\":2,\"name\":\"Alle b\u00f8ker\",\"item\":\"https:\/\/staging.forenteforlag.no\/pax\/butikk\/\"},{\"@type\":\"ListItem\",\"position\":3,\"name\":\"Den norske nasjonalsosialismen\"}]},{\"@type\":\"WebSite\",\"@id\":\"https:\/\/staging.forenteforlag.no\/pax\/#website\",\"url\":\"https:\/\/staging.forenteforlag.no\/pax\/\",\"name\":\"Pax\",\"description\":\"\",\"potentialAction\":[{\"@type\":\"SearchAction\",\"target\":{\"@type\":\"EntryPoint\",\"urlTemplate\":\"https:\/\/staging.forenteforlag.no\/pax\/?s={search_term_string}\"},\"query-input\":{\"@type\":\"PropertyValueSpecification\",\"valueRequired\":true,\"valueName\":\"search_term_string\"}}],\"inLanguage\":\"nb-NO\"}]}<\/script>\n<!-- \/ Yoast SEO plugin. -->","yoast_head_json":{"title":"Den norske nasjonalsosialismen - Pax","robots":{"index":"noindex","follow":"follow","max-snippet":"max-snippet:-1","max-image-preview":"max-image-preview:large","max-video-preview":"max-video-preview:-1"},"og_locale":"nb_NO","og_type":"article","og_title":"Den norske nasjonalsosialismen - Pax","og_description":"Dette er historien om partiet som ble til en sekt og sekten som ble til et regime &#8211; p\u00e5 tyske bajonetter. Det er historien om en liten gruppe som startet som en ilter reaksjon mot Arbeiderpartiet, som s\u00e5 seg selv som den siste redningsplanken mot &laquo;trusselen fra \u00f8st&raquo; &#8211; og som var villige til \u00e5 [&hellip;]","og_url":"https:\/\/staging.forenteforlag.no\/pax\/produkt\/den-norske-nasjonalsosialismen-3\/","og_site_name":"Pax","article_modified_time":"2025-08-27T10:33:09+00:00","og_image":[{"width":342,"height":449,"url":"https:\/\/staging.forenteforlag.no\/pax\/wp-content\/uploads\/sites\/5\/2025\/08\/jpg-9391.jpg","type":"image\/jpeg"}],"twitter_card":"summary_large_image","schema":{"@context":"https:\/\/schema.org","@graph":[{"@type":"WebPage","@id":"https:\/\/staging.forenteforlag.no\/pax\/produkt\/den-norske-nasjonalsosialismen-3\/","url":"https:\/\/staging.forenteforlag.no\/pax\/produkt\/den-norske-nasjonalsosialismen-3\/","name":"Den norske nasjonalsosialismen - Pax","isPartOf":{"@id":"https:\/\/staging.forenteforlag.no\/pax\/#website"},"primaryImageOfPage":{"@id":"https:\/\/staging.forenteforlag.no\/pax\/produkt\/den-norske-nasjonalsosialismen-3\/#primaryimage"},"image":{"@id":"https:\/\/staging.forenteforlag.no\/pax\/produkt\/den-norske-nasjonalsosialismen-3\/#primaryimage"},"thumbnailUrl":"https:\/\/staging.forenteforlag.no\/pax\/wp-content\/uploads\/sites\/5\/2025\/08\/jpg-9391.jpg","datePublished":"2009-11-24T00:00:00+00:00","dateModified":"2025-08-27T10:33:09+00:00","breadcrumb":{"@id":"https:\/\/staging.forenteforlag.no\/pax\/produkt\/den-norske-nasjonalsosialismen-3\/#breadcrumb"},"inLanguage":"nb-NO","potentialAction":[{"@type":"ReadAction","target":["https:\/\/staging.forenteforlag.no\/pax\/produkt\/den-norske-nasjonalsosialismen-3\/"]}]},{"@type":"ImageObject","inLanguage":"nb-NO","@id":"https:\/\/staging.forenteforlag.no\/pax\/produkt\/den-norske-nasjonalsosialismen-3\/#primaryimage","url":"https:\/\/staging.forenteforlag.no\/pax\/wp-content\/uploads\/sites\/5\/2025\/08\/jpg-9391.jpg","contentUrl":"https:\/\/staging.forenteforlag.no\/pax\/wp-content\/uploads\/sites\/5\/2025\/08\/jpg-9391.jpg","width":342,"height":449},{"@type":"BreadcrumbList","@id":"https:\/\/staging.forenteforlag.no\/pax\/produkt\/den-norske-nasjonalsosialismen-3\/#breadcrumb","itemListElement":[{"@type":"ListItem","position":1,"name":"Hjem","item":"https:\/\/staging.forenteforlag.no\/pax\/"},{"@type":"ListItem","position":2,"name":"Alle b\u00f8ker","item":"https:\/\/staging.forenteforlag.no\/pax\/butikk\/"},{"@type":"ListItem","position":3,"name":"Den norske nasjonalsosialismen"}]},{"@type":"WebSite","@id":"https:\/\/staging.forenteforlag.no\/pax\/#website","url":"https:\/\/staging.forenteforlag.no\/pax\/","name":"Pax","description":"","potentialAction":[{"@type":"SearchAction","target":{"@type":"EntryPoint","urlTemplate":"https:\/\/staging.forenteforlag.no\/pax\/?s={search_term_string}"},"query-input":{"@type":"PropertyValueSpecification","valueRequired":true,"valueName":"search_term_string"}}],"inLanguage":"nb-NO"}]}},"_links":{"self":[{"href":"https:\/\/staging.forenteforlag.no\/pax\/wp-json\/wp\/v2\/product\/24465","targetHints":{"allow":["GET"]}}],"collection":[{"href":"https:\/\/staging.forenteforlag.no\/pax\/wp-json\/wp\/v2\/product"}],"about":[{"href":"https:\/\/staging.forenteforlag.no\/pax\/wp-json\/wp\/v2\/types\/product"}],"wp:featuredmedia":[{"embeddable":true,"href":"https:\/\/staging.forenteforlag.no\/pax\/wp-json\/wp\/v2\/media\/29257"}],"wp:attachment":[{"href":"https:\/\/staging.forenteforlag.no\/pax\/wp-json\/wp\/v2\/media?parent=24465"}],"wp:term":[{"taxonomy":"product_brand","embeddable":true,"href":"https:\/\/staging.forenteforlag.no\/pax\/wp-json\/wp\/v2\/product_brand?post=24465"},{"taxonomy":"product_cat","embeddable":true,"href":"https:\/\/staging.forenteforlag.no\/pax\/wp-json\/wp\/v2\/product_cat?post=24465"},{"taxonomy":"product_tag","embeddable":true,"href":"https:\/\/staging.forenteforlag.no\/pax\/wp-json\/wp\/v2\/product_tag?post=24465"}],"curies":[{"name":"wp","href":"https:\/\/api.w.org\/{rel}","templated":true}]}}

<p>Dette er historien om partiet som ble til en sekt og sekten som ble til et regime &#8211; på tyske bajonetter. Det er historien om en liten gruppe som startet som en ilter reaksjon mot Arbeiderpartiet, som så seg selv som den siste redningsplanken mot &laquo;trusselen fra øst&raquo; &#8211; og som var villige til å gå i en okkupasjonsmakts tjeneste for sine ideer. Boka er gjennomillustrert med et enestående foto- og billedmateriale.</p>

<p>Dette er historien om partiet som ble til en sekt og sekten som ble til et regime &#8211; på tyske bajonetter. Det er historien om en liten gruppe som startet som en ilter reaksjon mot Arbeiderpartiet, som så seg selv som den siste redningsplanken mot &laquo;trusselen fra øst&raquo; &#8211; og som var villige til å [&hellip;]</p>

<!-- This site is optimized with the Yoast SEO plugin v26.6 - https://yoast.com/wordpress/plugins/seo/ -->
<title>Den norske nasjonalsosialismen - Pax</title>
<meta name="robots" content="noindex, follow, max-snippet:-1, max-image-preview:large, max-video-preview:-1" />
<meta property="og:locale" content="nb_NO" />
<meta property="og:type" content="article" />
<meta property="og:title" content="Den norske nasjonalsosialismen - Pax" />
<meta property="og:description" content="Dette er historien om partiet som ble til en sekt og sekten som ble til et regime &#8211; på tyske bajonetter. Det er historien om en liten gruppe som startet som en ilter reaksjon mot Arbeiderpartiet, som så seg selv som den siste redningsplanken mot &laquo;trusselen fra øst&raquo; &#8211; og som var villige til å [&hellip;]" />
<meta property="og:url" content="https://staging.forenteforlag.no/pax/produkt/den-norske-nasjonalsosialismen-3/" />
<meta property="og:site_name" content="Pax" />
<meta property="article:modified_time" content="2025-08-27T10:33:09+00:00" />
<meta property="og:image" content="https://staging.forenteforlag.no/pax/wp-content/uploads/sites/5/2025/08/jpg-9391.jpg" />
	<meta property="og:image:width" content="342" />
	<meta property="og:image:height" content="449" />
	<meta property="og:image:type" content="image/jpeg" />
<meta name="twitter:card" content="summary_large_image" />
<script type="application/ld+json" class="yoast-schema-graph">{"@context":"https://schema.org","@graph":[{"@type":"WebPage","@id":"https://staging.forenteforlag.no/pax/produkt/den-norske-nasjonalsosialismen-3/","url":"https://staging.forenteforlag.no/pax/produkt/den-norske-nasjonalsosialismen-3/","name":"Den norske nasjonalsosialismen - Pax","isPartOf":{"@id":"https://staging.forenteforlag.no/pax/#website"},"primaryImageOfPage":{"@id":"https://staging.forenteforlag.no/pax/produkt/den-norske-nasjonalsosialismen-3/#primaryimage"},"image":{"@id":"https://staging.forenteforlag.no/pax/produkt/den-norske-nasjonalsosialismen-3/#primaryimage"},"thumbnailUrl":"https://staging.forenteforlag.no/pax/wp-content/uploads/sites/5/2025/08/jpg-9391.jpg","datePublished":"2009-11-24T00:00:00+00:00","dateModified":"2025-08-27T10:33:09+00:00","breadcrumb":{"@id":"https://staging.forenteforlag.no/pax/produkt/den-norske-nasjonalsosialismen-3/#breadcrumb"},"inLanguage":"nb-NO","potentialAction":[{"@type":"ReadAction","target":["https://staging.forenteforlag.no/pax/produkt/den-norske-nasjonalsosialismen-3/"]}]},{"@type":"ImageObject","inLanguage":"nb-NO","@id":"https://staging.forenteforlag.no/pax/produkt/den-norske-nasjonalsosialismen-3/#primaryimage","url":"https://staging.forenteforlag.no/pax/wp-content/uploads/sites/5/2025/08/jpg-9391.jpg","contentUrl":"https://staging.forenteforlag.no/pax/wp-content/uploads/sites/5/2025/08/jpg-9391.jpg","width":342,"height":449},{"@type":"BreadcrumbList","@id":"https://staging.forenteforlag.no/pax/produkt/den-norske-nasjonalsosialismen-3/#breadcrumb","itemListElement":[{"@type":"ListItem","position":1,"name":"Hjem","item":"https://staging.forenteforlag.no/pax/"},{"@type":"ListItem","position":2,"name":"Alle bøker","item":"https://staging.forenteforlag.no/pax/butikk/"},{"@type":"ListItem","position":3,"name":"Den norske nasjonalsosialismen"}]},{"@type":"WebSite","@id":"https://staging.forenteforlag.no/pax/#website","url":"https://staging.forenteforlag.no/pax/","name":"Pax","description":"","potentialAction":[{"@type":"SearchAction","target":{"@type":"EntryPoint","urlTemplate":"https://staging.forenteforlag.no/pax/?s={search_term_string}"},"query-input":{"@type":"PropertyValueSpecification","valueRequired":true,"valueName":"search_term_string"}}],"inLanguage":"nb-NO"}]}</script>
<!-- / Yoast SEO plugin. -->

Dette er historien om partiet som ble til en sekt og sekten som ble til et regime &#8211; på tyske bajonetter. Det er historien om en liten gruppe som startet som en ilter reaksjon mot Arbeiderpartiet, som så seg selv som den siste redningsplanken mot &laquo;trusselen fra øst&raquo; &#8211; og som var villige til å [&hellip;]

Alle bøker
