{"id":24435,"date":"2006-03-12T16:42:11","date_gmt":"2006-03-12T15:42:11","guid":{"rendered":"https:\/\/pax.forenteforlag.no\/produkt\/kunstens-avslutning\/"},"modified":"2026-03-04T21:43:44","modified_gmt":"2026-03-04T20:43:44","slug":"kunstens-avslutning","status":"publish","type":"product","link":"https:\/\/staging.forenteforlag.no\/pax\/produkt\/kunstens-avslutning\/","title":{"rendered":"Kunstens avslutning"},"content":{"rendered":"<p>Hva gj\u00f8r et kunstverk til kunst? Et det egenskaper ved selve verket eller sammenhengen det inng\u00e5r i? If\u00f8lge den amerikanske kunstfilosofen Arthur C. Danto (f. 1924) finnes det ikke lenger noen faste kriterier for hva som skiller kunst fra ikke-kunst. Det interessante er hva som defineres som kunst n\u00e5r. Dette avgj\u00f8res blant annet i det Danto kaller kunstverdenen. Sentralt i hans resonnement er en dr\u00f8fting av Andy Warhols Brillo-esker, etterligninger av en alminnelig forbruksvare: en kasse med vaskemidler. Warhols valg gjorde Brillo til et ikon i popkunsten. Arthur C. Dantos tanker om forholdet mellom kunst og kontekst har v\u00e6rt banebrytende i moderne kunstteori. Tekstene hans er hyppig brukte referanser, og blir n\u00e5 for f\u00f8rste gang ogs\u00e5 tilgjengelige p\u00e5 norsk. Danto bidrar stadig med innspill til den kunstteoretiske debatten og er en innflytelsesrik kurator og kunstkritiker. H\u00f8sten 2005 gjestet han Norge som ForArt foredragsholder. I &laquo;Kunstens avslutning&raquo; inng\u00e5r &laquo;Kunstverdenen&raquo;, &laquo;Alminnelige tings tranfigurasjon&raquo;, &laquo;Kunstens avslutning&raquo;og &laquo;Tre ti\u00e5r etter kunstens avslutning&raquo;.<\/p>\n","protected":false},"excerpt":{"rendered":"<p>Hva gj\u00f8r et kunstverk til kunst? Et det egenskaper ved selve verket eller sammenhengen det inng\u00e5r i? If\u00f8lge den amerikanske kunstfilosofen Arthur C. Danto (f. 1924) finnes det ikke lenger noen faste kriterier for hva som skiller kunst fra ikke-kunst. Det interessante er hva som defineres som kunst n\u00e5r. Dette avgj\u00f8res blant annet i det [&hellip;]<\/p>\n","protected":false},"featured_media":28175,"template":"","meta":{"_acf_changed":false,"inline_featured_image":false},"product_brand":[],"product_cat":[1782],"product_tag":[1746,1346,378,362],"class_list":{"0":"post-24435","1":"product","2":"type-product","3":"status-publish","4":"has-post-thumbnail","6":"product_cat-fripris","7":"product_tag-abstrakt-kunst","8":"product_tag-antikk-filosofi","9":"product_tag-essay","10":"product_tag-faglitteratur","12":"first","13":"instock","14":"shipping-taxable","15":"purchasable","16":"product-type-simple"},"acf":{"anmeldelse":null},"yoast_head":"<!-- This site is optimized with the Yoast SEO plugin v26.6 - https:\/\/yoast.com\/wordpress\/plugins\/seo\/ -->\n<title>Kunstens avslutning - Pax<\/title>\n<meta name=\"robots\" content=\"noindex, follow, max-snippet:-1, max-image-preview:large, max-video-preview:-1\" \/>\n<meta property=\"og:locale\" content=\"nb_NO\" \/>\n<meta property=\"og:type\" content=\"article\" \/>\n<meta property=\"og:title\" content=\"Kunstens avslutning - Pax\" \/>\n<meta property=\"og:description\" content=\"Hva gj\u00f8r et kunstverk til kunst? Et det egenskaper ved selve verket eller sammenhengen det inng\u00e5r i? If\u00f8lge den amerikanske kunstfilosofen Arthur C. Danto (f. 1924) finnes det ikke lenger noen faste kriterier for hva som skiller kunst fra ikke-kunst. Det interessante er hva som defineres som kunst n\u00e5r. Dette avgj\u00f8res blant annet i det [&hellip;]\" \/>\n<meta property=\"og:url\" content=\"https:\/\/staging.forenteforlag.no\/pax\/produkt\/kunstens-avslutning\/\" \/>\n<meta property=\"og:site_name\" content=\"Pax\" \/>\n<meta property=\"article:modified_time\" content=\"2026-03-04T20:43:44+00:00\" \/>\n<meta property=\"og:image\" content=\"https:\/\/staging.forenteforlag.no\/pax\/wp-content\/uploads\/sites\/5\/2025\/08\/jpg-6192.jpg\" \/>\n\t<meta property=\"og:image:width\" content=\"308\" \/>\n\t<meta property=\"og:image:height\" content=\"450\" \/>\n\t<meta property=\"og:image:type\" content=\"image\/jpeg\" \/>\n<meta name=\"twitter:card\" content=\"summary_large_image\" \/>\n<meta name=\"twitter:label1\" content=\"Ansl. lesetid\" \/>\n\t<meta name=\"twitter:data1\" content=\"1 minutt\" \/>\n<script type=\"application\/ld+json\" class=\"yoast-schema-graph\">{\"@context\":\"https:\/\/schema.org\",\"@graph\":[{\"@type\":\"WebPage\",\"@id\":\"https:\/\/staging.forenteforlag.no\/pax\/produkt\/kunstens-avslutning\/\",\"url\":\"https:\/\/staging.forenteforlag.no\/pax\/produkt\/kunstens-avslutning\/\",\"name\":\"Kunstens avslutning - Pax\",\"isPartOf\":{\"@id\":\"https:\/\/staging.forenteforlag.no\/pax\/#website\"},\"primaryImageOfPage\":{\"@id\":\"https:\/\/staging.forenteforlag.no\/pax\/produkt\/kunstens-avslutning\/#primaryimage\"},\"image\":{\"@id\":\"https:\/\/staging.forenteforlag.no\/pax\/produkt\/kunstens-avslutning\/#primaryimage\"},\"thumbnailUrl\":\"https:\/\/staging.forenteforlag.no\/pax\/wp-content\/uploads\/sites\/5\/2025\/08\/jpg-6192.jpg\",\"datePublished\":\"2006-03-12T15:42:11+00:00\",\"dateModified\":\"2026-03-04T20:43:44+00:00\",\"breadcrumb\":{\"@id\":\"https:\/\/staging.forenteforlag.no\/pax\/produkt\/kunstens-avslutning\/#breadcrumb\"},\"inLanguage\":\"nb-NO\",\"potentialAction\":[{\"@type\":\"ReadAction\",\"target\":[\"https:\/\/staging.forenteforlag.no\/pax\/produkt\/kunstens-avslutning\/\"]}]},{\"@type\":\"ImageObject\",\"inLanguage\":\"nb-NO\",\"@id\":\"https:\/\/staging.forenteforlag.no\/pax\/produkt\/kunstens-avslutning\/#primaryimage\",\"url\":\"https:\/\/staging.forenteforlag.no\/pax\/wp-content\/uploads\/sites\/5\/2025\/08\/jpg-6192.jpg\",\"contentUrl\":\"https:\/\/staging.forenteforlag.no\/pax\/wp-content\/uploads\/sites\/5\/2025\/08\/jpg-6192.jpg\",\"width\":308,\"height\":450},{\"@type\":\"BreadcrumbList\",\"@id\":\"https:\/\/staging.forenteforlag.no\/pax\/produkt\/kunstens-avslutning\/#breadcrumb\",\"itemListElement\":[{\"@type\":\"ListItem\",\"position\":1,\"name\":\"Hjem\",\"item\":\"https:\/\/staging.forenteforlag.no\/pax\/\"},{\"@type\":\"ListItem\",\"position\":2,\"name\":\"Alle b\u00f8ker\",\"item\":\"https:\/\/staging.forenteforlag.no\/pax\/butikk\/\"},{\"@type\":\"ListItem\",\"position\":3,\"name\":\"Kunstens avslutning\"}]},{\"@type\":\"WebSite\",\"@id\":\"https:\/\/staging.forenteforlag.no\/pax\/#website\",\"url\":\"https:\/\/staging.forenteforlag.no\/pax\/\",\"name\":\"Pax\",\"description\":\"\",\"potentialAction\":[{\"@type\":\"SearchAction\",\"target\":{\"@type\":\"EntryPoint\",\"urlTemplate\":\"https:\/\/staging.forenteforlag.no\/pax\/?s={search_term_string}\"},\"query-input\":{\"@type\":\"PropertyValueSpecification\",\"valueRequired\":true,\"valueName\":\"search_term_string\"}}],\"inLanguage\":\"nb-NO\"}]}<\/script>\n<!-- \/ Yoast SEO plugin. -->","yoast_head_json":{"title":"Kunstens avslutning - Pax","robots":{"index":"noindex","follow":"follow","max-snippet":"max-snippet:-1","max-image-preview":"max-image-preview:large","max-video-preview":"max-video-preview:-1"},"og_locale":"nb_NO","og_type":"article","og_title":"Kunstens avslutning - Pax","og_description":"Hva gj\u00f8r et kunstverk til kunst? Et det egenskaper ved selve verket eller sammenhengen det inng\u00e5r i? If\u00f8lge den amerikanske kunstfilosofen Arthur C. Danto (f. 1924) finnes det ikke lenger noen faste kriterier for hva som skiller kunst fra ikke-kunst. Det interessante er hva som defineres som kunst n\u00e5r. Dette avgj\u00f8res blant annet i det [&hellip;]","og_url":"https:\/\/staging.forenteforlag.no\/pax\/produkt\/kunstens-avslutning\/","og_site_name":"Pax","article_modified_time":"2026-03-04T20:43:44+00:00","og_image":[{"width":308,"height":450,"url":"https:\/\/staging.forenteforlag.no\/pax\/wp-content\/uploads\/sites\/5\/2025\/08\/jpg-6192.jpg","type":"image\/jpeg"}],"twitter_card":"summary_large_image","twitter_misc":{"Ansl. lesetid":"1 minutt"},"schema":{"@context":"https:\/\/schema.org","@graph":[{"@type":"WebPage","@id":"https:\/\/staging.forenteforlag.no\/pax\/produkt\/kunstens-avslutning\/","url":"https:\/\/staging.forenteforlag.no\/pax\/produkt\/kunstens-avslutning\/","name":"Kunstens avslutning - Pax","isPartOf":{"@id":"https:\/\/staging.forenteforlag.no\/pax\/#website"},"primaryImageOfPage":{"@id":"https:\/\/staging.forenteforlag.no\/pax\/produkt\/kunstens-avslutning\/#primaryimage"},"image":{"@id":"https:\/\/staging.forenteforlag.no\/pax\/produkt\/kunstens-avslutning\/#primaryimage"},"thumbnailUrl":"https:\/\/staging.forenteforlag.no\/pax\/wp-content\/uploads\/sites\/5\/2025\/08\/jpg-6192.jpg","datePublished":"2006-03-12T15:42:11+00:00","dateModified":"2026-03-04T20:43:44+00:00","breadcrumb":{"@id":"https:\/\/staging.forenteforlag.no\/pax\/produkt\/kunstens-avslutning\/#breadcrumb"},"inLanguage":"nb-NO","potentialAction":[{"@type":"ReadAction","target":["https:\/\/staging.forenteforlag.no\/pax\/produkt\/kunstens-avslutning\/"]}]},{"@type":"ImageObject","inLanguage":"nb-NO","@id":"https:\/\/staging.forenteforlag.no\/pax\/produkt\/kunstens-avslutning\/#primaryimage","url":"https:\/\/staging.forenteforlag.no\/pax\/wp-content\/uploads\/sites\/5\/2025\/08\/jpg-6192.jpg","contentUrl":"https:\/\/staging.forenteforlag.no\/pax\/wp-content\/uploads\/sites\/5\/2025\/08\/jpg-6192.jpg","width":308,"height":450},{"@type":"BreadcrumbList","@id":"https:\/\/staging.forenteforlag.no\/pax\/produkt\/kunstens-avslutning\/#breadcrumb","itemListElement":[{"@type":"ListItem","position":1,"name":"Hjem","item":"https:\/\/staging.forenteforlag.no\/pax\/"},{"@type":"ListItem","position":2,"name":"Alle b\u00f8ker","item":"https:\/\/staging.forenteforlag.no\/pax\/butikk\/"},{"@type":"ListItem","position":3,"name":"Kunstens avslutning"}]},{"@type":"WebSite","@id":"https:\/\/staging.forenteforlag.no\/pax\/#website","url":"https:\/\/staging.forenteforlag.no\/pax\/","name":"Pax","description":"","potentialAction":[{"@type":"SearchAction","target":{"@type":"EntryPoint","urlTemplate":"https:\/\/staging.forenteforlag.no\/pax\/?s={search_term_string}"},"query-input":{"@type":"PropertyValueSpecification","valueRequired":true,"valueName":"search_term_string"}}],"inLanguage":"nb-NO"}]}},"_links":{"self":[{"href":"https:\/\/staging.forenteforlag.no\/pax\/wp-json\/wp\/v2\/product\/24435","targetHints":{"allow":["GET"]}}],"collection":[{"href":"https:\/\/staging.forenteforlag.no\/pax\/wp-json\/wp\/v2\/product"}],"about":[{"href":"https:\/\/staging.forenteforlag.no\/pax\/wp-json\/wp\/v2\/types\/product"}],"wp:featuredmedia":[{"embeddable":true,"href":"https:\/\/staging.forenteforlag.no\/pax\/wp-json\/wp\/v2\/media\/28175"}],"wp:attachment":[{"href":"https:\/\/staging.forenteforlag.no\/pax\/wp-json\/wp\/v2\/media?parent=24435"}],"wp:term":[{"taxonomy":"product_brand","embeddable":true,"href":"https:\/\/staging.forenteforlag.no\/pax\/wp-json\/wp\/v2\/product_brand?post=24435"},{"taxonomy":"product_cat","embeddable":true,"href":"https:\/\/staging.forenteforlag.no\/pax\/wp-json\/wp\/v2\/product_cat?post=24435"},{"taxonomy":"product_tag","embeddable":true,"href":"https:\/\/staging.forenteforlag.no\/pax\/wp-json\/wp\/v2\/product_tag?post=24435"}],"curies":[{"name":"wp","href":"https:\/\/api.w.org\/{rel}","templated":true}]}}

<p>Hva gjør et kunstverk til kunst? Et det egenskaper ved selve verket eller sammenhengen det inngår i? Ifølge den amerikanske kunstfilosofen Arthur C. Danto (f. 1924) finnes det ikke lenger noen faste kriterier for hva som skiller kunst fra ikke-kunst. Det interessante er hva som defineres som kunst når. Dette avgjøres blant annet i det Danto kaller kunstverdenen. Sentralt i hans resonnement er en drøfting av Andy Warhols Brillo-esker, etterligninger av en alminnelig forbruksvare: en kasse med vaskemidler. Warhols valg gjorde Brillo til et ikon i popkunsten. Arthur C. Dantos tanker om forholdet mellom kunst og kontekst har vært banebrytende i moderne kunstteori. Tekstene hans er hyppig brukte referanser, og blir nå for første gang også tilgjengelige på norsk. Danto bidrar stadig med innspill til den kunstteoretiske debatten og er en innflytelsesrik kurator og kunstkritiker. Høsten 2005 gjestet han Norge som ForArt foredragsholder. I &laquo;Kunstens avslutning&raquo; inngår &laquo;Kunstverdenen&raquo;, &laquo;Alminnelige tings tranfigurasjon&raquo;, &laquo;Kunstens avslutning&raquo;og &laquo;Tre tiår etter kunstens avslutning&raquo;.</p>

<p>Hva gjør et kunstverk til kunst? Et det egenskaper ved selve verket eller sammenhengen det inngår i? Ifølge den amerikanske kunstfilosofen Arthur C. Danto (f. 1924) finnes det ikke lenger noen faste kriterier for hva som skiller kunst fra ikke-kunst. Det interessante er hva som defineres som kunst når. Dette avgjøres blant annet i det [&hellip;]</p>

<!-- This site is optimized with the Yoast SEO plugin v26.6 - https://yoast.com/wordpress/plugins/seo/ -->
<title>Kunstens avslutning - Pax</title>
<meta name="robots" content="noindex, follow, max-snippet:-1, max-image-preview:large, max-video-preview:-1" />
<meta property="og:locale" content="nb_NO" />
<meta property="og:type" content="article" />
<meta property="og:title" content="Kunstens avslutning - Pax" />
<meta property="og:description" content="Hva gjør et kunstverk til kunst? Et det egenskaper ved selve verket eller sammenhengen det inngår i? Ifølge den amerikanske kunstfilosofen Arthur C. Danto (f. 1924) finnes det ikke lenger noen faste kriterier for hva som skiller kunst fra ikke-kunst. Det interessante er hva som defineres som kunst når. Dette avgjøres blant annet i det [&hellip;]" />
<meta property="og:url" content="https://staging.forenteforlag.no/pax/produkt/kunstens-avslutning/" />
<meta property="og:site_name" content="Pax" />
<meta property="article:modified_time" content="2026-03-04T20:43:44+00:00" />
<meta property="og:image" content="https://staging.forenteforlag.no/pax/wp-content/uploads/sites/5/2025/08/jpg-6192.jpg" />
	<meta property="og:image:width" content="308" />
	<meta property="og:image:height" content="450" />
	<meta property="og:image:type" content="image/jpeg" />
<meta name="twitter:card" content="summary_large_image" />
<meta name="twitter:label1" content="Ansl. lesetid" />
	<meta name="twitter:data1" content="1 minutt" />
<script type="application/ld+json" class="yoast-schema-graph">{"@context":"https://schema.org","@graph":[{"@type":"WebPage","@id":"https://staging.forenteforlag.no/pax/produkt/kunstens-avslutning/","url":"https://staging.forenteforlag.no/pax/produkt/kunstens-avslutning/","name":"Kunstens avslutning - Pax","isPartOf":{"@id":"https://staging.forenteforlag.no/pax/#website"},"primaryImageOfPage":{"@id":"https://staging.forenteforlag.no/pax/produkt/kunstens-avslutning/#primaryimage"},"image":{"@id":"https://staging.forenteforlag.no/pax/produkt/kunstens-avslutning/#primaryimage"},"thumbnailUrl":"https://staging.forenteforlag.no/pax/wp-content/uploads/sites/5/2025/08/jpg-6192.jpg","datePublished":"2006-03-12T15:42:11+00:00","dateModified":"2026-03-04T20:43:44+00:00","breadcrumb":{"@id":"https://staging.forenteforlag.no/pax/produkt/kunstens-avslutning/#breadcrumb"},"inLanguage":"nb-NO","potentialAction":[{"@type":"ReadAction","target":["https://staging.forenteforlag.no/pax/produkt/kunstens-avslutning/"]}]},{"@type":"ImageObject","inLanguage":"nb-NO","@id":"https://staging.forenteforlag.no/pax/produkt/kunstens-avslutning/#primaryimage","url":"https://staging.forenteforlag.no/pax/wp-content/uploads/sites/5/2025/08/jpg-6192.jpg","contentUrl":"https://staging.forenteforlag.no/pax/wp-content/uploads/sites/5/2025/08/jpg-6192.jpg","width":308,"height":450},{"@type":"BreadcrumbList","@id":"https://staging.forenteforlag.no/pax/produkt/kunstens-avslutning/#breadcrumb","itemListElement":[{"@type":"ListItem","position":1,"name":"Hjem","item":"https://staging.forenteforlag.no/pax/"},{"@type":"ListItem","position":2,"name":"Alle bøker","item":"https://staging.forenteforlag.no/pax/butikk/"},{"@type":"ListItem","position":3,"name":"Kunstens avslutning"}]},{"@type":"WebSite","@id":"https://staging.forenteforlag.no/pax/#website","url":"https://staging.forenteforlag.no/pax/","name":"Pax","description":"","potentialAction":[{"@type":"SearchAction","target":{"@type":"EntryPoint","urlTemplate":"https://staging.forenteforlag.no/pax/?s={search_term_string}"},"query-input":{"@type":"PropertyValueSpecification","valueRequired":true,"valueName":"search_term_string"}}],"inLanguage":"nb-NO"}]}</script>
<!-- / Yoast SEO plugin. -->

Hva gjør et kunstverk til kunst? Et det egenskaper ved selve verket eller sammenhengen det inngår i? Ifølge den amerikanske kunstfilosofen Arthur C. Danto (f. 1924) finnes det ikke lenger noen faste kriterier for hva som skiller kunst fra ikke-kunst. Det interessante er hva som defineres som kunst når. Dette avgjøres blant annet i det [&hellip;]

Alle bøker
