{"id":24404,"date":"2013-09-18T02:00:00","date_gmt":"2013-09-18T00:00:00","guid":{"rendered":"https:\/\/pax.forenteforlag.no\/produkt\/vi-var-familien-mulvaney-3\/"},"modified":"2026-03-03T22:30:47","modified_gmt":"2026-03-03T21:30:47","slug":"vi-var-familien-mulvaney-3","status":"publish","type":"product","link":"https:\/\/staging.forenteforlag.no\/pax\/produkt\/vi-var-familien-mulvaney-3\/","title":{"rendered":"Vi var familien Mulvaney"},"content":{"rendered":"<p>Familien Mulvaney ser ut til \u00e5 ha alt man kan \u00f8nske seg. De bor p\u00e5 en pittoresk g\u00e5rd i upstate New York. Michael er en framgangsrik entrepren\u00f8r og byggmester, og Corinne driver en g\u00e5rdsbutikk med antikviteter. Sammen er de muntre, kj\u00e6rlige og trygge foreldre for barna: den kjekke, atletiske Michael, skolelyset Patrick, den popul\u00e6re og godhjertede Marianne, og attp\u00e5klatten Judd. De er familien alle i den lille byen Mt. Ephraim ser p\u00e5 med beundring ? og kanskje et snev av misunnelse. S\u00e5 inntreffer katastrofen p\u00e5 valentinsdagen i 1976, og alle snur dem ryggen. Den tidligere s\u00e5 tette og n\u00e6re familien rives fra hverandre, og ender, alle p\u00e5 sitt vis, med \u00e5 leve lappeteppeliv, spredd for alle vinder. Helt til \u00e5rene som har g\u00e5tt kanskje likevel gj\u00f8r det mulig \u00e5 finne en vei tilbake til hverandre.<\/p>\n<p>&laquo;Vi var familien Mulvaney&raquo; er en av Joyce Carol Oates? mest kjente b\u00f8ker. Den har blitt filmatisert, og var utvalgt til Oprah Winfreys bokklubb i 2001.<\/p>\n","protected":false},"excerpt":{"rendered":"<p>Familien Mulvaney ser ut til \u00e5 ha alt man kan \u00f8nske seg. De bor p\u00e5 en pittoresk g\u00e5rd i upstate New York. Michael er en framgangsrik entrepren\u00f8r og byggmester, og Corinne driver en g\u00e5rdsbutikk med antikviteter. Sammen er de muntre, kj\u00e6rlige og trygge foreldre for barna: den kjekke, atletiske Michael, skolelyset Patrick, den popul\u00e6re og [&hellip;]<\/p>\n","protected":false},"featured_media":28181,"template":"","meta":{"_acf_changed":false,"inline_featured_image":false},"product_brand":[],"product_cat":[1782],"product_tag":[568,1095,516,370],"class_list":{"0":"post-24404","1":"product","2":"type-product","3":"status-publish","4":"has-post-thumbnail","6":"product_cat-fripris","7":"product_tag-bonusfamilie","8":"product_tag-grafiske-romaner","9":"product_tag-new-york","10":"product_tag-skjonnlitteratur","12":"first","13":"instock","14":"shipping-taxable","15":"purchasable","16":"product-type-simple"},"acf":{"anmeldelse":[{"tekst_anmeldelser":"\u00ab ... en oppvisning i fortellerglede, spr\u00e5klig gener\u00f8sitet og psykologisk innsikt.\u00bb","av_anmeldelser":"Arne Hugo St\u00f8lan","terningkast":"<i class=\"fa-solid fa-dice-five\"><\/i>","kilde":"VG"},{"tekst_anmeldelser":"\u00abMed utgivelsen av den moderne klassikeren Vi var familien Mulvaney stadfester Joyce Carol Oates sin posisjon som en av Nord-Amerikas store fortellere\u00bb","av_anmeldelser":"Hilde Sl\u00e5tto","terningkast":false,"kilde":"Dagsavisen"}]},"yoast_head":"<!-- This site is optimized with the Yoast SEO plugin v26.6 - https:\/\/yoast.com\/wordpress\/plugins\/seo\/ -->\n<title>Vi var familien Mulvaney - Pax<\/title>\n<meta name=\"robots\" content=\"noindex, follow, max-snippet:-1, max-image-preview:large, max-video-preview:-1\" \/>\n<meta property=\"og:locale\" content=\"nb_NO\" \/>\n<meta property=\"og:type\" content=\"article\" \/>\n<meta property=\"og:title\" content=\"Vi var familien Mulvaney - Pax\" \/>\n<meta property=\"og:description\" content=\"Familien Mulvaney ser ut til \u00e5 ha alt man kan \u00f8nske seg. De bor p\u00e5 en pittoresk g\u00e5rd i upstate New York. Michael er en framgangsrik entrepren\u00f8r og byggmester, og Corinne driver en g\u00e5rdsbutikk med antikviteter. Sammen er de muntre, kj\u00e6rlige og trygge foreldre for barna: den kjekke, atletiske Michael, skolelyset Patrick, den popul\u00e6re og [&hellip;]\" \/>\n<meta property=\"og:url\" content=\"https:\/\/staging.forenteforlag.no\/pax\/produkt\/vi-var-familien-mulvaney-3\/\" \/>\n<meta property=\"og:site_name\" content=\"Pax\" \/>\n<meta property=\"article:modified_time\" content=\"2026-03-03T21:30:47+00:00\" \/>\n<meta property=\"og:image\" content=\"https:\/\/staging.forenteforlag.no\/pax\/wp-content\/uploads\/sites\/5\/2025\/08\/jpg-6214.jpg\" \/>\n\t<meta property=\"og:image:width\" content=\"289\" \/>\n\t<meta property=\"og:image:height\" content=\"449\" \/>\n\t<meta property=\"og:image:type\" content=\"image\/jpeg\" \/>\n<meta name=\"twitter:card\" content=\"summary_large_image\" \/>\n<meta name=\"twitter:label1\" content=\"Ansl. lesetid\" \/>\n\t<meta name=\"twitter:data1\" content=\"1 minutt\" \/>\n<script type=\"application\/ld+json\" class=\"yoast-schema-graph\">{\"@context\":\"https:\/\/schema.org\",\"@graph\":[{\"@type\":\"WebPage\",\"@id\":\"https:\/\/staging.forenteforlag.no\/pax\/produkt\/vi-var-familien-mulvaney-3\/\",\"url\":\"https:\/\/staging.forenteforlag.no\/pax\/produkt\/vi-var-familien-mulvaney-3\/\",\"name\":\"Vi var familien Mulvaney - Pax\",\"isPartOf\":{\"@id\":\"https:\/\/staging.forenteforlag.no\/pax\/#website\"},\"primaryImageOfPage\":{\"@id\":\"https:\/\/staging.forenteforlag.no\/pax\/produkt\/vi-var-familien-mulvaney-3\/#primaryimage\"},\"image\":{\"@id\":\"https:\/\/staging.forenteforlag.no\/pax\/produkt\/vi-var-familien-mulvaney-3\/#primaryimage\"},\"thumbnailUrl\":\"https:\/\/staging.forenteforlag.no\/pax\/wp-content\/uploads\/sites\/5\/2025\/08\/jpg-6214.jpg\",\"datePublished\":\"2013-09-18T00:00:00+00:00\",\"dateModified\":\"2026-03-03T21:30:47+00:00\",\"breadcrumb\":{\"@id\":\"https:\/\/staging.forenteforlag.no\/pax\/produkt\/vi-var-familien-mulvaney-3\/#breadcrumb\"},\"inLanguage\":\"nb-NO\",\"potentialAction\":[{\"@type\":\"ReadAction\",\"target\":[\"https:\/\/staging.forenteforlag.no\/pax\/produkt\/vi-var-familien-mulvaney-3\/\"]}]},{\"@type\":\"ImageObject\",\"inLanguage\":\"nb-NO\",\"@id\":\"https:\/\/staging.forenteforlag.no\/pax\/produkt\/vi-var-familien-mulvaney-3\/#primaryimage\",\"url\":\"https:\/\/staging.forenteforlag.no\/pax\/wp-content\/uploads\/sites\/5\/2025\/08\/jpg-6214.jpg\",\"contentUrl\":\"https:\/\/staging.forenteforlag.no\/pax\/wp-content\/uploads\/sites\/5\/2025\/08\/jpg-6214.jpg\",\"width\":289,\"height\":449},{\"@type\":\"BreadcrumbList\",\"@id\":\"https:\/\/staging.forenteforlag.no\/pax\/produkt\/vi-var-familien-mulvaney-3\/#breadcrumb\",\"itemListElement\":[{\"@type\":\"ListItem\",\"position\":1,\"name\":\"Hjem\",\"item\":\"https:\/\/staging.forenteforlag.no\/pax\/\"},{\"@type\":\"ListItem\",\"position\":2,\"name\":\"Alle b\u00f8ker\",\"item\":\"https:\/\/staging.forenteforlag.no\/pax\/butikk\/\"},{\"@type\":\"ListItem\",\"position\":3,\"name\":\"Vi var familien Mulvaney\"}]},{\"@type\":\"WebSite\",\"@id\":\"https:\/\/staging.forenteforlag.no\/pax\/#website\",\"url\":\"https:\/\/staging.forenteforlag.no\/pax\/\",\"name\":\"Pax\",\"description\":\"\",\"potentialAction\":[{\"@type\":\"SearchAction\",\"target\":{\"@type\":\"EntryPoint\",\"urlTemplate\":\"https:\/\/staging.forenteforlag.no\/pax\/?s={search_term_string}\"},\"query-input\":{\"@type\":\"PropertyValueSpecification\",\"valueRequired\":true,\"valueName\":\"search_term_string\"}}],\"inLanguage\":\"nb-NO\"}]}<\/script>\n<!-- \/ Yoast SEO plugin. -->","yoast_head_json":{"title":"Vi var familien Mulvaney - Pax","robots":{"index":"noindex","follow":"follow","max-snippet":"max-snippet:-1","max-image-preview":"max-image-preview:large","max-video-preview":"max-video-preview:-1"},"og_locale":"nb_NO","og_type":"article","og_title":"Vi var familien Mulvaney - Pax","og_description":"Familien Mulvaney ser ut til \u00e5 ha alt man kan \u00f8nske seg. De bor p\u00e5 en pittoresk g\u00e5rd i upstate New York. Michael er en framgangsrik entrepren\u00f8r og byggmester, og Corinne driver en g\u00e5rdsbutikk med antikviteter. Sammen er de muntre, kj\u00e6rlige og trygge foreldre for barna: den kjekke, atletiske Michael, skolelyset Patrick, den popul\u00e6re og [&hellip;]","og_url":"https:\/\/staging.forenteforlag.no\/pax\/produkt\/vi-var-familien-mulvaney-3\/","og_site_name":"Pax","article_modified_time":"2026-03-03T21:30:47+00:00","og_image":[{"width":289,"height":449,"url":"https:\/\/staging.forenteforlag.no\/pax\/wp-content\/uploads\/sites\/5\/2025\/08\/jpg-6214.jpg","type":"image\/jpeg"}],"twitter_card":"summary_large_image","twitter_misc":{"Ansl. lesetid":"1 minutt"},"schema":{"@context":"https:\/\/schema.org","@graph":[{"@type":"WebPage","@id":"https:\/\/staging.forenteforlag.no\/pax\/produkt\/vi-var-familien-mulvaney-3\/","url":"https:\/\/staging.forenteforlag.no\/pax\/produkt\/vi-var-familien-mulvaney-3\/","name":"Vi var familien Mulvaney - Pax","isPartOf":{"@id":"https:\/\/staging.forenteforlag.no\/pax\/#website"},"primaryImageOfPage":{"@id":"https:\/\/staging.forenteforlag.no\/pax\/produkt\/vi-var-familien-mulvaney-3\/#primaryimage"},"image":{"@id":"https:\/\/staging.forenteforlag.no\/pax\/produkt\/vi-var-familien-mulvaney-3\/#primaryimage"},"thumbnailUrl":"https:\/\/staging.forenteforlag.no\/pax\/wp-content\/uploads\/sites\/5\/2025\/08\/jpg-6214.jpg","datePublished":"2013-09-18T00:00:00+00:00","dateModified":"2026-03-03T21:30:47+00:00","breadcrumb":{"@id":"https:\/\/staging.forenteforlag.no\/pax\/produkt\/vi-var-familien-mulvaney-3\/#breadcrumb"},"inLanguage":"nb-NO","potentialAction":[{"@type":"ReadAction","target":["https:\/\/staging.forenteforlag.no\/pax\/produkt\/vi-var-familien-mulvaney-3\/"]}]},{"@type":"ImageObject","inLanguage":"nb-NO","@id":"https:\/\/staging.forenteforlag.no\/pax\/produkt\/vi-var-familien-mulvaney-3\/#primaryimage","url":"https:\/\/staging.forenteforlag.no\/pax\/wp-content\/uploads\/sites\/5\/2025\/08\/jpg-6214.jpg","contentUrl":"https:\/\/staging.forenteforlag.no\/pax\/wp-content\/uploads\/sites\/5\/2025\/08\/jpg-6214.jpg","width":289,"height":449},{"@type":"BreadcrumbList","@id":"https:\/\/staging.forenteforlag.no\/pax\/produkt\/vi-var-familien-mulvaney-3\/#breadcrumb","itemListElement":[{"@type":"ListItem","position":1,"name":"Hjem","item":"https:\/\/staging.forenteforlag.no\/pax\/"},{"@type":"ListItem","position":2,"name":"Alle b\u00f8ker","item":"https:\/\/staging.forenteforlag.no\/pax\/butikk\/"},{"@type":"ListItem","position":3,"name":"Vi var familien Mulvaney"}]},{"@type":"WebSite","@id":"https:\/\/staging.forenteforlag.no\/pax\/#website","url":"https:\/\/staging.forenteforlag.no\/pax\/","name":"Pax","description":"","potentialAction":[{"@type":"SearchAction","target":{"@type":"EntryPoint","urlTemplate":"https:\/\/staging.forenteforlag.no\/pax\/?s={search_term_string}"},"query-input":{"@type":"PropertyValueSpecification","valueRequired":true,"valueName":"search_term_string"}}],"inLanguage":"nb-NO"}]}},"_links":{"self":[{"href":"https:\/\/staging.forenteforlag.no\/pax\/wp-json\/wp\/v2\/product\/24404","targetHints":{"allow":["GET"]}}],"collection":[{"href":"https:\/\/staging.forenteforlag.no\/pax\/wp-json\/wp\/v2\/product"}],"about":[{"href":"https:\/\/staging.forenteforlag.no\/pax\/wp-json\/wp\/v2\/types\/product"}],"wp:featuredmedia":[{"embeddable":true,"href":"https:\/\/staging.forenteforlag.no\/pax\/wp-json\/wp\/v2\/media\/28181"}],"wp:attachment":[{"href":"https:\/\/staging.forenteforlag.no\/pax\/wp-json\/wp\/v2\/media?parent=24404"}],"wp:term":[{"taxonomy":"product_brand","embeddable":true,"href":"https:\/\/staging.forenteforlag.no\/pax\/wp-json\/wp\/v2\/product_brand?post=24404"},{"taxonomy":"product_cat","embeddable":true,"href":"https:\/\/staging.forenteforlag.no\/pax\/wp-json\/wp\/v2\/product_cat?post=24404"},{"taxonomy":"product_tag","embeddable":true,"href":"https:\/\/staging.forenteforlag.no\/pax\/wp-json\/wp\/v2\/product_tag?post=24404"}],"curies":[{"name":"wp","href":"https:\/\/api.w.org\/{rel}","templated":true}]}}