{"id":24403,"date":"2013-11-01T01:00:00","date_gmt":"2013-11-01T00:00:00","guid":{"rendered":"https:\/\/pax.forenteforlag.no\/produkt\/1814-i-oppland\/"},"modified":"2025-08-22T11:33:51","modified_gmt":"2025-08-22T09:33:51","slug":"1814-i-oppland","status":"publish","type":"product","link":"https:\/\/staging.forenteforlag.no\/pax\/produkt\/1814-i-oppland\/","title":{"rendered":"1814 i Oppland"},"content":{"rendered":"<p>Hvordan oppfattet og deltok folk i Oppland fylke i begivenhetene rundt riksforsamlingen p\u00e5 Eidsvoll 1814? Her unders\u00f8kes folk p\u00e5 grasrota som st\u00f8ttet prins Christian Frederik i kampen mot Kielavtalen der Norge avst\u00e5s fra Danmark til kongen av Sverige. Vi f\u00f8lger Christian Frederiks reise mot Trondheim gjennom Oppland fra Toten i s\u00f8r, gjennom Biri og Vardal og nordover Gudbrandsdalen.<br \/>\nN\u00e6r 300 personer i amtets 17 prestegjeld undertegnet s\u00e5kalte adresser til st\u00f8tte for selvstendighetskampen. Eidsvollsmennene og deres forslag i Riksforsamlingen vies s\u00e6rlig oppmerksomhet.  Ogs\u00e5 b\u00f8nder i amtet som ikke var p\u00e5 Eidsvoll, sendte inn egne grunnlovsforslag. Krigen sommeren 1814 belyses, og boka ser dessuten p\u00e5 forholdene i Oppland i \u00e5ra f\u00f8r og ikke minst etter 1814. Vedtakene p\u00e5 Eidsvoll og de f\u00f8rste stortingene skapte ikke bare et gryende demokrati, men ogs\u00e5 \u00f8konomiske problemer og sosial uro. Mange kilder forteller historier som til n\u00e5 har v\u00e6rt ukjente.<\/p>\n","protected":false},"excerpt":{"rendered":"<p>Hvordan oppfattet og deltok folk i Oppland fylke i begivenhetene rundt riksforsamlingen p\u00e5 Eidsvoll 1814? Her unders\u00f8kes folk p\u00e5 grasrota som st\u00f8ttet prins Christian Frederik i kampen mot Kielavtalen der Norge avst\u00e5s fra Danmark til kongen av Sverige. Vi f\u00f8lger Christian Frederiks reise mot Trondheim gjennom Oppland fra Toten i s\u00f8r, gjennom Biri og Vardal [&hellip;]<\/p>\n","protected":false},"featured_media":27910,"template":"","meta":{"_acf_changed":false,"inline_featured_image":false},"product_brand":[],"product_cat":[1782,23],"product_tag":[607,362,851],"class_list":{"0":"post-24403","1":"product","2":"type-product","3":"status-publish","4":"has-post-thumbnail","6":"product_cat-fripris","7":"product_cat-historie","8":"product_tag-bedriftshistorie","9":"product_tag-faglitteratur","10":"product_tag-oppland","11":"pa_format-innbundet","13":"first","14":"instock","15":"shipping-taxable","16":"purchasable","17":"product-type-simple"},"acf":{"anmeldelse":null},"yoast_head":"<!-- This site is optimized with the Yoast SEO plugin v26.6 - https:\/\/yoast.com\/wordpress\/plugins\/seo\/ -->\n<title>1814 i Oppland - Pax<\/title>\n<meta name=\"robots\" content=\"noindex, follow, max-snippet:-1, max-image-preview:large, max-video-preview:-1\" \/>\n<meta property=\"og:locale\" content=\"nb_NO\" \/>\n<meta property=\"og:type\" content=\"article\" \/>\n<meta property=\"og:title\" content=\"1814 i Oppland - Pax\" \/>\n<meta property=\"og:description\" content=\"Hvordan oppfattet og deltok folk i Oppland fylke i begivenhetene rundt riksforsamlingen p\u00e5 Eidsvoll 1814? Her unders\u00f8kes folk p\u00e5 grasrota som st\u00f8ttet prins Christian Frederik i kampen mot Kielavtalen der Norge avst\u00e5s fra Danmark til kongen av Sverige. Vi f\u00f8lger Christian Frederiks reise mot Trondheim gjennom Oppland fra Toten i s\u00f8r, gjennom Biri og Vardal [&hellip;]\" \/>\n<meta property=\"og:url\" content=\"https:\/\/staging.forenteforlag.no\/pax\/produkt\/1814-i-oppland\/\" \/>\n<meta property=\"og:site_name\" content=\"Pax\" \/>\n<meta property=\"article:modified_time\" content=\"2025-08-22T09:33:51+00:00\" \/>\n<meta property=\"og:image\" content=\"https:\/\/staging.forenteforlag.no\/pax\/wp-content\/uploads\/sites\/5\/2025\/08\/jpg-5426.jpg\" \/>\n\t<meta property=\"og:image:width\" content=\"414\" \/>\n\t<meta property=\"og:image:height\" content=\"450\" \/>\n\t<meta property=\"og:image:type\" content=\"image\/jpeg\" \/>\n<meta name=\"twitter:card\" content=\"summary_large_image\" \/>\n<meta name=\"twitter:label1\" content=\"Ansl. lesetid\" \/>\n\t<meta name=\"twitter:data1\" content=\"1 minutt\" \/>\n<script type=\"application\/ld+json\" class=\"yoast-schema-graph\">{\"@context\":\"https:\/\/schema.org\",\"@graph\":[{\"@type\":\"WebPage\",\"@id\":\"https:\/\/staging.forenteforlag.no\/pax\/produkt\/1814-i-oppland\/\",\"url\":\"https:\/\/staging.forenteforlag.no\/pax\/produkt\/1814-i-oppland\/\",\"name\":\"1814 i Oppland - Pax\",\"isPartOf\":{\"@id\":\"https:\/\/staging.forenteforlag.no\/pax\/#website\"},\"primaryImageOfPage\":{\"@id\":\"https:\/\/staging.forenteforlag.no\/pax\/produkt\/1814-i-oppland\/#primaryimage\"},\"image\":{\"@id\":\"https:\/\/staging.forenteforlag.no\/pax\/produkt\/1814-i-oppland\/#primaryimage\"},\"thumbnailUrl\":\"https:\/\/staging.forenteforlag.no\/pax\/wp-content\/uploads\/sites\/5\/2025\/08\/jpg-5426.jpg\",\"datePublished\":\"2013-11-01T00:00:00+00:00\",\"dateModified\":\"2025-08-22T09:33:51+00:00\",\"breadcrumb\":{\"@id\":\"https:\/\/staging.forenteforlag.no\/pax\/produkt\/1814-i-oppland\/#breadcrumb\"},\"inLanguage\":\"nb-NO\",\"potentialAction\":[{\"@type\":\"ReadAction\",\"target\":[\"https:\/\/staging.forenteforlag.no\/pax\/produkt\/1814-i-oppland\/\"]}]},{\"@type\":\"ImageObject\",\"inLanguage\":\"nb-NO\",\"@id\":\"https:\/\/staging.forenteforlag.no\/pax\/produkt\/1814-i-oppland\/#primaryimage\",\"url\":\"https:\/\/staging.forenteforlag.no\/pax\/wp-content\/uploads\/sites\/5\/2025\/08\/jpg-5426.jpg\",\"contentUrl\":\"https:\/\/staging.forenteforlag.no\/pax\/wp-content\/uploads\/sites\/5\/2025\/08\/jpg-5426.jpg\",\"width\":414,\"height\":450},{\"@type\":\"BreadcrumbList\",\"@id\":\"https:\/\/staging.forenteforlag.no\/pax\/produkt\/1814-i-oppland\/#breadcrumb\",\"itemListElement\":[{\"@type\":\"ListItem\",\"position\":1,\"name\":\"Hjem\",\"item\":\"https:\/\/staging.forenteforlag.no\/pax\/\"},{\"@type\":\"ListItem\",\"position\":2,\"name\":\"Alle b\u00f8ker\",\"item\":\"https:\/\/staging.forenteforlag.no\/pax\/butikk\/\"},{\"@type\":\"ListItem\",\"position\":3,\"name\":\"1814 i Oppland\"}]},{\"@type\":\"WebSite\",\"@id\":\"https:\/\/staging.forenteforlag.no\/pax\/#website\",\"url\":\"https:\/\/staging.forenteforlag.no\/pax\/\",\"name\":\"Pax\",\"description\":\"\",\"potentialAction\":[{\"@type\":\"SearchAction\",\"target\":{\"@type\":\"EntryPoint\",\"urlTemplate\":\"https:\/\/staging.forenteforlag.no\/pax\/?s={search_term_string}\"},\"query-input\":{\"@type\":\"PropertyValueSpecification\",\"valueRequired\":true,\"valueName\":\"search_term_string\"}}],\"inLanguage\":\"nb-NO\"}]}<\/script>\n<!-- \/ Yoast SEO plugin. -->","yoast_head_json":{"title":"1814 i Oppland - Pax","robots":{"index":"noindex","follow":"follow","max-snippet":"max-snippet:-1","max-image-preview":"max-image-preview:large","max-video-preview":"max-video-preview:-1"},"og_locale":"nb_NO","og_type":"article","og_title":"1814 i Oppland - Pax","og_description":"Hvordan oppfattet og deltok folk i Oppland fylke i begivenhetene rundt riksforsamlingen p\u00e5 Eidsvoll 1814? Her unders\u00f8kes folk p\u00e5 grasrota som st\u00f8ttet prins Christian Frederik i kampen mot Kielavtalen der Norge avst\u00e5s fra Danmark til kongen av Sverige. Vi f\u00f8lger Christian Frederiks reise mot Trondheim gjennom Oppland fra Toten i s\u00f8r, gjennom Biri og Vardal [&hellip;]","og_url":"https:\/\/staging.forenteforlag.no\/pax\/produkt\/1814-i-oppland\/","og_site_name":"Pax","article_modified_time":"2025-08-22T09:33:51+00:00","og_image":[{"width":414,"height":450,"url":"https:\/\/staging.forenteforlag.no\/pax\/wp-content\/uploads\/sites\/5\/2025\/08\/jpg-5426.jpg","type":"image\/jpeg"}],"twitter_card":"summary_large_image","twitter_misc":{"Ansl. lesetid":"1 minutt"},"schema":{"@context":"https:\/\/schema.org","@graph":[{"@type":"WebPage","@id":"https:\/\/staging.forenteforlag.no\/pax\/produkt\/1814-i-oppland\/","url":"https:\/\/staging.forenteforlag.no\/pax\/produkt\/1814-i-oppland\/","name":"1814 i Oppland - Pax","isPartOf":{"@id":"https:\/\/staging.forenteforlag.no\/pax\/#website"},"primaryImageOfPage":{"@id":"https:\/\/staging.forenteforlag.no\/pax\/produkt\/1814-i-oppland\/#primaryimage"},"image":{"@id":"https:\/\/staging.forenteforlag.no\/pax\/produkt\/1814-i-oppland\/#primaryimage"},"thumbnailUrl":"https:\/\/staging.forenteforlag.no\/pax\/wp-content\/uploads\/sites\/5\/2025\/08\/jpg-5426.jpg","datePublished":"2013-11-01T00:00:00+00:00","dateModified":"2025-08-22T09:33:51+00:00","breadcrumb":{"@id":"https:\/\/staging.forenteforlag.no\/pax\/produkt\/1814-i-oppland\/#breadcrumb"},"inLanguage":"nb-NO","potentialAction":[{"@type":"ReadAction","target":["https:\/\/staging.forenteforlag.no\/pax\/produkt\/1814-i-oppland\/"]}]},{"@type":"ImageObject","inLanguage":"nb-NO","@id":"https:\/\/staging.forenteforlag.no\/pax\/produkt\/1814-i-oppland\/#primaryimage","url":"https:\/\/staging.forenteforlag.no\/pax\/wp-content\/uploads\/sites\/5\/2025\/08\/jpg-5426.jpg","contentUrl":"https:\/\/staging.forenteforlag.no\/pax\/wp-content\/uploads\/sites\/5\/2025\/08\/jpg-5426.jpg","width":414,"height":450},{"@type":"BreadcrumbList","@id":"https:\/\/staging.forenteforlag.no\/pax\/produkt\/1814-i-oppland\/#breadcrumb","itemListElement":[{"@type":"ListItem","position":1,"name":"Hjem","item":"https:\/\/staging.forenteforlag.no\/pax\/"},{"@type":"ListItem","position":2,"name":"Alle b\u00f8ker","item":"https:\/\/staging.forenteforlag.no\/pax\/butikk\/"},{"@type":"ListItem","position":3,"name":"1814 i Oppland"}]},{"@type":"WebSite","@id":"https:\/\/staging.forenteforlag.no\/pax\/#website","url":"https:\/\/staging.forenteforlag.no\/pax\/","name":"Pax","description":"","potentialAction":[{"@type":"SearchAction","target":{"@type":"EntryPoint","urlTemplate":"https:\/\/staging.forenteforlag.no\/pax\/?s={search_term_string}"},"query-input":{"@type":"PropertyValueSpecification","valueRequired":true,"valueName":"search_term_string"}}],"inLanguage":"nb-NO"}]}},"_links":{"self":[{"href":"https:\/\/staging.forenteforlag.no\/pax\/wp-json\/wp\/v2\/product\/24403","targetHints":{"allow":["GET"]}}],"collection":[{"href":"https:\/\/staging.forenteforlag.no\/pax\/wp-json\/wp\/v2\/product"}],"about":[{"href":"https:\/\/staging.forenteforlag.no\/pax\/wp-json\/wp\/v2\/types\/product"}],"wp:featuredmedia":[{"embeddable":true,"href":"https:\/\/staging.forenteforlag.no\/pax\/wp-json\/wp\/v2\/media\/27910"}],"wp:attachment":[{"href":"https:\/\/staging.forenteforlag.no\/pax\/wp-json\/wp\/v2\/media?parent=24403"}],"wp:term":[{"taxonomy":"product_brand","embeddable":true,"href":"https:\/\/staging.forenteforlag.no\/pax\/wp-json\/wp\/v2\/product_brand?post=24403"},{"taxonomy":"product_cat","embeddable":true,"href":"https:\/\/staging.forenteforlag.no\/pax\/wp-json\/wp\/v2\/product_cat?post=24403"},{"taxonomy":"product_tag","embeddable":true,"href":"https:\/\/staging.forenteforlag.no\/pax\/wp-json\/wp\/v2\/product_tag?post=24403"}],"curies":[{"name":"wp","href":"https:\/\/api.w.org\/{rel}","templated":true}]}}

<p>Hvordan oppfattet og deltok folk i Oppland fylke i begivenhetene rundt riksforsamlingen på Eidsvoll 1814? Her undersøkes folk på grasrota som støttet prins Christian Frederik i kampen mot Kielavtalen der Norge avstås fra Danmark til kongen av Sverige. Vi følger Christian Frederiks reise mot Trondheim gjennom Oppland fra Toten i sør, gjennom Biri og Vardal og nordover Gudbrandsdalen.<br />
Nær 300 personer i amtets 17 prestegjeld undertegnet såkalte adresser til støtte for selvstendighetskampen. Eidsvollsmennene og deres forslag i Riksforsamlingen vies særlig oppmerksomhet.  Også bønder i amtet som ikke var på Eidsvoll, sendte inn egne grunnlovsforslag. Krigen sommeren 1814 belyses, og boka ser dessuten på forholdene i Oppland i åra før og ikke minst etter 1814. Vedtakene på Eidsvoll og de første stortingene skapte ikke bare et gryende demokrati, men også økonomiske problemer og sosial uro. Mange kilder forteller historier som til nå har vært ukjente.</p>

<p>Hvordan oppfattet og deltok folk i Oppland fylke i begivenhetene rundt riksforsamlingen på Eidsvoll 1814? Her undersøkes folk på grasrota som støttet prins Christian Frederik i kampen mot Kielavtalen der Norge avstås fra Danmark til kongen av Sverige. Vi følger Christian Frederiks reise mot Trondheim gjennom Oppland fra Toten i sør, gjennom Biri og Vardal [&hellip;]</p>

<!-- This site is optimized with the Yoast SEO plugin v26.6 - https://yoast.com/wordpress/plugins/seo/ -->
<title>1814 i Oppland - Pax</title>
<meta name="robots" content="noindex, follow, max-snippet:-1, max-image-preview:large, max-video-preview:-1" />
<meta property="og:locale" content="nb_NO" />
<meta property="og:type" content="article" />
<meta property="og:title" content="1814 i Oppland - Pax" />
<meta property="og:description" content="Hvordan oppfattet og deltok folk i Oppland fylke i begivenhetene rundt riksforsamlingen på Eidsvoll 1814? Her undersøkes folk på grasrota som støttet prins Christian Frederik i kampen mot Kielavtalen der Norge avstås fra Danmark til kongen av Sverige. Vi følger Christian Frederiks reise mot Trondheim gjennom Oppland fra Toten i sør, gjennom Biri og Vardal [&hellip;]" />
<meta property="og:url" content="https://staging.forenteforlag.no/pax/produkt/1814-i-oppland/" />
<meta property="og:site_name" content="Pax" />
<meta property="article:modified_time" content="2025-08-22T09:33:51+00:00" />
<meta property="og:image" content="https://staging.forenteforlag.no/pax/wp-content/uploads/sites/5/2025/08/jpg-5426.jpg" />
	<meta property="og:image:width" content="414" />
	<meta property="og:image:height" content="450" />
	<meta property="og:image:type" content="image/jpeg" />
<meta name="twitter:card" content="summary_large_image" />
<meta name="twitter:label1" content="Ansl. lesetid" />
	<meta name="twitter:data1" content="1 minutt" />
<script type="application/ld+json" class="yoast-schema-graph">{"@context":"https://schema.org","@graph":[{"@type":"WebPage","@id":"https://staging.forenteforlag.no/pax/produkt/1814-i-oppland/","url":"https://staging.forenteforlag.no/pax/produkt/1814-i-oppland/","name":"1814 i Oppland - Pax","isPartOf":{"@id":"https://staging.forenteforlag.no/pax/#website"},"primaryImageOfPage":{"@id":"https://staging.forenteforlag.no/pax/produkt/1814-i-oppland/#primaryimage"},"image":{"@id":"https://staging.forenteforlag.no/pax/produkt/1814-i-oppland/#primaryimage"},"thumbnailUrl":"https://staging.forenteforlag.no/pax/wp-content/uploads/sites/5/2025/08/jpg-5426.jpg","datePublished":"2013-11-01T00:00:00+00:00","dateModified":"2025-08-22T09:33:51+00:00","breadcrumb":{"@id":"https://staging.forenteforlag.no/pax/produkt/1814-i-oppland/#breadcrumb"},"inLanguage":"nb-NO","potentialAction":[{"@type":"ReadAction","target":["https://staging.forenteforlag.no/pax/produkt/1814-i-oppland/"]}]},{"@type":"ImageObject","inLanguage":"nb-NO","@id":"https://staging.forenteforlag.no/pax/produkt/1814-i-oppland/#primaryimage","url":"https://staging.forenteforlag.no/pax/wp-content/uploads/sites/5/2025/08/jpg-5426.jpg","contentUrl":"https://staging.forenteforlag.no/pax/wp-content/uploads/sites/5/2025/08/jpg-5426.jpg","width":414,"height":450},{"@type":"BreadcrumbList","@id":"https://staging.forenteforlag.no/pax/produkt/1814-i-oppland/#breadcrumb","itemListElement":[{"@type":"ListItem","position":1,"name":"Hjem","item":"https://staging.forenteforlag.no/pax/"},{"@type":"ListItem","position":2,"name":"Alle bøker","item":"https://staging.forenteforlag.no/pax/butikk/"},{"@type":"ListItem","position":3,"name":"1814 i Oppland"}]},{"@type":"WebSite","@id":"https://staging.forenteforlag.no/pax/#website","url":"https://staging.forenteforlag.no/pax/","name":"Pax","description":"","potentialAction":[{"@type":"SearchAction","target":{"@type":"EntryPoint","urlTemplate":"https://staging.forenteforlag.no/pax/?s={search_term_string}"},"query-input":{"@type":"PropertyValueSpecification","valueRequired":true,"valueName":"search_term_string"}}],"inLanguage":"nb-NO"}]}</script>
<!-- / Yoast SEO plugin. -->

Hvordan oppfattet og deltok folk i Oppland fylke i begivenhetene rundt riksforsamlingen på Eidsvoll 1814? Her undersøkes folk på grasrota som støttet prins Christian Frederik i kampen mot Kielavtalen der Norge avstås fra Danmark til kongen av Sverige. Vi følger Christian Frederiks reise mot Trondheim gjennom Oppland fra Toten i sør, gjennom Biri og Vardal [&hellip;]

Alle bøker
