{"id":24373,"date":"2016-09-16T02:00:00","date_gmt":"2016-09-16T00:00:00","guid":{"rendered":"https:\/\/pax.forenteforlag.no\/produkt\/der-fire-veier-motes-3\/"},"modified":"2026-03-03T22:46:13","modified_gmt":"2026-03-03T21:46:13","slug":"der-fire-veier-motes-3","status":"publish","type":"product","link":"https:\/\/staging.forenteforlag.no\/pax\/produkt\/der-fire-veier-motes-3\/","title":{"rendered":"Der fire veier m\u00f8tes"},"content":{"rendered":"<p>I ei lita bygd i det nordlige Finland skiller den unge jordmora Maria seg ut og blir gjenstand for folkesnakk. Hun er selvstendig, fors\u00f8rger seg selv, og f\u00e5r datteren Lahja utenfor ekteskap. Senere f\u00e5r ogs\u00e5 Lahja et barn utenfor ekteskap. Men hun \u00f8nsker ikke \u00e5 leve livet alene, slik som moren, og gifter seg med Onni. Etter andre verdenskrig vender Onni hjem som en helt. Men han finner seg ikke til rette i ekteskapet, og s\u00f8ker seg stadig vekk. Mange \u00e5r senere bor Lahja alene i det store slektshuset sammen med yngstes\u00f8nnen og hans familie &#8211; i et hus der alt forblir usagt. Til slutt blir det svigerdatteren Kaarina som finner svarene p\u00e5 familiens mange fortielser og l\u00f8gner.  <\/p>\n<p>I denne originale og sterke finske slektsromanen skildres Maria, Lahja, Kaarina og Onnis liv fra 1890-\u00e5rene og nesten fram til i dag med en sjelden innlevelse og kraft. P\u00e5 sinnrikt sett viser den fram de rommene vi bygger for oss selv, for familiene og dr\u00f8mmene v\u00e5re.<\/p>\n","protected":false},"excerpt":{"rendered":"<p>I ei lita bygd i det nordlige Finland skiller den unge jordmora Maria seg ut og blir gjenstand for folkesnakk. Hun er selvstendig, fors\u00f8rger seg selv, og f\u00e5r datteren Lahja utenfor ekteskap. Senere f\u00e5r ogs\u00e5 Lahja et barn utenfor ekteskap. Men hun \u00f8nsker ikke \u00e5 leve livet alene, slik som moren, og gifter seg med [&hellip;]<\/p>\n","protected":false},"featured_media":28069,"template":"","meta":{"_acf_changed":false,"inline_featured_image":false},"product_brand":[],"product_cat":[1782],"product_tag":[394,441,810,1095,370,629],"class_list":{"0":"post-24373","1":"product","2":"type-product","3":"status-publish","4":"has-post-thumbnail","6":"product_cat-fripris","7":"product_tag-1800-tallet","8":"product_tag-1900-tallet","9":"product_tag-finland","10":"product_tag-grafiske-romaner","11":"product_tag-skjonnlitteratur","12":"product_tag-slekter","14":"first","15":"instock","16":"shipping-taxable","17":"purchasable","18":"product-type-simple"},"acf":{"anmeldelse":[{"tekst_anmeldelser":"\u00abEn bok som ikke kan unng\u00e5 \u00e5 gj\u00f8re inntrykk p\u00e5 leseren ... Kinnunen har en egen intensitet i spr\u00e5ket, en f\u00f8lsomhet i skildringene og en varhet i situasjonene som l\u00f8fter denne boken langt ut av triviallitteraturens dyp.\u00bb","av_anmeldelser":"Sindre Hovdenakk","terningkast":"<i class=\"fa-solid fa-dice-five\"><\/i>","kilde":"VG"},{"tekst_anmeldelser":"\u00abL\u00f8sningen i historien er nesten vel ibsensk konstruert, men har b\u00e5de historisk og psykologisk forankring, i en roman som er like velkomponert som den er virkningsfull. S\u00e5nn skal det gj\u00f8res.\u00bb","av_anmeldelser":"Susanne Hedemann Hiorth","terningkast":false,"kilde":"Dagens N\u00e6ringsliv"},{"tekst_anmeldelser":"\u00abTommi Kinnunnen er et uvanlig sterkt spr\u00e5klig talent. Han gnistrer, enten han gjengir sviende dialoger, maler kraftige tidsbilder eller dreier intrigen i uventede retninger.\u00bb","av_anmeldelser":"Fredrik Wandrup","terningkast":"<i class=\"fa-solid fa-dice-five\"><\/i>","kilde":"Dagbladet"},{"tekst_anmeldelser":"\u00abEn enest\u00e5ende fortelling fra det nordlige Finland\u00bb","av_anmeldelser":"Anine B. Edvardsen","terningkast":false,"kilde":"\u00d8stlandsposten"},{"tekst_anmeldelser":"\u00abDer fire veier m\u00f8tes sitter i etter endt lesing. [Kinnunen] f\u00e5r deg til \u00e5 tenke gjennom hvorfor vi gj\u00f8r som vi gj\u00f8r sammen med andre mennesker, og kanskje spesielt i ens egen familie.\u00bb","av_anmeldelser":"Anette Os","terningkast":"<i class=\"fa-solid fa-dice-six\"><\/i>","kilde":"F\u00e6drelandsvennen"},{"tekst_anmeldelser":"\u00abEn sterk og bemerkelsesverdig debut ... Kinnunen er annerledes, definitivt. Korte kapitler, tydelige scener og en ekstremt realistisk tiln\u00e6rming. Samtidig har han et usedvanlig \u00f8re for det usagte\u00bb","av_anmeldelser":"Rune Hallheim","terningkast":false,"kilde":"Aftenposten"},{"tekst_anmeldelser":"\u00abUnikt formidlet slektskr\u00f8nike fra eksotisk, men likevel hjemmevant milj\u00f8 gjennom forrige \u00e5rhundre.\u00bb","av_anmeldelser":"Ole Jacob Hoel","terningkast":"<i class=\"fa-solid fa-dice-five\"><\/i>","kilde":"Adresseavisa"},{"tekst_anmeldelser":"\u00abSkarp, scenisk familieroman .... en slags verbal sudoku, der loddrett og vannrett f\u00f8rst stemmer n\u00e5r [leseren] f\u00e5r satt sammen alle bitene.En bevegende roman om de n\u00e6re ting, om krise, krig og kj\u00e6rlighet.\u00bb","av_anmeldelser":"Janneken \u00d8verland","terningkast":false,"kilde":"Klassekampen"}]},"yoast_head":"<!-- This site is optimized with the Yoast SEO plugin v26.6 - https:\/\/yoast.com\/wordpress\/plugins\/seo\/ -->\n<title>Der fire veier m\u00f8tes - Pax<\/title>\n<meta name=\"robots\" content=\"noindex, follow, max-snippet:-1, max-image-preview:large, max-video-preview:-1\" \/>\n<meta property=\"og:locale\" content=\"nb_NO\" \/>\n<meta property=\"og:type\" content=\"article\" \/>\n<meta property=\"og:title\" content=\"Der fire veier m\u00f8tes - Pax\" \/>\n<meta property=\"og:description\" content=\"I ei lita bygd i det nordlige Finland skiller den unge jordmora Maria seg ut og blir gjenstand for folkesnakk. Hun er selvstendig, fors\u00f8rger seg selv, og f\u00e5r datteren Lahja utenfor ekteskap. Senere f\u00e5r ogs\u00e5 Lahja et barn utenfor ekteskap. Men hun \u00f8nsker ikke \u00e5 leve livet alene, slik som moren, og gifter seg med [&hellip;]\" \/>\n<meta property=\"og:url\" content=\"https:\/\/staging.forenteforlag.no\/pax\/produkt\/der-fire-veier-motes-3\/\" \/>\n<meta property=\"og:site_name\" content=\"Pax\" \/>\n<meta property=\"article:modified_time\" content=\"2026-03-03T21:46:13+00:00\" \/>\n<meta property=\"og:image\" content=\"https:\/\/staging.forenteforlag.no\/pax\/wp-content\/uploads\/sites\/5\/2025\/08\/jpg-5908-scaled.jpg\" \/>\n\t<meta property=\"og:image:width\" content=\"1213\" \/>\n\t<meta property=\"og:image:height\" content=\"1920\" \/>\n\t<meta property=\"og:image:type\" content=\"image\/jpeg\" \/>\n<meta name=\"twitter:card\" content=\"summary_large_image\" \/>\n<meta name=\"twitter:label1\" content=\"Ansl. lesetid\" \/>\n\t<meta name=\"twitter:data1\" content=\"1 minutt\" \/>\n<script type=\"application\/ld+json\" class=\"yoast-schema-graph\">{\"@context\":\"https:\/\/schema.org\",\"@graph\":[{\"@type\":\"WebPage\",\"@id\":\"https:\/\/staging.forenteforlag.no\/pax\/produkt\/der-fire-veier-motes-3\/\",\"url\":\"https:\/\/staging.forenteforlag.no\/pax\/produkt\/der-fire-veier-motes-3\/\",\"name\":\"Der fire veier m\u00f8tes - Pax\",\"isPartOf\":{\"@id\":\"https:\/\/staging.forenteforlag.no\/pax\/#website\"},\"primaryImageOfPage\":{\"@id\":\"https:\/\/staging.forenteforlag.no\/pax\/produkt\/der-fire-veier-motes-3\/#primaryimage\"},\"image\":{\"@id\":\"https:\/\/staging.forenteforlag.no\/pax\/produkt\/der-fire-veier-motes-3\/#primaryimage\"},\"thumbnailUrl\":\"https:\/\/staging.forenteforlag.no\/pax\/wp-content\/uploads\/sites\/5\/2025\/08\/jpg-5908-scaled.jpg\",\"datePublished\":\"2016-09-16T00:00:00+00:00\",\"dateModified\":\"2026-03-03T21:46:13+00:00\",\"breadcrumb\":{\"@id\":\"https:\/\/staging.forenteforlag.no\/pax\/produkt\/der-fire-veier-motes-3\/#breadcrumb\"},\"inLanguage\":\"nb-NO\",\"potentialAction\":[{\"@type\":\"ReadAction\",\"target\":[\"https:\/\/staging.forenteforlag.no\/pax\/produkt\/der-fire-veier-motes-3\/\"]}]},{\"@type\":\"ImageObject\",\"inLanguage\":\"nb-NO\",\"@id\":\"https:\/\/staging.forenteforlag.no\/pax\/produkt\/der-fire-veier-motes-3\/#primaryimage\",\"url\":\"https:\/\/staging.forenteforlag.no\/pax\/wp-content\/uploads\/sites\/5\/2025\/08\/jpg-5908-scaled.jpg\",\"contentUrl\":\"https:\/\/staging.forenteforlag.no\/pax\/wp-content\/uploads\/sites\/5\/2025\/08\/jpg-5908-scaled.jpg\",\"width\":1213,\"height\":1920},{\"@type\":\"BreadcrumbList\",\"@id\":\"https:\/\/staging.forenteforlag.no\/pax\/produkt\/der-fire-veier-motes-3\/#breadcrumb\",\"itemListElement\":[{\"@type\":\"ListItem\",\"position\":1,\"name\":\"Hjem\",\"item\":\"https:\/\/staging.forenteforlag.no\/pax\/\"},{\"@type\":\"ListItem\",\"position\":2,\"name\":\"Alle b\u00f8ker\",\"item\":\"https:\/\/staging.forenteforlag.no\/pax\/butikk\/\"},{\"@type\":\"ListItem\",\"position\":3,\"name\":\"Der fire veier m\u00f8tes\"}]},{\"@type\":\"WebSite\",\"@id\":\"https:\/\/staging.forenteforlag.no\/pax\/#website\",\"url\":\"https:\/\/staging.forenteforlag.no\/pax\/\",\"name\":\"Pax\",\"description\":\"\",\"potentialAction\":[{\"@type\":\"SearchAction\",\"target\":{\"@type\":\"EntryPoint\",\"urlTemplate\":\"https:\/\/staging.forenteforlag.no\/pax\/?s={search_term_string}\"},\"query-input\":{\"@type\":\"PropertyValueSpecification\",\"valueRequired\":true,\"valueName\":\"search_term_string\"}}],\"inLanguage\":\"nb-NO\"}]}<\/script>\n<!-- \/ Yoast SEO plugin. -->","yoast_head_json":{"title":"Der fire veier m\u00f8tes - Pax","robots":{"index":"noindex","follow":"follow","max-snippet":"max-snippet:-1","max-image-preview":"max-image-preview:large","max-video-preview":"max-video-preview:-1"},"og_locale":"nb_NO","og_type":"article","og_title":"Der fire veier m\u00f8tes - Pax","og_description":"I ei lita bygd i det nordlige Finland skiller den unge jordmora Maria seg ut og blir gjenstand for folkesnakk. Hun er selvstendig, fors\u00f8rger seg selv, og f\u00e5r datteren Lahja utenfor ekteskap. Senere f\u00e5r ogs\u00e5 Lahja et barn utenfor ekteskap. Men hun \u00f8nsker ikke \u00e5 leve livet alene, slik som moren, og gifter seg med [&hellip;]","og_url":"https:\/\/staging.forenteforlag.no\/pax\/produkt\/der-fire-veier-motes-3\/","og_site_name":"Pax","article_modified_time":"2026-03-03T21:46:13+00:00","og_image":[{"width":1213,"height":1920,"url":"https:\/\/staging.forenteforlag.no\/pax\/wp-content\/uploads\/sites\/5\/2025\/08\/jpg-5908-scaled.jpg","type":"image\/jpeg"}],"twitter_card":"summary_large_image","twitter_misc":{"Ansl. lesetid":"1 minutt"},"schema":{"@context":"https:\/\/schema.org","@graph":[{"@type":"WebPage","@id":"https:\/\/staging.forenteforlag.no\/pax\/produkt\/der-fire-veier-motes-3\/","url":"https:\/\/staging.forenteforlag.no\/pax\/produkt\/der-fire-veier-motes-3\/","name":"Der fire veier m\u00f8tes - Pax","isPartOf":{"@id":"https:\/\/staging.forenteforlag.no\/pax\/#website"},"primaryImageOfPage":{"@id":"https:\/\/staging.forenteforlag.no\/pax\/produkt\/der-fire-veier-motes-3\/#primaryimage"},"image":{"@id":"https:\/\/staging.forenteforlag.no\/pax\/produkt\/der-fire-veier-motes-3\/#primaryimage"},"thumbnailUrl":"https:\/\/staging.forenteforlag.no\/pax\/wp-content\/uploads\/sites\/5\/2025\/08\/jpg-5908-scaled.jpg","datePublished":"2016-09-16T00:00:00+00:00","dateModified":"2026-03-03T21:46:13+00:00","breadcrumb":{"@id":"https:\/\/staging.forenteforlag.no\/pax\/produkt\/der-fire-veier-motes-3\/#breadcrumb"},"inLanguage":"nb-NO","potentialAction":[{"@type":"ReadAction","target":["https:\/\/staging.forenteforlag.no\/pax\/produkt\/der-fire-veier-motes-3\/"]}]},{"@type":"ImageObject","inLanguage":"nb-NO","@id":"https:\/\/staging.forenteforlag.no\/pax\/produkt\/der-fire-veier-motes-3\/#primaryimage","url":"https:\/\/staging.forenteforlag.no\/pax\/wp-content\/uploads\/sites\/5\/2025\/08\/jpg-5908-scaled.jpg","contentUrl":"https:\/\/staging.forenteforlag.no\/pax\/wp-content\/uploads\/sites\/5\/2025\/08\/jpg-5908-scaled.jpg","width":1213,"height":1920},{"@type":"BreadcrumbList","@id":"https:\/\/staging.forenteforlag.no\/pax\/produkt\/der-fire-veier-motes-3\/#breadcrumb","itemListElement":[{"@type":"ListItem","position":1,"name":"Hjem","item":"https:\/\/staging.forenteforlag.no\/pax\/"},{"@type":"ListItem","position":2,"name":"Alle b\u00f8ker","item":"https:\/\/staging.forenteforlag.no\/pax\/butikk\/"},{"@type":"ListItem","position":3,"name":"Der fire veier m\u00f8tes"}]},{"@type":"WebSite","@id":"https:\/\/staging.forenteforlag.no\/pax\/#website","url":"https:\/\/staging.forenteforlag.no\/pax\/","name":"Pax","description":"","potentialAction":[{"@type":"SearchAction","target":{"@type":"EntryPoint","urlTemplate":"https:\/\/staging.forenteforlag.no\/pax\/?s={search_term_string}"},"query-input":{"@type":"PropertyValueSpecification","valueRequired":true,"valueName":"search_term_string"}}],"inLanguage":"nb-NO"}]}},"_links":{"self":[{"href":"https:\/\/staging.forenteforlag.no\/pax\/wp-json\/wp\/v2\/product\/24373","targetHints":{"allow":["GET"]}}],"collection":[{"href":"https:\/\/staging.forenteforlag.no\/pax\/wp-json\/wp\/v2\/product"}],"about":[{"href":"https:\/\/staging.forenteforlag.no\/pax\/wp-json\/wp\/v2\/types\/product"}],"wp:featuredmedia":[{"embeddable":true,"href":"https:\/\/staging.forenteforlag.no\/pax\/wp-json\/wp\/v2\/media\/28069"}],"wp:attachment":[{"href":"https:\/\/staging.forenteforlag.no\/pax\/wp-json\/wp\/v2\/media?parent=24373"}],"wp:term":[{"taxonomy":"product_brand","embeddable":true,"href":"https:\/\/staging.forenteforlag.no\/pax\/wp-json\/wp\/v2\/product_brand?post=24373"},{"taxonomy":"product_cat","embeddable":true,"href":"https:\/\/staging.forenteforlag.no\/pax\/wp-json\/wp\/v2\/product_cat?post=24373"},{"taxonomy":"product_tag","embeddable":true,"href":"https:\/\/staging.forenteforlag.no\/pax\/wp-json\/wp\/v2\/product_tag?post=24373"}],"curies":[{"name":"wp","href":"https:\/\/api.w.org\/{rel}","templated":true}]}}

Der fire veier møtes

<p>I ei lita bygd i det nordlige Finland skiller den unge jordmora Maria seg ut og blir gjenstand for folkesnakk. Hun er selvstendig, forsørger seg selv, og får datteren Lahja utenfor ekteskap. Senere får også Lahja et barn utenfor ekteskap. Men hun ønsker ikke å leve livet alene, slik som moren, og gifter seg med Onni. Etter andre verdenskrig vender Onni hjem som en helt. Men han finner seg ikke til rette i ekteskapet, og søker seg stadig vekk. Mange år senere bor Lahja alene i det store slektshuset sammen med yngstesønnen og hans familie &#8211; i et hus der alt forblir usagt. Til slutt blir det svigerdatteren Kaarina som finner svarene på familiens mange fortielser og løgner.  </p>
<p>I denne originale og sterke finske slektsromanen skildres Maria, Lahja, Kaarina og Onnis liv fra 1890-årene og nesten fram til i dag med en sjelden innlevelse og kraft. På sinnrikt sett viser den fram de rommene vi bygger for oss selv, for familiene og drømmene våre.</p>

<p>I ei lita bygd i det nordlige Finland skiller den unge jordmora Maria seg ut og blir gjenstand for folkesnakk. Hun er selvstendig, forsørger seg selv, og får datteren Lahja utenfor ekteskap. Senere får også Lahja et barn utenfor ekteskap. Men hun ønsker ikke å leve livet alene, slik som moren, og gifter seg med [&hellip;]</p>

«En bok som ikke kan unngå å gjøre inntrykk på leseren ... Kinnunen har en egen intensitet i språket, en følsomhet i skildringene og en varhet i situasjonene som løfter denne boken langt ut av triviallitteraturens dyp.»

«Løsningen i historien er nesten vel ibsensk konstruert, men har både historisk og psykologisk forankring, i en roman som er like velkomponert som den er virkningsfull. Sånn skal det gjøres.»

Dagens Næringsliv

«Tommi Kinnunnen er et uvanlig sterkt språklig talent. Han gnistrer, enten han gjengir sviende dialoger, maler kraftige tidsbilder eller dreier intrigen i uventede retninger.»

«En enestående fortelling fra det nordlige Finland»

Østlandsposten

«Der fire veier møtes sitter i etter endt lesing. [Kinnunen] får deg til å tenke gjennom hvorfor vi gjør som vi gjør sammen med andre mennesker, og kanskje spesielt i ens egen familie.»

Fædrelandsvennen

«En sterk og bemerkelsesverdig debut ... Kinnunen er annerledes, definitivt. Korte kapitler, tydelige scener og en ekstremt realistisk tilnærming. Samtidig har han et usedvanlig øre for det usagte»

«Unikt formidlet slektskrønike fra eksotisk, men likevel hjemmevant miljø gjennom forrige århundre.»

«Skarp, scenisk familieroman .... en slags verbal sudoku, der loddrett og vannrett først stemmer når [leseren] får satt sammen alle bitene.En bevegende roman om de nære ting, om krise, krig og kjærlighet.»

Janneken Øverland

<!-- This site is optimized with the Yoast SEO plugin v26.6 - https://yoast.com/wordpress/plugins/seo/ -->
<title>Der fire veier møtes - Pax</title>
<meta name="robots" content="noindex, follow, max-snippet:-1, max-image-preview:large, max-video-preview:-1" />
<meta property="og:locale" content="nb_NO" />
<meta property="og:type" content="article" />
<meta property="og:title" content="Der fire veier møtes - Pax" />
<meta property="og:description" content="I ei lita bygd i det nordlige Finland skiller den unge jordmora Maria seg ut og blir gjenstand for folkesnakk. Hun er selvstendig, forsørger seg selv, og får datteren Lahja utenfor ekteskap. Senere får også Lahja et barn utenfor ekteskap. Men hun ønsker ikke å leve livet alene, slik som moren, og gifter seg med [&hellip;]" />
<meta property="og:url" content="https://staging.forenteforlag.no/pax/produkt/der-fire-veier-motes-3/" />
<meta property="og:site_name" content="Pax" />
<meta property="article:modified_time" content="2026-03-03T21:46:13+00:00" />
<meta property="og:image" content="https://staging.forenteforlag.no/pax/wp-content/uploads/sites/5/2025/08/jpg-5908-scaled.jpg" />
	<meta property="og:image:width" content="1213" />
	<meta property="og:image:height" content="1920" />
	<meta property="og:image:type" content="image/jpeg" />
<meta name="twitter:card" content="summary_large_image" />
<meta name="twitter:label1" content="Ansl. lesetid" />
	<meta name="twitter:data1" content="1 minutt" />
<script type="application/ld+json" class="yoast-schema-graph">{"@context":"https://schema.org","@graph":[{"@type":"WebPage","@id":"https://staging.forenteforlag.no/pax/produkt/der-fire-veier-motes-3/","url":"https://staging.forenteforlag.no/pax/produkt/der-fire-veier-motes-3/","name":"Der fire veier møtes - Pax","isPartOf":{"@id":"https://staging.forenteforlag.no/pax/#website"},"primaryImageOfPage":{"@id":"https://staging.forenteforlag.no/pax/produkt/der-fire-veier-motes-3/#primaryimage"},"image":{"@id":"https://staging.forenteforlag.no/pax/produkt/der-fire-veier-motes-3/#primaryimage"},"thumbnailUrl":"https://staging.forenteforlag.no/pax/wp-content/uploads/sites/5/2025/08/jpg-5908-scaled.jpg","datePublished":"2016-09-16T00:00:00+00:00","dateModified":"2026-03-03T21:46:13+00:00","breadcrumb":{"@id":"https://staging.forenteforlag.no/pax/produkt/der-fire-veier-motes-3/#breadcrumb"},"inLanguage":"nb-NO","potentialAction":[{"@type":"ReadAction","target":["https://staging.forenteforlag.no/pax/produkt/der-fire-veier-motes-3/"]}]},{"@type":"ImageObject","inLanguage":"nb-NO","@id":"https://staging.forenteforlag.no/pax/produkt/der-fire-veier-motes-3/#primaryimage","url":"https://staging.forenteforlag.no/pax/wp-content/uploads/sites/5/2025/08/jpg-5908-scaled.jpg","contentUrl":"https://staging.forenteforlag.no/pax/wp-content/uploads/sites/5/2025/08/jpg-5908-scaled.jpg","width":1213,"height":1920},{"@type":"BreadcrumbList","@id":"https://staging.forenteforlag.no/pax/produkt/der-fire-veier-motes-3/#breadcrumb","itemListElement":[{"@type":"ListItem","position":1,"name":"Hjem","item":"https://staging.forenteforlag.no/pax/"},{"@type":"ListItem","position":2,"name":"Alle bøker","item":"https://staging.forenteforlag.no/pax/butikk/"},{"@type":"ListItem","position":3,"name":"Der fire veier møtes"}]},{"@type":"WebSite","@id":"https://staging.forenteforlag.no/pax/#website","url":"https://staging.forenteforlag.no/pax/","name":"Pax","description":"","potentialAction":[{"@type":"SearchAction","target":{"@type":"EntryPoint","urlTemplate":"https://staging.forenteforlag.no/pax/?s={search_term_string}"},"query-input":{"@type":"PropertyValueSpecification","valueRequired":true,"valueName":"search_term_string"}}],"inLanguage":"nb-NO"}]}</script>
<!-- / Yoast SEO plugin. -->

Der fire veier møtes - Pax

I ei lita bygd i det nordlige Finland skiller den unge jordmora Maria seg ut og blir gjenstand for folkesnakk. Hun er selvstendig, forsørger seg selv, og får datteren Lahja utenfor ekteskap. Senere får også Lahja et barn utenfor ekteskap. Men hun ønsker ikke å leve livet alene, slik som moren, og gifter seg med [&hellip;]

Alle bøker
