{"id":24354,"date":"2017-04-11T02:00:00","date_gmt":"2017-04-11T00:00:00","guid":{"rendered":"https:\/\/pax.forenteforlag.no\/produkt\/germanerne-2\/"},"modified":"2026-03-03T22:36:49","modified_gmt":"2026-03-03T21:36:49","slug":"germanerne-2","status":"publish","type":"product","link":"https:\/\/staging.forenteforlag.no\/pax\/produkt\/germanerne-2\/","title":{"rendered":"Germanerne"},"content":{"rendered":"<p>Ordet &laquo;germaner&raquo; fremkaller to ganske forskjellige bilder. Ville, r\u00f8dh\u00e5rede barbarer i kamp mot romerne. Og ranke, lysh\u00e5rede unge menn med rene trekk og stram naziuniform.<\/p>\n<p>Hvilken historie ligger bak? Hvem var egentlig antikkens germanere? Hvordan kunne det ha seg at de ble hentet frem fra glemselen og b\u00f8rstet st\u00f8vet av for s\u00e5, lett forfinet, \u00e5 spille en sentral rolle i nazismens enorme propagandaapparat? Og hvorfor kalles et stort antall spr\u00e5k den dag i dag for &laquo;germanske&raquo;?<\/p>\n<p>I denne boka m\u00f8ter vi f\u00f8rst og fremst de gamle germanerne, et folk som besto av en lang rekke stammer: Gotere, langobarder, anglere, saksere, frisere og markomanner. Historien om germanerne strekker seg over mer enn to tusen \u00e5r. Det er en fagerik, skiftende og mangfoldig historie. Men den er viktig. For den handler om hendelser og tanker som har spilt en stor rolle i historien og som fortsatt er farlig ladet.<\/p>\n<p>Boken var nominert til Augustprisen i 2013<\/p>\n","protected":false},"excerpt":{"rendered":"<p>Ordet &laquo;germaner&raquo; fremkaller to ganske forskjellige bilder. Ville, r\u00f8dh\u00e5rede barbarer i kamp mot romerne. Og ranke, lysh\u00e5rede unge menn med rene trekk og stram naziuniform. Hvilken historie ligger bak? Hvem var egentlig antikkens germanere? Hvordan kunne det ha seg at de ble hentet frem fra glemselen og b\u00f8rstet st\u00f8vet av for s\u00e5, lett forfinet, \u00e5 [&hellip;]<\/p>\n","protected":false},"featured_media":28573,"template":"","meta":{"_acf_changed":false,"inline_featured_image":false},"product_brand":[],"product_cat":[1782],"product_tag":[897,607,482,362,1400,558,789,1383],"class_list":{"0":"post-24354","1":"product","2":"type-product","3":"status-publish","4":"has-post-thumbnail","6":"product_cat-fripris","7":"product_tag-antikken","8":"product_tag-bedriftshistorie","9":"product_tag-europa","10":"product_tag-faglitteratur","11":"product_tag-germanske-sprak","12":"product_tag-gresk-mytologi","13":"product_tag-hoymiddelalderen","14":"product_tag-nyere-tid","16":"first","17":"instock","18":"shipping-taxable","19":"purchasable","20":"product-type-simple"},"acf":{"anmeldelse":[{"tekst_anmeldelser":"\u00abTore Janson gir ingen populistisk innf\u00f8ring i emnet. For alle som vil vite mer, kan boken varmt anbefales\u00bb","av_anmeldelser":"John Arne Moen","terningkast":false,"kilde":"Tr\u00f8nder-Avisa"},{"tekst_anmeldelser":"\u00ab[Germanerne] gjev viktige, men ikkje lenger sj\u00f8lvsagde perspektiv p\u00e5 nordiske kulturelle r\u00f8ter og sams europeiske historiske f\u00f8resetnader.\u00bb","av_anmeldelser":"John Ole Askedal","terningkast":false,"kilde":"Dag og Tid"},{"tekst_anmeldelser":"\u00abEn interessant p\u00e5minnelse om at vandring og assimilasjon er det ene bestandige i Europas omskiftelige historie.\u00bb","av_anmeldelser":"Sven Egil Omdal,","terningkast":false,"kilde":"Stavanger Aftenblad"},{"tekst_anmeldelser":"\u00abLes Jansons n\u00f8kterne og beherskede bok om et fargerikt og litt vanskelig tema. Etterp\u00e5 kan vi sl\u00e5 fast at mye er blitt bedre i det mellomfolkelige samkvem. Men det har tatt tid.\u00bb","av_anmeldelser":"Bjarte Botnen","terningkast":false,"kilde":"V\u00e5rt Land"},{"tekst_anmeldelser":"\u00abJansons bok er derfor mer enn en unders\u00f8kelse av mytene, historien og spr\u00e5kene germanerne etterlot seg ... En bok til kunnskap og ettertanke.\u00bb","av_anmeldelser":"Alf Kjetil Igland","terningkast":"<i class=\"fa-solid fa-dice-five\"><\/i>","kilde":"F\u00e6drelandsvennen"},{"tekst_anmeldelser":"\u00abTore Jansons l\u00e6rde betraktninger om germanere er h\u00f8yaktuell i disse tider, n\u00e5r historisk identitet skapes gjennom \u00e5 ekskludere eller inkludere andre grupper\u00bb","av_anmeldelser":"Anne Hed\u00e9n","terningkast":false,"kilde":"Sydsvenskan"}]},"yoast_head":"<!-- This site is optimized with the Yoast SEO plugin v26.6 - https:\/\/yoast.com\/wordpress\/plugins\/seo\/ -->\n<title>Germanerne - Pax<\/title>\n<meta name=\"robots\" content=\"noindex, follow, max-snippet:-1, max-image-preview:large, max-video-preview:-1\" \/>\n<meta property=\"og:locale\" content=\"nb_NO\" \/>\n<meta property=\"og:type\" content=\"article\" \/>\n<meta property=\"og:title\" content=\"Germanerne - Pax\" \/>\n<meta property=\"og:description\" content=\"Ordet &laquo;germaner&raquo; fremkaller to ganske forskjellige bilder. Ville, r\u00f8dh\u00e5rede barbarer i kamp mot romerne. Og ranke, lysh\u00e5rede unge menn med rene trekk og stram naziuniform. Hvilken historie ligger bak? Hvem var egentlig antikkens germanere? Hvordan kunne det ha seg at de ble hentet frem fra glemselen og b\u00f8rstet st\u00f8vet av for s\u00e5, lett forfinet, \u00e5 [&hellip;]\" \/>\n<meta property=\"og:url\" content=\"https:\/\/staging.forenteforlag.no\/pax\/produkt\/germanerne-2\/\" \/>\n<meta property=\"og:site_name\" content=\"Pax\" \/>\n<meta property=\"article:modified_time\" content=\"2026-03-03T21:36:49+00:00\" \/>\n<meta property=\"og:image\" content=\"https:\/\/staging.forenteforlag.no\/pax\/wp-content\/uploads\/sites\/5\/2025\/08\/jpg-7360.jpg\" \/>\n\t<meta property=\"og:image:width\" content=\"286\" \/>\n\t<meta property=\"og:image:height\" content=\"450\" \/>\n\t<meta property=\"og:image:type\" content=\"image\/jpeg\" \/>\n<meta name=\"twitter:card\" content=\"summary_large_image\" \/>\n<meta name=\"twitter:label1\" content=\"Ansl. lesetid\" \/>\n\t<meta name=\"twitter:data1\" content=\"1 minutt\" \/>\n<script type=\"application\/ld+json\" class=\"yoast-schema-graph\">{\"@context\":\"https:\/\/schema.org\",\"@graph\":[{\"@type\":\"WebPage\",\"@id\":\"https:\/\/staging.forenteforlag.no\/pax\/produkt\/germanerne-2\/\",\"url\":\"https:\/\/staging.forenteforlag.no\/pax\/produkt\/germanerne-2\/\",\"name\":\"Germanerne - Pax\",\"isPartOf\":{\"@id\":\"https:\/\/staging.forenteforlag.no\/pax\/#website\"},\"primaryImageOfPage\":{\"@id\":\"https:\/\/staging.forenteforlag.no\/pax\/produkt\/germanerne-2\/#primaryimage\"},\"image\":{\"@id\":\"https:\/\/staging.forenteforlag.no\/pax\/produkt\/germanerne-2\/#primaryimage\"},\"thumbnailUrl\":\"https:\/\/staging.forenteforlag.no\/pax\/wp-content\/uploads\/sites\/5\/2025\/08\/jpg-7360.jpg\",\"datePublished\":\"2017-04-11T00:00:00+00:00\",\"dateModified\":\"2026-03-03T21:36:49+00:00\",\"breadcrumb\":{\"@id\":\"https:\/\/staging.forenteforlag.no\/pax\/produkt\/germanerne-2\/#breadcrumb\"},\"inLanguage\":\"nb-NO\",\"potentialAction\":[{\"@type\":\"ReadAction\",\"target\":[\"https:\/\/staging.forenteforlag.no\/pax\/produkt\/germanerne-2\/\"]}]},{\"@type\":\"ImageObject\",\"inLanguage\":\"nb-NO\",\"@id\":\"https:\/\/staging.forenteforlag.no\/pax\/produkt\/germanerne-2\/#primaryimage\",\"url\":\"https:\/\/staging.forenteforlag.no\/pax\/wp-content\/uploads\/sites\/5\/2025\/08\/jpg-7360.jpg\",\"contentUrl\":\"https:\/\/staging.forenteforlag.no\/pax\/wp-content\/uploads\/sites\/5\/2025\/08\/jpg-7360.jpg\",\"width\":286,\"height\":450},{\"@type\":\"BreadcrumbList\",\"@id\":\"https:\/\/staging.forenteforlag.no\/pax\/produkt\/germanerne-2\/#breadcrumb\",\"itemListElement\":[{\"@type\":\"ListItem\",\"position\":1,\"name\":\"Hjem\",\"item\":\"https:\/\/staging.forenteforlag.no\/pax\/\"},{\"@type\":\"ListItem\",\"position\":2,\"name\":\"Alle b\u00f8ker\",\"item\":\"https:\/\/staging.forenteforlag.no\/pax\/butikk\/\"},{\"@type\":\"ListItem\",\"position\":3,\"name\":\"Germanerne\"}]},{\"@type\":\"WebSite\",\"@id\":\"https:\/\/staging.forenteforlag.no\/pax\/#website\",\"url\":\"https:\/\/staging.forenteforlag.no\/pax\/\",\"name\":\"Pax\",\"description\":\"\",\"potentialAction\":[{\"@type\":\"SearchAction\",\"target\":{\"@type\":\"EntryPoint\",\"urlTemplate\":\"https:\/\/staging.forenteforlag.no\/pax\/?s={search_term_string}\"},\"query-input\":{\"@type\":\"PropertyValueSpecification\",\"valueRequired\":true,\"valueName\":\"search_term_string\"}}],\"inLanguage\":\"nb-NO\"}]}<\/script>\n<!-- \/ Yoast SEO plugin. -->","yoast_head_json":{"title":"Germanerne - Pax","robots":{"index":"noindex","follow":"follow","max-snippet":"max-snippet:-1","max-image-preview":"max-image-preview:large","max-video-preview":"max-video-preview:-1"},"og_locale":"nb_NO","og_type":"article","og_title":"Germanerne - Pax","og_description":"Ordet &laquo;germaner&raquo; fremkaller to ganske forskjellige bilder. Ville, r\u00f8dh\u00e5rede barbarer i kamp mot romerne. Og ranke, lysh\u00e5rede unge menn med rene trekk og stram naziuniform. Hvilken historie ligger bak? Hvem var egentlig antikkens germanere? Hvordan kunne det ha seg at de ble hentet frem fra glemselen og b\u00f8rstet st\u00f8vet av for s\u00e5, lett forfinet, \u00e5 [&hellip;]","og_url":"https:\/\/staging.forenteforlag.no\/pax\/produkt\/germanerne-2\/","og_site_name":"Pax","article_modified_time":"2026-03-03T21:36:49+00:00","og_image":[{"width":286,"height":450,"url":"https:\/\/staging.forenteforlag.no\/pax\/wp-content\/uploads\/sites\/5\/2025\/08\/jpg-7360.jpg","type":"image\/jpeg"}],"twitter_card":"summary_large_image","twitter_misc":{"Ansl. lesetid":"1 minutt"},"schema":{"@context":"https:\/\/schema.org","@graph":[{"@type":"WebPage","@id":"https:\/\/staging.forenteforlag.no\/pax\/produkt\/germanerne-2\/","url":"https:\/\/staging.forenteforlag.no\/pax\/produkt\/germanerne-2\/","name":"Germanerne - Pax","isPartOf":{"@id":"https:\/\/staging.forenteforlag.no\/pax\/#website"},"primaryImageOfPage":{"@id":"https:\/\/staging.forenteforlag.no\/pax\/produkt\/germanerne-2\/#primaryimage"},"image":{"@id":"https:\/\/staging.forenteforlag.no\/pax\/produkt\/germanerne-2\/#primaryimage"},"thumbnailUrl":"https:\/\/staging.forenteforlag.no\/pax\/wp-content\/uploads\/sites\/5\/2025\/08\/jpg-7360.jpg","datePublished":"2017-04-11T00:00:00+00:00","dateModified":"2026-03-03T21:36:49+00:00","breadcrumb":{"@id":"https:\/\/staging.forenteforlag.no\/pax\/produkt\/germanerne-2\/#breadcrumb"},"inLanguage":"nb-NO","potentialAction":[{"@type":"ReadAction","target":["https:\/\/staging.forenteforlag.no\/pax\/produkt\/germanerne-2\/"]}]},{"@type":"ImageObject","inLanguage":"nb-NO","@id":"https:\/\/staging.forenteforlag.no\/pax\/produkt\/germanerne-2\/#primaryimage","url":"https:\/\/staging.forenteforlag.no\/pax\/wp-content\/uploads\/sites\/5\/2025\/08\/jpg-7360.jpg","contentUrl":"https:\/\/staging.forenteforlag.no\/pax\/wp-content\/uploads\/sites\/5\/2025\/08\/jpg-7360.jpg","width":286,"height":450},{"@type":"BreadcrumbList","@id":"https:\/\/staging.forenteforlag.no\/pax\/produkt\/germanerne-2\/#breadcrumb","itemListElement":[{"@type":"ListItem","position":1,"name":"Hjem","item":"https:\/\/staging.forenteforlag.no\/pax\/"},{"@type":"ListItem","position":2,"name":"Alle b\u00f8ker","item":"https:\/\/staging.forenteforlag.no\/pax\/butikk\/"},{"@type":"ListItem","position":3,"name":"Germanerne"}]},{"@type":"WebSite","@id":"https:\/\/staging.forenteforlag.no\/pax\/#website","url":"https:\/\/staging.forenteforlag.no\/pax\/","name":"Pax","description":"","potentialAction":[{"@type":"SearchAction","target":{"@type":"EntryPoint","urlTemplate":"https:\/\/staging.forenteforlag.no\/pax\/?s={search_term_string}"},"query-input":{"@type":"PropertyValueSpecification","valueRequired":true,"valueName":"search_term_string"}}],"inLanguage":"nb-NO"}]}},"_links":{"self":[{"href":"https:\/\/staging.forenteforlag.no\/pax\/wp-json\/wp\/v2\/product\/24354","targetHints":{"allow":["GET"]}}],"collection":[{"href":"https:\/\/staging.forenteforlag.no\/pax\/wp-json\/wp\/v2\/product"}],"about":[{"href":"https:\/\/staging.forenteforlag.no\/pax\/wp-json\/wp\/v2\/types\/product"}],"wp:featuredmedia":[{"embeddable":true,"href":"https:\/\/staging.forenteforlag.no\/pax\/wp-json\/wp\/v2\/media\/28573"}],"wp:attachment":[{"href":"https:\/\/staging.forenteforlag.no\/pax\/wp-json\/wp\/v2\/media?parent=24354"}],"wp:term":[{"taxonomy":"product_brand","embeddable":true,"href":"https:\/\/staging.forenteforlag.no\/pax\/wp-json\/wp\/v2\/product_brand?post=24354"},{"taxonomy":"product_cat","embeddable":true,"href":"https:\/\/staging.forenteforlag.no\/pax\/wp-json\/wp\/v2\/product_cat?post=24354"},{"taxonomy":"product_tag","embeddable":true,"href":"https:\/\/staging.forenteforlag.no\/pax\/wp-json\/wp\/v2\/product_tag?post=24354"}],"curies":[{"name":"wp","href":"https:\/\/api.w.org\/{rel}","templated":true}]}}

<p>Ordet &laquo;germaner&raquo; fremkaller to ganske forskjellige bilder. Ville, rødhårede barbarer i kamp mot romerne. Og ranke, lyshårede unge menn med rene trekk og stram naziuniform.</p>
<p>Hvilken historie ligger bak? Hvem var egentlig antikkens germanere? Hvordan kunne det ha seg at de ble hentet frem fra glemselen og børstet støvet av for så, lett forfinet, å spille en sentral rolle i nazismens enorme propagandaapparat? Og hvorfor kalles et stort antall språk den dag i dag for &laquo;germanske&raquo;?</p>
<p>I denne boka møter vi først og fremst de gamle germanerne, et folk som besto av en lang rekke stammer: Gotere, langobarder, anglere, saksere, frisere og markomanner. Historien om germanerne strekker seg over mer enn to tusen år. Det er en fagerik, skiftende og mangfoldig historie. Men den er viktig. For den handler om hendelser og tanker som har spilt en stor rolle i historien og som fortsatt er farlig ladet.</p>
<p>Boken var nominert til Augustprisen i 2013</p>

<p>Ordet &laquo;germaner&raquo; fremkaller to ganske forskjellige bilder. Ville, rødhårede barbarer i kamp mot romerne. Og ranke, lyshårede unge menn med rene trekk og stram naziuniform. Hvilken historie ligger bak? Hvem var egentlig antikkens germanere? Hvordan kunne det ha seg at de ble hentet frem fra glemselen og børstet støvet av for så, lett forfinet, å [&hellip;]</p>

«Tore Janson gir ingen populistisk innføring i emnet. For alle som vil vite mer, kan boken varmt anbefales»

Trønder-Avisa

«[Germanerne] gjev viktige, men ikkje lenger sjølvsagde perspektiv på nordiske kulturelle røter og sams europeiske historiske føresetnader.»

«En interessant påminnelse om at vandring og assimilasjon er det ene bestandige i Europas omskiftelige historie.»

«Les Jansons nøkterne og beherskede bok om et fargerikt og litt vanskelig tema. Etterpå kan vi slå fast at mye er blitt bedre i det mellomfolkelige samkvem. Men det har tatt tid.»

Vårt Land

«Jansons bok er derfor mer enn en undersøkelse av mytene, historien og språkene germanerne etterlot seg ... En bok til kunnskap og ettertanke.»

Fædrelandsvennen

«Tore Jansons lærde betraktninger om germanere er høyaktuell i disse tider, når historisk identitet skapes gjennom å ekskludere eller inkludere andre grupper»

Anne Hedén

<!-- This site is optimized with the Yoast SEO plugin v26.6 - https://yoast.com/wordpress/plugins/seo/ -->
<title>Germanerne - Pax</title>
<meta name="robots" content="noindex, follow, max-snippet:-1, max-image-preview:large, max-video-preview:-1" />
<meta property="og:locale" content="nb_NO" />
<meta property="og:type" content="article" />
<meta property="og:title" content="Germanerne - Pax" />
<meta property="og:description" content="Ordet &laquo;germaner&raquo; fremkaller to ganske forskjellige bilder. Ville, rødhårede barbarer i kamp mot romerne. Og ranke, lyshårede unge menn med rene trekk og stram naziuniform. Hvilken historie ligger bak? Hvem var egentlig antikkens germanere? Hvordan kunne det ha seg at de ble hentet frem fra glemselen og børstet støvet av for så, lett forfinet, å [&hellip;]" />
<meta property="og:url" content="https://staging.forenteforlag.no/pax/produkt/germanerne-2/" />
<meta property="og:site_name" content="Pax" />
<meta property="article:modified_time" content="2026-03-03T21:36:49+00:00" />
<meta property="og:image" content="https://staging.forenteforlag.no/pax/wp-content/uploads/sites/5/2025/08/jpg-7360.jpg" />
	<meta property="og:image:width" content="286" />
	<meta property="og:image:height" content="450" />
	<meta property="og:image:type" content="image/jpeg" />
<meta name="twitter:card" content="summary_large_image" />
<meta name="twitter:label1" content="Ansl. lesetid" />
	<meta name="twitter:data1" content="1 minutt" />
<script type="application/ld+json" class="yoast-schema-graph">{"@context":"https://schema.org","@graph":[{"@type":"WebPage","@id":"https://staging.forenteforlag.no/pax/produkt/germanerne-2/","url":"https://staging.forenteforlag.no/pax/produkt/germanerne-2/","name":"Germanerne - Pax","isPartOf":{"@id":"https://staging.forenteforlag.no/pax/#website"},"primaryImageOfPage":{"@id":"https://staging.forenteforlag.no/pax/produkt/germanerne-2/#primaryimage"},"image":{"@id":"https://staging.forenteforlag.no/pax/produkt/germanerne-2/#primaryimage"},"thumbnailUrl":"https://staging.forenteforlag.no/pax/wp-content/uploads/sites/5/2025/08/jpg-7360.jpg","datePublished":"2017-04-11T00:00:00+00:00","dateModified":"2026-03-03T21:36:49+00:00","breadcrumb":{"@id":"https://staging.forenteforlag.no/pax/produkt/germanerne-2/#breadcrumb"},"inLanguage":"nb-NO","potentialAction":[{"@type":"ReadAction","target":["https://staging.forenteforlag.no/pax/produkt/germanerne-2/"]}]},{"@type":"ImageObject","inLanguage":"nb-NO","@id":"https://staging.forenteforlag.no/pax/produkt/germanerne-2/#primaryimage","url":"https://staging.forenteforlag.no/pax/wp-content/uploads/sites/5/2025/08/jpg-7360.jpg","contentUrl":"https://staging.forenteforlag.no/pax/wp-content/uploads/sites/5/2025/08/jpg-7360.jpg","width":286,"height":450},{"@type":"BreadcrumbList","@id":"https://staging.forenteforlag.no/pax/produkt/germanerne-2/#breadcrumb","itemListElement":[{"@type":"ListItem","position":1,"name":"Hjem","item":"https://staging.forenteforlag.no/pax/"},{"@type":"ListItem","position":2,"name":"Alle bøker","item":"https://staging.forenteforlag.no/pax/butikk/"},{"@type":"ListItem","position":3,"name":"Germanerne"}]},{"@type":"WebSite","@id":"https://staging.forenteforlag.no/pax/#website","url":"https://staging.forenteforlag.no/pax/","name":"Pax","description":"","potentialAction":[{"@type":"SearchAction","target":{"@type":"EntryPoint","urlTemplate":"https://staging.forenteforlag.no/pax/?s={search_term_string}"},"query-input":{"@type":"PropertyValueSpecification","valueRequired":true,"valueName":"search_term_string"}}],"inLanguage":"nb-NO"}]}</script>
<!-- / Yoast SEO plugin. -->

Ordet &laquo;germaner&raquo; fremkaller to ganske forskjellige bilder. Ville, rødhårede barbarer i kamp mot romerne. Og ranke, lyshårede unge menn med rene trekk og stram naziuniform. Hvilken historie ligger bak? Hvem var egentlig antikkens germanere? Hvordan kunne det ha seg at de ble hentet frem fra glemselen og børstet støvet av for så, lett forfinet, å [&hellip;]

Alle bøker
