{"id":24343,"date":"2018-04-05T02:00:00","date_gmt":"2018-04-05T00:00:00","guid":{"rendered":"https:\/\/pax.forenteforlag.no\/produkt\/den-svovelgule-himmelen-2\/"},"modified":"2026-03-03T22:51:19","modified_gmt":"2026-03-03T21:51:19","slug":"den-svovelgule-himmelen-2","status":"publish","type":"product","link":"https:\/\/staging.forenteforlag.no\/pax\/produkt\/den-svovelgule-himmelen-2\/","title":{"rendered":"Den svovelgule himmelen"},"content":{"rendered":"<p>I 1960- og 70-\u00e5renes Helsingfors vokser en ung gutt opp i skyggen av den velst\u00e5ende Rabell-familien, som har et staselig sommersted i n\u00e6rheten av hans egen families enkle feriehytte. Han blir venn med den jevngamle Alex, men oppdager snart at det ligger mye under Rabell-familiens vellykkede overflate. Etter hvert vokser det fram et sterkt, men opprivende kj\u00e6rlighetsforhold mellom ham og Alex&#8217; lilles\u00f8ster Stella. Gjennom \u00e5rtiene fortsetter de to \u00e5 kretse rundt hverandre, uten \u00e5 klare verken \u00e5 velge eller \u00e5 velge bort kj\u00e6rligheten. <\/p>\n<p>Den svovelgule himmelen strekker seg fra barndommens solblekte minner til v\u00e5r tids voksende m\u00f8rke. Det er en mesterlig fortelling om hvordan kj\u00e6rlighet og vennskap oppst\u00e5r og utvikles over tid, men ogs\u00e5 om hvordan vi preges av kj\u00f8nn, klasse og tiden vi f\u00f8des inn i &#8211; en episk skildring av generasjoner og familieb\u00e5nd, dr\u00f8mmer og h\u00e5p, fra vinneren av Nordisk R\u00e5ds litteraturpris 2014.<\/p>\n","protected":false},"excerpt":{"rendered":"<p>I 1960- og 70-\u00e5renes Helsingfors vokser en ung gutt opp i skyggen av den velst\u00e5ende Rabell-familien, som har et staselig sommersted i n\u00e6rheten av hans egen families enkle feriehytte. Han blir venn med den jevngamle Alex, men oppdager snart at det ligger mye under Rabell-familiens vellykkede overflate. Etter hvert vokser det fram et sterkt, men [&hellip;]<\/p>\n","protected":false},"featured_media":28958,"template":"","meta":{"_acf_changed":false,"inline_featured_image":false},"product_brand":[],"product_cat":[1782],"product_tag":[739,1095,1164,510,371,370,513],"class_list":{"0":"post-24343","1":"product","2":"type-product","3":"status-publish","4":"has-post-thumbnail","6":"product_cat-fripris","7":"product_tag-barndom","8":"product_tag-grafiske-romaner","9":"product_tag-helsinki","10":"product_tag-kjaerlighet","11":"product_tag-klasseforskjeller","12":"product_tag-skjonnlitteratur","13":"product_tag-vennskap","15":"first","16":"instock","17":"shipping-taxable","18":"purchasable","19":"product-type-simple"},"acf":{"anmeldelse":[{"tekst_anmeldelser":"\u00abHan er en storartet forteller som p\u00e5 stilsikkert vis ... bygger opp en troverdig, fengslende livshistorie basert p\u00e5 et mangfoldig persongalleri, ledige dialoger, naturpoetiske klanger, urban detaljrealisme, tidsriktige referanser og dramatiske hendelser av ulike slag.\u00bb","av_anmeldelser":"Steinar Sivertsen","terningkast":"<i class=\"fa-solid fa-dice-six\"><\/i>","kilde":"Stavanger Aftenblad"},{"tekst_anmeldelser":"\u00abGjennom de siste par ti\u00e5rene har West\u00f6 etablert seg som den fremste finlandssvenske forfatterstemmen, med en godt utviklet evne til \u00e5 bygge episke historier med lukt og farge.\u00bb","av_anmeldelser":"Leif Gjerstad","terningkast":"<i class=\"fa-solid fa-dice-six\"><\/i>","kilde":"Bok365"},{"tekst_anmeldelser":"\u00abForfatteren er en eminent forteller ... \u00e5rets  roman byr p\u00e5 store leseropplevelser.\u00bb","av_anmeldelser":"Jon \u00c5ge Fiskum","terningkast":false,"kilde":"Tr\u00f8nder-Avisa"}]},"yoast_head":"<!-- This site is optimized with the Yoast SEO plugin v26.6 - https:\/\/yoast.com\/wordpress\/plugins\/seo\/ -->\n<title>Den svovelgule himmelen - Pax<\/title>\n<meta name=\"robots\" content=\"noindex, follow, max-snippet:-1, max-image-preview:large, max-video-preview:-1\" \/>\n<meta property=\"og:locale\" content=\"nb_NO\" \/>\n<meta property=\"og:type\" content=\"article\" \/>\n<meta property=\"og:title\" content=\"Den svovelgule himmelen - Pax\" \/>\n<meta property=\"og:description\" content=\"I 1960- og 70-\u00e5renes Helsingfors vokser en ung gutt opp i skyggen av den velst\u00e5ende Rabell-familien, som har et staselig sommersted i n\u00e6rheten av hans egen families enkle feriehytte. Han blir venn med den jevngamle Alex, men oppdager snart at det ligger mye under Rabell-familiens vellykkede overflate. Etter hvert vokser det fram et sterkt, men [&hellip;]\" \/>\n<meta property=\"og:url\" content=\"https:\/\/staging.forenteforlag.no\/pax\/produkt\/den-svovelgule-himmelen-2\/\" \/>\n<meta property=\"og:site_name\" content=\"Pax\" \/>\n<meta property=\"article:modified_time\" content=\"2026-03-03T21:51:19+00:00\" \/>\n<meta property=\"og:image\" content=\"https:\/\/staging.forenteforlag.no\/pax\/wp-content\/uploads\/sites\/5\/2025\/08\/jpg-8476-scaled.jpg\" \/>\n\t<meta property=\"og:image:width\" content=\"1233\" \/>\n\t<meta property=\"og:image:height\" content=\"1920\" \/>\n\t<meta property=\"og:image:type\" content=\"image\/jpeg\" \/>\n<meta name=\"twitter:card\" content=\"summary_large_image\" \/>\n<meta name=\"twitter:label1\" content=\"Ansl. lesetid\" \/>\n\t<meta name=\"twitter:data1\" content=\"1 minutt\" \/>\n<script type=\"application\/ld+json\" class=\"yoast-schema-graph\">{\"@context\":\"https:\/\/schema.org\",\"@graph\":[{\"@type\":\"WebPage\",\"@id\":\"https:\/\/staging.forenteforlag.no\/pax\/produkt\/den-svovelgule-himmelen-2\/\",\"url\":\"https:\/\/staging.forenteforlag.no\/pax\/produkt\/den-svovelgule-himmelen-2\/\",\"name\":\"Den svovelgule himmelen - Pax\",\"isPartOf\":{\"@id\":\"https:\/\/staging.forenteforlag.no\/pax\/#website\"},\"primaryImageOfPage\":{\"@id\":\"https:\/\/staging.forenteforlag.no\/pax\/produkt\/den-svovelgule-himmelen-2\/#primaryimage\"},\"image\":{\"@id\":\"https:\/\/staging.forenteforlag.no\/pax\/produkt\/den-svovelgule-himmelen-2\/#primaryimage\"},\"thumbnailUrl\":\"https:\/\/staging.forenteforlag.no\/pax\/wp-content\/uploads\/sites\/5\/2025\/08\/jpg-8476-scaled.jpg\",\"datePublished\":\"2018-04-05T00:00:00+00:00\",\"dateModified\":\"2026-03-03T21:51:19+00:00\",\"breadcrumb\":{\"@id\":\"https:\/\/staging.forenteforlag.no\/pax\/produkt\/den-svovelgule-himmelen-2\/#breadcrumb\"},\"inLanguage\":\"nb-NO\",\"potentialAction\":[{\"@type\":\"ReadAction\",\"target\":[\"https:\/\/staging.forenteforlag.no\/pax\/produkt\/den-svovelgule-himmelen-2\/\"]}]},{\"@type\":\"ImageObject\",\"inLanguage\":\"nb-NO\",\"@id\":\"https:\/\/staging.forenteforlag.no\/pax\/produkt\/den-svovelgule-himmelen-2\/#primaryimage\",\"url\":\"https:\/\/staging.forenteforlag.no\/pax\/wp-content\/uploads\/sites\/5\/2025\/08\/jpg-8476-scaled.jpg\",\"contentUrl\":\"https:\/\/staging.forenteforlag.no\/pax\/wp-content\/uploads\/sites\/5\/2025\/08\/jpg-8476-scaled.jpg\",\"width\":1233,\"height\":1920},{\"@type\":\"BreadcrumbList\",\"@id\":\"https:\/\/staging.forenteforlag.no\/pax\/produkt\/den-svovelgule-himmelen-2\/#breadcrumb\",\"itemListElement\":[{\"@type\":\"ListItem\",\"position\":1,\"name\":\"Hjem\",\"item\":\"https:\/\/staging.forenteforlag.no\/pax\/\"},{\"@type\":\"ListItem\",\"position\":2,\"name\":\"Alle b\u00f8ker\",\"item\":\"https:\/\/staging.forenteforlag.no\/pax\/butikk\/\"},{\"@type\":\"ListItem\",\"position\":3,\"name\":\"Den svovelgule himmelen\"}]},{\"@type\":\"WebSite\",\"@id\":\"https:\/\/staging.forenteforlag.no\/pax\/#website\",\"url\":\"https:\/\/staging.forenteforlag.no\/pax\/\",\"name\":\"Pax\",\"description\":\"\",\"potentialAction\":[{\"@type\":\"SearchAction\",\"target\":{\"@type\":\"EntryPoint\",\"urlTemplate\":\"https:\/\/staging.forenteforlag.no\/pax\/?s={search_term_string}\"},\"query-input\":{\"@type\":\"PropertyValueSpecification\",\"valueRequired\":true,\"valueName\":\"search_term_string\"}}],\"inLanguage\":\"nb-NO\"}]}<\/script>\n<!-- \/ Yoast SEO plugin. -->","yoast_head_json":{"title":"Den svovelgule himmelen - Pax","robots":{"index":"noindex","follow":"follow","max-snippet":"max-snippet:-1","max-image-preview":"max-image-preview:large","max-video-preview":"max-video-preview:-1"},"og_locale":"nb_NO","og_type":"article","og_title":"Den svovelgule himmelen - Pax","og_description":"I 1960- og 70-\u00e5renes Helsingfors vokser en ung gutt opp i skyggen av den velst\u00e5ende Rabell-familien, som har et staselig sommersted i n\u00e6rheten av hans egen families enkle feriehytte. Han blir venn med den jevngamle Alex, men oppdager snart at det ligger mye under Rabell-familiens vellykkede overflate. Etter hvert vokser det fram et sterkt, men [&hellip;]","og_url":"https:\/\/staging.forenteforlag.no\/pax\/produkt\/den-svovelgule-himmelen-2\/","og_site_name":"Pax","article_modified_time":"2026-03-03T21:51:19+00:00","og_image":[{"width":1233,"height":1920,"url":"https:\/\/staging.forenteforlag.no\/pax\/wp-content\/uploads\/sites\/5\/2025\/08\/jpg-8476-scaled.jpg","type":"image\/jpeg"}],"twitter_card":"summary_large_image","twitter_misc":{"Ansl. lesetid":"1 minutt"},"schema":{"@context":"https:\/\/schema.org","@graph":[{"@type":"WebPage","@id":"https:\/\/staging.forenteforlag.no\/pax\/produkt\/den-svovelgule-himmelen-2\/","url":"https:\/\/staging.forenteforlag.no\/pax\/produkt\/den-svovelgule-himmelen-2\/","name":"Den svovelgule himmelen - Pax","isPartOf":{"@id":"https:\/\/staging.forenteforlag.no\/pax\/#website"},"primaryImageOfPage":{"@id":"https:\/\/staging.forenteforlag.no\/pax\/produkt\/den-svovelgule-himmelen-2\/#primaryimage"},"image":{"@id":"https:\/\/staging.forenteforlag.no\/pax\/produkt\/den-svovelgule-himmelen-2\/#primaryimage"},"thumbnailUrl":"https:\/\/staging.forenteforlag.no\/pax\/wp-content\/uploads\/sites\/5\/2025\/08\/jpg-8476-scaled.jpg","datePublished":"2018-04-05T00:00:00+00:00","dateModified":"2026-03-03T21:51:19+00:00","breadcrumb":{"@id":"https:\/\/staging.forenteforlag.no\/pax\/produkt\/den-svovelgule-himmelen-2\/#breadcrumb"},"inLanguage":"nb-NO","potentialAction":[{"@type":"ReadAction","target":["https:\/\/staging.forenteforlag.no\/pax\/produkt\/den-svovelgule-himmelen-2\/"]}]},{"@type":"ImageObject","inLanguage":"nb-NO","@id":"https:\/\/staging.forenteforlag.no\/pax\/produkt\/den-svovelgule-himmelen-2\/#primaryimage","url":"https:\/\/staging.forenteforlag.no\/pax\/wp-content\/uploads\/sites\/5\/2025\/08\/jpg-8476-scaled.jpg","contentUrl":"https:\/\/staging.forenteforlag.no\/pax\/wp-content\/uploads\/sites\/5\/2025\/08\/jpg-8476-scaled.jpg","width":1233,"height":1920},{"@type":"BreadcrumbList","@id":"https:\/\/staging.forenteforlag.no\/pax\/produkt\/den-svovelgule-himmelen-2\/#breadcrumb","itemListElement":[{"@type":"ListItem","position":1,"name":"Hjem","item":"https:\/\/staging.forenteforlag.no\/pax\/"},{"@type":"ListItem","position":2,"name":"Alle b\u00f8ker","item":"https:\/\/staging.forenteforlag.no\/pax\/butikk\/"},{"@type":"ListItem","position":3,"name":"Den svovelgule himmelen"}]},{"@type":"WebSite","@id":"https:\/\/staging.forenteforlag.no\/pax\/#website","url":"https:\/\/staging.forenteforlag.no\/pax\/","name":"Pax","description":"","potentialAction":[{"@type":"SearchAction","target":{"@type":"EntryPoint","urlTemplate":"https:\/\/staging.forenteforlag.no\/pax\/?s={search_term_string}"},"query-input":{"@type":"PropertyValueSpecification","valueRequired":true,"valueName":"search_term_string"}}],"inLanguage":"nb-NO"}]}},"_links":{"self":[{"href":"https:\/\/staging.forenteforlag.no\/pax\/wp-json\/wp\/v2\/product\/24343","targetHints":{"allow":["GET"]}}],"collection":[{"href":"https:\/\/staging.forenteforlag.no\/pax\/wp-json\/wp\/v2\/product"}],"about":[{"href":"https:\/\/staging.forenteforlag.no\/pax\/wp-json\/wp\/v2\/types\/product"}],"wp:featuredmedia":[{"embeddable":true,"href":"https:\/\/staging.forenteforlag.no\/pax\/wp-json\/wp\/v2\/media\/28958"}],"wp:attachment":[{"href":"https:\/\/staging.forenteforlag.no\/pax\/wp-json\/wp\/v2\/media?parent=24343"}],"wp:term":[{"taxonomy":"product_brand","embeddable":true,"href":"https:\/\/staging.forenteforlag.no\/pax\/wp-json\/wp\/v2\/product_brand?post=24343"},{"taxonomy":"product_cat","embeddable":true,"href":"https:\/\/staging.forenteforlag.no\/pax\/wp-json\/wp\/v2\/product_cat?post=24343"},{"taxonomy":"product_tag","embeddable":true,"href":"https:\/\/staging.forenteforlag.no\/pax\/wp-json\/wp\/v2\/product_tag?post=24343"}],"curies":[{"name":"wp","href":"https:\/\/api.w.org\/{rel}","templated":true}]}}

<p>I 1960- og 70-årenes Helsingfors vokser en ung gutt opp i skyggen av den velstående Rabell-familien, som har et staselig sommersted i nærheten av hans egen families enkle feriehytte. Han blir venn med den jevngamle Alex, men oppdager snart at det ligger mye under Rabell-familiens vellykkede overflate. Etter hvert vokser det fram et sterkt, men opprivende kjærlighetsforhold mellom ham og Alex&#8217; lillesøster Stella. Gjennom årtiene fortsetter de to å kretse rundt hverandre, uten å klare verken å velge eller å velge bort kjærligheten. </p>
<p>Den svovelgule himmelen strekker seg fra barndommens solblekte minner til vår tids voksende mørke. Det er en mesterlig fortelling om hvordan kjærlighet og vennskap oppstår og utvikles over tid, men også om hvordan vi preges av kjønn, klasse og tiden vi fødes inn i &#8211; en episk skildring av generasjoner og familiebånd, drømmer og håp, fra vinneren av Nordisk Råds litteraturpris 2014.</p>

<p>I 1960- og 70-årenes Helsingfors vokser en ung gutt opp i skyggen av den velstående Rabell-familien, som har et staselig sommersted i nærheten av hans egen families enkle feriehytte. Han blir venn med den jevngamle Alex, men oppdager snart at det ligger mye under Rabell-familiens vellykkede overflate. Etter hvert vokser det fram et sterkt, men [&hellip;]</p>

«Han er en storartet forteller som på stilsikkert vis ... bygger opp en troverdig, fengslende livshistorie basert på et mangfoldig persongalleri, ledige dialoger, naturpoetiske klanger, urban detaljrealisme, tidsriktige referanser og dramatiske hendelser av ulike slag.»

«Gjennom de siste par tiårene har Westö etablert seg som den fremste finlandssvenske forfatterstemmen, med en godt utviklet evne til å bygge episke historier med lukt og farge.»

«Forfatteren er en eminent forteller ... årets  roman byr på store leseropplevelser.»

Jon Åge Fiskum

Trønder-Avisa

<!-- This site is optimized with the Yoast SEO plugin v26.6 - https://yoast.com/wordpress/plugins/seo/ -->
<title>Den svovelgule himmelen - Pax</title>
<meta name="robots" content="noindex, follow, max-snippet:-1, max-image-preview:large, max-video-preview:-1" />
<meta property="og:locale" content="nb_NO" />
<meta property="og:type" content="article" />
<meta property="og:title" content="Den svovelgule himmelen - Pax" />
<meta property="og:description" content="I 1960- og 70-årenes Helsingfors vokser en ung gutt opp i skyggen av den velstående Rabell-familien, som har et staselig sommersted i nærheten av hans egen families enkle feriehytte. Han blir venn med den jevngamle Alex, men oppdager snart at det ligger mye under Rabell-familiens vellykkede overflate. Etter hvert vokser det fram et sterkt, men [&hellip;]" />
<meta property="og:url" content="https://staging.forenteforlag.no/pax/produkt/den-svovelgule-himmelen-2/" />
<meta property="og:site_name" content="Pax" />
<meta property="article:modified_time" content="2026-03-03T21:51:19+00:00" />
<meta property="og:image" content="https://staging.forenteforlag.no/pax/wp-content/uploads/sites/5/2025/08/jpg-8476-scaled.jpg" />
	<meta property="og:image:width" content="1233" />
	<meta property="og:image:height" content="1920" />
	<meta property="og:image:type" content="image/jpeg" />
<meta name="twitter:card" content="summary_large_image" />
<meta name="twitter:label1" content="Ansl. lesetid" />
	<meta name="twitter:data1" content="1 minutt" />
<script type="application/ld+json" class="yoast-schema-graph">{"@context":"https://schema.org","@graph":[{"@type":"WebPage","@id":"https://staging.forenteforlag.no/pax/produkt/den-svovelgule-himmelen-2/","url":"https://staging.forenteforlag.no/pax/produkt/den-svovelgule-himmelen-2/","name":"Den svovelgule himmelen - Pax","isPartOf":{"@id":"https://staging.forenteforlag.no/pax/#website"},"primaryImageOfPage":{"@id":"https://staging.forenteforlag.no/pax/produkt/den-svovelgule-himmelen-2/#primaryimage"},"image":{"@id":"https://staging.forenteforlag.no/pax/produkt/den-svovelgule-himmelen-2/#primaryimage"},"thumbnailUrl":"https://staging.forenteforlag.no/pax/wp-content/uploads/sites/5/2025/08/jpg-8476-scaled.jpg","datePublished":"2018-04-05T00:00:00+00:00","dateModified":"2026-03-03T21:51:19+00:00","breadcrumb":{"@id":"https://staging.forenteforlag.no/pax/produkt/den-svovelgule-himmelen-2/#breadcrumb"},"inLanguage":"nb-NO","potentialAction":[{"@type":"ReadAction","target":["https://staging.forenteforlag.no/pax/produkt/den-svovelgule-himmelen-2/"]}]},{"@type":"ImageObject","inLanguage":"nb-NO","@id":"https://staging.forenteforlag.no/pax/produkt/den-svovelgule-himmelen-2/#primaryimage","url":"https://staging.forenteforlag.no/pax/wp-content/uploads/sites/5/2025/08/jpg-8476-scaled.jpg","contentUrl":"https://staging.forenteforlag.no/pax/wp-content/uploads/sites/5/2025/08/jpg-8476-scaled.jpg","width":1233,"height":1920},{"@type":"BreadcrumbList","@id":"https://staging.forenteforlag.no/pax/produkt/den-svovelgule-himmelen-2/#breadcrumb","itemListElement":[{"@type":"ListItem","position":1,"name":"Hjem","item":"https://staging.forenteforlag.no/pax/"},{"@type":"ListItem","position":2,"name":"Alle bøker","item":"https://staging.forenteforlag.no/pax/butikk/"},{"@type":"ListItem","position":3,"name":"Den svovelgule himmelen"}]},{"@type":"WebSite","@id":"https://staging.forenteforlag.no/pax/#website","url":"https://staging.forenteforlag.no/pax/","name":"Pax","description":"","potentialAction":[{"@type":"SearchAction","target":{"@type":"EntryPoint","urlTemplate":"https://staging.forenteforlag.no/pax/?s={search_term_string}"},"query-input":{"@type":"PropertyValueSpecification","valueRequired":true,"valueName":"search_term_string"}}],"inLanguage":"nb-NO"}]}</script>
<!-- / Yoast SEO plugin. -->

I 1960- og 70-årenes Helsingfors vokser en ung gutt opp i skyggen av den velstående Rabell-familien, som har et staselig sommersted i nærheten av hans egen families enkle feriehytte. Han blir venn med den jevngamle Alex, men oppdager snart at det ligger mye under Rabell-familiens vellykkede overflate. Etter hvert vokser det fram et sterkt, men [&hellip;]

Alle bøker
