{"id":24309,"date":"2021-06-17T02:00:00","date_gmt":"2021-06-17T00:00:00","guid":{"rendered":"https:\/\/pax.forenteforlag.no\/produkt\/norsk-arbeidsmandsforbund-1980-2020\/"},"modified":"2025-08-27T07:51:29","modified_gmt":"2025-08-27T05:51:29","slug":"norsk-arbeidsmandsforbund-1980-2020","status":"publish","type":"product","link":"https:\/\/staging.forenteforlag.no\/pax\/produkt\/norsk-arbeidsmandsforbund-1980-2020\/","title":{"rendered":"Norsk Arbeidsmandsforbund 1980-2020"},"content":{"rendered":"<p>Helt siden begynnelsen i 1895 gikk Norsk Arbeidsmandsforbund foran og organiserte ufagl\u00e6rte arbeidere, og i 1955 kalte statsminister Einar Gerhardsen forbundet selve \u00abbanebryteren for fagbevegelsen\u00bb.   <\/p>\n<p>Denne boken handler om Arbeidsmandsforbundets historie etter 1980. Tiden rundt 1980 markerte inngangen til en ny epoke i fagbevegelsens historie. B\u00e5de i Norge og p\u00e5 en st\u00f8rre internasjonal arena var det tradisjonelle industrisamfunnet i ferd med \u00e5 g\u00e5 i oppl\u00f8sning, og man var p\u00e5 vei inn i det som er blitt kalt hyperkapitalismens tid.   <\/p>\n<p>Vi f\u00f8lger forbundets man\u00f8vrering gjennom dette nye landskapet &#8211; gjennom 1980-\u00e5renes markedsliberaliseringer, 1990-\u00e5renes europeiske integrasjon og det nye \u00e5rtusenets utvikling av et sv\u00e6rt \u00e5pent internasjonalt arbeidsmarked etter \u00f8stutvidelsen av EU i 2004. Underveis ble forholdet mellom det tradisjonelt radikale Arbeidsmandsforbundet og Arbeiderpartiet satt p\u00e5 store pr\u00f8ver. <\/p>\n","protected":false},"excerpt":{"rendered":"<p>Helt siden begynnelsen i 1895 gikk Norsk Arbeidsmandsforbund foran og organiserte ufagl\u00e6rte arbeidere, og i 1955 kalte statsminister Einar Gerhardsen forbundet selve \u00abbanebryteren for fagbevegelsen\u00bb. Denne boken handler om Arbeidsmandsforbundets historie etter 1980. Tiden rundt 1980 markerte inngangen til en ny epoke i fagbevegelsens historie. B\u00e5de i Norge og p\u00e5 en st\u00f8rre internasjonal arena var [&hellip;]<\/p>\n","protected":false},"featured_media":27923,"template":"","meta":{"_acf_changed":false,"inline_featured_image":false},"product_brand":[],"product_cat":[1782,23],"product_tag":[387,419,364,367,1140,607,954,362,439],"class_list":{"0":"post-24309","1":"product","2":"type-product","3":"status-publish","4":"has-post-thumbnail","6":"product_cat-fripris","7":"product_cat-historie","8":"product_tag-1980-1989","9":"product_tag-1990-1999","10":"product_tag-2000-2009","11":"product_tag-2010-2019","12":"product_tag-arbeiderklassen","13":"product_tag-bedriftshistorie","14":"product_tag-fagforeningsarbeid","15":"product_tag-faglitteratur","16":"product_tag-nord-norge","17":"pa_format-innbundet","19":"first","20":"instock","21":"shipping-taxable","22":"purchasable","23":"product-type-simple"},"acf":{"anmeldelse":null},"yoast_head":"<!-- This site is optimized with the Yoast SEO plugin v26.6 - https:\/\/yoast.com\/wordpress\/plugins\/seo\/ -->\n<title>Norsk Arbeidsmandsforbund 1980-2020 - Pax<\/title>\n<meta name=\"robots\" content=\"noindex, follow, max-snippet:-1, max-image-preview:large, max-video-preview:-1\" \/>\n<meta property=\"og:locale\" content=\"nb_NO\" \/>\n<meta property=\"og:type\" content=\"article\" \/>\n<meta property=\"og:title\" content=\"Norsk Arbeidsmandsforbund 1980-2020 - Pax\" \/>\n<meta property=\"og:description\" content=\"Helt siden begynnelsen i 1895 gikk Norsk Arbeidsmandsforbund foran og organiserte ufagl\u00e6rte arbeidere, og i 1955 kalte statsminister Einar Gerhardsen forbundet selve \u00abbanebryteren for fagbevegelsen\u00bb. Denne boken handler om Arbeidsmandsforbundets historie etter 1980. Tiden rundt 1980 markerte inngangen til en ny epoke i fagbevegelsens historie. B\u00e5de i Norge og p\u00e5 en st\u00f8rre internasjonal arena var [&hellip;]\" \/>\n<meta property=\"og:url\" content=\"https:\/\/staging.forenteforlag.no\/pax\/produkt\/norsk-arbeidsmandsforbund-1980-2020\/\" \/>\n<meta property=\"og:site_name\" content=\"Pax\" \/>\n<meta property=\"article:modified_time\" content=\"2025-08-27T05:51:29+00:00\" \/>\n<meta property=\"og:image\" content=\"https:\/\/staging.forenteforlag.no\/pax\/wp-content\/uploads\/sites\/5\/2025\/08\/jpg-5486-scaled-1-scaled.jpg\" \/>\n\t<meta property=\"og:image:width\" content=\"1317\" \/>\n\t<meta property=\"og:image:height\" content=\"1920\" \/>\n\t<meta property=\"og:image:type\" content=\"image\/jpeg\" \/>\n<meta name=\"twitter:card\" content=\"summary_large_image\" \/>\n<meta name=\"twitter:label1\" content=\"Ansl. lesetid\" \/>\n\t<meta name=\"twitter:data1\" content=\"1 minutt\" \/>\n<script type=\"application\/ld+json\" class=\"yoast-schema-graph\">{\"@context\":\"https:\/\/schema.org\",\"@graph\":[{\"@type\":\"WebPage\",\"@id\":\"https:\/\/staging.forenteforlag.no\/pax\/produkt\/norsk-arbeidsmandsforbund-1980-2020\/\",\"url\":\"https:\/\/staging.forenteforlag.no\/pax\/produkt\/norsk-arbeidsmandsforbund-1980-2020\/\",\"name\":\"Norsk Arbeidsmandsforbund 1980-2020 - Pax\",\"isPartOf\":{\"@id\":\"https:\/\/staging.forenteforlag.no\/pax\/#website\"},\"primaryImageOfPage\":{\"@id\":\"https:\/\/staging.forenteforlag.no\/pax\/produkt\/norsk-arbeidsmandsforbund-1980-2020\/#primaryimage\"},\"image\":{\"@id\":\"https:\/\/staging.forenteforlag.no\/pax\/produkt\/norsk-arbeidsmandsforbund-1980-2020\/#primaryimage\"},\"thumbnailUrl\":\"https:\/\/staging.forenteforlag.no\/pax\/wp-content\/uploads\/sites\/5\/2025\/08\/jpg-5486-scaled-1-scaled.jpg\",\"datePublished\":\"2021-06-17T00:00:00+00:00\",\"dateModified\":\"2025-08-27T05:51:29+00:00\",\"breadcrumb\":{\"@id\":\"https:\/\/staging.forenteforlag.no\/pax\/produkt\/norsk-arbeidsmandsforbund-1980-2020\/#breadcrumb\"},\"inLanguage\":\"nb-NO\",\"potentialAction\":[{\"@type\":\"ReadAction\",\"target\":[\"https:\/\/staging.forenteforlag.no\/pax\/produkt\/norsk-arbeidsmandsforbund-1980-2020\/\"]}]},{\"@type\":\"ImageObject\",\"inLanguage\":\"nb-NO\",\"@id\":\"https:\/\/staging.forenteforlag.no\/pax\/produkt\/norsk-arbeidsmandsforbund-1980-2020\/#primaryimage\",\"url\":\"https:\/\/staging.forenteforlag.no\/pax\/wp-content\/uploads\/sites\/5\/2025\/08\/jpg-5486-scaled-1-scaled.jpg\",\"contentUrl\":\"https:\/\/staging.forenteforlag.no\/pax\/wp-content\/uploads\/sites\/5\/2025\/08\/jpg-5486-scaled-1-scaled.jpg\",\"width\":1317,\"height\":1920},{\"@type\":\"BreadcrumbList\",\"@id\":\"https:\/\/staging.forenteforlag.no\/pax\/produkt\/norsk-arbeidsmandsforbund-1980-2020\/#breadcrumb\",\"itemListElement\":[{\"@type\":\"ListItem\",\"position\":1,\"name\":\"Hjem\",\"item\":\"https:\/\/staging.forenteforlag.no\/pax\/\"},{\"@type\":\"ListItem\",\"position\":2,\"name\":\"Alle b\u00f8ker\",\"item\":\"https:\/\/staging.forenteforlag.no\/pax\/butikk\/\"},{\"@type\":\"ListItem\",\"position\":3,\"name\":\"Norsk Arbeidsmandsforbund 1980-2020\"}]},{\"@type\":\"WebSite\",\"@id\":\"https:\/\/staging.forenteforlag.no\/pax\/#website\",\"url\":\"https:\/\/staging.forenteforlag.no\/pax\/\",\"name\":\"Pax\",\"description\":\"\",\"potentialAction\":[{\"@type\":\"SearchAction\",\"target\":{\"@type\":\"EntryPoint\",\"urlTemplate\":\"https:\/\/staging.forenteforlag.no\/pax\/?s={search_term_string}\"},\"query-input\":{\"@type\":\"PropertyValueSpecification\",\"valueRequired\":true,\"valueName\":\"search_term_string\"}}],\"inLanguage\":\"nb-NO\"}]}<\/script>\n<!-- \/ Yoast SEO plugin. -->","yoast_head_json":{"title":"Norsk Arbeidsmandsforbund 1980-2020 - Pax","robots":{"index":"noindex","follow":"follow","max-snippet":"max-snippet:-1","max-image-preview":"max-image-preview:large","max-video-preview":"max-video-preview:-1"},"og_locale":"nb_NO","og_type":"article","og_title":"Norsk Arbeidsmandsforbund 1980-2020 - Pax","og_description":"Helt siden begynnelsen i 1895 gikk Norsk Arbeidsmandsforbund foran og organiserte ufagl\u00e6rte arbeidere, og i 1955 kalte statsminister Einar Gerhardsen forbundet selve \u00abbanebryteren for fagbevegelsen\u00bb. Denne boken handler om Arbeidsmandsforbundets historie etter 1980. Tiden rundt 1980 markerte inngangen til en ny epoke i fagbevegelsens historie. B\u00e5de i Norge og p\u00e5 en st\u00f8rre internasjonal arena var [&hellip;]","og_url":"https:\/\/staging.forenteforlag.no\/pax\/produkt\/norsk-arbeidsmandsforbund-1980-2020\/","og_site_name":"Pax","article_modified_time":"2025-08-27T05:51:29+00:00","og_image":[{"width":1317,"height":1920,"url":"https:\/\/staging.forenteforlag.no\/pax\/wp-content\/uploads\/sites\/5\/2025\/08\/jpg-5486-scaled-1-scaled.jpg","type":"image\/jpeg"}],"twitter_card":"summary_large_image","twitter_misc":{"Ansl. lesetid":"1 minutt"},"schema":{"@context":"https:\/\/schema.org","@graph":[{"@type":"WebPage","@id":"https:\/\/staging.forenteforlag.no\/pax\/produkt\/norsk-arbeidsmandsforbund-1980-2020\/","url":"https:\/\/staging.forenteforlag.no\/pax\/produkt\/norsk-arbeidsmandsforbund-1980-2020\/","name":"Norsk Arbeidsmandsforbund 1980-2020 - Pax","isPartOf":{"@id":"https:\/\/staging.forenteforlag.no\/pax\/#website"},"primaryImageOfPage":{"@id":"https:\/\/staging.forenteforlag.no\/pax\/produkt\/norsk-arbeidsmandsforbund-1980-2020\/#primaryimage"},"image":{"@id":"https:\/\/staging.forenteforlag.no\/pax\/produkt\/norsk-arbeidsmandsforbund-1980-2020\/#primaryimage"},"thumbnailUrl":"https:\/\/staging.forenteforlag.no\/pax\/wp-content\/uploads\/sites\/5\/2025\/08\/jpg-5486-scaled-1-scaled.jpg","datePublished":"2021-06-17T00:00:00+00:00","dateModified":"2025-08-27T05:51:29+00:00","breadcrumb":{"@id":"https:\/\/staging.forenteforlag.no\/pax\/produkt\/norsk-arbeidsmandsforbund-1980-2020\/#breadcrumb"},"inLanguage":"nb-NO","potentialAction":[{"@type":"ReadAction","target":["https:\/\/staging.forenteforlag.no\/pax\/produkt\/norsk-arbeidsmandsforbund-1980-2020\/"]}]},{"@type":"ImageObject","inLanguage":"nb-NO","@id":"https:\/\/staging.forenteforlag.no\/pax\/produkt\/norsk-arbeidsmandsforbund-1980-2020\/#primaryimage","url":"https:\/\/staging.forenteforlag.no\/pax\/wp-content\/uploads\/sites\/5\/2025\/08\/jpg-5486-scaled-1-scaled.jpg","contentUrl":"https:\/\/staging.forenteforlag.no\/pax\/wp-content\/uploads\/sites\/5\/2025\/08\/jpg-5486-scaled-1-scaled.jpg","width":1317,"height":1920},{"@type":"BreadcrumbList","@id":"https:\/\/staging.forenteforlag.no\/pax\/produkt\/norsk-arbeidsmandsforbund-1980-2020\/#breadcrumb","itemListElement":[{"@type":"ListItem","position":1,"name":"Hjem","item":"https:\/\/staging.forenteforlag.no\/pax\/"},{"@type":"ListItem","position":2,"name":"Alle b\u00f8ker","item":"https:\/\/staging.forenteforlag.no\/pax\/butikk\/"},{"@type":"ListItem","position":3,"name":"Norsk Arbeidsmandsforbund 1980-2020"}]},{"@type":"WebSite","@id":"https:\/\/staging.forenteforlag.no\/pax\/#website","url":"https:\/\/staging.forenteforlag.no\/pax\/","name":"Pax","description":"","potentialAction":[{"@type":"SearchAction","target":{"@type":"EntryPoint","urlTemplate":"https:\/\/staging.forenteforlag.no\/pax\/?s={search_term_string}"},"query-input":{"@type":"PropertyValueSpecification","valueRequired":true,"valueName":"search_term_string"}}],"inLanguage":"nb-NO"}]}},"_links":{"self":[{"href":"https:\/\/staging.forenteforlag.no\/pax\/wp-json\/wp\/v2\/product\/24309","targetHints":{"allow":["GET"]}}],"collection":[{"href":"https:\/\/staging.forenteforlag.no\/pax\/wp-json\/wp\/v2\/product"}],"about":[{"href":"https:\/\/staging.forenteforlag.no\/pax\/wp-json\/wp\/v2\/types\/product"}],"wp:featuredmedia":[{"embeddable":true,"href":"https:\/\/staging.forenteforlag.no\/pax\/wp-json\/wp\/v2\/media\/27923"}],"wp:attachment":[{"href":"https:\/\/staging.forenteforlag.no\/pax\/wp-json\/wp\/v2\/media?parent=24309"}],"wp:term":[{"taxonomy":"product_brand","embeddable":true,"href":"https:\/\/staging.forenteforlag.no\/pax\/wp-json\/wp\/v2\/product_brand?post=24309"},{"taxonomy":"product_cat","embeddable":true,"href":"https:\/\/staging.forenteforlag.no\/pax\/wp-json\/wp\/v2\/product_cat?post=24309"},{"taxonomy":"product_tag","embeddable":true,"href":"https:\/\/staging.forenteforlag.no\/pax\/wp-json\/wp\/v2\/product_tag?post=24309"}],"curies":[{"name":"wp","href":"https:\/\/api.w.org\/{rel}","templated":true}]}}

<p>Helt siden begynnelsen i 1895 gikk Norsk Arbeidsmandsforbund foran og organiserte ufaglærte arbeidere, og i 1955 kalte statsminister Einar Gerhardsen forbundet selve «banebryteren for fagbevegelsen».   </p>
<p>Denne boken handler om Arbeidsmandsforbundets historie etter 1980. Tiden rundt 1980 markerte inngangen til en ny epoke i fagbevegelsens historie. Både i Norge og på en større internasjonal arena var det tradisjonelle industrisamfunnet i ferd med å gå i oppløsning, og man var på vei inn i det som er blitt kalt hyperkapitalismens tid.   </p>
<p>Vi følger forbundets manøvrering gjennom dette nye landskapet &#8211; gjennom 1980-årenes markedsliberaliseringer, 1990-årenes europeiske integrasjon og det nye årtusenets utvikling av et svært åpent internasjonalt arbeidsmarked etter østutvidelsen av EU i 2004. Underveis ble forholdet mellom det tradisjonelt radikale Arbeidsmandsforbundet og Arbeiderpartiet satt på store prøver. </p>

<p>Helt siden begynnelsen i 1895 gikk Norsk Arbeidsmandsforbund foran og organiserte ufaglærte arbeidere, og i 1955 kalte statsminister Einar Gerhardsen forbundet selve «banebryteren for fagbevegelsen». Denne boken handler om Arbeidsmandsforbundets historie etter 1980. Tiden rundt 1980 markerte inngangen til en ny epoke i fagbevegelsens historie. Både i Norge og på en større internasjonal arena var [&hellip;]</p>

<!-- This site is optimized with the Yoast SEO plugin v26.6 - https://yoast.com/wordpress/plugins/seo/ -->
<title>Norsk Arbeidsmandsforbund 1980-2020 - Pax</title>
<meta name="robots" content="noindex, follow, max-snippet:-1, max-image-preview:large, max-video-preview:-1" />
<meta property="og:locale" content="nb_NO" />
<meta property="og:type" content="article" />
<meta property="og:title" content="Norsk Arbeidsmandsforbund 1980-2020 - Pax" />
<meta property="og:description" content="Helt siden begynnelsen i 1895 gikk Norsk Arbeidsmandsforbund foran og organiserte ufaglærte arbeidere, og i 1955 kalte statsminister Einar Gerhardsen forbundet selve «banebryteren for fagbevegelsen». Denne boken handler om Arbeidsmandsforbundets historie etter 1980. Tiden rundt 1980 markerte inngangen til en ny epoke i fagbevegelsens historie. Både i Norge og på en større internasjonal arena var [&hellip;]" />
<meta property="og:url" content="https://staging.forenteforlag.no/pax/produkt/norsk-arbeidsmandsforbund-1980-2020/" />
<meta property="og:site_name" content="Pax" />
<meta property="article:modified_time" content="2025-08-27T05:51:29+00:00" />
<meta property="og:image" content="https://staging.forenteforlag.no/pax/wp-content/uploads/sites/5/2025/08/jpg-5486-scaled-1-scaled.jpg" />
	<meta property="og:image:width" content="1317" />
	<meta property="og:image:height" content="1920" />
	<meta property="og:image:type" content="image/jpeg" />
<meta name="twitter:card" content="summary_large_image" />
<meta name="twitter:label1" content="Ansl. lesetid" />
	<meta name="twitter:data1" content="1 minutt" />
<script type="application/ld+json" class="yoast-schema-graph">{"@context":"https://schema.org","@graph":[{"@type":"WebPage","@id":"https://staging.forenteforlag.no/pax/produkt/norsk-arbeidsmandsforbund-1980-2020/","url":"https://staging.forenteforlag.no/pax/produkt/norsk-arbeidsmandsforbund-1980-2020/","name":"Norsk Arbeidsmandsforbund 1980-2020 - Pax","isPartOf":{"@id":"https://staging.forenteforlag.no/pax/#website"},"primaryImageOfPage":{"@id":"https://staging.forenteforlag.no/pax/produkt/norsk-arbeidsmandsforbund-1980-2020/#primaryimage"},"image":{"@id":"https://staging.forenteforlag.no/pax/produkt/norsk-arbeidsmandsforbund-1980-2020/#primaryimage"},"thumbnailUrl":"https://staging.forenteforlag.no/pax/wp-content/uploads/sites/5/2025/08/jpg-5486-scaled-1-scaled.jpg","datePublished":"2021-06-17T00:00:00+00:00","dateModified":"2025-08-27T05:51:29+00:00","breadcrumb":{"@id":"https://staging.forenteforlag.no/pax/produkt/norsk-arbeidsmandsforbund-1980-2020/#breadcrumb"},"inLanguage":"nb-NO","potentialAction":[{"@type":"ReadAction","target":["https://staging.forenteforlag.no/pax/produkt/norsk-arbeidsmandsforbund-1980-2020/"]}]},{"@type":"ImageObject","inLanguage":"nb-NO","@id":"https://staging.forenteforlag.no/pax/produkt/norsk-arbeidsmandsforbund-1980-2020/#primaryimage","url":"https://staging.forenteforlag.no/pax/wp-content/uploads/sites/5/2025/08/jpg-5486-scaled-1-scaled.jpg","contentUrl":"https://staging.forenteforlag.no/pax/wp-content/uploads/sites/5/2025/08/jpg-5486-scaled-1-scaled.jpg","width":1317,"height":1920},{"@type":"BreadcrumbList","@id":"https://staging.forenteforlag.no/pax/produkt/norsk-arbeidsmandsforbund-1980-2020/#breadcrumb","itemListElement":[{"@type":"ListItem","position":1,"name":"Hjem","item":"https://staging.forenteforlag.no/pax/"},{"@type":"ListItem","position":2,"name":"Alle bøker","item":"https://staging.forenteforlag.no/pax/butikk/"},{"@type":"ListItem","position":3,"name":"Norsk Arbeidsmandsforbund 1980-2020"}]},{"@type":"WebSite","@id":"https://staging.forenteforlag.no/pax/#website","url":"https://staging.forenteforlag.no/pax/","name":"Pax","description":"","potentialAction":[{"@type":"SearchAction","target":{"@type":"EntryPoint","urlTemplate":"https://staging.forenteforlag.no/pax/?s={search_term_string}"},"query-input":{"@type":"PropertyValueSpecification","valueRequired":true,"valueName":"search_term_string"}}],"inLanguage":"nb-NO"}]}</script>
<!-- / Yoast SEO plugin. -->

Helt siden begynnelsen i 1895 gikk Norsk Arbeidsmandsforbund foran og organiserte ufaglærte arbeidere, og i 1955 kalte statsminister Einar Gerhardsen forbundet selve «banebryteren for fagbevegelsen». Denne boken handler om Arbeidsmandsforbundets historie etter 1980. Tiden rundt 1980 markerte inngangen til en ny epoke i fagbevegelsens historie. Både i Norge og på en større internasjonal arena var [&hellip;]

Alle bøker
