{"id":24262,"date":"2023-05-16T02:00:00","date_gmt":"2023-05-16T00:00:00","guid":{"rendered":"https:\/\/pax.forenteforlag.no\/produkt\/et-hav-av-valmuer-3\/"},"modified":"2026-03-03T23:13:13","modified_gmt":"2026-03-03T22:13:13","slug":"et-hav-av-valmuer-3","status":"publish","type":"product","link":"https:\/\/staging.forenteforlag.no\/pax\/produkt\/et-hav-av-valmuer-3\/","title":{"rendered":"Et hav av valmuer"},"content":{"rendered":"<p>I India p\u00e5 attenhundretallet tvinges b\u00f8ndene til \u00e5 gi opp sine vanlige avlinger for \u00e5 dyrke opiumsvalmuer for de britiske koloniherrene. Mens b\u00f8ndene sulter, tjener koloniherrene seg rike p\u00e5 opiumshandelen med Kina. I hjertet av denne fortellingen finner vi skipet &laquo;Ibis&raquo;, et tidligere slaveskip som blir bygget om for \u00e5 delta i opiumstrafikken, men som ender opp med \u00e5 frakte mennesker p\u00e5 nytt: straffanger og fattige b\u00f8nder som har m\u00e5ttet melde seg som livegne dagsarbeidere til det fjerne Mauritius, soldatene som vokter over dem, og det blandede mannskapet p\u00e5 b\u00e5ten. <\/p>\n<p>Med &laquo;Et hav av valmuer&raquo; har den indiskf\u00f8dte forfatteren Amitav Ghosh nok en gang skrevet en feiende flott og underholdende historisk roman av aller beste merke. Dette er f\u00f8rste bok i serien om de stormfulle Opiumskrigene. Boken var p\u00e5 kortlisten til Bookerprisen i 2008<\/p>\n","protected":false},"excerpt":{"rendered":"<p>I India p\u00e5 attenhundretallet tvinges b\u00f8ndene til \u00e5 gi opp sine vanlige avlinger for \u00e5 dyrke opiumsvalmuer for de britiske koloniherrene. Mens b\u00f8ndene sulter, tjener koloniherrene seg rike p\u00e5 opiumshandelen med Kina. I hjertet av denne fortellingen finner vi skipet &laquo;Ibis&raquo;, et tidligere slaveskip som blir bygget om for \u00e5 delta i opiumstrafikken, men som [&hellip;]<\/p>\n","protected":false},"featured_media":29432,"template":"","meta":{"_acf_changed":false,"inline_featured_image":false},"product_brand":[],"product_cat":[1782],"product_tag":[370],"class_list":{"0":"post-24262","1":"product","2":"type-product","3":"status-publish","4":"has-post-thumbnail","6":"product_cat-fripris","7":"product_tag-skjonnlitteratur","9":"first","10":"instock","11":"shipping-taxable","12":"purchasable","13":"product-type-simple"},"acf":{"anmeldelse":[{"tekst_anmeldelser":"\u00abEn stor underholdningsroman med mye klok innsikt i indisk og engelsk historie \u2013 som bonus\u00bb","av_anmeldelser":"Turid Larsen","terningkast":false,"kilde":"Dagsavisen"},{"tekst_anmeldelser":"\u00abDette er ein forfattar som vil meir enn berre \u00e5 fortelje ei god historie. Han kastar utrivelege handlingar og tenkem\u00e5tar rett i fleisen p\u00e5 b\u00e5de indiske og vestlege lesarar\u00bb","av_anmeldelser":"Marta Norheim","terningkast":false,"kilde":"NRK"},{"tekst_anmeldelser":"\u00abDu kjeder deg ikke et sekund\u00bb","av_anmeldelser":"Jon \u00c5ge Fiskum","terningkast":false,"kilde":"Tr\u00f8nder-Avisa"}]},"yoast_head":"<!-- This site is optimized with the Yoast SEO plugin v26.6 - https:\/\/yoast.com\/wordpress\/plugins\/seo\/ -->\n<title>Et hav av valmuer - Pax<\/title>\n<meta name=\"robots\" content=\"noindex, follow, max-snippet:-1, max-image-preview:large, max-video-preview:-1\" \/>\n<meta property=\"og:locale\" content=\"nb_NO\" \/>\n<meta property=\"og:type\" content=\"article\" \/>\n<meta property=\"og:title\" content=\"Et hav av valmuer - Pax\" \/>\n<meta property=\"og:description\" content=\"I India p\u00e5 attenhundretallet tvinges b\u00f8ndene til \u00e5 gi opp sine vanlige avlinger for \u00e5 dyrke opiumsvalmuer for de britiske koloniherrene. Mens b\u00f8ndene sulter, tjener koloniherrene seg rike p\u00e5 opiumshandelen med Kina. I hjertet av denne fortellingen finner vi skipet &laquo;Ibis&raquo;, et tidligere slaveskip som blir bygget om for \u00e5 delta i opiumstrafikken, men som [&hellip;]\" \/>\n<meta property=\"og:url\" content=\"https:\/\/staging.forenteforlag.no\/pax\/produkt\/et-hav-av-valmuer-3\/\" \/>\n<meta property=\"og:site_name\" content=\"Pax\" \/>\n<meta property=\"article:modified_time\" content=\"2026-03-03T22:13:13+00:00\" \/>\n<meta property=\"og:image\" content=\"https:\/\/staging.forenteforlag.no\/pax\/wp-content\/uploads\/sites\/5\/2025\/08\/jpg-9918-scaled.jpg\" \/>\n\t<meta property=\"og:image:width\" content=\"1208\" \/>\n\t<meta property=\"og:image:height\" content=\"1920\" \/>\n\t<meta property=\"og:image:type\" content=\"image\/jpeg\" \/>\n<meta name=\"twitter:card\" content=\"summary_large_image\" \/>\n<meta name=\"twitter:label1\" content=\"Ansl. lesetid\" \/>\n\t<meta name=\"twitter:data1\" content=\"1 minutt\" \/>\n<script type=\"application\/ld+json\" class=\"yoast-schema-graph\">{\"@context\":\"https:\/\/schema.org\",\"@graph\":[{\"@type\":\"WebPage\",\"@id\":\"https:\/\/staging.forenteforlag.no\/pax\/produkt\/et-hav-av-valmuer-3\/\",\"url\":\"https:\/\/staging.forenteforlag.no\/pax\/produkt\/et-hav-av-valmuer-3\/\",\"name\":\"Et hav av valmuer - Pax\",\"isPartOf\":{\"@id\":\"https:\/\/staging.forenteforlag.no\/pax\/#website\"},\"primaryImageOfPage\":{\"@id\":\"https:\/\/staging.forenteforlag.no\/pax\/produkt\/et-hav-av-valmuer-3\/#primaryimage\"},\"image\":{\"@id\":\"https:\/\/staging.forenteforlag.no\/pax\/produkt\/et-hav-av-valmuer-3\/#primaryimage\"},\"thumbnailUrl\":\"https:\/\/staging.forenteforlag.no\/pax\/wp-content\/uploads\/sites\/5\/2025\/08\/jpg-9918-scaled.jpg\",\"datePublished\":\"2023-05-16T00:00:00+00:00\",\"dateModified\":\"2026-03-03T22:13:13+00:00\",\"breadcrumb\":{\"@id\":\"https:\/\/staging.forenteforlag.no\/pax\/produkt\/et-hav-av-valmuer-3\/#breadcrumb\"},\"inLanguage\":\"nb-NO\",\"potentialAction\":[{\"@type\":\"ReadAction\",\"target\":[\"https:\/\/staging.forenteforlag.no\/pax\/produkt\/et-hav-av-valmuer-3\/\"]}]},{\"@type\":\"ImageObject\",\"inLanguage\":\"nb-NO\",\"@id\":\"https:\/\/staging.forenteforlag.no\/pax\/produkt\/et-hav-av-valmuer-3\/#primaryimage\",\"url\":\"https:\/\/staging.forenteforlag.no\/pax\/wp-content\/uploads\/sites\/5\/2025\/08\/jpg-9918-scaled.jpg\",\"contentUrl\":\"https:\/\/staging.forenteforlag.no\/pax\/wp-content\/uploads\/sites\/5\/2025\/08\/jpg-9918-scaled.jpg\",\"width\":1208,\"height\":1920},{\"@type\":\"BreadcrumbList\",\"@id\":\"https:\/\/staging.forenteforlag.no\/pax\/produkt\/et-hav-av-valmuer-3\/#breadcrumb\",\"itemListElement\":[{\"@type\":\"ListItem\",\"position\":1,\"name\":\"Hjem\",\"item\":\"https:\/\/staging.forenteforlag.no\/pax\/\"},{\"@type\":\"ListItem\",\"position\":2,\"name\":\"Alle b\u00f8ker\",\"item\":\"https:\/\/staging.forenteforlag.no\/pax\/butikk\/\"},{\"@type\":\"ListItem\",\"position\":3,\"name\":\"Et hav av valmuer\"}]},{\"@type\":\"WebSite\",\"@id\":\"https:\/\/staging.forenteforlag.no\/pax\/#website\",\"url\":\"https:\/\/staging.forenteforlag.no\/pax\/\",\"name\":\"Pax\",\"description\":\"\",\"potentialAction\":[{\"@type\":\"SearchAction\",\"target\":{\"@type\":\"EntryPoint\",\"urlTemplate\":\"https:\/\/staging.forenteforlag.no\/pax\/?s={search_term_string}\"},\"query-input\":{\"@type\":\"PropertyValueSpecification\",\"valueRequired\":true,\"valueName\":\"search_term_string\"}}],\"inLanguage\":\"nb-NO\"}]}<\/script>\n<!-- \/ Yoast SEO plugin. -->","yoast_head_json":{"title":"Et hav av valmuer - Pax","robots":{"index":"noindex","follow":"follow","max-snippet":"max-snippet:-1","max-image-preview":"max-image-preview:large","max-video-preview":"max-video-preview:-1"},"og_locale":"nb_NO","og_type":"article","og_title":"Et hav av valmuer - Pax","og_description":"I India p\u00e5 attenhundretallet tvinges b\u00f8ndene til \u00e5 gi opp sine vanlige avlinger for \u00e5 dyrke opiumsvalmuer for de britiske koloniherrene. Mens b\u00f8ndene sulter, tjener koloniherrene seg rike p\u00e5 opiumshandelen med Kina. I hjertet av denne fortellingen finner vi skipet &laquo;Ibis&raquo;, et tidligere slaveskip som blir bygget om for \u00e5 delta i opiumstrafikken, men som [&hellip;]","og_url":"https:\/\/staging.forenteforlag.no\/pax\/produkt\/et-hav-av-valmuer-3\/","og_site_name":"Pax","article_modified_time":"2026-03-03T22:13:13+00:00","og_image":[{"width":1208,"height":1920,"url":"https:\/\/staging.forenteforlag.no\/pax\/wp-content\/uploads\/sites\/5\/2025\/08\/jpg-9918-scaled.jpg","type":"image\/jpeg"}],"twitter_card":"summary_large_image","twitter_misc":{"Ansl. lesetid":"1 minutt"},"schema":{"@context":"https:\/\/schema.org","@graph":[{"@type":"WebPage","@id":"https:\/\/staging.forenteforlag.no\/pax\/produkt\/et-hav-av-valmuer-3\/","url":"https:\/\/staging.forenteforlag.no\/pax\/produkt\/et-hav-av-valmuer-3\/","name":"Et hav av valmuer - Pax","isPartOf":{"@id":"https:\/\/staging.forenteforlag.no\/pax\/#website"},"primaryImageOfPage":{"@id":"https:\/\/staging.forenteforlag.no\/pax\/produkt\/et-hav-av-valmuer-3\/#primaryimage"},"image":{"@id":"https:\/\/staging.forenteforlag.no\/pax\/produkt\/et-hav-av-valmuer-3\/#primaryimage"},"thumbnailUrl":"https:\/\/staging.forenteforlag.no\/pax\/wp-content\/uploads\/sites\/5\/2025\/08\/jpg-9918-scaled.jpg","datePublished":"2023-05-16T00:00:00+00:00","dateModified":"2026-03-03T22:13:13+00:00","breadcrumb":{"@id":"https:\/\/staging.forenteforlag.no\/pax\/produkt\/et-hav-av-valmuer-3\/#breadcrumb"},"inLanguage":"nb-NO","potentialAction":[{"@type":"ReadAction","target":["https:\/\/staging.forenteforlag.no\/pax\/produkt\/et-hav-av-valmuer-3\/"]}]},{"@type":"ImageObject","inLanguage":"nb-NO","@id":"https:\/\/staging.forenteforlag.no\/pax\/produkt\/et-hav-av-valmuer-3\/#primaryimage","url":"https:\/\/staging.forenteforlag.no\/pax\/wp-content\/uploads\/sites\/5\/2025\/08\/jpg-9918-scaled.jpg","contentUrl":"https:\/\/staging.forenteforlag.no\/pax\/wp-content\/uploads\/sites\/5\/2025\/08\/jpg-9918-scaled.jpg","width":1208,"height":1920},{"@type":"BreadcrumbList","@id":"https:\/\/staging.forenteforlag.no\/pax\/produkt\/et-hav-av-valmuer-3\/#breadcrumb","itemListElement":[{"@type":"ListItem","position":1,"name":"Hjem","item":"https:\/\/staging.forenteforlag.no\/pax\/"},{"@type":"ListItem","position":2,"name":"Alle b\u00f8ker","item":"https:\/\/staging.forenteforlag.no\/pax\/butikk\/"},{"@type":"ListItem","position":3,"name":"Et hav av valmuer"}]},{"@type":"WebSite","@id":"https:\/\/staging.forenteforlag.no\/pax\/#website","url":"https:\/\/staging.forenteforlag.no\/pax\/","name":"Pax","description":"","potentialAction":[{"@type":"SearchAction","target":{"@type":"EntryPoint","urlTemplate":"https:\/\/staging.forenteforlag.no\/pax\/?s={search_term_string}"},"query-input":{"@type":"PropertyValueSpecification","valueRequired":true,"valueName":"search_term_string"}}],"inLanguage":"nb-NO"}]}},"_links":{"self":[{"href":"https:\/\/staging.forenteforlag.no\/pax\/wp-json\/wp\/v2\/product\/24262","targetHints":{"allow":["GET"]}}],"collection":[{"href":"https:\/\/staging.forenteforlag.no\/pax\/wp-json\/wp\/v2\/product"}],"about":[{"href":"https:\/\/staging.forenteforlag.no\/pax\/wp-json\/wp\/v2\/types\/product"}],"wp:featuredmedia":[{"embeddable":true,"href":"https:\/\/staging.forenteforlag.no\/pax\/wp-json\/wp\/v2\/media\/29432"}],"wp:attachment":[{"href":"https:\/\/staging.forenteforlag.no\/pax\/wp-json\/wp\/v2\/media?parent=24262"}],"wp:term":[{"taxonomy":"product_brand","embeddable":true,"href":"https:\/\/staging.forenteforlag.no\/pax\/wp-json\/wp\/v2\/product_brand?post=24262"},{"taxonomy":"product_cat","embeddable":true,"href":"https:\/\/staging.forenteforlag.no\/pax\/wp-json\/wp\/v2\/product_cat?post=24262"},{"taxonomy":"product_tag","embeddable":true,"href":"https:\/\/staging.forenteforlag.no\/pax\/wp-json\/wp\/v2\/product_tag?post=24262"}],"curies":[{"name":"wp","href":"https:\/\/api.w.org\/{rel}","templated":true}]}}