{"id":24242,"date":"2024-01-31T01:00:00","date_gmt":"2024-01-31T00:00:00","guid":{"rendered":"https:\/\/pax.forenteforlag.no\/produkt\/eden-2\/"},"modified":"2026-02-09T05:47:25","modified_gmt":"2026-02-09T04:47:25","slug":"eden-2","status":"publish","type":"product","link":"https:\/\/staging.forenteforlag.no\/pax\/produkt\/eden-2\/","title":{"rendered":"Eden"},"content":{"rendered":"<p><strong>Vinner av den islandske bokhandlerprisen 2022!<\/strong><\/p>\n<p>M\u00f8t Alba. Singel spr\u00e5kviter med fast jobb p\u00e5 universitetet. Bereist og belest med livet p\u00e5 stell. Eller? Da Alba br\u00e5tt befinner seg i en metoo-storm i Reykjav\u00edk, sier hun opp b\u00e5de jobben og leiligheten og flytter p\u00e5 landet. Her h\u00e5per hun \u00e5 gj\u00f8re bot for klimaavtrykket sitt ved \u00e5 plante tusenvis av tr\u00e6r og etablere en paradisisk hage. <\/p>\n<p>P\u00e5 den n\u00e6rmest trel\u00f8se \u00f8ya Island er dette ingen enkel sak, men Alba planter likevel trossig tre etter tre i den golde jorda. Samtidig dras hun, delvis mot sin vilje, inn i det lille lokalsamfunnet. B\u00f8kene hennes om spr\u00e5kvitenskap selger som varmt hvetebr\u00f8d p\u00e5 gjenbruksbutikken, og snart er Alba blitt islandskl\u00e6rer for en gruppe flyktninger. Slik kommer unge Danyel inn i livet hennes. <\/p>\n<p><em>Eden<\/em> er en underholdende, klok og medrivende roman om alt fra metoo og klimautfordringer til utd\u00f8ende spr\u00e5k og lengselen etter fellesskap.<\/p>\n","protected":false},"excerpt":{"rendered":"<p>Vinner av den islandske bokhandlerprisen 2022! M\u00f8t Alba. Singel spr\u00e5kviter med fast jobb p\u00e5 universitetet. Bereist og belest med livet p\u00e5 stell. Eller? Da Alba br\u00e5tt befinner seg i en metoo-storm i Reykjav\u00edk, sier hun opp b\u00e5de jobben og leiligheten og flytter p\u00e5 landet. Her h\u00e5per hun \u00e5 gj\u00f8re bot for klimaavtrykket sitt ved \u00e5 [&hellip;]<\/p>\n","protected":false},"featured_media":28651,"template":"","meta":{"_acf_changed":false,"inline_featured_image":false},"product_brand":[],"product_cat":[1782,40,1791],"product_tag":[370],"class_list":{"0":"post-24242","1":"product","2":"type-product","3":"status-publish","4":"has-post-thumbnail","6":"product_cat-fripris","7":"product_cat-romaner","8":"product_cat-tilbud","9":"product_tag-skjonnlitteratur","10":"pa_format-innbundet","12":"first","13":"instock","14":"shipping-taxable","15":"purchasable","16":"product-type-simple"},"acf":{"anmeldelse":[{"tekst_anmeldelser":"\u00abUnder dei fleirtydige historiene i Eden ligg ein utopi om at det g\u00e5r an \u00e5 bli ein betre versjon av seg sj\u00f8lv, gjennom \u00e5 svare med gode gjerningar. Det er direkte oppbyggeleg. Og nei, eg er ikkje ironisk.\u00bb","av_anmeldelser":"Marta Norheim","terningkast":false,"kilde":"Morgenbladet"},{"tekst_anmeldelser":"\u00abMest imponerende er likevel hvordan forfatteren klarer \u00e5 dyrke (!) fram en fortelling som binder sammen det lille og lokale islandske med de globale og altomfattende klimaendringene. ... 'Eden' er oversatt av Tone Myklebost, som i en \u00e5rrekke har v\u00e6rt sentral i \u00e5 bringe islandsk skj\u00f8nnlitteratur til oss som m\u00e5 n\u00f8ye oss med norsk som hovedspr\u00e5k. Nok en gang briljerer hun med sin oversettelse av en bok som er sv\u00e6rt avhengig av de spr\u00e5klige detaljene for \u00e5 gi mening.\u00bb","av_anmeldelser":"M\u00edmir Kristj\u00e1nsson","terningkast":false,"kilde":"Klassekampen"},{"tekst_anmeldelser":"\"'Eden' er r\u00f8rande, vittig og satirisk om den vesle \u00f8ya i den store, globale samanhengen. ... Romanen har bokstaveleg tala ein himmel over seg, idet han tar til i eit flyperspektiv og endar med eit opph\u00f8gd utsyn over landskap med universelle betraktningar. Imellom st\u00e5r b\u00e5de usentimentale og r\u00f8rande skildringar av personane i galleriet\"","av_anmeldelser":"Ingvild Br\u00e6in","terningkast":false,"kilde":"Dag og Tid"}]},"yoast_head":"<!-- This site is optimized with the Yoast SEO plugin v26.6 - https:\/\/yoast.com\/wordpress\/plugins\/seo\/ -->\n<title>Eden - Pax<\/title>\n<meta name=\"robots\" content=\"noindex, follow, max-snippet:-1, max-image-preview:large, max-video-preview:-1\" \/>\n<meta property=\"og:locale\" content=\"nb_NO\" \/>\n<meta property=\"og:type\" content=\"article\" \/>\n<meta property=\"og:title\" content=\"Eden - Pax\" \/>\n<meta property=\"og:description\" content=\"Vinner av den islandske bokhandlerprisen 2022! M\u00f8t Alba. Singel spr\u00e5kviter med fast jobb p\u00e5 universitetet. Bereist og belest med livet p\u00e5 stell. Eller? Da Alba br\u00e5tt befinner seg i en metoo-storm i Reykjav\u00edk, sier hun opp b\u00e5de jobben og leiligheten og flytter p\u00e5 landet. Her h\u00e5per hun \u00e5 gj\u00f8re bot for klimaavtrykket sitt ved \u00e5 [&hellip;]\" \/>\n<meta property=\"og:url\" content=\"https:\/\/staging.forenteforlag.no\/pax\/produkt\/eden-2\/\" \/>\n<meta property=\"og:site_name\" content=\"Pax\" \/>\n<meta property=\"article:modified_time\" content=\"2026-02-09T04:47:25+00:00\" \/>\n<meta property=\"og:image\" content=\"https:\/\/staging.forenteforlag.no\/pax\/wp-content\/uploads\/sites\/5\/2025\/08\/jpg-7550-scaled.jpg\" \/>\n\t<meta property=\"og:image:width\" content=\"1210\" \/>\n\t<meta property=\"og:image:height\" content=\"1920\" \/>\n\t<meta property=\"og:image:type\" content=\"image\/jpeg\" \/>\n<meta name=\"twitter:card\" content=\"summary_large_image\" \/>\n<meta name=\"twitter:label1\" content=\"Ansl. lesetid\" \/>\n\t<meta name=\"twitter:data1\" content=\"2 minutter\" \/>\n<script type=\"application\/ld+json\" class=\"yoast-schema-graph\">{\"@context\":\"https:\/\/schema.org\",\"@graph\":[{\"@type\":\"WebPage\",\"@id\":\"https:\/\/staging.forenteforlag.no\/pax\/produkt\/eden-2\/\",\"url\":\"https:\/\/staging.forenteforlag.no\/pax\/produkt\/eden-2\/\",\"name\":\"Eden - Pax\",\"isPartOf\":{\"@id\":\"https:\/\/staging.forenteforlag.no\/pax\/#website\"},\"primaryImageOfPage\":{\"@id\":\"https:\/\/staging.forenteforlag.no\/pax\/produkt\/eden-2\/#primaryimage\"},\"image\":{\"@id\":\"https:\/\/staging.forenteforlag.no\/pax\/produkt\/eden-2\/#primaryimage\"},\"thumbnailUrl\":\"https:\/\/staging.forenteforlag.no\/pax\/wp-content\/uploads\/sites\/5\/2025\/08\/jpg-7550-scaled.jpg\",\"datePublished\":\"2024-01-31T00:00:00+00:00\",\"dateModified\":\"2026-02-09T04:47:25+00:00\",\"breadcrumb\":{\"@id\":\"https:\/\/staging.forenteforlag.no\/pax\/produkt\/eden-2\/#breadcrumb\"},\"inLanguage\":\"nb-NO\",\"potentialAction\":[{\"@type\":\"ReadAction\",\"target\":[\"https:\/\/staging.forenteforlag.no\/pax\/produkt\/eden-2\/\"]}]},{\"@type\":\"ImageObject\",\"inLanguage\":\"nb-NO\",\"@id\":\"https:\/\/staging.forenteforlag.no\/pax\/produkt\/eden-2\/#primaryimage\",\"url\":\"https:\/\/staging.forenteforlag.no\/pax\/wp-content\/uploads\/sites\/5\/2025\/08\/jpg-7550-scaled.jpg\",\"contentUrl\":\"https:\/\/staging.forenteforlag.no\/pax\/wp-content\/uploads\/sites\/5\/2025\/08\/jpg-7550-scaled.jpg\",\"width\":1210,\"height\":1920},{\"@type\":\"BreadcrumbList\",\"@id\":\"https:\/\/staging.forenteforlag.no\/pax\/produkt\/eden-2\/#breadcrumb\",\"itemListElement\":[{\"@type\":\"ListItem\",\"position\":1,\"name\":\"Hjem\",\"item\":\"https:\/\/staging.forenteforlag.no\/pax\/\"},{\"@type\":\"ListItem\",\"position\":2,\"name\":\"Alle b\u00f8ker\",\"item\":\"https:\/\/staging.forenteforlag.no\/pax\/butikk\/\"},{\"@type\":\"ListItem\",\"position\":3,\"name\":\"Eden\"}]},{\"@type\":\"WebSite\",\"@id\":\"https:\/\/staging.forenteforlag.no\/pax\/#website\",\"url\":\"https:\/\/staging.forenteforlag.no\/pax\/\",\"name\":\"Pax\",\"description\":\"\",\"potentialAction\":[{\"@type\":\"SearchAction\",\"target\":{\"@type\":\"EntryPoint\",\"urlTemplate\":\"https:\/\/staging.forenteforlag.no\/pax\/?s={search_term_string}\"},\"query-input\":{\"@type\":\"PropertyValueSpecification\",\"valueRequired\":true,\"valueName\":\"search_term_string\"}}],\"inLanguage\":\"nb-NO\"}]}<\/script>\n<!-- \/ Yoast SEO plugin. -->","yoast_head_json":{"title":"Eden - Pax","robots":{"index":"noindex","follow":"follow","max-snippet":"max-snippet:-1","max-image-preview":"max-image-preview:large","max-video-preview":"max-video-preview:-1"},"og_locale":"nb_NO","og_type":"article","og_title":"Eden - Pax","og_description":"Vinner av den islandske bokhandlerprisen 2022! M\u00f8t Alba. Singel spr\u00e5kviter med fast jobb p\u00e5 universitetet. Bereist og belest med livet p\u00e5 stell. Eller? Da Alba br\u00e5tt befinner seg i en metoo-storm i Reykjav\u00edk, sier hun opp b\u00e5de jobben og leiligheten og flytter p\u00e5 landet. Her h\u00e5per hun \u00e5 gj\u00f8re bot for klimaavtrykket sitt ved \u00e5 [&hellip;]","og_url":"https:\/\/staging.forenteforlag.no\/pax\/produkt\/eden-2\/","og_site_name":"Pax","article_modified_time":"2026-02-09T04:47:25+00:00","og_image":[{"width":1210,"height":1920,"url":"https:\/\/staging.forenteforlag.no\/pax\/wp-content\/uploads\/sites\/5\/2025\/08\/jpg-7550-scaled.jpg","type":"image\/jpeg"}],"twitter_card":"summary_large_image","twitter_misc":{"Ansl. lesetid":"2 minutter"},"schema":{"@context":"https:\/\/schema.org","@graph":[{"@type":"WebPage","@id":"https:\/\/staging.forenteforlag.no\/pax\/produkt\/eden-2\/","url":"https:\/\/staging.forenteforlag.no\/pax\/produkt\/eden-2\/","name":"Eden - Pax","isPartOf":{"@id":"https:\/\/staging.forenteforlag.no\/pax\/#website"},"primaryImageOfPage":{"@id":"https:\/\/staging.forenteforlag.no\/pax\/produkt\/eden-2\/#primaryimage"},"image":{"@id":"https:\/\/staging.forenteforlag.no\/pax\/produkt\/eden-2\/#primaryimage"},"thumbnailUrl":"https:\/\/staging.forenteforlag.no\/pax\/wp-content\/uploads\/sites\/5\/2025\/08\/jpg-7550-scaled.jpg","datePublished":"2024-01-31T00:00:00+00:00","dateModified":"2026-02-09T04:47:25+00:00","breadcrumb":{"@id":"https:\/\/staging.forenteforlag.no\/pax\/produkt\/eden-2\/#breadcrumb"},"inLanguage":"nb-NO","potentialAction":[{"@type":"ReadAction","target":["https:\/\/staging.forenteforlag.no\/pax\/produkt\/eden-2\/"]}]},{"@type":"ImageObject","inLanguage":"nb-NO","@id":"https:\/\/staging.forenteforlag.no\/pax\/produkt\/eden-2\/#primaryimage","url":"https:\/\/staging.forenteforlag.no\/pax\/wp-content\/uploads\/sites\/5\/2025\/08\/jpg-7550-scaled.jpg","contentUrl":"https:\/\/staging.forenteforlag.no\/pax\/wp-content\/uploads\/sites\/5\/2025\/08\/jpg-7550-scaled.jpg","width":1210,"height":1920},{"@type":"BreadcrumbList","@id":"https:\/\/staging.forenteforlag.no\/pax\/produkt\/eden-2\/#breadcrumb","itemListElement":[{"@type":"ListItem","position":1,"name":"Hjem","item":"https:\/\/staging.forenteforlag.no\/pax\/"},{"@type":"ListItem","position":2,"name":"Alle b\u00f8ker","item":"https:\/\/staging.forenteforlag.no\/pax\/butikk\/"},{"@type":"ListItem","position":3,"name":"Eden"}]},{"@type":"WebSite","@id":"https:\/\/staging.forenteforlag.no\/pax\/#website","url":"https:\/\/staging.forenteforlag.no\/pax\/","name":"Pax","description":"","potentialAction":[{"@type":"SearchAction","target":{"@type":"EntryPoint","urlTemplate":"https:\/\/staging.forenteforlag.no\/pax\/?s={search_term_string}"},"query-input":{"@type":"PropertyValueSpecification","valueRequired":true,"valueName":"search_term_string"}}],"inLanguage":"nb-NO"}]}},"_links":{"self":[{"href":"https:\/\/staging.forenteforlag.no\/pax\/wp-json\/wp\/v2\/product\/24242","targetHints":{"allow":["GET"]}}],"collection":[{"href":"https:\/\/staging.forenteforlag.no\/pax\/wp-json\/wp\/v2\/product"}],"about":[{"href":"https:\/\/staging.forenteforlag.no\/pax\/wp-json\/wp\/v2\/types\/product"}],"wp:featuredmedia":[{"embeddable":true,"href":"https:\/\/staging.forenteforlag.no\/pax\/wp-json\/wp\/v2\/media\/28651"}],"wp:attachment":[{"href":"https:\/\/staging.forenteforlag.no\/pax\/wp-json\/wp\/v2\/media?parent=24242"}],"wp:term":[{"taxonomy":"product_brand","embeddable":true,"href":"https:\/\/staging.forenteforlag.no\/pax\/wp-json\/wp\/v2\/product_brand?post=24242"},{"taxonomy":"product_cat","embeddable":true,"href":"https:\/\/staging.forenteforlag.no\/pax\/wp-json\/wp\/v2\/product_cat?post=24242"},{"taxonomy":"product_tag","embeddable":true,"href":"https:\/\/staging.forenteforlag.no\/pax\/wp-json\/wp\/v2\/product_tag?post=24242"}],"curies":[{"name":"wp","href":"https:\/\/api.w.org\/{rel}","templated":true}]}}

<p><strong>Vinner av den islandske bokhandlerprisen 2022!</strong></p>
<p>Møt Alba. Singel språkviter med fast jobb på universitetet. Bereist og belest med livet på stell. Eller? Da Alba brått befinner seg i en metoo-storm i Reykjavík, sier hun opp både jobben og leiligheten og flytter på landet. Her håper hun å gjøre bot for klimaavtrykket sitt ved å plante tusenvis av trær og etablere en paradisisk hage. </p>
<p>På den nærmest treløse øya Island er dette ingen enkel sak, men Alba planter likevel trossig tre etter tre i den golde jorda. Samtidig dras hun, delvis mot sin vilje, inn i det lille lokalsamfunnet. Bøkene hennes om språkvitenskap selger som varmt hvetebrød på gjenbruksbutikken, og snart er Alba blitt islandsklærer for en gruppe flyktninger. Slik kommer unge Danyel inn i livet hennes. </p>
<p><em>Eden</em> er en underholdende, klok og medrivende roman om alt fra metoo og klimautfordringer til utdøende språk og lengselen etter fellesskap.</p>

<p>Vinner av den islandske bokhandlerprisen 2022! Møt Alba. Singel språkviter med fast jobb på universitetet. Bereist og belest med livet på stell. Eller? Da Alba brått befinner seg i en metoo-storm i Reykjavík, sier hun opp både jobben og leiligheten og flytter på landet. Her håper hun å gjøre bot for klimaavtrykket sitt ved å [&hellip;]</p>

«Under dei fleirtydige historiene i Eden ligg ein utopi om at det går an å bli ein betre versjon av seg sjølv, gjennom å svare med gode gjerningar. Det er direkte oppbyggeleg. Og nei, eg er ikkje ironisk.»

«Mest imponerende er likevel hvordan forfatteren klarer å dyrke (!) fram en fortelling som binder sammen det lille og lokale islandske med de globale og altomfattende klimaendringene. ... 'Eden' er oversatt av Tone Myklebost, som i en årrekke har vært sentral i å bringe islandsk skjønnlitteratur til oss som må nøye oss med norsk som hovedspråk. Nok en gang briljerer hun med sin oversettelse av en bok som er svært avhengig av de språklige detaljene for å gi mening.»

Mímir Kristjánsson

"'Eden' er rørande, vittig og satirisk om den vesle øya i den store, globale samanhengen. ... Romanen har bokstaveleg tala ein himmel over seg, idet han tar til i eit flyperspektiv og endar med eit opphøgd utsyn over landskap med universelle betraktningar. Imellom står både usentimentale og rørande skildringar av personane i galleriet"

Ingvild Bræin

<!-- This site is optimized with the Yoast SEO plugin v26.6 - https://yoast.com/wordpress/plugins/seo/ -->
<title>Eden - Pax</title>
<meta name="robots" content="noindex, follow, max-snippet:-1, max-image-preview:large, max-video-preview:-1" />
<meta property="og:locale" content="nb_NO" />
<meta property="og:type" content="article" />
<meta property="og:title" content="Eden - Pax" />
<meta property="og:description" content="Vinner av den islandske bokhandlerprisen 2022! Møt Alba. Singel språkviter med fast jobb på universitetet. Bereist og belest med livet på stell. Eller? Da Alba brått befinner seg i en metoo-storm i Reykjavík, sier hun opp både jobben og leiligheten og flytter på landet. Her håper hun å gjøre bot for klimaavtrykket sitt ved å [&hellip;]" />
<meta property="og:url" content="https://staging.forenteforlag.no/pax/produkt/eden-2/" />
<meta property="og:site_name" content="Pax" />
<meta property="article:modified_time" content="2026-02-09T04:47:25+00:00" />
<meta property="og:image" content="https://staging.forenteforlag.no/pax/wp-content/uploads/sites/5/2025/08/jpg-7550-scaled.jpg" />
	<meta property="og:image:width" content="1210" />
	<meta property="og:image:height" content="1920" />
	<meta property="og:image:type" content="image/jpeg" />
<meta name="twitter:card" content="summary_large_image" />
<meta name="twitter:label1" content="Ansl. lesetid" />
	<meta name="twitter:data1" content="2 minutter" />
<script type="application/ld+json" class="yoast-schema-graph">{"@context":"https://schema.org","@graph":[{"@type":"WebPage","@id":"https://staging.forenteforlag.no/pax/produkt/eden-2/","url":"https://staging.forenteforlag.no/pax/produkt/eden-2/","name":"Eden - Pax","isPartOf":{"@id":"https://staging.forenteforlag.no/pax/#website"},"primaryImageOfPage":{"@id":"https://staging.forenteforlag.no/pax/produkt/eden-2/#primaryimage"},"image":{"@id":"https://staging.forenteforlag.no/pax/produkt/eden-2/#primaryimage"},"thumbnailUrl":"https://staging.forenteforlag.no/pax/wp-content/uploads/sites/5/2025/08/jpg-7550-scaled.jpg","datePublished":"2024-01-31T00:00:00+00:00","dateModified":"2026-02-09T04:47:25+00:00","breadcrumb":{"@id":"https://staging.forenteforlag.no/pax/produkt/eden-2/#breadcrumb"},"inLanguage":"nb-NO","potentialAction":[{"@type":"ReadAction","target":["https://staging.forenteforlag.no/pax/produkt/eden-2/"]}]},{"@type":"ImageObject","inLanguage":"nb-NO","@id":"https://staging.forenteforlag.no/pax/produkt/eden-2/#primaryimage","url":"https://staging.forenteforlag.no/pax/wp-content/uploads/sites/5/2025/08/jpg-7550-scaled.jpg","contentUrl":"https://staging.forenteforlag.no/pax/wp-content/uploads/sites/5/2025/08/jpg-7550-scaled.jpg","width":1210,"height":1920},{"@type":"BreadcrumbList","@id":"https://staging.forenteforlag.no/pax/produkt/eden-2/#breadcrumb","itemListElement":[{"@type":"ListItem","position":1,"name":"Hjem","item":"https://staging.forenteforlag.no/pax/"},{"@type":"ListItem","position":2,"name":"Alle bøker","item":"https://staging.forenteforlag.no/pax/butikk/"},{"@type":"ListItem","position":3,"name":"Eden"}]},{"@type":"WebSite","@id":"https://staging.forenteforlag.no/pax/#website","url":"https://staging.forenteforlag.no/pax/","name":"Pax","description":"","potentialAction":[{"@type":"SearchAction","target":{"@type":"EntryPoint","urlTemplate":"https://staging.forenteforlag.no/pax/?s={search_term_string}"},"query-input":{"@type":"PropertyValueSpecification","valueRequired":true,"valueName":"search_term_string"}}],"inLanguage":"nb-NO"}]}</script>
<!-- / Yoast SEO plugin. -->

Vinner av den islandske bokhandlerprisen 2022! Møt Alba. Singel språkviter med fast jobb på universitetet. Bereist og belest med livet på stell. Eller? Da Alba brått befinner seg i en metoo-storm i Reykjavík, sier hun opp både jobben og leiligheten og flytter på landet. Her håper hun å gjøre bot for klimaavtrykket sitt ved å [&hellip;]

Alle bøker
