{"id":24061,"date":"2016-01-15T01:00:00","date_gmt":"2016-01-15T00:00:00","guid":{"rendered":"https:\/\/pax.forenteforlag.no\/produkt\/menn-uten-kvinner\/"},"modified":"2025-08-27T13:22:55","modified_gmt":"2025-08-27T11:22:55","slug":"menn-uten-kvinner","status":"publish","type":"product","link":"https:\/\/staging.forenteforlag.no\/pax\/produkt\/menn-uten-kvinner\/","title":{"rendered":"Menn uten kvinner"},"content":{"rendered":"<p>I de syv novellene i denne nyskrevne samlingen forteller<br \/>\nHaruki Murakami om menn med og uten kvinner, om den vanskelige<br \/>\nkj\u00e6rligheten, og om det \u00e5 klare eller ikke klare \u00e5 se hverandre og<br \/>\nleve sammen.<br \/>\nEn skuespiller ansetter en sj\u00e5f\u00f8r og betror henne sine innerste tanker.<br \/>\nEn mann skilles fra sin kone og \u00e5pner en bar som blir hjems\u00f8kt av<br \/>\nnoe ukjent og urovekkende. En annen v\u00e5kner i et lukket rom og<br \/>\ninnser at han har blitt forvandlet til Gregor Samsa, hovedpersonen i<br \/>\nFranz Kafkas Forvandlingen.<br \/>\nHaruki Murakami har alltid skrevet noveller, og fikk sitt gjennombrudd<br \/>\ni USA i 1990 da The New Yorker jevnlig begynte \u00e5 trykke<br \/>\nnovellene hans. Som alltid hos Murakami virker fortellingene f\u00f8rst<br \/>\nhverdagslige &#8211; og s\u00e5 likevel kanskje ikke &#8211; p\u00e5 den s\u00e6regne m\u00e5ten som<br \/>\nhar gitt ham millioner av lesere over hele verden.<\/p>\n","protected":false},"excerpt":{"rendered":"<p>I de syv novellene i denne nyskrevne samlingen forteller Haruki Murakami om menn med og uten kvinner, om den vanskelige kj\u00e6rligheten, og om det \u00e5 klare eller ikke klare \u00e5 se hverandre og leve sammen. En skuespiller ansetter en sj\u00e5f\u00f8r og betror henne sine innerste tanker. En mann skilles fra sin kone og \u00e5pner en [&hellip;]<\/p>\n","protected":false},"featured_media":29450,"template":"","meta":{"_acf_changed":false,"inline_featured_image":false},"product_brand":[],"product_cat":[42],"product_tag":[461,779,370],"class_list":{"0":"post-24061","1":"product","2":"type-product","3":"status-publish","4":"has-post-thumbnail","6":"product_cat-noveller","7":"product_tag-japan","8":"product_tag-noveller","9":"product_tag-skjonnlitteratur","10":"pa_format-innbundet","12":"first","13":"outofstock","14":"shipping-taxable","15":"purchasable","16":"product-type-simple"},"acf":{"anmeldelse":null},"yoast_head":"<!-- This site is optimized with the Yoast SEO plugin v26.6 - https:\/\/yoast.com\/wordpress\/plugins\/seo\/ -->\n<title>Menn uten kvinner - Pax<\/title>\n<meta name=\"robots\" content=\"noindex, follow, max-snippet:-1, max-image-preview:large, max-video-preview:-1\" \/>\n<meta property=\"og:locale\" content=\"nb_NO\" \/>\n<meta property=\"og:type\" content=\"article\" \/>\n<meta property=\"og:title\" content=\"Menn uten kvinner - Pax\" \/>\n<meta property=\"og:description\" content=\"I de syv novellene i denne nyskrevne samlingen forteller Haruki Murakami om menn med og uten kvinner, om den vanskelige kj\u00e6rligheten, og om det \u00e5 klare eller ikke klare \u00e5 se hverandre og leve sammen. En skuespiller ansetter en sj\u00e5f\u00f8r og betror henne sine innerste tanker. En mann skilles fra sin kone og \u00e5pner en [&hellip;]\" \/>\n<meta property=\"og:url\" content=\"https:\/\/staging.forenteforlag.no\/pax\/produkt\/menn-uten-kvinner\/\" \/>\n<meta property=\"og:site_name\" content=\"Pax\" \/>\n<meta property=\"article:modified_time\" content=\"2025-08-27T11:22:55+00:00\" \/>\n<meta property=\"og:image\" content=\"https:\/\/staging.forenteforlag.no\/pax\/wp-content\/uploads\/sites\/5\/2025\/08\/jpg-9985-scaled.jpg\" \/>\n\t<meta property=\"og:image:width\" content=\"1221\" \/>\n\t<meta property=\"og:image:height\" content=\"1920\" \/>\n\t<meta property=\"og:image:type\" content=\"image\/jpeg\" \/>\n<meta name=\"twitter:card\" content=\"summary_large_image\" \/>\n<meta name=\"twitter:label1\" content=\"Ansl. lesetid\" \/>\n\t<meta name=\"twitter:data1\" content=\"1 minutt\" \/>\n<script type=\"application\/ld+json\" class=\"yoast-schema-graph\">{\"@context\":\"https:\/\/schema.org\",\"@graph\":[{\"@type\":\"WebPage\",\"@id\":\"https:\/\/staging.forenteforlag.no\/pax\/produkt\/menn-uten-kvinner\/\",\"url\":\"https:\/\/staging.forenteforlag.no\/pax\/produkt\/menn-uten-kvinner\/\",\"name\":\"Menn uten kvinner - Pax\",\"isPartOf\":{\"@id\":\"https:\/\/staging.forenteforlag.no\/pax\/#website\"},\"primaryImageOfPage\":{\"@id\":\"https:\/\/staging.forenteforlag.no\/pax\/produkt\/menn-uten-kvinner\/#primaryimage\"},\"image\":{\"@id\":\"https:\/\/staging.forenteforlag.no\/pax\/produkt\/menn-uten-kvinner\/#primaryimage\"},\"thumbnailUrl\":\"https:\/\/staging.forenteforlag.no\/pax\/wp-content\/uploads\/sites\/5\/2025\/08\/jpg-9985-scaled.jpg\",\"datePublished\":\"2016-01-15T00:00:00+00:00\",\"dateModified\":\"2025-08-27T11:22:55+00:00\",\"breadcrumb\":{\"@id\":\"https:\/\/staging.forenteforlag.no\/pax\/produkt\/menn-uten-kvinner\/#breadcrumb\"},\"inLanguage\":\"nb-NO\",\"potentialAction\":[{\"@type\":\"ReadAction\",\"target\":[\"https:\/\/staging.forenteforlag.no\/pax\/produkt\/menn-uten-kvinner\/\"]}]},{\"@type\":\"ImageObject\",\"inLanguage\":\"nb-NO\",\"@id\":\"https:\/\/staging.forenteforlag.no\/pax\/produkt\/menn-uten-kvinner\/#primaryimage\",\"url\":\"https:\/\/staging.forenteforlag.no\/pax\/wp-content\/uploads\/sites\/5\/2025\/08\/jpg-9985-scaled.jpg\",\"contentUrl\":\"https:\/\/staging.forenteforlag.no\/pax\/wp-content\/uploads\/sites\/5\/2025\/08\/jpg-9985-scaled.jpg\",\"width\":1221,\"height\":1920},{\"@type\":\"BreadcrumbList\",\"@id\":\"https:\/\/staging.forenteforlag.no\/pax\/produkt\/menn-uten-kvinner\/#breadcrumb\",\"itemListElement\":[{\"@type\":\"ListItem\",\"position\":1,\"name\":\"Hjem\",\"item\":\"https:\/\/staging.forenteforlag.no\/pax\/\"},{\"@type\":\"ListItem\",\"position\":2,\"name\":\"Alle b\u00f8ker\",\"item\":\"https:\/\/staging.forenteforlag.no\/pax\/butikk\/\"},{\"@type\":\"ListItem\",\"position\":3,\"name\":\"Menn uten kvinner\"}]},{\"@type\":\"WebSite\",\"@id\":\"https:\/\/staging.forenteforlag.no\/pax\/#website\",\"url\":\"https:\/\/staging.forenteforlag.no\/pax\/\",\"name\":\"Pax\",\"description\":\"\",\"potentialAction\":[{\"@type\":\"SearchAction\",\"target\":{\"@type\":\"EntryPoint\",\"urlTemplate\":\"https:\/\/staging.forenteforlag.no\/pax\/?s={search_term_string}\"},\"query-input\":{\"@type\":\"PropertyValueSpecification\",\"valueRequired\":true,\"valueName\":\"search_term_string\"}}],\"inLanguage\":\"nb-NO\"}]}<\/script>\n<!-- \/ Yoast SEO plugin. -->","yoast_head_json":{"title":"Menn uten kvinner - Pax","robots":{"index":"noindex","follow":"follow","max-snippet":"max-snippet:-1","max-image-preview":"max-image-preview:large","max-video-preview":"max-video-preview:-1"},"og_locale":"nb_NO","og_type":"article","og_title":"Menn uten kvinner - Pax","og_description":"I de syv novellene i denne nyskrevne samlingen forteller Haruki Murakami om menn med og uten kvinner, om den vanskelige kj\u00e6rligheten, og om det \u00e5 klare eller ikke klare \u00e5 se hverandre og leve sammen. En skuespiller ansetter en sj\u00e5f\u00f8r og betror henne sine innerste tanker. En mann skilles fra sin kone og \u00e5pner en [&hellip;]","og_url":"https:\/\/staging.forenteforlag.no\/pax\/produkt\/menn-uten-kvinner\/","og_site_name":"Pax","article_modified_time":"2025-08-27T11:22:55+00:00","og_image":[{"width":1221,"height":1920,"url":"https:\/\/staging.forenteforlag.no\/pax\/wp-content\/uploads\/sites\/5\/2025\/08\/jpg-9985-scaled.jpg","type":"image\/jpeg"}],"twitter_card":"summary_large_image","twitter_misc":{"Ansl. lesetid":"1 minutt"},"schema":{"@context":"https:\/\/schema.org","@graph":[{"@type":"WebPage","@id":"https:\/\/staging.forenteforlag.no\/pax\/produkt\/menn-uten-kvinner\/","url":"https:\/\/staging.forenteforlag.no\/pax\/produkt\/menn-uten-kvinner\/","name":"Menn uten kvinner - Pax","isPartOf":{"@id":"https:\/\/staging.forenteforlag.no\/pax\/#website"},"primaryImageOfPage":{"@id":"https:\/\/staging.forenteforlag.no\/pax\/produkt\/menn-uten-kvinner\/#primaryimage"},"image":{"@id":"https:\/\/staging.forenteforlag.no\/pax\/produkt\/menn-uten-kvinner\/#primaryimage"},"thumbnailUrl":"https:\/\/staging.forenteforlag.no\/pax\/wp-content\/uploads\/sites\/5\/2025\/08\/jpg-9985-scaled.jpg","datePublished":"2016-01-15T00:00:00+00:00","dateModified":"2025-08-27T11:22:55+00:00","breadcrumb":{"@id":"https:\/\/staging.forenteforlag.no\/pax\/produkt\/menn-uten-kvinner\/#breadcrumb"},"inLanguage":"nb-NO","potentialAction":[{"@type":"ReadAction","target":["https:\/\/staging.forenteforlag.no\/pax\/produkt\/menn-uten-kvinner\/"]}]},{"@type":"ImageObject","inLanguage":"nb-NO","@id":"https:\/\/staging.forenteforlag.no\/pax\/produkt\/menn-uten-kvinner\/#primaryimage","url":"https:\/\/staging.forenteforlag.no\/pax\/wp-content\/uploads\/sites\/5\/2025\/08\/jpg-9985-scaled.jpg","contentUrl":"https:\/\/staging.forenteforlag.no\/pax\/wp-content\/uploads\/sites\/5\/2025\/08\/jpg-9985-scaled.jpg","width":1221,"height":1920},{"@type":"BreadcrumbList","@id":"https:\/\/staging.forenteforlag.no\/pax\/produkt\/menn-uten-kvinner\/#breadcrumb","itemListElement":[{"@type":"ListItem","position":1,"name":"Hjem","item":"https:\/\/staging.forenteforlag.no\/pax\/"},{"@type":"ListItem","position":2,"name":"Alle b\u00f8ker","item":"https:\/\/staging.forenteforlag.no\/pax\/butikk\/"},{"@type":"ListItem","position":3,"name":"Menn uten kvinner"}]},{"@type":"WebSite","@id":"https:\/\/staging.forenteforlag.no\/pax\/#website","url":"https:\/\/staging.forenteforlag.no\/pax\/","name":"Pax","description":"","potentialAction":[{"@type":"SearchAction","target":{"@type":"EntryPoint","urlTemplate":"https:\/\/staging.forenteforlag.no\/pax\/?s={search_term_string}"},"query-input":{"@type":"PropertyValueSpecification","valueRequired":true,"valueName":"search_term_string"}}],"inLanguage":"nb-NO"}]}},"_links":{"self":[{"href":"https:\/\/staging.forenteforlag.no\/pax\/wp-json\/wp\/v2\/product\/24061","targetHints":{"allow":["GET"]}}],"collection":[{"href":"https:\/\/staging.forenteforlag.no\/pax\/wp-json\/wp\/v2\/product"}],"about":[{"href":"https:\/\/staging.forenteforlag.no\/pax\/wp-json\/wp\/v2\/types\/product"}],"wp:featuredmedia":[{"embeddable":true,"href":"https:\/\/staging.forenteforlag.no\/pax\/wp-json\/wp\/v2\/media\/29450"}],"wp:attachment":[{"href":"https:\/\/staging.forenteforlag.no\/pax\/wp-json\/wp\/v2\/media?parent=24061"}],"wp:term":[{"taxonomy":"product_brand","embeddable":true,"href":"https:\/\/staging.forenteforlag.no\/pax\/wp-json\/wp\/v2\/product_brand?post=24061"},{"taxonomy":"product_cat","embeddable":true,"href":"https:\/\/staging.forenteforlag.no\/pax\/wp-json\/wp\/v2\/product_cat?post=24061"},{"taxonomy":"product_tag","embeddable":true,"href":"https:\/\/staging.forenteforlag.no\/pax\/wp-json\/wp\/v2\/product_tag?post=24061"}],"curies":[{"name":"wp","href":"https:\/\/api.w.org\/{rel}","templated":true}]}}