{"id":24022,"date":"2015-05-11T02:00:00","date_gmt":"2015-05-11T00:00:00","guid":{"rendered":"https:\/\/pax.forenteforlag.no\/produkt\/samlede-verker-bd-1-10-2\/"},"modified":"2025-11-19T08:19:34","modified_gmt":"2025-11-19T07:19:34","slug":"samlede-verker-bd-1-10-2","status":"publish","type":"product","link":"https:\/\/staging.forenteforlag.no\/pax\/produkt\/samlede-verker-bd-1-10-2\/","title":{"rendered":"Samlede verker. Bd. 1-10"},"content":{"rendered":"<p>PETER WESSEL ZAPFFE var en norsk filosof og fjellklatrer. N\u00e5 foreligger endelig hans originale samlede verker p\u00e5 ny &#8211; i ny drakt og med oppusset layout. <\/p>\n<p>PETER WESSEL ZAPFFES SAMLEDE VERKER:<br \/>\n1. Om det tragiske (1941)<\/p>\n<p>2. Vett og uvett (1942)<\/p>\n<p>3. Indf\u00f8ring i litter\u00e6r dramaturgi (1961)<\/p>\n<p>4. Den logiske sandkasse<br \/>\n    Element\u00e6r logikk for universitetet og selvstudium (1966)<\/p>\n<p>5. Barske gl\u00e6der<br \/>\n    I utvalg av Sigmund Kval\u00f8y Setreng (1969)<\/p>\n<p>6. Lyksalig pinsefest<br \/>\n   Fire samtaler med J\u00f8rgen, referert av Zapffe (1972)<\/p>\n<p>7. Skuespill<br \/>\n    Hos doktor Wangel (1974)<br \/>\n    Den fortapte s\u00f8nn (1951)<\/p>\n<p>8. Sp\u00f8k og alvor<br \/>\n    Epistler og leilighetsvers (1977)<\/p>\n<p>9. Hvordan jeg blev s\u00e5 flink<br \/>\n    og andre tekster (1986)<\/p>\n<p>    Essays<br \/>\n    I utvalg ved Jan Brage Gundersen (1992)<\/p>\n<p>    Rikets hemmelighet<br \/>\n    En kortfattet Jesusbiografi (1985)<\/p>\n<p>10. Kulturelt n\u00f8dverge<br \/>\n     I utvalg ved J\u00f8rgen Haave (1997)<\/p>\n","protected":false},"excerpt":{"rendered":"<p>PETER WESSEL ZAPFFE var en norsk filosof og fjellklatrer. N\u00e5 foreligger endelig hans originale samlede verker p\u00e5 ny &#8211; i ny drakt og med oppusset layout. PETER WESSEL ZAPFFES SAMLEDE VERKER: 1. Om det tragiske (1941) 2. Vett og uvett (1942) 3. Indf\u00f8ring i litter\u00e6r dramaturgi (1961) 4. Den logiske sandkasse Element\u00e6r logikk for universitetet [&hellip;]<\/p>\n","protected":false},"featured_media":0,"template":"","meta":{"_acf_changed":false,"inline_featured_image":false},"product_brand":[],"product_cat":[45,1782],"product_tag":[362,370],"class_list":{"0":"post-24022","1":"product","2":"type-product","3":"status-publish","5":"product_cat-essay","6":"product_cat-fripris","7":"product_tag-faglitteratur","8":"product_tag-skjonnlitteratur","9":"pa_format-innbundet","11":"first","12":"midlertidig-utsolgt","13":"shipping-taxable","14":"purchasable","15":"product-type-simple"},"acf":{"anmeldelse":null},"yoast_head":"<!-- This site is optimized with the Yoast SEO plugin v26.6 - https:\/\/yoast.com\/wordpress\/plugins\/seo\/ -->\n<title>Samlede verker. Bd. 1-10 - Pax<\/title>\n<meta name=\"robots\" content=\"noindex, follow, max-snippet:-1, max-image-preview:large, max-video-preview:-1\" \/>\n<meta property=\"og:locale\" content=\"nb_NO\" \/>\n<meta property=\"og:type\" content=\"article\" \/>\n<meta property=\"og:title\" content=\"Samlede verker. Bd. 1-10 - Pax\" \/>\n<meta property=\"og:description\" content=\"PETER WESSEL ZAPFFE var en norsk filosof og fjellklatrer. N\u00e5 foreligger endelig hans originale samlede verker p\u00e5 ny &#8211; i ny drakt og med oppusset layout. PETER WESSEL ZAPFFES SAMLEDE VERKER: 1. Om det tragiske (1941) 2. Vett og uvett (1942) 3. Indf\u00f8ring i litter\u00e6r dramaturgi (1961) 4. Den logiske sandkasse Element\u00e6r logikk for universitetet [&hellip;]\" \/>\n<meta property=\"og:url\" content=\"https:\/\/staging.forenteforlag.no\/pax\/produkt\/samlede-verker-bd-1-10-2\/\" \/>\n<meta property=\"og:site_name\" content=\"Pax\" \/>\n<meta property=\"article:modified_time\" content=\"2025-11-19T07:19:34+00:00\" \/>\n<meta property=\"og:image\" content=\"https:\/\/staging.forenteforlag.no\/pax\/wp-content\/uploads\/sites\/5\/2025\/02\/pax-hvit.jpg\" \/>\n\t<meta property=\"og:image:width\" content=\"1200\" \/>\n\t<meta property=\"og:image:height\" content=\"800\" \/>\n\t<meta property=\"og:image:type\" content=\"image\/jpeg\" \/>\n<meta name=\"twitter:card\" content=\"summary_large_image\" \/>\n<meta name=\"twitter:label1\" content=\"Ansl. lesetid\" \/>\n\t<meta name=\"twitter:data1\" content=\"1 minutt\" \/>\n<script type=\"application\/ld+json\" class=\"yoast-schema-graph\">{\"@context\":\"https:\/\/schema.org\",\"@graph\":[{\"@type\":\"WebPage\",\"@id\":\"https:\/\/staging.forenteforlag.no\/pax\/produkt\/samlede-verker-bd-1-10-2\/\",\"url\":\"https:\/\/staging.forenteforlag.no\/pax\/produkt\/samlede-verker-bd-1-10-2\/\",\"name\":\"Samlede verker. Bd. 1-10 - Pax\",\"isPartOf\":{\"@id\":\"https:\/\/staging.forenteforlag.no\/pax\/#website\"},\"datePublished\":\"2015-05-11T00:00:00+00:00\",\"dateModified\":\"2025-11-19T07:19:34+00:00\",\"breadcrumb\":{\"@id\":\"https:\/\/staging.forenteforlag.no\/pax\/produkt\/samlede-verker-bd-1-10-2\/#breadcrumb\"},\"inLanguage\":\"nb-NO\",\"potentialAction\":[{\"@type\":\"ReadAction\",\"target\":[\"https:\/\/staging.forenteforlag.no\/pax\/produkt\/samlede-verker-bd-1-10-2\/\"]}]},{\"@type\":\"BreadcrumbList\",\"@id\":\"https:\/\/staging.forenteforlag.no\/pax\/produkt\/samlede-verker-bd-1-10-2\/#breadcrumb\",\"itemListElement\":[{\"@type\":\"ListItem\",\"position\":1,\"name\":\"Hjem\",\"item\":\"https:\/\/staging.forenteforlag.no\/pax\/\"},{\"@type\":\"ListItem\",\"position\":2,\"name\":\"Alle b\u00f8ker\",\"item\":\"https:\/\/staging.forenteforlag.no\/pax\/butikk\/\"},{\"@type\":\"ListItem\",\"position\":3,\"name\":\"Samlede verker. Bd. 1-10\"}]},{\"@type\":\"WebSite\",\"@id\":\"https:\/\/staging.forenteforlag.no\/pax\/#website\",\"url\":\"https:\/\/staging.forenteforlag.no\/pax\/\",\"name\":\"Pax\",\"description\":\"\",\"potentialAction\":[{\"@type\":\"SearchAction\",\"target\":{\"@type\":\"EntryPoint\",\"urlTemplate\":\"https:\/\/staging.forenteforlag.no\/pax\/?s={search_term_string}\"},\"query-input\":{\"@type\":\"PropertyValueSpecification\",\"valueRequired\":true,\"valueName\":\"search_term_string\"}}],\"inLanguage\":\"nb-NO\"}]}<\/script>\n<!-- \/ Yoast SEO plugin. -->","yoast_head_json":{"title":"Samlede verker. Bd. 1-10 - Pax","robots":{"index":"noindex","follow":"follow","max-snippet":"max-snippet:-1","max-image-preview":"max-image-preview:large","max-video-preview":"max-video-preview:-1"},"og_locale":"nb_NO","og_type":"article","og_title":"Samlede verker. Bd. 1-10 - Pax","og_description":"PETER WESSEL ZAPFFE var en norsk filosof og fjellklatrer. N\u00e5 foreligger endelig hans originale samlede verker p\u00e5 ny &#8211; i ny drakt og med oppusset layout. PETER WESSEL ZAPFFES SAMLEDE VERKER: 1. Om det tragiske (1941) 2. Vett og uvett (1942) 3. Indf\u00f8ring i litter\u00e6r dramaturgi (1961) 4. Den logiske sandkasse Element\u00e6r logikk for universitetet [&hellip;]","og_url":"https:\/\/staging.forenteforlag.no\/pax\/produkt\/samlede-verker-bd-1-10-2\/","og_site_name":"Pax","article_modified_time":"2025-11-19T07:19:34+00:00","og_image":[{"width":1200,"height":800,"url":"https:\/\/staging.forenteforlag.no\/pax\/wp-content\/uploads\/sites\/5\/2025\/02\/pax-hvit.jpg","type":"image\/jpeg"}],"twitter_card":"summary_large_image","twitter_misc":{"Ansl. lesetid":"1 minutt"},"schema":{"@context":"https:\/\/schema.org","@graph":[{"@type":"WebPage","@id":"https:\/\/staging.forenteforlag.no\/pax\/produkt\/samlede-verker-bd-1-10-2\/","url":"https:\/\/staging.forenteforlag.no\/pax\/produkt\/samlede-verker-bd-1-10-2\/","name":"Samlede verker. Bd. 1-10 - Pax","isPartOf":{"@id":"https:\/\/staging.forenteforlag.no\/pax\/#website"},"datePublished":"2015-05-11T00:00:00+00:00","dateModified":"2025-11-19T07:19:34+00:00","breadcrumb":{"@id":"https:\/\/staging.forenteforlag.no\/pax\/produkt\/samlede-verker-bd-1-10-2\/#breadcrumb"},"inLanguage":"nb-NO","potentialAction":[{"@type":"ReadAction","target":["https:\/\/staging.forenteforlag.no\/pax\/produkt\/samlede-verker-bd-1-10-2\/"]}]},{"@type":"BreadcrumbList","@id":"https:\/\/staging.forenteforlag.no\/pax\/produkt\/samlede-verker-bd-1-10-2\/#breadcrumb","itemListElement":[{"@type":"ListItem","position":1,"name":"Hjem","item":"https:\/\/staging.forenteforlag.no\/pax\/"},{"@type":"ListItem","position":2,"name":"Alle b\u00f8ker","item":"https:\/\/staging.forenteforlag.no\/pax\/butikk\/"},{"@type":"ListItem","position":3,"name":"Samlede verker. Bd. 1-10"}]},{"@type":"WebSite","@id":"https:\/\/staging.forenteforlag.no\/pax\/#website","url":"https:\/\/staging.forenteforlag.no\/pax\/","name":"Pax","description":"","potentialAction":[{"@type":"SearchAction","target":{"@type":"EntryPoint","urlTemplate":"https:\/\/staging.forenteforlag.no\/pax\/?s={search_term_string}"},"query-input":{"@type":"PropertyValueSpecification","valueRequired":true,"valueName":"search_term_string"}}],"inLanguage":"nb-NO"}]}},"_links":{"self":[{"href":"https:\/\/staging.forenteforlag.no\/pax\/wp-json\/wp\/v2\/product\/24022","targetHints":{"allow":["GET"]}}],"collection":[{"href":"https:\/\/staging.forenteforlag.no\/pax\/wp-json\/wp\/v2\/product"}],"about":[{"href":"https:\/\/staging.forenteforlag.no\/pax\/wp-json\/wp\/v2\/types\/product"}],"wp:attachment":[{"href":"https:\/\/staging.forenteforlag.no\/pax\/wp-json\/wp\/v2\/media?parent=24022"}],"wp:term":[{"taxonomy":"product_brand","embeddable":true,"href":"https:\/\/staging.forenteforlag.no\/pax\/wp-json\/wp\/v2\/product_brand?post=24022"},{"taxonomy":"product_cat","embeddable":true,"href":"https:\/\/staging.forenteforlag.no\/pax\/wp-json\/wp\/v2\/product_cat?post=24022"},{"taxonomy":"product_tag","embeddable":true,"href":"https:\/\/staging.forenteforlag.no\/pax\/wp-json\/wp\/v2\/product_tag?post=24022"}],"curies":[{"name":"wp","href":"https:\/\/api.w.org\/{rel}","templated":true}]}}