{"id":24005,"date":"2020-09-01T02:00:00","date_gmt":"2020-09-01T00:00:00","guid":{"rendered":"https:\/\/pax.forenteforlag.no\/produkt\/viljen-til-viten-2\/"},"modified":"2026-03-03T22:56:00","modified_gmt":"2026-03-03T21:56:00","slug":"viljen-til-viten-2","status":"publish","type":"product","link":"https:\/\/staging.forenteforlag.no\/pax\/produkt\/viljen-til-viten-2\/","title":{"rendered":"Viljen til viten"},"content":{"rendered":"<p>Er det slik at vi stadig blir mer frigjorte n\u00e5r det gjelder seksualitet, og at de forestillingene n\u00e5r det gjelder seksualitet som preger samfunnslivet p\u00e5 1800-tallet er et tilbakelagt stadium i dag? Ikke p\u00e5 noen m\u00e5te, hevder den franske filosofen Foucault. Ved \u00e5 se n\u00e6rmere p\u00e5 hvordan seksualitetens historie henger sammen med en rekke politiske, \u00f8konomiske og sosiale krefter viser han at v\u00e5r tids frigj\u00f8ring bare videref\u00f8rer 1800-tallets m\u00e5te \u00e5 forholde seg til seksualitet p\u00e5. Det er mulig vi er p\u00e5 vei til \u00e5 gj\u00f8re seksualiteten til et vitenskapelig objekt i stedet for en kilde til \u00f8kt nytelse. Michel Foucault er en av de 20. \u00e5rhundrets st\u00f8rste filosofer, og det karakteristiske ved hans arbeid er at han setter sp\u00f8rsm\u00e5lstegn ved mange av v\u00e5re tilvante forestillinger. S\u00e6rlig utfordrer han v\u00e5r tro p\u00e5 at den vitenskapelige utviklingen bidrar til \u00e5 frigj\u00f8re oss fra underkastelse og tvang. Vitenskapen f\u00f8rer snarere med seg \u00f8kt kontroll, p\u00e5peker han. <\/p>\n<p>Espen Schaanning har oversatt boken og skrevet et lengre etterord. Han er professor i Id\u00e9historie ved Universitetet i Oslo, har fransk doktorgrad i filosofi, og en norsk doktorgrad i id\u00e9historie om Michel Foucault som vitenshistoriker.<\/p>\n","protected":false},"excerpt":{"rendered":"<p>Er det slik at vi stadig blir mer frigjorte n\u00e5r det gjelder seksualitet, og at de forestillingene n\u00e5r det gjelder seksualitet som preger samfunnslivet p\u00e5 1800-tallet er et tilbakelagt stadium i dag? Ikke p\u00e5 noen m\u00e5te, hevder den franske filosofen Foucault. Ved \u00e5 se n\u00e6rmere p\u00e5 hvordan seksualitetens historie henger sammen med en rekke politiske, [&hellip;]<\/p>\n","protected":false},"featured_media":28353,"template":"","meta":{"_acf_changed":false,"inline_featured_image":false},"product_brand":[],"product_cat":[1782],"product_tag":[607,362,1643,956],"class_list":{"0":"post-24005","1":"product","2":"type-product","3":"status-publish","4":"has-post-thumbnail","6":"product_cat-fripris","7":"product_tag-bedriftshistorie","8":"product_tag-faglitteratur","9":"product_tag-seksualetikk","10":"product_tag-seksualitet","12":"first","13":"instock","14":"shipping-taxable","15":"purchasable","16":"product-type-simple"},"acf":{"anmeldelse":null},"yoast_head":"<!-- This site is optimized with the Yoast SEO plugin v26.6 - https:\/\/yoast.com\/wordpress\/plugins\/seo\/ -->\n<title>Viljen til viten - Pax<\/title>\n<meta name=\"robots\" content=\"noindex, follow, max-snippet:-1, max-image-preview:large, max-video-preview:-1\" \/>\n<meta property=\"og:locale\" content=\"nb_NO\" \/>\n<meta property=\"og:type\" content=\"article\" \/>\n<meta property=\"og:title\" content=\"Viljen til viten - Pax\" \/>\n<meta property=\"og:description\" content=\"Er det slik at vi stadig blir mer frigjorte n\u00e5r det gjelder seksualitet, og at de forestillingene n\u00e5r det gjelder seksualitet som preger samfunnslivet p\u00e5 1800-tallet er et tilbakelagt stadium i dag? Ikke p\u00e5 noen m\u00e5te, hevder den franske filosofen Foucault. Ved \u00e5 se n\u00e6rmere p\u00e5 hvordan seksualitetens historie henger sammen med en rekke politiske, [&hellip;]\" \/>\n<meta property=\"og:url\" content=\"https:\/\/staging.forenteforlag.no\/pax\/produkt\/viljen-til-viten-2\/\" \/>\n<meta property=\"og:site_name\" content=\"Pax\" \/>\n<meta property=\"article:modified_time\" content=\"2026-03-03T21:56:00+00:00\" \/>\n<meta property=\"og:image\" content=\"https:\/\/staging.forenteforlag.no\/pax\/wp-content\/uploads\/sites\/5\/2025\/08\/jpg-6681-scaled.jpg\" \/>\n\t<meta property=\"og:image:width\" content=\"1224\" \/>\n\t<meta property=\"og:image:height\" content=\"1920\" \/>\n\t<meta property=\"og:image:type\" content=\"image\/jpeg\" \/>\n<meta name=\"twitter:card\" content=\"summary_large_image\" \/>\n<meta name=\"twitter:label1\" content=\"Ansl. lesetid\" \/>\n\t<meta name=\"twitter:data1\" content=\"1 minutt\" \/>\n<script type=\"application\/ld+json\" class=\"yoast-schema-graph\">{\"@context\":\"https:\/\/schema.org\",\"@graph\":[{\"@type\":\"WebPage\",\"@id\":\"https:\/\/staging.forenteforlag.no\/pax\/produkt\/viljen-til-viten-2\/\",\"url\":\"https:\/\/staging.forenteforlag.no\/pax\/produkt\/viljen-til-viten-2\/\",\"name\":\"Viljen til viten - Pax\",\"isPartOf\":{\"@id\":\"https:\/\/staging.forenteforlag.no\/pax\/#website\"},\"primaryImageOfPage\":{\"@id\":\"https:\/\/staging.forenteforlag.no\/pax\/produkt\/viljen-til-viten-2\/#primaryimage\"},\"image\":{\"@id\":\"https:\/\/staging.forenteforlag.no\/pax\/produkt\/viljen-til-viten-2\/#primaryimage\"},\"thumbnailUrl\":\"https:\/\/staging.forenteforlag.no\/pax\/wp-content\/uploads\/sites\/5\/2025\/08\/jpg-6681-scaled.jpg\",\"datePublished\":\"2020-09-01T00:00:00+00:00\",\"dateModified\":\"2026-03-03T21:56:00+00:00\",\"breadcrumb\":{\"@id\":\"https:\/\/staging.forenteforlag.no\/pax\/produkt\/viljen-til-viten-2\/#breadcrumb\"},\"inLanguage\":\"nb-NO\",\"potentialAction\":[{\"@type\":\"ReadAction\",\"target\":[\"https:\/\/staging.forenteforlag.no\/pax\/produkt\/viljen-til-viten-2\/\"]}]},{\"@type\":\"ImageObject\",\"inLanguage\":\"nb-NO\",\"@id\":\"https:\/\/staging.forenteforlag.no\/pax\/produkt\/viljen-til-viten-2\/#primaryimage\",\"url\":\"https:\/\/staging.forenteforlag.no\/pax\/wp-content\/uploads\/sites\/5\/2025\/08\/jpg-6681-scaled.jpg\",\"contentUrl\":\"https:\/\/staging.forenteforlag.no\/pax\/wp-content\/uploads\/sites\/5\/2025\/08\/jpg-6681-scaled.jpg\",\"width\":1224,\"height\":1920},{\"@type\":\"BreadcrumbList\",\"@id\":\"https:\/\/staging.forenteforlag.no\/pax\/produkt\/viljen-til-viten-2\/#breadcrumb\",\"itemListElement\":[{\"@type\":\"ListItem\",\"position\":1,\"name\":\"Hjem\",\"item\":\"https:\/\/staging.forenteforlag.no\/pax\/\"},{\"@type\":\"ListItem\",\"position\":2,\"name\":\"Alle b\u00f8ker\",\"item\":\"https:\/\/staging.forenteforlag.no\/pax\/butikk\/\"},{\"@type\":\"ListItem\",\"position\":3,\"name\":\"Viljen til viten\"}]},{\"@type\":\"WebSite\",\"@id\":\"https:\/\/staging.forenteforlag.no\/pax\/#website\",\"url\":\"https:\/\/staging.forenteforlag.no\/pax\/\",\"name\":\"Pax\",\"description\":\"\",\"potentialAction\":[{\"@type\":\"SearchAction\",\"target\":{\"@type\":\"EntryPoint\",\"urlTemplate\":\"https:\/\/staging.forenteforlag.no\/pax\/?s={search_term_string}\"},\"query-input\":{\"@type\":\"PropertyValueSpecification\",\"valueRequired\":true,\"valueName\":\"search_term_string\"}}],\"inLanguage\":\"nb-NO\"}]}<\/script>\n<!-- \/ Yoast SEO plugin. -->","yoast_head_json":{"title":"Viljen til viten - Pax","robots":{"index":"noindex","follow":"follow","max-snippet":"max-snippet:-1","max-image-preview":"max-image-preview:large","max-video-preview":"max-video-preview:-1"},"og_locale":"nb_NO","og_type":"article","og_title":"Viljen til viten - Pax","og_description":"Er det slik at vi stadig blir mer frigjorte n\u00e5r det gjelder seksualitet, og at de forestillingene n\u00e5r det gjelder seksualitet som preger samfunnslivet p\u00e5 1800-tallet er et tilbakelagt stadium i dag? Ikke p\u00e5 noen m\u00e5te, hevder den franske filosofen Foucault. Ved \u00e5 se n\u00e6rmere p\u00e5 hvordan seksualitetens historie henger sammen med en rekke politiske, [&hellip;]","og_url":"https:\/\/staging.forenteforlag.no\/pax\/produkt\/viljen-til-viten-2\/","og_site_name":"Pax","article_modified_time":"2026-03-03T21:56:00+00:00","og_image":[{"width":1224,"height":1920,"url":"https:\/\/staging.forenteforlag.no\/pax\/wp-content\/uploads\/sites\/5\/2025\/08\/jpg-6681-scaled.jpg","type":"image\/jpeg"}],"twitter_card":"summary_large_image","twitter_misc":{"Ansl. lesetid":"1 minutt"},"schema":{"@context":"https:\/\/schema.org","@graph":[{"@type":"WebPage","@id":"https:\/\/staging.forenteforlag.no\/pax\/produkt\/viljen-til-viten-2\/","url":"https:\/\/staging.forenteforlag.no\/pax\/produkt\/viljen-til-viten-2\/","name":"Viljen til viten - Pax","isPartOf":{"@id":"https:\/\/staging.forenteforlag.no\/pax\/#website"},"primaryImageOfPage":{"@id":"https:\/\/staging.forenteforlag.no\/pax\/produkt\/viljen-til-viten-2\/#primaryimage"},"image":{"@id":"https:\/\/staging.forenteforlag.no\/pax\/produkt\/viljen-til-viten-2\/#primaryimage"},"thumbnailUrl":"https:\/\/staging.forenteforlag.no\/pax\/wp-content\/uploads\/sites\/5\/2025\/08\/jpg-6681-scaled.jpg","datePublished":"2020-09-01T00:00:00+00:00","dateModified":"2026-03-03T21:56:00+00:00","breadcrumb":{"@id":"https:\/\/staging.forenteforlag.no\/pax\/produkt\/viljen-til-viten-2\/#breadcrumb"},"inLanguage":"nb-NO","potentialAction":[{"@type":"ReadAction","target":["https:\/\/staging.forenteforlag.no\/pax\/produkt\/viljen-til-viten-2\/"]}]},{"@type":"ImageObject","inLanguage":"nb-NO","@id":"https:\/\/staging.forenteforlag.no\/pax\/produkt\/viljen-til-viten-2\/#primaryimage","url":"https:\/\/staging.forenteforlag.no\/pax\/wp-content\/uploads\/sites\/5\/2025\/08\/jpg-6681-scaled.jpg","contentUrl":"https:\/\/staging.forenteforlag.no\/pax\/wp-content\/uploads\/sites\/5\/2025\/08\/jpg-6681-scaled.jpg","width":1224,"height":1920},{"@type":"BreadcrumbList","@id":"https:\/\/staging.forenteforlag.no\/pax\/produkt\/viljen-til-viten-2\/#breadcrumb","itemListElement":[{"@type":"ListItem","position":1,"name":"Hjem","item":"https:\/\/staging.forenteforlag.no\/pax\/"},{"@type":"ListItem","position":2,"name":"Alle b\u00f8ker","item":"https:\/\/staging.forenteforlag.no\/pax\/butikk\/"},{"@type":"ListItem","position":3,"name":"Viljen til viten"}]},{"@type":"WebSite","@id":"https:\/\/staging.forenteforlag.no\/pax\/#website","url":"https:\/\/staging.forenteforlag.no\/pax\/","name":"Pax","description":"","potentialAction":[{"@type":"SearchAction","target":{"@type":"EntryPoint","urlTemplate":"https:\/\/staging.forenteforlag.no\/pax\/?s={search_term_string}"},"query-input":{"@type":"PropertyValueSpecification","valueRequired":true,"valueName":"search_term_string"}}],"inLanguage":"nb-NO"}]}},"_links":{"self":[{"href":"https:\/\/staging.forenteforlag.no\/pax\/wp-json\/wp\/v2\/product\/24005","targetHints":{"allow":["GET"]}}],"collection":[{"href":"https:\/\/staging.forenteforlag.no\/pax\/wp-json\/wp\/v2\/product"}],"about":[{"href":"https:\/\/staging.forenteforlag.no\/pax\/wp-json\/wp\/v2\/types\/product"}],"wp:featuredmedia":[{"embeddable":true,"href":"https:\/\/staging.forenteforlag.no\/pax\/wp-json\/wp\/v2\/media\/28353"}],"wp:attachment":[{"href":"https:\/\/staging.forenteforlag.no\/pax\/wp-json\/wp\/v2\/media?parent=24005"}],"wp:term":[{"taxonomy":"product_brand","embeddable":true,"href":"https:\/\/staging.forenteforlag.no\/pax\/wp-json\/wp\/v2\/product_brand?post=24005"},{"taxonomy":"product_cat","embeddable":true,"href":"https:\/\/staging.forenteforlag.no\/pax\/wp-json\/wp\/v2\/product_cat?post=24005"},{"taxonomy":"product_tag","embeddable":true,"href":"https:\/\/staging.forenteforlag.no\/pax\/wp-json\/wp\/v2\/product_tag?post=24005"}],"curies":[{"name":"wp","href":"https:\/\/api.w.org\/{rel}","templated":true}]}}

<p>Er det slik at vi stadig blir mer frigjorte når det gjelder seksualitet, og at de forestillingene når det gjelder seksualitet som preger samfunnslivet på 1800-tallet er et tilbakelagt stadium i dag? Ikke på noen måte, hevder den franske filosofen Foucault. Ved å se nærmere på hvordan seksualitetens historie henger sammen med en rekke politiske, økonomiske og sosiale krefter viser han at vår tids frigjøring bare viderefører 1800-tallets måte å forholde seg til seksualitet på. Det er mulig vi er på vei til å gjøre seksualiteten til et vitenskapelig objekt i stedet for en kilde til økt nytelse. Michel Foucault er en av de 20. århundrets største filosofer, og det karakteristiske ved hans arbeid er at han setter spørsmålstegn ved mange av våre tilvante forestillinger. Særlig utfordrer han vår tro på at den vitenskapelige utviklingen bidrar til å frigjøre oss fra underkastelse og tvang. Vitenskapen fører snarere med seg økt kontroll, påpeker han. </p>
<p>Espen Schaanning har oversatt boken og skrevet et lengre etterord. Han er professor i Idéhistorie ved Universitetet i Oslo, har fransk doktorgrad i filosofi, og en norsk doktorgrad i idéhistorie om Michel Foucault som vitenshistoriker.</p>

<p>Er det slik at vi stadig blir mer frigjorte når det gjelder seksualitet, og at de forestillingene når det gjelder seksualitet som preger samfunnslivet på 1800-tallet er et tilbakelagt stadium i dag? Ikke på noen måte, hevder den franske filosofen Foucault. Ved å se nærmere på hvordan seksualitetens historie henger sammen med en rekke politiske, [&hellip;]</p>

<!-- This site is optimized with the Yoast SEO plugin v26.6 - https://yoast.com/wordpress/plugins/seo/ -->
<title>Viljen til viten - Pax</title>
<meta name="robots" content="noindex, follow, max-snippet:-1, max-image-preview:large, max-video-preview:-1" />
<meta property="og:locale" content="nb_NO" />
<meta property="og:type" content="article" />
<meta property="og:title" content="Viljen til viten - Pax" />
<meta property="og:description" content="Er det slik at vi stadig blir mer frigjorte når det gjelder seksualitet, og at de forestillingene når det gjelder seksualitet som preger samfunnslivet på 1800-tallet er et tilbakelagt stadium i dag? Ikke på noen måte, hevder den franske filosofen Foucault. Ved å se nærmere på hvordan seksualitetens historie henger sammen med en rekke politiske, [&hellip;]" />
<meta property="og:url" content="https://staging.forenteforlag.no/pax/produkt/viljen-til-viten-2/" />
<meta property="og:site_name" content="Pax" />
<meta property="article:modified_time" content="2026-03-03T21:56:00+00:00" />
<meta property="og:image" content="https://staging.forenteforlag.no/pax/wp-content/uploads/sites/5/2025/08/jpg-6681-scaled.jpg" />
	<meta property="og:image:width" content="1224" />
	<meta property="og:image:height" content="1920" />
	<meta property="og:image:type" content="image/jpeg" />
<meta name="twitter:card" content="summary_large_image" />
<meta name="twitter:label1" content="Ansl. lesetid" />
	<meta name="twitter:data1" content="1 minutt" />
<script type="application/ld+json" class="yoast-schema-graph">{"@context":"https://schema.org","@graph":[{"@type":"WebPage","@id":"https://staging.forenteforlag.no/pax/produkt/viljen-til-viten-2/","url":"https://staging.forenteforlag.no/pax/produkt/viljen-til-viten-2/","name":"Viljen til viten - Pax","isPartOf":{"@id":"https://staging.forenteforlag.no/pax/#website"},"primaryImageOfPage":{"@id":"https://staging.forenteforlag.no/pax/produkt/viljen-til-viten-2/#primaryimage"},"image":{"@id":"https://staging.forenteforlag.no/pax/produkt/viljen-til-viten-2/#primaryimage"},"thumbnailUrl":"https://staging.forenteforlag.no/pax/wp-content/uploads/sites/5/2025/08/jpg-6681-scaled.jpg","datePublished":"2020-09-01T00:00:00+00:00","dateModified":"2026-03-03T21:56:00+00:00","breadcrumb":{"@id":"https://staging.forenteforlag.no/pax/produkt/viljen-til-viten-2/#breadcrumb"},"inLanguage":"nb-NO","potentialAction":[{"@type":"ReadAction","target":["https://staging.forenteforlag.no/pax/produkt/viljen-til-viten-2/"]}]},{"@type":"ImageObject","inLanguage":"nb-NO","@id":"https://staging.forenteforlag.no/pax/produkt/viljen-til-viten-2/#primaryimage","url":"https://staging.forenteforlag.no/pax/wp-content/uploads/sites/5/2025/08/jpg-6681-scaled.jpg","contentUrl":"https://staging.forenteforlag.no/pax/wp-content/uploads/sites/5/2025/08/jpg-6681-scaled.jpg","width":1224,"height":1920},{"@type":"BreadcrumbList","@id":"https://staging.forenteforlag.no/pax/produkt/viljen-til-viten-2/#breadcrumb","itemListElement":[{"@type":"ListItem","position":1,"name":"Hjem","item":"https://staging.forenteforlag.no/pax/"},{"@type":"ListItem","position":2,"name":"Alle bøker","item":"https://staging.forenteforlag.no/pax/butikk/"},{"@type":"ListItem","position":3,"name":"Viljen til viten"}]},{"@type":"WebSite","@id":"https://staging.forenteforlag.no/pax/#website","url":"https://staging.forenteforlag.no/pax/","name":"Pax","description":"","potentialAction":[{"@type":"SearchAction","target":{"@type":"EntryPoint","urlTemplate":"https://staging.forenteforlag.no/pax/?s={search_term_string}"},"query-input":{"@type":"PropertyValueSpecification","valueRequired":true,"valueName":"search_term_string"}}],"inLanguage":"nb-NO"}]}</script>
<!-- / Yoast SEO plugin. -->

Er det slik at vi stadig blir mer frigjorte når det gjelder seksualitet, og at de forestillingene når det gjelder seksualitet som preger samfunnslivet på 1800-tallet er et tilbakelagt stadium i dag? Ikke på noen måte, hevder den franske filosofen Foucault. Ved å se nærmere på hvordan seksualitetens historie henger sammen med en rekke politiske, [&hellip;]

Alle bøker
